{"id":33469,"date":"2022-10-24T15:20:45","date_gmt":"2022-10-24T13:20:45","guid":{"rendered":"https:\/\/www.santjosep.net\/evento\/vi-fira-de-la-sal\/"},"modified":"2022-10-26T10:12:12","modified_gmt":"2022-10-26T08:12:12","slug":"vi-fira-de-la-sal","status":"publish","type":"tribe_events","link":"https:\/\/www.santjosep.net\/en\/event\/vi-fira-de-la-sal\/","title":{"rendered":"VI Fira de la Sal"},"content":{"rendered":"<p><strong>AREA 5. SANT JORDI DE SES SALINES <\/strong><br \/>\n17.00 to 20.00 h<br \/>\n&#8211; Heritage and nature exhibition &#8216;Ormejos&#8217; (fishing gear). Conference room of the offices of Sant Jordi de Ses Salines. <\/p>\n<p>17.00 to 20.00 h<br \/>\n&#8211; Exhibition on posidonia meadows &#8216;El bosc del Mediterrani&#8217; (The Mediterranean forest), by the photographer Joan Costa and texts by F. Xavier Mas Ferr\u00e0. Sant Jordi de Ses Salines square. <\/p>\n<p>17.30 to 19.30 h<br \/>\n&#8211; Workshops and activities for children. Sant Jordi de Ses Salines square.<br \/>\n&#8211; Entertainment in the Sant Jordi de Ses Salines square:<br \/>\n\u2022 Music: &#8216;Bluesm\u00e0fia Salada Ac\u00fastic&#8217; with Dennis, V\u00edctor, Miquel and Montse, who will bring the square to life with<br \/>\ntheir blues and swing band.<br \/>\n\u2022 The little ones will have their faces painted with images related to the salt flats (salt, sea, birds&#8230;).<br \/>\n\u2022 Musical storytelling with V\u00edctor and \u00c0ngels.<br \/>\n\u2022 The enthusiasm of the parade on stilts of Ackrobati-k will fill the afternoon with joy and color.<br \/>\n&#8211; &#8216;Apprentice salt workers&#8217;, a family activity. <\/p>\n","protected":false},"excerpt":{"rendered":"<p>AREA 5. SANT JORDI DE SES SALINES 17.00 to 20.00 h &#8211; Heritage and nature exhibition &#8216;Ormejos&#8217; (fishing gear). Conference room of the offices of Sant Jordi de Ses Salines. 17.00 to 20.00 h &#8211; Exhibition on posidonia meadows &#8216;El [&hellip;]<\/p>\n","protected":false},"author":1,"featured_media":25968,"template":"","meta":{"_acf_changed":false,"inline_featured_image":false,"_tribe_events_status":"","_tribe_events_status_reason":"","footnotes":""},"tags":[],"tribe_events_cat":[368],"class_list":["post-33469","tribe_events","type-tribe_events","status-publish","has-post-thumbnail","hentry","tribe_events_cat-fira-de-la-sal-en","cat_fira-de-la-sal-en"],"acf":[],"yoast_head":"<!-- This site is optimized with the Yoast SEO plugin v25.7 - https:\/\/yoast.com\/wordpress\/plugins\/seo\/ -->\n<title>VI Fira de la Sal - Santjosep.net<\/title>\n<meta name=\"robots\" content=\"index, follow, max-snippet:-1, max-image-preview:large, max-video-preview:-1\" \/>\n<link rel=\"canonical\" href=\"https:\/\/www.santjosep.net\/en\/event\/vi-fira-de-la-sal\/\" \/>\n<meta property=\"og:locale\" content=\"en_US\" \/>\n<meta property=\"og:type\" content=\"article\" \/>\n<meta property=\"og:title\" content=\"VI Fira de la Sal - Santjosep.net\" \/>\n<meta property=\"og:description\" content=\"AREA 5. SANT JORDI DE SES SALINES 17.00 to 20.00 h &#8211; Heritage and nature exhibition &#8216;Ormejos&#8217; (fishing gear). Conference room of the offices of Sant Jordi de Ses Salines. 17.00 to 20.00 h &#8211; Exhibition on posidonia meadows &#8216;El [&hellip;]\" \/>\n<meta property=\"og:url\" content=\"https:\/\/www.santjosep.net\/en\/event\/vi-fira-de-la-sal\/\" \/>\n<meta property=\"og:site_name\" content=\"Santjosep.net\" \/>\n<meta property=\"article:modified_time\" content=\"2022-10-26T08:12:12+00:00\" \/>\n<meta property=\"og:image\" content=\"https:\/\/www.santjosep.net\/wp-content\/uploads\/2021\/10\/animacio.jpg\" \/>\n\t<meta property=\"og:image:width\" content=\"2048\" \/>\n\t<meta property=\"og:image:height\" content=\"1365\" \/>\n\t<meta property=\"og:image:type\" content=\"image\/jpeg\" \/>\n<meta name=\"twitter:card\" content=\"summary_large_image\" \/>\n<meta name=\"twitter:label1\" content=\"Est. reading time\" \/>\n\t<meta name=\"twitter:data1\" content=\"1 minute\" \/>\n<script type=\"application\/ld+json\" class=\"yoast-schema-graph\">{\"@context\":\"https:\/\/schema.org\",\"@graph\":[{\"@type\":\"WebPage\",\"@id\":\"https:\/\/www.santjosep.net\/en\/event\/vi-fira-de-la-sal\/\",\"url\":\"https:\/\/www.santjosep.net\/en\/event\/vi-fira-de-la-sal\/\",\"name\":\"VI Fira de la Sal - Santjosep.net\",\"isPartOf\":{\"@id\":\"https:\/\/www.santjosep.net\/#website\"},\"primaryImageOfPage\":{\"@id\":\"https:\/\/www.santjosep.net\/en\/event\/vi-fira-de-la-sal\/#primaryimage\"},\"image\":{\"@id\":\"https:\/\/www.santjosep.net\/en\/event\/vi-fira-de-la-sal\/#primaryimage\"},\"thumbnailUrl\":\"https:\/\/www.santjosep.net\/wp-content\/uploads\/2021\/10\/animacio.jpg\",\"datePublished\":\"2022-10-24T13:20:45+00:00\",\"dateModified\":\"2022-10-26T08:12:12+00:00\",\"breadcrumb\":{\"@id\":\"https:\/\/www.santjosep.net\/en\/event\/vi-fira-de-la-sal\/#breadcrumb\"},\"inLanguage\":\"en-US\",\"potentialAction\":[{\"@type\":\"ReadAction\",\"target\":[\"https:\/\/www.santjosep.net\/en\/event\/vi-fira-de-la-sal\/\"]}]},{\"@type\":\"ImageObject\",\"inLanguage\":\"en-US\",\"@id\":\"https:\/\/www.santjosep.net\/en\/event\/vi-fira-de-la-sal\/#primaryimage\",\"url\":\"https:\/\/www.santjosep.net\/wp-content\/uploads\/2021\/10\/animacio.jpg\",\"contentUrl\":\"https:\/\/www.santjosep.net\/wp-content\/uploads\/2021\/10\/animacio.jpg\",\"width\":2048,\"height\":1365},{\"@type\":\"BreadcrumbList\",\"@id\":\"https:\/\/www.santjosep.net\/en\/event\/vi-fira-de-la-sal\/#breadcrumb\",\"itemListElement\":[{\"@type\":\"ListItem\",\"position\":1,\"name\":\"Eventos\",\"item\":\"https:\/\/www.santjosep.net\/agenda\/\"},{\"@type\":\"ListItem\",\"position\":2,\"name\":\"VI Fira de la Sal\"}]},{\"@type\":\"WebSite\",\"@id\":\"https:\/\/www.santjosep.net\/#website\",\"url\":\"https:\/\/www.santjosep.net\/\",\"name\":\"Santjosep.net\",\"description\":\"\",\"potentialAction\":[{\"@type\":\"SearchAction\",\"target\":{\"@type\":\"EntryPoint\",\"urlTemplate\":\"https:\/\/www.santjosep.net\/?s={search_term_string}\"},\"query-input\":{\"@type\":\"PropertyValueSpecification\",\"valueRequired\":true,\"valueName\":\"search_term_string\"}}],\"inLanguage\":\"en-US\"}]}<\/script>\n<!-- \/ Yoast SEO plugin. -->","yoast_head_json":{"title":"VI Fira de la Sal - Santjosep.net","robots":{"index":"index","follow":"follow","max-snippet":"max-snippet:-1","max-image-preview":"max-image-preview:large","max-video-preview":"max-video-preview:-1"},"canonical":"https:\/\/www.santjosep.net\/en\/event\/vi-fira-de-la-sal\/","og_locale":"en_US","og_type":"article","og_title":"VI Fira de la Sal - Santjosep.net","og_description":"AREA 5. SANT JORDI DE SES SALINES 17.00 to 20.00 h &#8211; Heritage and nature exhibition &#8216;Ormejos&#8217; (fishing gear). Conference room of the offices of Sant Jordi de Ses Salines. 17.00 to 20.00 h &#8211; Exhibition on posidonia meadows &#8216;El [&hellip;]","og_url":"https:\/\/www.santjosep.net\/en\/event\/vi-fira-de-la-sal\/","og_site_name":"Santjosep.net","article_modified_time":"2022-10-26T08:12:12+00:00","og_image":[{"width":2048,"height":1365,"url":"https:\/\/www.santjosep.net\/wp-content\/uploads\/2021\/10\/animacio.jpg","type":"image\/jpeg"}],"twitter_card":"summary_large_image","twitter_misc":{"Est. reading time":"1 minute"},"schema":{"@context":"https:\/\/schema.org","@graph":[{"@type":"WebPage","@id":"https:\/\/www.santjosep.net\/en\/event\/vi-fira-de-la-sal\/","url":"https:\/\/www.santjosep.net\/en\/event\/vi-fira-de-la-sal\/","name":"VI Fira de la Sal - Santjosep.net","isPartOf":{"@id":"https:\/\/www.santjosep.net\/#website"},"primaryImageOfPage":{"@id":"https:\/\/www.santjosep.net\/en\/event\/vi-fira-de-la-sal\/#primaryimage"},"image":{"@id":"https:\/\/www.santjosep.net\/en\/event\/vi-fira-de-la-sal\/#primaryimage"},"thumbnailUrl":"https:\/\/www.santjosep.net\/wp-content\/uploads\/2021\/10\/animacio.jpg","datePublished":"2022-10-24T13:20:45+00:00","dateModified":"2022-10-26T08:12:12+00:00","breadcrumb":{"@id":"https:\/\/www.santjosep.net\/en\/event\/vi-fira-de-la-sal\/#breadcrumb"},"inLanguage":"en-US","potentialAction":[{"@type":"ReadAction","target":["https:\/\/www.santjosep.net\/en\/event\/vi-fira-de-la-sal\/"]}]},{"@type":"ImageObject","inLanguage":"en-US","@id":"https:\/\/www.santjosep.net\/en\/event\/vi-fira-de-la-sal\/#primaryimage","url":"https:\/\/www.santjosep.net\/wp-content\/uploads\/2021\/10\/animacio.jpg","contentUrl":"https:\/\/www.santjosep.net\/wp-content\/uploads\/2021\/10\/animacio.jpg","width":2048,"height":1365},{"@type":"BreadcrumbList","@id":"https:\/\/www.santjosep.net\/en\/event\/vi-fira-de-la-sal\/#breadcrumb","itemListElement":[{"@type":"ListItem","position":1,"name":"Eventos","item":"https:\/\/www.santjosep.net\/agenda\/"},{"@type":"ListItem","position":2,"name":"VI Fira de la Sal"}]},{"@type":"WebSite","@id":"https:\/\/www.santjosep.net\/#website","url":"https:\/\/www.santjosep.net\/","name":"Santjosep.net","description":"","potentialAction":[{"@type":"SearchAction","target":{"@type":"EntryPoint","urlTemplate":"https:\/\/www.santjosep.net\/?s={search_term_string}"},"query-input":{"@type":"PropertyValueSpecification","valueRequired":true,"valueName":"search_term_string"}}],"inLanguage":"en-US"}]}},"_links":{"self":[{"href":"https:\/\/www.santjosep.net\/en\/wp-json\/wp\/v2\/tribe_events\/33469","targetHints":{"allow":["GET"]}}],"collection":[{"href":"https:\/\/www.santjosep.net\/en\/wp-json\/wp\/v2\/tribe_events"}],"about":[{"href":"https:\/\/www.santjosep.net\/en\/wp-json\/wp\/v2\/types\/tribe_events"}],"author":[{"embeddable":true,"href":"https:\/\/www.santjosep.net\/en\/wp-json\/wp\/v2\/users\/1"}],"version-history":[{"count":0,"href":"https:\/\/www.santjosep.net\/en\/wp-json\/wp\/v2\/tribe_events\/33469\/revisions"}],"wp:featuredmedia":[{"embeddable":true,"href":"https:\/\/www.santjosep.net\/en\/wp-json\/wp\/v2\/media\/25968"}],"wp:attachment":[{"href":"https:\/\/www.santjosep.net\/en\/wp-json\/wp\/v2\/media?parent=33469"}],"wp:term":[{"taxonomy":"post_tag","embeddable":true,"href":"https:\/\/www.santjosep.net\/en\/wp-json\/wp\/v2\/tags?post=33469"},{"taxonomy":"tribe_events_cat","embeddable":true,"href":"https:\/\/www.santjosep.net\/en\/wp-json\/wp\/v2\/tribe_events_cat?post=33469"}],"curies":[{"name":"wp","href":"https:\/\/api.w.org\/{rel}","templated":true}]}}

<p><strong>AREA 5. SANT JORDI DE SES SALINES </strong><br />
17.00 to 20.00 h<br />
&#8211; Heritage and nature exhibition &#8216;Ormejos&#8217; (fishing gear). Conference room of the offices of Sant Jordi de Ses Salines. </p>
<p>17.00 to 20.00 h<br />
&#8211; Exhibition on posidonia meadows &#8216;El bosc del Mediterrani&#8217; (The Mediterranean forest), by the photographer Joan Costa and texts by F. Xavier Mas Ferrà. Sant Jordi de Ses Salines square. </p>
<p>17.30 to 19.30 h<br />
&#8211; Workshops and activities for children. Sant Jordi de Ses Salines square.<br />
&#8211; Entertainment in the Sant Jordi de Ses Salines square:<br />
• Music: &#8216;Bluesmàfia Salada Acústic&#8217; with Dennis, Víctor, Miquel and Montse, who will bring the square to life with<br />
their blues and swing band.<br />
• The little ones will have their faces painted with images related to the salt flats (salt, sea, birds&#8230;).<br />
• Musical storytelling with Víctor and Àngels.<br />
• The enthusiasm of the parade on stilts of Ackrobati-k will fill the afternoon with joy and color.<br />
&#8211; &#8216;Apprentice salt workers&#8217;, a family activity. </p>
