{"id":33463,"date":"2022-10-25T17:05:39","date_gmt":"2022-10-25T15:05:39","guid":{"rendered":"https:\/\/www.santjosep.net\/evento\/vi-fira-de-la-sal-2\/"},"modified":"2022-10-26T09:57:34","modified_gmt":"2022-10-26T07:57:34","slug":"vi-fira-de-la-sal-2","status":"publish","type":"tribe_events","link":"https:\/\/www.santjosep.net\/en\/event\/vi-fira-de-la-sal-2\/","title":{"rendered":"VI Fira de la Sal"},"content":{"rendered":"<p><strong>AREA O. ERA ANTIC MUNT DE SAL DES PANTANO<\/strong><\/p>\n<p>12.00 h &#8211; Guided cycling tour &#8216;Ruta de Sa Sal Rossa&#8217; (sa Sal Rossa Route)<br \/>\n&#8211; Meeting point: pile of salt (Gorra salt pile)<br \/>\n&#8211; Duration: 2.5 h &#8211; Difficulty level: suitable for all ages<br \/>\n&#8211; Itinerary: meeting point-Sa Canal &#8211; Ses Salines beach-Ses Portes tower &#8211; Es Cavallet beach-Sa Barqueta pond&#8211; meeting point. &#8211; Limited capacity, book your spot by calling 971801627 <\/p>\n<p><strong>AREA 1. SES SALINES INTERPRETIVE CENTRE<\/strong><\/p>\n<p>10.00 to 14.00 h &#8211; OPEN CENTRE AND BIRD WATCHING, to learn about the natural and cultural values of the natural park of Ses Salines. <\/p>\n<p><strong>AREA 3. SA SAL ROSSA TOWER <\/strong><\/p>\n<p>9.00 h &#8211; Guided cycling tour &#8220;Ruta de Sa Sal Rossa&#8221; (Sa Sal Rossa route)<br \/>\n&#8211; Meeting point: parking lot of Palladium Grand Palace hotel, Playa d&#8217;en Bossa beach.<br \/>\n&#8211; Duration: 2.5 h<br \/>\n&#8211; Difficulty level: suitable for all ages<br \/>\n&#8211; Itinerary: meeting point &#8211; Rafael Alberti&#8217;s cave \u2013 Es Carregador tower &#8211; La Sal square &#8211; La Xanga beach &#8211; Sant Francesc de s&#8217;Estany (interpretive centre) &#8211; meeting point<br \/>\n&#8211; Limited capacity, book your spot by calling 971801627 <\/p>\n<p>10.00 h &#8211; Guided tour &#8220;L&#8217;origen de Sa Salinera&#8221; (The origin of the salt mine)<br \/>\n&#8211; Meeting point: parking lot of Palladium Grand Palace hotel, Playa d&#8217;en Bossa beach.<br \/>\n&#8211; Duration: 2.5 h<br \/>\n&#8211; Difficulty level: suitable for all ages<br \/>\n&#8211; Itinerary: meeting point-Sa Sal Rossa swamp &#8211; Sant Francesc de s&#8217;Estany (interpretive centre &#8211; La Xanga beach &#8211; La Sal square &#8211; Es Carregador tower &#8211; Rafael Alberti&#8217;s cave &#8211; meeting point <\/p>\n<p>11.00 h \/ 11.45 h \/ 12.30 h \/ 13.15 h \/ 16.00 h \/ 16.45 h &#8211; Theatrical visits: &#8220;El valent vigilant de la torre&#8221; (The brave guardian of the tower). <\/p>\n<p><strong>AREA 4. POU DES CARB\u00d3 (WELL)<\/strong><\/p>\n<p>Eighteenth-century well that supplied water to the boilers of the train that transported salt from the ponds to the loading area. <\/p>\n<p><strong>AREA 5. SANT JORDI DE SES SALINES<\/strong><\/p>\n<p>10.00 to 18.00 h<br \/>\n&#8211; Artisan market, organic products and producers of food products of the island such as wines, olive oil and liquors. Sant Jordi de Ses Salines square.<br \/>\n&#8211; Workshops with aromatic salts.<\/p>\n<p>10.00 to 22.00 h<br \/>\n&#8211; Exhibition of the artwork of the children participating in the competition &#8216;Una mirada a Ses Salines&#8217; (A glimpse of Ses Salines). In the porches of the church of Sant Jordi de Ses Salines.<br \/>\n&#8211; Exhibition on posidonia meadows &#8216;El bosc del Mediterrani&#8217; (The Mediterranean forest), by the photographer Joan Costa and texts by F. Xavier Mas Ferr\u00e0. Sant Jordi de Ses Salines square.<\/p>\n<p>10.30 to 13.30 h and from 16.00 to 19.00 h &#8211; Heritage and nature exhibition &#8220;Ormejos&#8217; (fishing gear). Conference room in the offices of Sant Jordi de Ses Salines.<br \/>\n11.00 a 16.00 h &#8211; Workshops with children&#8217;s activities: workshop about the seabed and workshop on making toys and animals with recycled materials.<br \/>\n11.00 h &#8211; Demonstration workshop on salting traditional foods: olives, bones and peix sec.<br \/>\n11.30 to 13.30 h and from 16.30 to 18.30 h &#8211; Acrobatic parade. Sant Jordi de Ses Salines square.<br \/>\n12.00 to 15.00 h &#8211; Musical entertainment by Swingin Tonic &#038; The Blue Kids. Sant Jordi de Ses Salines square.<br \/>\n12.00 h &#8211; Salty showcooking: A kitchen with a heart of salt: ASAL. Presented by \u00cd\u00f1igo Rodr\u00edguez.<br \/>\n13.30 h &#8211; Prize-giving ceremony of the drawing competition with salt &#8220;Una mirada a Ses Salines&#8217; (A glimpse of Ses Salines).<br \/>\n18.30 h &#8211; Traditional Salpassa: blessing of salt and mass. Church of Sant Jordi de Ses Salines.<br \/>\n19.45 h &#8211; Traditional &#8220;pag\u00e8s&#8221; dance by Grup Folkl\u00f2ric Sant Jordi de Ses Salines. Sant Jordi de Ses Salines Church Square<br \/>\n20.30 to 21.30 h &#8211; Projection of images on the facade of the church of Sant Jordi de Ses Salines &#8216;D&#8217;on venim&#8217; (Where do we come from), which will show the people, traditions and work in the salt flats, accompanied by music with grand piano by Bartomeu Mar\u00ed. <\/p>\n","protected":false},"excerpt":{"rendered":"<p>AREA O. ERA ANTIC MUNT DE SAL DES PANTANO 12.00 h &#8211; Guided cycling tour &#8216;Ruta de Sa Sal Rossa&#8217; (sa Sal Rossa Route) &#8211; Meeting point: pile of salt (Gorra salt pile) &#8211; Duration: 2.5 h &#8211; Difficulty level: [&hellip;]<\/p>\n","protected":false},"author":1,"featured_media":25978,"template":"","meta":{"_acf_changed":false,"inline_featured_image":false,"_tribe_events_status":"","_tribe_events_status_reason":"","footnotes":""},"tags":[],"tribe_events_cat":[368],"class_list":["post-33463","tribe_events","type-tribe_events","status-publish","has-post-thumbnail","hentry","tribe_events_cat-fira-de-la-sal-en","cat_fira-de-la-sal-en"],"acf":[],"yoast_head":"<!-- This site is optimized with the Yoast SEO plugin v25.7 - https:\/\/yoast.com\/wordpress\/plugins\/seo\/ -->\n<title>VI Fira de la Sal - Santjosep.net<\/title>\n<meta name=\"robots\" content=\"index, follow, max-snippet:-1, max-image-preview:large, max-video-preview:-1\" \/>\n<link rel=\"canonical\" href=\"https:\/\/www.santjosep.net\/en\/event\/vi-fira-de-la-sal-2\/\" \/>\n<meta property=\"og:locale\" content=\"en_US\" \/>\n<meta property=\"og:type\" content=\"article\" \/>\n<meta property=\"og:title\" content=\"VI Fira de la Sal - Santjosep.net\" \/>\n<meta property=\"og:description\" content=\"AREA O. ERA ANTIC MUNT DE SAL DES PANTANO 12.00 h &#8211; Guided cycling tour &#8216;Ruta de Sa Sal Rossa&#8217; (sa Sal Rossa Route) &#8211; Meeting point: pile of salt (Gorra salt pile) &#8211; Duration: 2.5 h &#8211; Difficulty level: [&hellip;]\" \/>\n<meta property=\"og:url\" content=\"https:\/\/www.santjosep.net\/en\/event\/vi-fira-de-la-sal-2\/\" \/>\n<meta property=\"og:site_name\" content=\"Santjosep.net\" \/>\n<meta property=\"article:modified_time\" content=\"2022-10-26T07:57:34+00:00\" \/>\n<meta property=\"og:image\" content=\"https:\/\/www.santjosep.net\/wp-content\/uploads\/2021\/10\/tallersalat.jpg\" \/>\n\t<meta property=\"og:image:width\" content=\"1500\" \/>\n\t<meta property=\"og:image:height\" content=\"1000\" \/>\n\t<meta property=\"og:image:type\" content=\"image\/jpeg\" \/>\n<meta name=\"twitter:card\" content=\"summary_large_image\" \/>\n<meta name=\"twitter:label1\" content=\"Est. reading time\" \/>\n\t<meta name=\"twitter:data1\" content=\"3 minutes\" \/>\n<script type=\"application\/ld+json\" class=\"yoast-schema-graph\">{\"@context\":\"https:\/\/schema.org\",\"@graph\":[{\"@type\":\"WebPage\",\"@id\":\"https:\/\/www.santjosep.net\/en\/event\/vi-fira-de-la-sal-2\/\",\"url\":\"https:\/\/www.santjosep.net\/en\/event\/vi-fira-de-la-sal-2\/\",\"name\":\"VI Fira de la Sal - Santjosep.net\",\"isPartOf\":{\"@id\":\"https:\/\/www.santjosep.net\/#website\"},\"primaryImageOfPage\":{\"@id\":\"https:\/\/www.santjosep.net\/en\/event\/vi-fira-de-la-sal-2\/#primaryimage\"},\"image\":{\"@id\":\"https:\/\/www.santjosep.net\/en\/event\/vi-fira-de-la-sal-2\/#primaryimage\"},\"thumbnailUrl\":\"https:\/\/www.santjosep.net\/wp-content\/uploads\/2021\/10\/tallersalat.jpg\",\"datePublished\":\"2022-10-25T15:05:39+00:00\",\"dateModified\":\"2022-10-26T07:57:34+00:00\",\"breadcrumb\":{\"@id\":\"https:\/\/www.santjosep.net\/en\/event\/vi-fira-de-la-sal-2\/#breadcrumb\"},\"inLanguage\":\"en-US\",\"potentialAction\":[{\"@type\":\"ReadAction\",\"target\":[\"https:\/\/www.santjosep.net\/en\/event\/vi-fira-de-la-sal-2\/\"]}]},{\"@type\":\"ImageObject\",\"inLanguage\":\"en-US\",\"@id\":\"https:\/\/www.santjosep.net\/en\/event\/vi-fira-de-la-sal-2\/#primaryimage\",\"url\":\"https:\/\/www.santjosep.net\/wp-content\/uploads\/2021\/10\/tallersalat.jpg\",\"contentUrl\":\"https:\/\/www.santjosep.net\/wp-content\/uploads\/2021\/10\/tallersalat.jpg\",\"width\":1500,\"height\":1000,\"caption\":\"II Fira de la Sal, Ses Salines d'Eivissa. ?sSom un poble saliner'\"},{\"@type\":\"BreadcrumbList\",\"@id\":\"https:\/\/www.santjosep.net\/en\/event\/vi-fira-de-la-sal-2\/#breadcrumb\",\"itemListElement\":[{\"@type\":\"ListItem\",\"position\":1,\"name\":\"Eventos\",\"item\":\"https:\/\/www.santjosep.net\/agenda\/\"},{\"@type\":\"ListItem\",\"position\":2,\"name\":\"VI Fira de la Sal\"}]},{\"@type\":\"WebSite\",\"@id\":\"https:\/\/www.santjosep.net\/#website\",\"url\":\"https:\/\/www.santjosep.net\/\",\"name\":\"Santjosep.net\",\"description\":\"\",\"potentialAction\":[{\"@type\":\"SearchAction\",\"target\":{\"@type\":\"EntryPoint\",\"urlTemplate\":\"https:\/\/www.santjosep.net\/?s={search_term_string}\"},\"query-input\":{\"@type\":\"PropertyValueSpecification\",\"valueRequired\":true,\"valueName\":\"search_term_string\"}}],\"inLanguage\":\"en-US\"}]}<\/script>\n<!-- \/ Yoast SEO plugin. -->","yoast_head_json":{"title":"VI Fira de la Sal - Santjosep.net","robots":{"index":"index","follow":"follow","max-snippet":"max-snippet:-1","max-image-preview":"max-image-preview:large","max-video-preview":"max-video-preview:-1"},"canonical":"https:\/\/www.santjosep.net\/en\/event\/vi-fira-de-la-sal-2\/","og_locale":"en_US","og_type":"article","og_title":"VI Fira de la Sal - Santjosep.net","og_description":"AREA O. ERA ANTIC MUNT DE SAL DES PANTANO 12.00 h &#8211; Guided cycling tour &#8216;Ruta de Sa Sal Rossa&#8217; (sa Sal Rossa Route) &#8211; Meeting point: pile of salt (Gorra salt pile) &#8211; Duration: 2.5 h &#8211; Difficulty level: [&hellip;]","og_url":"https:\/\/www.santjosep.net\/en\/event\/vi-fira-de-la-sal-2\/","og_site_name":"Santjosep.net","article_modified_time":"2022-10-26T07:57:34+00:00","og_image":[{"width":1500,"height":1000,"url":"https:\/\/www.santjosep.net\/wp-content\/uploads\/2021\/10\/tallersalat.jpg","type":"image\/jpeg"}],"twitter_card":"summary_large_image","twitter_misc":{"Est. reading time":"3 minutes"},"schema":{"@context":"https:\/\/schema.org","@graph":[{"@type":"WebPage","@id":"https:\/\/www.santjosep.net\/en\/event\/vi-fira-de-la-sal-2\/","url":"https:\/\/www.santjosep.net\/en\/event\/vi-fira-de-la-sal-2\/","name":"VI Fira de la Sal - Santjosep.net","isPartOf":{"@id":"https:\/\/www.santjosep.net\/#website"},"primaryImageOfPage":{"@id":"https:\/\/www.santjosep.net\/en\/event\/vi-fira-de-la-sal-2\/#primaryimage"},"image":{"@id":"https:\/\/www.santjosep.net\/en\/event\/vi-fira-de-la-sal-2\/#primaryimage"},"thumbnailUrl":"https:\/\/www.santjosep.net\/wp-content\/uploads\/2021\/10\/tallersalat.jpg","datePublished":"2022-10-25T15:05:39+00:00","dateModified":"2022-10-26T07:57:34+00:00","breadcrumb":{"@id":"https:\/\/www.santjosep.net\/en\/event\/vi-fira-de-la-sal-2\/#breadcrumb"},"inLanguage":"en-US","potentialAction":[{"@type":"ReadAction","target":["https:\/\/www.santjosep.net\/en\/event\/vi-fira-de-la-sal-2\/"]}]},{"@type":"ImageObject","inLanguage":"en-US","@id":"https:\/\/www.santjosep.net\/en\/event\/vi-fira-de-la-sal-2\/#primaryimage","url":"https:\/\/www.santjosep.net\/wp-content\/uploads\/2021\/10\/tallersalat.jpg","contentUrl":"https:\/\/www.santjosep.net\/wp-content\/uploads\/2021\/10\/tallersalat.jpg","width":1500,"height":1000,"caption":"II Fira de la Sal, Ses Salines d'Eivissa. ?sSom un poble saliner'"},{"@type":"BreadcrumbList","@id":"https:\/\/www.santjosep.net\/en\/event\/vi-fira-de-la-sal-2\/#breadcrumb","itemListElement":[{"@type":"ListItem","position":1,"name":"Eventos","item":"https:\/\/www.santjosep.net\/agenda\/"},{"@type":"ListItem","position":2,"name":"VI Fira de la Sal"}]},{"@type":"WebSite","@id":"https:\/\/www.santjosep.net\/#website","url":"https:\/\/www.santjosep.net\/","name":"Santjosep.net","description":"","potentialAction":[{"@type":"SearchAction","target":{"@type":"EntryPoint","urlTemplate":"https:\/\/www.santjosep.net\/?s={search_term_string}"},"query-input":{"@type":"PropertyValueSpecification","valueRequired":true,"valueName":"search_term_string"}}],"inLanguage":"en-US"}]}},"_links":{"self":[{"href":"https:\/\/www.santjosep.net\/en\/wp-json\/wp\/v2\/tribe_events\/33463","targetHints":{"allow":["GET"]}}],"collection":[{"href":"https:\/\/www.santjosep.net\/en\/wp-json\/wp\/v2\/tribe_events"}],"about":[{"href":"https:\/\/www.santjosep.net\/en\/wp-json\/wp\/v2\/types\/tribe_events"}],"author":[{"embeddable":true,"href":"https:\/\/www.santjosep.net\/en\/wp-json\/wp\/v2\/users\/1"}],"version-history":[{"count":0,"href":"https:\/\/www.santjosep.net\/en\/wp-json\/wp\/v2\/tribe_events\/33463\/revisions"}],"wp:featuredmedia":[{"embeddable":true,"href":"https:\/\/www.santjosep.net\/en\/wp-json\/wp\/v2\/media\/25978"}],"wp:attachment":[{"href":"https:\/\/www.santjosep.net\/en\/wp-json\/wp\/v2\/media?parent=33463"}],"wp:term":[{"taxonomy":"post_tag","embeddable":true,"href":"https:\/\/www.santjosep.net\/en\/wp-json\/wp\/v2\/tags?post=33463"},{"taxonomy":"tribe_events_cat","embeddable":true,"href":"https:\/\/www.santjosep.net\/en\/wp-json\/wp\/v2\/tribe_events_cat?post=33463"}],"curies":[{"name":"wp","href":"https:\/\/api.w.org\/{rel}","templated":true}]}}

<p><strong>AREA O. ERA ANTIC MUNT DE SAL DES PANTANO</strong></p>
<p>12.00 h &#8211; Guided cycling tour &#8216;Ruta de Sa Sal Rossa&#8217; (sa Sal Rossa Route)<br />
&#8211; Meeting point: pile of salt (Gorra salt pile)<br />
&#8211; Duration: 2.5 h &#8211; Difficulty level: suitable for all ages<br />
&#8211; Itinerary: meeting point-Sa Canal &#8211; Ses Salines beach-Ses Portes tower &#8211; Es Cavallet beach-Sa Barqueta pond&#8211; meeting point. &#8211; Limited capacity, book your spot by calling 971801627 </p>
<p><strong>AREA 1. SES SALINES INTERPRETIVE CENTRE</strong></p>
<p>10.00 to 14.00 h &#8211; OPEN CENTRE AND BIRD WATCHING, to learn about the natural and cultural values of the natural park of Ses Salines. </p>
<p><strong>AREA 3. SA SAL ROSSA TOWER </strong></p>
<p>9.00 h &#8211; Guided cycling tour &#8220;Ruta de Sa Sal Rossa&#8221; (Sa Sal Rossa route)<br />
&#8211; Meeting point: parking lot of Palladium Grand Palace hotel, Playa d&#8217;en Bossa beach.<br />
&#8211; Duration: 2.5 h<br />
&#8211; Difficulty level: suitable for all ages<br />
&#8211; Itinerary: meeting point &#8211; Rafael Alberti&#8217;s cave – Es Carregador tower &#8211; La Sal square &#8211; La Xanga beach &#8211; Sant Francesc de s&#8217;Estany (interpretive centre) &#8211; meeting point<br />
&#8211; Limited capacity, book your spot by calling 971801627 </p>
<p>10.00 h &#8211; Guided tour &#8220;L&#8217;origen de Sa Salinera&#8221; (The origin of the salt mine)<br />
&#8211; Meeting point: parking lot of Palladium Grand Palace hotel, Playa d&#8217;en Bossa beach.<br />
&#8211; Duration: 2.5 h<br />
&#8211; Difficulty level: suitable for all ages<br />
&#8211; Itinerary: meeting point-Sa Sal Rossa swamp &#8211; Sant Francesc de s&#8217;Estany (interpretive centre &#8211; La Xanga beach &#8211; La Sal square &#8211; Es Carregador tower &#8211; Rafael Alberti&#8217;s cave &#8211; meeting point </p>
<p>11.00 h / 11.45 h / 12.30 h / 13.15 h / 16.00 h / 16.45 h &#8211; Theatrical visits: &#8220;El valent vigilant de la torre&#8221; (The brave guardian of the tower). </p>
<p><strong>AREA 4. POU DES CARBÓ (WELL)</strong></p>
<p>Eighteenth-century well that supplied water to the boilers of the train that transported salt from the ponds to the loading area. </p>
<p><strong>AREA 5. SANT JORDI DE SES SALINES</strong></p>
<p>10.00 to 18.00 h<br />
&#8211; Artisan market, organic products and producers of food products of the island such as wines, olive oil and liquors. Sant Jordi de Ses Salines square.<br />
&#8211; Workshops with aromatic salts.</p>
<p>10.00 to 22.00 h<br />
&#8211; Exhibition of the artwork of the children participating in the competition &#8216;Una mirada a Ses Salines&#8217; (A glimpse of Ses Salines). In the porches of the church of Sant Jordi de Ses Salines.<br />
&#8211; Exhibition on posidonia meadows &#8216;El bosc del Mediterrani&#8217; (The Mediterranean forest), by the photographer Joan Costa and texts by F. Xavier Mas Ferrà. Sant Jordi de Ses Salines square.</p>
<p>10.30 to 13.30 h and from 16.00 to 19.00 h &#8211; Heritage and nature exhibition &#8220;Ormejos&#8217; (fishing gear). Conference room in the offices of Sant Jordi de Ses Salines.<br />
11.00 a 16.00 h &#8211; Workshops with children&#8217;s activities: workshop about the seabed and workshop on making toys and animals with recycled materials.<br />
11.00 h &#8211; Demonstration workshop on salting traditional foods: olives, bones and peix sec.<br />
11.30 to 13.30 h and from 16.30 to 18.30 h &#8211; Acrobatic parade. Sant Jordi de Ses Salines square.<br />
12.00 to 15.00 h &#8211; Musical entertainment by Swingin Tonic &#038; The Blue Kids. Sant Jordi de Ses Salines square.<br />
12.00 h &#8211; Salty showcooking: A kitchen with a heart of salt: ASAL. Presented by Íñigo Rodríguez.<br />
13.30 h &#8211; Prize-giving ceremony of the drawing competition with salt &#8220;Una mirada a Ses Salines&#8217; (A glimpse of Ses Salines).<br />
18.30 h &#8211; Traditional Salpassa: blessing of salt and mass. Church of Sant Jordi de Ses Salines.<br />
19.45 h &#8211; Traditional &#8220;pagès&#8221; dance by Grup Folklòric Sant Jordi de Ses Salines. Sant Jordi de Ses Salines Church Square<br />
20.30 to 21.30 h &#8211; Projection of images on the facade of the church of Sant Jordi de Ses Salines &#8216;D&#8217;on venim&#8217; (Where do we come from), which will show the people, traditions and work in the salt flats, accompanied by music with grand piano by Bartomeu Marí. </p>
