{"id":8845,"date":"2016-01-26T11:18:41","date_gmt":"2016-01-26T11:18:41","guid":{"rendered":"https:\/\/www.santjosep.net\/de\/evento\/4607-2018-04-23\/"},"modified":"2017-03-14T11:18:42","modified_gmt":"2017-03-14T11:18:42","slug":"dorffest-sant-jordi-de-ses-salines","status":"publish","type":"tribe_events","link":"https:\/\/www.santjosep.net\/de\/veranstaltung\/dorffest-sant-jordi-de-ses-salines\/","title":{"rendered":"Dorffest in Sant Jordi de Ses Salines"},"content":{"rendered":"<p><span style=\"font-weight: 400;\">Der 23. April ist auf Ibiza nicht nur der Tag des Buches, sondern zugleich der Tag des Heiligen Georg, Jordi auf Katalanisch, des Schutzpatrons von Sant Jordi. In einem der gr\u00f6\u00dften D\u00f6rfer der Region wird \u00fcber mehrere Wochen ein volles Programm geboten. Hier kann man einerseits alte Traditionen des Dorfes wie folkloristische T\u00e4nze und Prozessionen kennenlernen und andererseits an vielen Konzerten und Aktivit\u00e4ten teilnehmen. Es ist f\u00fcr Jung und Alt etwas dabei, sodass es nie langweilig wird! <\/span><\/p>\n<p>&nbsp;<\/p>\n","protected":false},"excerpt":{"rendered":"<p>Der 23. April ist auf Ibiza nicht nur der Tag des Buches, sondern zugleich der Tag des Heiligen Georg, Jordi auf Katalanisch, des Schutzpatrons von Sant Jordi. In einem der gr\u00f6\u00dften D\u00f6rfer der Region wird \u00fcber mehrere Wochen ein volles [&hellip;]<\/p>\n","protected":false},"author":1,"featured_media":7239,"template":"","meta":{"_acf_changed":false,"inline_featured_image":false,"_tribe_events_status":"","_tribe_events_status_reason":"","footnotes":""},"tags":[],"tribe_events_cat":[125,121],"class_list":["post-8845","tribe_events","type-tribe_events","status-publish","has-post-thumbnail","hentry","tribe_events_cat-freizeit","tribe_events_cat-kultur","cat_freizeit","cat_kultur"],"acf":[],"yoast_head":"<!-- This site is optimized with the Yoast SEO plugin v25.7 - https:\/\/yoast.com\/wordpress\/plugins\/seo\/ -->\n<title>Dorffest in Sant Jordi de Ses Salines - Santjosep.net<\/title>\n<meta name=\"robots\" content=\"index, follow, max-snippet:-1, max-image-preview:large, max-video-preview:-1\" \/>\n<link rel=\"canonical\" href=\"https:\/\/www.santjosep.net\/de\/veranstaltung\/dorffest-sant-jordi-de-ses-salines\/\" \/>\n<meta property=\"og:locale\" content=\"de_DE\" \/>\n<meta property=\"og:type\" content=\"article\" \/>\n<meta property=\"og:title\" content=\"Dorffest in Sant Jordi de Ses Salines - Santjosep.net\" \/>\n<meta property=\"og:description\" content=\"Der 23. April ist auf Ibiza nicht nur der Tag des Buches, sondern zugleich der Tag des Heiligen Georg, Jordi auf Katalanisch, des Schutzpatrons von Sant Jordi. In einem der gr\u00f6\u00dften D\u00f6rfer der Region wird \u00fcber mehrere Wochen ein volles [&hellip;]\" \/>\n<meta property=\"og:url\" content=\"https:\/\/www.santjosep.net\/de\/veranstaltung\/dorffest-sant-jordi-de-ses-salines\/\" \/>\n<meta property=\"og:site_name\" content=\"Santjosep.net\" \/>\n<meta property=\"article:modified_time\" content=\"2017-03-14T11:18:42+00:00\" \/>\n<meta property=\"og:image\" content=\"https:\/\/www.santjosep.net\/wp-content\/uploads\/2016\/01\/festes_santjordi.jpg\" \/>\n\t<meta property=\"og:image:width\" content=\"1200\" \/>\n\t<meta property=\"og:image:height\" content=\"798\" \/>\n\t<meta property=\"og:image:type\" content=\"image\/jpeg\" \/>\n<meta name=\"twitter:card\" content=\"summary_large_image\" \/>\n<script type=\"application\/ld+json\" class=\"yoast-schema-graph\">{\"@context\":\"https:\/\/schema.org\",\"@graph\":[{\"@type\":\"WebPage\",\"@id\":\"https:\/\/www.santjosep.net\/de\/veranstaltung\/dorffest-sant-jordi-de-ses-salines\/\",\"url\":\"https:\/\/www.santjosep.net\/de\/veranstaltung\/dorffest-sant-jordi-de-ses-salines\/\",\"name\":\"Dorffest in Sant Jordi de Ses Salines - Santjosep.net\",\"isPartOf\":{\"@id\":\"https:\/\/www.santjosep.net\/#website\"},\"primaryImageOfPage\":{\"@id\":\"https:\/\/www.santjosep.net\/de\/veranstaltung\/dorffest-sant-jordi-de-ses-salines\/#primaryimage\"},\"image\":{\"@id\":\"https:\/\/www.santjosep.net\/de\/veranstaltung\/dorffest-sant-jordi-de-ses-salines\/#primaryimage\"},\"thumbnailUrl\":\"https:\/\/www.santjosep.net\/wp-content\/uploads\/2016\/01\/festes_santjordi.jpg\",\"datePublished\":\"2016-01-26T11:18:41+00:00\",\"dateModified\":\"2017-03-14T11:18:42+00:00\",\"breadcrumb\":{\"@id\":\"https:\/\/www.santjosep.net\/de\/veranstaltung\/dorffest-sant-jordi-de-ses-salines\/#breadcrumb\"},\"inLanguage\":\"de\",\"potentialAction\":[{\"@type\":\"ReadAction\",\"target\":[\"https:\/\/www.santjosep.net\/de\/veranstaltung\/dorffest-sant-jordi-de-ses-salines\/\"]}]},{\"@type\":\"ImageObject\",\"inLanguage\":\"de\",\"@id\":\"https:\/\/www.santjosep.net\/de\/veranstaltung\/dorffest-sant-jordi-de-ses-salines\/#primaryimage\",\"url\":\"https:\/\/www.santjosep.net\/wp-content\/uploads\/2016\/01\/festes_santjordi.jpg\",\"contentUrl\":\"https:\/\/www.santjosep.net\/wp-content\/uploads\/2016\/01\/festes_santjordi.jpg\",\"width\":1200,\"height\":798},{\"@type\":\"BreadcrumbList\",\"@id\":\"https:\/\/www.santjosep.net\/de\/veranstaltung\/dorffest-sant-jordi-de-ses-salines\/#breadcrumb\",\"itemListElement\":[{\"@type\":\"ListItem\",\"position\":1,\"name\":\"Eventos\",\"item\":\"https:\/\/www.santjosep.net\/agenda\/\"},{\"@type\":\"ListItem\",\"position\":2,\"name\":\"Dorffest in Sant Jordi de Ses Salines\"}]},{\"@type\":\"WebSite\",\"@id\":\"https:\/\/www.santjosep.net\/#website\",\"url\":\"https:\/\/www.santjosep.net\/\",\"name\":\"Santjosep.net\",\"description\":\"\",\"potentialAction\":[{\"@type\":\"SearchAction\",\"target\":{\"@type\":\"EntryPoint\",\"urlTemplate\":\"https:\/\/www.santjosep.net\/?s={search_term_string}\"},\"query-input\":{\"@type\":\"PropertyValueSpecification\",\"valueRequired\":true,\"valueName\":\"search_term_string\"}}],\"inLanguage\":\"de\"}]}<\/script>\n<!-- \/ Yoast SEO plugin. -->","yoast_head_json":{"title":"Dorffest in Sant Jordi de Ses Salines - Santjosep.net","robots":{"index":"index","follow":"follow","max-snippet":"max-snippet:-1","max-image-preview":"max-image-preview:large","max-video-preview":"max-video-preview:-1"},"canonical":"https:\/\/www.santjosep.net\/de\/veranstaltung\/dorffest-sant-jordi-de-ses-salines\/","og_locale":"de_DE","og_type":"article","og_title":"Dorffest in Sant Jordi de Ses Salines - Santjosep.net","og_description":"Der 23. April ist auf Ibiza nicht nur der Tag des Buches, sondern zugleich der Tag des Heiligen Georg, Jordi auf Katalanisch, des Schutzpatrons von Sant Jordi. In einem der gr\u00f6\u00dften D\u00f6rfer der Region wird \u00fcber mehrere Wochen ein volles [&hellip;]","og_url":"https:\/\/www.santjosep.net\/de\/veranstaltung\/dorffest-sant-jordi-de-ses-salines\/","og_site_name":"Santjosep.net","article_modified_time":"2017-03-14T11:18:42+00:00","og_image":[{"width":1200,"height":798,"url":"https:\/\/www.santjosep.net\/wp-content\/uploads\/2016\/01\/festes_santjordi.jpg","type":"image\/jpeg"}],"twitter_card":"summary_large_image","schema":{"@context":"https:\/\/schema.org","@graph":[{"@type":"WebPage","@id":"https:\/\/www.santjosep.net\/de\/veranstaltung\/dorffest-sant-jordi-de-ses-salines\/","url":"https:\/\/www.santjosep.net\/de\/veranstaltung\/dorffest-sant-jordi-de-ses-salines\/","name":"Dorffest in Sant Jordi de Ses Salines - Santjosep.net","isPartOf":{"@id":"https:\/\/www.santjosep.net\/#website"},"primaryImageOfPage":{"@id":"https:\/\/www.santjosep.net\/de\/veranstaltung\/dorffest-sant-jordi-de-ses-salines\/#primaryimage"},"image":{"@id":"https:\/\/www.santjosep.net\/de\/veranstaltung\/dorffest-sant-jordi-de-ses-salines\/#primaryimage"},"thumbnailUrl":"https:\/\/www.santjosep.net\/wp-content\/uploads\/2016\/01\/festes_santjordi.jpg","datePublished":"2016-01-26T11:18:41+00:00","dateModified":"2017-03-14T11:18:42+00:00","breadcrumb":{"@id":"https:\/\/www.santjosep.net\/de\/veranstaltung\/dorffest-sant-jordi-de-ses-salines\/#breadcrumb"},"inLanguage":"de","potentialAction":[{"@type":"ReadAction","target":["https:\/\/www.santjosep.net\/de\/veranstaltung\/dorffest-sant-jordi-de-ses-salines\/"]}]},{"@type":"ImageObject","inLanguage":"de","@id":"https:\/\/www.santjosep.net\/de\/veranstaltung\/dorffest-sant-jordi-de-ses-salines\/#primaryimage","url":"https:\/\/www.santjosep.net\/wp-content\/uploads\/2016\/01\/festes_santjordi.jpg","contentUrl":"https:\/\/www.santjosep.net\/wp-content\/uploads\/2016\/01\/festes_santjordi.jpg","width":1200,"height":798},{"@type":"BreadcrumbList","@id":"https:\/\/www.santjosep.net\/de\/veranstaltung\/dorffest-sant-jordi-de-ses-salines\/#breadcrumb","itemListElement":[{"@type":"ListItem","position":1,"name":"Eventos","item":"https:\/\/www.santjosep.net\/agenda\/"},{"@type":"ListItem","position":2,"name":"Dorffest in Sant Jordi de Ses Salines"}]},{"@type":"WebSite","@id":"https:\/\/www.santjosep.net\/#website","url":"https:\/\/www.santjosep.net\/","name":"Santjosep.net","description":"","potentialAction":[{"@type":"SearchAction","target":{"@type":"EntryPoint","urlTemplate":"https:\/\/www.santjosep.net\/?s={search_term_string}"},"query-input":{"@type":"PropertyValueSpecification","valueRequired":true,"valueName":"search_term_string"}}],"inLanguage":"de"}]}},"_links":{"self":[{"href":"https:\/\/www.santjosep.net\/de\/wp-json\/wp\/v2\/tribe_events\/8845","targetHints":{"allow":["GET"]}}],"collection":[{"href":"https:\/\/www.santjosep.net\/de\/wp-json\/wp\/v2\/tribe_events"}],"about":[{"href":"https:\/\/www.santjosep.net\/de\/wp-json\/wp\/v2\/types\/tribe_events"}],"author":[{"embeddable":true,"href":"https:\/\/www.santjosep.net\/de\/wp-json\/wp\/v2\/users\/1"}],"version-history":[{"count":0,"href":"https:\/\/www.santjosep.net\/de\/wp-json\/wp\/v2\/tribe_events\/8845\/revisions"}],"wp:featuredmedia":[{"embeddable":true,"href":"https:\/\/www.santjosep.net\/de\/wp-json\/wp\/v2\/media\/7239"}],"wp:attachment":[{"href":"https:\/\/www.santjosep.net\/de\/wp-json\/wp\/v2\/media?parent=8845"}],"wp:term":[{"taxonomy":"post_tag","embeddable":true,"href":"https:\/\/www.santjosep.net\/de\/wp-json\/wp\/v2\/tags?post=8845"},{"taxonomy":"tribe_events_cat","embeddable":true,"href":"https:\/\/www.santjosep.net\/de\/wp-json\/wp\/v2\/tribe_events_cat?post=8845"}],"curies":[{"name":"wp","href":"https:\/\/api.w.org\/{rel}","templated":true}]}}

<p><span style="font-weight: 400;">Der 23. April ist auf Ibiza nicht nur der Tag des Buches, sondern zugleich der Tag des Heiligen Georg, Jordi auf Katalanisch, des Schutzpatrons von Sant Jordi. In einem der größten Dörfer der Region wird über mehrere Wochen ein volles Programm geboten. Hier kann man einerseits alte Traditionen des Dorfes wie folkloristische Tänze und Prozessionen kennenlernen und andererseits an vielen Konzerten und Aktivitäten teilnehmen. Es ist für Jung und Alt etwas dabei, sodass es nie langweilig wird! </span></p>
<p>&nbsp;</p>

<p>Der 23. April ist auf Ibiza nicht nur der Tag des Buches, sondern zugleich der Tag des Heiligen Georg, Jordi auf Katalanisch, des Schutzpatrons von Sant Jordi. In einem der größten Dörfer der Region wird über mehrere Wochen ein volles [&hellip;]</p>

<!-- This site is optimized with the Yoast SEO plugin v25.7 - https://yoast.com/wordpress/plugins/seo/ -->
<title>Dorffest in Sant Jordi de Ses Salines - Santjosep.net</title>
<meta name="robots" content="index, follow, max-snippet:-1, max-image-preview:large, max-video-preview:-1" />
<link rel="canonical" href="https://www.santjosep.net/de/veranstaltung/dorffest-sant-jordi-de-ses-salines/" />
<meta property="og:locale" content="de_DE" />
<meta property="og:type" content="article" />
<meta property="og:title" content="Dorffest in Sant Jordi de Ses Salines - Santjosep.net" />
<meta property="og:description" content="Der 23. April ist auf Ibiza nicht nur der Tag des Buches, sondern zugleich der Tag des Heiligen Georg, Jordi auf Katalanisch, des Schutzpatrons von Sant Jordi. In einem der größten Dörfer der Region wird über mehrere Wochen ein volles [&hellip;]" />
<meta property="og:url" content="https://www.santjosep.net/de/veranstaltung/dorffest-sant-jordi-de-ses-salines/" />
<meta property="og:site_name" content="Santjosep.net" />
<meta property="article:modified_time" content="2017-03-14T11:18:42+00:00" />
<meta property="og:image" content="https://www.santjosep.net/wp-content/uploads/2016/01/festes_santjordi.jpg" />
	<meta property="og:image:width" content="1200" />
	<meta property="og:image:height" content="798" />
	<meta property="og:image:type" content="image/jpeg" />
<meta name="twitter:card" content="summary_large_image" />
<script type="application/ld+json" class="yoast-schema-graph">{"@context":"https://schema.org","@graph":[{"@type":"WebPage","@id":"https://www.santjosep.net/de/veranstaltung/dorffest-sant-jordi-de-ses-salines/","url":"https://www.santjosep.net/de/veranstaltung/dorffest-sant-jordi-de-ses-salines/","name":"Dorffest in Sant Jordi de Ses Salines - Santjosep.net","isPartOf":{"@id":"https://www.santjosep.net/#website"},"primaryImageOfPage":{"@id":"https://www.santjosep.net/de/veranstaltung/dorffest-sant-jordi-de-ses-salines/#primaryimage"},"image":{"@id":"https://www.santjosep.net/de/veranstaltung/dorffest-sant-jordi-de-ses-salines/#primaryimage"},"thumbnailUrl":"https://www.santjosep.net/wp-content/uploads/2016/01/festes_santjordi.jpg","datePublished":"2016-01-26T11:18:41+00:00","dateModified":"2017-03-14T11:18:42+00:00","breadcrumb":{"@id":"https://www.santjosep.net/de/veranstaltung/dorffest-sant-jordi-de-ses-salines/#breadcrumb"},"inLanguage":"de","potentialAction":[{"@type":"ReadAction","target":["https://www.santjosep.net/de/veranstaltung/dorffest-sant-jordi-de-ses-salines/"]}]},{"@type":"ImageObject","inLanguage":"de","@id":"https://www.santjosep.net/de/veranstaltung/dorffest-sant-jordi-de-ses-salines/#primaryimage","url":"https://www.santjosep.net/wp-content/uploads/2016/01/festes_santjordi.jpg","contentUrl":"https://www.santjosep.net/wp-content/uploads/2016/01/festes_santjordi.jpg","width":1200,"height":798},{"@type":"BreadcrumbList","@id":"https://www.santjosep.net/de/veranstaltung/dorffest-sant-jordi-de-ses-salines/#breadcrumb","itemListElement":[{"@type":"ListItem","position":1,"name":"Eventos","item":"https://www.santjosep.net/agenda/"},{"@type":"ListItem","position":2,"name":"Dorffest in Sant Jordi de Ses Salines"}]},{"@type":"WebSite","@id":"https://www.santjosep.net/#website","url":"https://www.santjosep.net/","name":"Santjosep.net","description":"","potentialAction":[{"@type":"SearchAction","target":{"@type":"EntryPoint","urlTemplate":"https://www.santjosep.net/?s={search_term_string}"},"query-input":{"@type":"PropertyValueSpecification","valueRequired":true,"valueName":"search_term_string"}}],"inLanguage":"de"}]}</script>
<!-- / Yoast SEO plugin. -->

Der 23. April ist auf Ibiza nicht nur der Tag des Buches, sondern zugleich der Tag des Heiligen Georg, Jordi auf Katalanisch, des Schutzpatrons von Sant Jordi. In einem der größten Dörfer der Region wird über mehrere Wochen ein volles [&hellip;]
