{"id":7544,"date":"2016-09-26T10:41:41","date_gmt":"2016-09-26T10:41:41","guid":{"rendered":"https:\/\/www.santjosep.net\/de\/evento\/imvf-eivissa-music-video-festival\/"},"modified":"2016-09-26T10:56:01","modified_gmt":"2016-09-26T10:56:01","slug":"imvf-eivissa-music-video-festival","status":"publish","type":"tribe_events","link":"https:\/\/www.santjosep.net\/de\/veranstaltung\/imvf-eivissa-music-video-festival\/","title":{"rendered":"IMVF. IBIZA MUSIC VIDEO FESTIVAL"},"content":{"rendered":"<p><strong>Preisverleihungszeremonie. IMVF 2016.<\/p>\n<p><\/strong>Im Rahmen dieser Veranstaltung haben die eingeladenen G\u00e4ste die M\u00f6glichkeit, ihre Arbeit vorzustellen und mit der Jury \u00fcber ihre T\u00e4tigkeit zu sprechen und Ideen auszutauschen.<\/p>\n<p><strong>20.30 Uhr. Vorf\u00fchrung des Films \u201eBlood Orange\u201c.<\/strong><\/p>\n<p>Weltpremiere von \u201aBlood Orange\u2018 mit Iggy Pop als einem der Hauptdarsteller. Der Film wurde vollst\u00e4ndig auf Ibiza von einem dort ans\u00e4ssigen Technikerteam gedreht, das mit den Technikern aus dem Vereinigten K\u00f6nigreich zusammenarbeitete. Der Regisseur Toby Tobias wird anwesend sein und au\u00dferdem nach der Vorf\u00fchrung auf Fragen des Publikums antworten. Die Vorf\u00fchrung erfolgt in englischer Originalfassung mit spanischen Untertiteln&#8230;<\/p>\n<p>Weitere Infos:: <a href=\"http:\/\/www.imvf.net\/\" target=\"_blank\">www.imvf.net<\/a><\/p>\n","protected":false},"excerpt":{"rendered":"<p>Preisverleihungszeremonie. IMVF 2016. Im Rahmen dieser Veranstaltung haben die eingeladenen G\u00e4ste die M\u00f6glichkeit, ihre Arbeit vorzustellen und mit der Jury \u00fcber ihre T\u00e4tigkeit zu sprechen und Ideen auszutauschen. 20.30 Uhr. Vorf\u00fchrung des Films \u201eBlood Orange\u201c. Weltpremiere von \u201aBlood Orange\u2018 mit [&hellip;]<\/p>\n","protected":false},"author":1,"featured_media":7534,"template":"","meta":{"_acf_changed":false,"inline_featured_image":false,"_tribe_events_status":"","_tribe_events_status_reason":"","footnotes":""},"tags":[],"tribe_events_cat":[121],"class_list":["post-7544","tribe_events","type-tribe_events","status-publish","has-post-thumbnail","hentry","tribe_events_cat-kultur","cat_kultur"],"acf":[],"yoast_head":"<!-- This site is optimized with the Yoast SEO plugin v25.7 - https:\/\/yoast.com\/wordpress\/plugins\/seo\/ -->\n<title>IMVF. IBIZA MUSIC VIDEO FESTIVAL - Santjosep.net<\/title>\n<meta name=\"robots\" content=\"index, follow, max-snippet:-1, max-image-preview:large, max-video-preview:-1\" \/>\n<link rel=\"canonical\" href=\"https:\/\/www.santjosep.net\/de\/veranstaltung\/imvf-eivissa-music-video-festival\/\" \/>\n<meta property=\"og:locale\" content=\"de_DE\" \/>\n<meta property=\"og:type\" content=\"article\" \/>\n<meta property=\"og:title\" content=\"IMVF. IBIZA MUSIC VIDEO FESTIVAL - Santjosep.net\" \/>\n<meta property=\"og:description\" content=\"Preisverleihungszeremonie. IMVF 2016. Im Rahmen dieser Veranstaltung haben die eingeladenen G\u00e4ste die M\u00f6glichkeit, ihre Arbeit vorzustellen und mit der Jury \u00fcber ihre T\u00e4tigkeit zu sprechen und Ideen auszutauschen. 20.30 Uhr. Vorf\u00fchrung des Films \u201eBlood Orange\u201c. Weltpremiere von \u201aBlood Orange\u2018 mit [&hellip;]\" \/>\n<meta property=\"og:url\" content=\"https:\/\/www.santjosep.net\/de\/veranstaltung\/imvf-eivissa-music-video-festival\/\" \/>\n<meta property=\"og:site_name\" content=\"Santjosep.net\" \/>\n<meta property=\"article:modified_time\" content=\"2016-09-26T10:56:01+00:00\" \/>\n<meta property=\"og:image\" content=\"https:\/\/www.santjosep.net\/wp-content\/uploads\/2016\/09\/ibiza_music_video_festival.jpg\" \/>\n\t<meta property=\"og:image:width\" content=\"1200\" \/>\n\t<meta property=\"og:image:height\" content=\"798\" \/>\n\t<meta property=\"og:image:type\" content=\"image\/jpeg\" \/>\n<meta name=\"twitter:card\" content=\"summary_large_image\" \/>\n<meta name=\"twitter:label1\" content=\"Gesch\u00e4tzte Lesezeit\" \/>\n\t<meta name=\"twitter:data1\" content=\"1\u00a0Minute\" \/>\n<script type=\"application\/ld+json\" class=\"yoast-schema-graph\">{\"@context\":\"https:\/\/schema.org\",\"@graph\":[{\"@type\":\"WebPage\",\"@id\":\"https:\/\/www.santjosep.net\/de\/veranstaltung\/imvf-eivissa-music-video-festival\/\",\"url\":\"https:\/\/www.santjosep.net\/de\/veranstaltung\/imvf-eivissa-music-video-festival\/\",\"name\":\"IMVF. IBIZA MUSIC VIDEO FESTIVAL - Santjosep.net\",\"isPartOf\":{\"@id\":\"https:\/\/www.santjosep.net\/#website\"},\"primaryImageOfPage\":{\"@id\":\"https:\/\/www.santjosep.net\/de\/veranstaltung\/imvf-eivissa-music-video-festival\/#primaryimage\"},\"image\":{\"@id\":\"https:\/\/www.santjosep.net\/de\/veranstaltung\/imvf-eivissa-music-video-festival\/#primaryimage\"},\"thumbnailUrl\":\"https:\/\/www.santjosep.net\/wp-content\/uploads\/2016\/09\/ibiza_music_video_festival.jpg\",\"datePublished\":\"2016-09-26T10:41:41+00:00\",\"dateModified\":\"2016-09-26T10:56:01+00:00\",\"breadcrumb\":{\"@id\":\"https:\/\/www.santjosep.net\/de\/veranstaltung\/imvf-eivissa-music-video-festival\/#breadcrumb\"},\"inLanguage\":\"de\",\"potentialAction\":[{\"@type\":\"ReadAction\",\"target\":[\"https:\/\/www.santjosep.net\/de\/veranstaltung\/imvf-eivissa-music-video-festival\/\"]}]},{\"@type\":\"ImageObject\",\"inLanguage\":\"de\",\"@id\":\"https:\/\/www.santjosep.net\/de\/veranstaltung\/imvf-eivissa-music-video-festival\/#primaryimage\",\"url\":\"https:\/\/www.santjosep.net\/wp-content\/uploads\/2016\/09\/ibiza_music_video_festival.jpg\",\"contentUrl\":\"https:\/\/www.santjosep.net\/wp-content\/uploads\/2016\/09\/ibiza_music_video_festival.jpg\",\"width\":1200,\"height\":798},{\"@type\":\"BreadcrumbList\",\"@id\":\"https:\/\/www.santjosep.net\/de\/veranstaltung\/imvf-eivissa-music-video-festival\/#breadcrumb\",\"itemListElement\":[{\"@type\":\"ListItem\",\"position\":1,\"name\":\"Eventos\",\"item\":\"https:\/\/www.santjosep.net\/agenda\/\"},{\"@type\":\"ListItem\",\"position\":2,\"name\":\"IMVF. IBIZA MUSIC VIDEO FESTIVAL\"}]},{\"@type\":\"WebSite\",\"@id\":\"https:\/\/www.santjosep.net\/#website\",\"url\":\"https:\/\/www.santjosep.net\/\",\"name\":\"Santjosep.net\",\"description\":\"\",\"potentialAction\":[{\"@type\":\"SearchAction\",\"target\":{\"@type\":\"EntryPoint\",\"urlTemplate\":\"https:\/\/www.santjosep.net\/?s={search_term_string}\"},\"query-input\":{\"@type\":\"PropertyValueSpecification\",\"valueRequired\":true,\"valueName\":\"search_term_string\"}}],\"inLanguage\":\"de\"}]}<\/script>\n<!-- \/ Yoast SEO plugin. -->","yoast_head_json":{"title":"IMVF. IBIZA MUSIC VIDEO FESTIVAL - Santjosep.net","robots":{"index":"index","follow":"follow","max-snippet":"max-snippet:-1","max-image-preview":"max-image-preview:large","max-video-preview":"max-video-preview:-1"},"canonical":"https:\/\/www.santjosep.net\/de\/veranstaltung\/imvf-eivissa-music-video-festival\/","og_locale":"de_DE","og_type":"article","og_title":"IMVF. IBIZA MUSIC VIDEO FESTIVAL - Santjosep.net","og_description":"Preisverleihungszeremonie. IMVF 2016. Im Rahmen dieser Veranstaltung haben die eingeladenen G\u00e4ste die M\u00f6glichkeit, ihre Arbeit vorzustellen und mit der Jury \u00fcber ihre T\u00e4tigkeit zu sprechen und Ideen auszutauschen. 20.30 Uhr. Vorf\u00fchrung des Films \u201eBlood Orange\u201c. Weltpremiere von \u201aBlood Orange\u2018 mit [&hellip;]","og_url":"https:\/\/www.santjosep.net\/de\/veranstaltung\/imvf-eivissa-music-video-festival\/","og_site_name":"Santjosep.net","article_modified_time":"2016-09-26T10:56:01+00:00","og_image":[{"width":1200,"height":798,"url":"https:\/\/www.santjosep.net\/wp-content\/uploads\/2016\/09\/ibiza_music_video_festival.jpg","type":"image\/jpeg"}],"twitter_card":"summary_large_image","twitter_misc":{"Gesch\u00e4tzte Lesezeit":"1\u00a0Minute"},"schema":{"@context":"https:\/\/schema.org","@graph":[{"@type":"WebPage","@id":"https:\/\/www.santjosep.net\/de\/veranstaltung\/imvf-eivissa-music-video-festival\/","url":"https:\/\/www.santjosep.net\/de\/veranstaltung\/imvf-eivissa-music-video-festival\/","name":"IMVF. IBIZA MUSIC VIDEO FESTIVAL - Santjosep.net","isPartOf":{"@id":"https:\/\/www.santjosep.net\/#website"},"primaryImageOfPage":{"@id":"https:\/\/www.santjosep.net\/de\/veranstaltung\/imvf-eivissa-music-video-festival\/#primaryimage"},"image":{"@id":"https:\/\/www.santjosep.net\/de\/veranstaltung\/imvf-eivissa-music-video-festival\/#primaryimage"},"thumbnailUrl":"https:\/\/www.santjosep.net\/wp-content\/uploads\/2016\/09\/ibiza_music_video_festival.jpg","datePublished":"2016-09-26T10:41:41+00:00","dateModified":"2016-09-26T10:56:01+00:00","breadcrumb":{"@id":"https:\/\/www.santjosep.net\/de\/veranstaltung\/imvf-eivissa-music-video-festival\/#breadcrumb"},"inLanguage":"de","potentialAction":[{"@type":"ReadAction","target":["https:\/\/www.santjosep.net\/de\/veranstaltung\/imvf-eivissa-music-video-festival\/"]}]},{"@type":"ImageObject","inLanguage":"de","@id":"https:\/\/www.santjosep.net\/de\/veranstaltung\/imvf-eivissa-music-video-festival\/#primaryimage","url":"https:\/\/www.santjosep.net\/wp-content\/uploads\/2016\/09\/ibiza_music_video_festival.jpg","contentUrl":"https:\/\/www.santjosep.net\/wp-content\/uploads\/2016\/09\/ibiza_music_video_festival.jpg","width":1200,"height":798},{"@type":"BreadcrumbList","@id":"https:\/\/www.santjosep.net\/de\/veranstaltung\/imvf-eivissa-music-video-festival\/#breadcrumb","itemListElement":[{"@type":"ListItem","position":1,"name":"Eventos","item":"https:\/\/www.santjosep.net\/agenda\/"},{"@type":"ListItem","position":2,"name":"IMVF. IBIZA MUSIC VIDEO FESTIVAL"}]},{"@type":"WebSite","@id":"https:\/\/www.santjosep.net\/#website","url":"https:\/\/www.santjosep.net\/","name":"Santjosep.net","description":"","potentialAction":[{"@type":"SearchAction","target":{"@type":"EntryPoint","urlTemplate":"https:\/\/www.santjosep.net\/?s={search_term_string}"},"query-input":{"@type":"PropertyValueSpecification","valueRequired":true,"valueName":"search_term_string"}}],"inLanguage":"de"}]}},"_links":{"self":[{"href":"https:\/\/www.santjosep.net\/de\/wp-json\/wp\/v2\/tribe_events\/7544","targetHints":{"allow":["GET"]}}],"collection":[{"href":"https:\/\/www.santjosep.net\/de\/wp-json\/wp\/v2\/tribe_events"}],"about":[{"href":"https:\/\/www.santjosep.net\/de\/wp-json\/wp\/v2\/types\/tribe_events"}],"author":[{"embeddable":true,"href":"https:\/\/www.santjosep.net\/de\/wp-json\/wp\/v2\/users\/1"}],"version-history":[{"count":0,"href":"https:\/\/www.santjosep.net\/de\/wp-json\/wp\/v2\/tribe_events\/7544\/revisions"}],"wp:featuredmedia":[{"embeddable":true,"href":"https:\/\/www.santjosep.net\/de\/wp-json\/wp\/v2\/media\/7534"}],"wp:attachment":[{"href":"https:\/\/www.santjosep.net\/de\/wp-json\/wp\/v2\/media?parent=7544"}],"wp:term":[{"taxonomy":"post_tag","embeddable":true,"href":"https:\/\/www.santjosep.net\/de\/wp-json\/wp\/v2\/tags?post=7544"},{"taxonomy":"tribe_events_cat","embeddable":true,"href":"https:\/\/www.santjosep.net\/de\/wp-json\/wp\/v2\/tribe_events_cat?post=7544"}],"curies":[{"name":"wp","href":"https:\/\/api.w.org\/{rel}","templated":true}]}}

<p><strong>Preisverleihungszeremonie. IMVF 2016.</p>
<p></strong>Im Rahmen dieser Veranstaltung haben die eingeladenen Gäste die Möglichkeit, ihre Arbeit vorzustellen und mit der Jury über ihre Tätigkeit zu sprechen und Ideen auszutauschen.</p>
<p><strong>20.30 Uhr. Vorführung des Films „Blood Orange“.</strong></p>
<p>Weltpremiere von ‚Blood Orange‘ mit Iggy Pop als einem der Hauptdarsteller. Der Film wurde vollständig auf Ibiza von einem dort ansässigen Technikerteam gedreht, das mit den Technikern aus dem Vereinigten Königreich zusammenarbeitete. Der Regisseur Toby Tobias wird anwesend sein und außerdem nach der Vorführung auf Fragen des Publikums antworten. Die Vorführung erfolgt in englischer Originalfassung mit spanischen Untertiteln&#8230;</p>
<p>Weitere Infos:: <a href="http://www.imvf.net/" target="_blank">www.imvf.net</a></p>

<p>Preisverleihungszeremonie. IMVF 2016. Im Rahmen dieser Veranstaltung haben die eingeladenen Gäste die Möglichkeit, ihre Arbeit vorzustellen und mit der Jury über ihre Tätigkeit zu sprechen und Ideen auszutauschen. 20.30 Uhr. Vorführung des Films „Blood Orange“. Weltpremiere von ‚Blood Orange‘ mit [&hellip;]</p>

<!-- This site is optimized with the Yoast SEO plugin v25.7 - https://yoast.com/wordpress/plugins/seo/ -->
<title>IMVF. IBIZA MUSIC VIDEO FESTIVAL - Santjosep.net</title>
<meta name="robots" content="index, follow, max-snippet:-1, max-image-preview:large, max-video-preview:-1" />
<link rel="canonical" href="https://www.santjosep.net/de/veranstaltung/imvf-eivissa-music-video-festival/" />
<meta property="og:locale" content="de_DE" />
<meta property="og:type" content="article" />
<meta property="og:title" content="IMVF. IBIZA MUSIC VIDEO FESTIVAL - Santjosep.net" />
<meta property="og:description" content="Preisverleihungszeremonie. IMVF 2016. Im Rahmen dieser Veranstaltung haben die eingeladenen Gäste die Möglichkeit, ihre Arbeit vorzustellen und mit der Jury über ihre Tätigkeit zu sprechen und Ideen auszutauschen. 20.30 Uhr. Vorführung des Films „Blood Orange“. Weltpremiere von ‚Blood Orange‘ mit [&hellip;]" />
<meta property="og:url" content="https://www.santjosep.net/de/veranstaltung/imvf-eivissa-music-video-festival/" />
<meta property="og:site_name" content="Santjosep.net" />
<meta property="article:modified_time" content="2016-09-26T10:56:01+00:00" />
<meta property="og:image" content="https://www.santjosep.net/wp-content/uploads/2016/09/ibiza_music_video_festival.jpg" />
	<meta property="og:image:width" content="1200" />
	<meta property="og:image:height" content="798" />
	<meta property="og:image:type" content="image/jpeg" />
<meta name="twitter:card" content="summary_large_image" />
<meta name="twitter:label1" content="Geschätzte Lesezeit" />
	<meta name="twitter:data1" content="1 Minute" />
<script type="application/ld+json" class="yoast-schema-graph">{"@context":"https://schema.org","@graph":[{"@type":"WebPage","@id":"https://www.santjosep.net/de/veranstaltung/imvf-eivissa-music-video-festival/","url":"https://www.santjosep.net/de/veranstaltung/imvf-eivissa-music-video-festival/","name":"IMVF. IBIZA MUSIC VIDEO FESTIVAL - Santjosep.net","isPartOf":{"@id":"https://www.santjosep.net/#website"},"primaryImageOfPage":{"@id":"https://www.santjosep.net/de/veranstaltung/imvf-eivissa-music-video-festival/#primaryimage"},"image":{"@id":"https://www.santjosep.net/de/veranstaltung/imvf-eivissa-music-video-festival/#primaryimage"},"thumbnailUrl":"https://www.santjosep.net/wp-content/uploads/2016/09/ibiza_music_video_festival.jpg","datePublished":"2016-09-26T10:41:41+00:00","dateModified":"2016-09-26T10:56:01+00:00","breadcrumb":{"@id":"https://www.santjosep.net/de/veranstaltung/imvf-eivissa-music-video-festival/#breadcrumb"},"inLanguage":"de","potentialAction":[{"@type":"ReadAction","target":["https://www.santjosep.net/de/veranstaltung/imvf-eivissa-music-video-festival/"]}]},{"@type":"ImageObject","inLanguage":"de","@id":"https://www.santjosep.net/de/veranstaltung/imvf-eivissa-music-video-festival/#primaryimage","url":"https://www.santjosep.net/wp-content/uploads/2016/09/ibiza_music_video_festival.jpg","contentUrl":"https://www.santjosep.net/wp-content/uploads/2016/09/ibiza_music_video_festival.jpg","width":1200,"height":798},{"@type":"BreadcrumbList","@id":"https://www.santjosep.net/de/veranstaltung/imvf-eivissa-music-video-festival/#breadcrumb","itemListElement":[{"@type":"ListItem","position":1,"name":"Eventos","item":"https://www.santjosep.net/agenda/"},{"@type":"ListItem","position":2,"name":"IMVF. IBIZA MUSIC VIDEO FESTIVAL"}]},{"@type":"WebSite","@id":"https://www.santjosep.net/#website","url":"https://www.santjosep.net/","name":"Santjosep.net","description":"","potentialAction":[{"@type":"SearchAction","target":{"@type":"EntryPoint","urlTemplate":"https://www.santjosep.net/?s={search_term_string}"},"query-input":{"@type":"PropertyValueSpecification","valueRequired":true,"valueName":"search_term_string"}}],"inLanguage":"de"}]}</script>
<!-- / Yoast SEO plugin. -->

Preisverleihungszeremonie. IMVF 2016. Im Rahmen dieser Veranstaltung haben die eingeladenen Gäste die Möglichkeit, ihre Arbeit vorzustellen und mit der Jury über ihre Tätigkeit zu sprechen und Ideen auszutauschen. 20.30 Uhr. Vorführung des Films „Blood Orange“. Weltpremiere von ‚Blood Orange‘ mit [&hellip;]
