{"id":6528,"date":"2016-03-02T10:45:21","date_gmt":"2016-03-02T10:45:21","guid":{"rendered":"https:\/\/www.santjosep.net\/de\/evento\/carrera-por-montana-sa-talaia\/"},"modified":"2016-03-09T11:32:00","modified_gmt":"2016-03-09T11:32:00","slug":"carrera-por-montana-sa-talaia","status":"publish","type":"tribe_events","link":"https:\/\/www.santjosep.net\/de\/veranstaltung\/carrera-por-montana-sa-talaia\/","title":{"rendered":"IX. Rennen mit Aufstieg auf Sa Talaia"},"content":{"rendered":"<p>Das IX. Rennen mit Aufstieg auf Sa Talaia ist ein Leichtathletikwettbewerb im Gel\u00e4nde, der von der Gemeinde Sant Josep de sa Talaia organisiert wird.<\/p>\n<p>Dieser Sportwettbewerb findet am Sonntag, den 3. April 2016 um 12:00 Uhr statt. Die Strecke ist 12 km lang und f\u00fchrt \u00fcber Waldwege und Fu\u00dfpfade mit betr\u00e4chtlichen H\u00f6henunterschieden auf den h\u00f6chsten Berg Ibizas<\/p>\n<p>&nbsp;<\/p>\n","protected":false},"excerpt":{"rendered":"<p>Das IX. Rennen mit Aufstieg auf Sa Talaia ist ein Leichtathletikwettbewerb im Gel\u00e4nde, der von der Gemeinde Sant Josep de sa Talaia organisiert wird. Dieser Sportwettbewerb findet am Sonntag, den 3. April 2016 um 12:00 Uhr statt. Die Strecke ist [&hellip;]<\/p>\n","protected":false},"author":1,"featured_media":4992,"template":"","meta":{"_acf_changed":false,"inline_featured_image":false,"_tribe_events_status":"","_tribe_events_status_reason":"","footnotes":""},"tags":[],"tribe_events_cat":[122],"class_list":["post-6528","tribe_events","type-tribe_events","status-publish","has-post-thumbnail","hentry","tribe_events_cat-sport","cat_sport"],"acf":[],"yoast_head":"<!-- This site is optimized with the Yoast SEO plugin v25.7 - https:\/\/yoast.com\/wordpress\/plugins\/seo\/ -->\n<title>IX. Rennen mit Aufstieg auf Sa Talaia - Santjosep.net<\/title>\n<meta name=\"robots\" content=\"index, follow, max-snippet:-1, max-image-preview:large, max-video-preview:-1\" \/>\n<link rel=\"canonical\" href=\"https:\/\/www.santjosep.net\/de\/veranstaltung\/carrera-por-montana-sa-talaia\/\" \/>\n<meta property=\"og:locale\" content=\"de_DE\" \/>\n<meta property=\"og:type\" content=\"article\" \/>\n<meta property=\"og:title\" content=\"IX. Rennen mit Aufstieg auf Sa Talaia - Santjosep.net\" \/>\n<meta property=\"og:description\" content=\"Das IX. Rennen mit Aufstieg auf Sa Talaia ist ein Leichtathletikwettbewerb im Gel\u00e4nde, der von der Gemeinde Sant Josep de sa Talaia organisiert wird. Dieser Sportwettbewerb findet am Sonntag, den 3. April 2016 um 12:00 Uhr statt. Die Strecke ist [&hellip;]\" \/>\n<meta property=\"og:url\" content=\"https:\/\/www.santjosep.net\/de\/veranstaltung\/carrera-por-montana-sa-talaia\/\" \/>\n<meta property=\"og:site_name\" content=\"Santjosep.net\" \/>\n<meta property=\"article:modified_time\" content=\"2016-03-09T11:32:00+00:00\" \/>\n<meta property=\"og:image\" content=\"https:\/\/www.santjosep.net\/wp-content\/uploads\/2016\/03\/bigstock-Runner-athlete-running-on-fore-95122172.jpg\" \/>\n\t<meta property=\"og:image:width\" content=\"1200\" \/>\n\t<meta property=\"og:image:height\" content=\"800\" \/>\n\t<meta property=\"og:image:type\" content=\"image\/jpeg\" \/>\n<meta name=\"twitter:card\" content=\"summary_large_image\" \/>\n<script type=\"application\/ld+json\" class=\"yoast-schema-graph\">{\"@context\":\"https:\/\/schema.org\",\"@graph\":[{\"@type\":\"WebPage\",\"@id\":\"https:\/\/www.santjosep.net\/de\/veranstaltung\/carrera-por-montana-sa-talaia\/\",\"url\":\"https:\/\/www.santjosep.net\/de\/veranstaltung\/carrera-por-montana-sa-talaia\/\",\"name\":\"IX. Rennen mit Aufstieg auf Sa Talaia - Santjosep.net\",\"isPartOf\":{\"@id\":\"https:\/\/www.santjosep.net\/#website\"},\"primaryImageOfPage\":{\"@id\":\"https:\/\/www.santjosep.net\/de\/veranstaltung\/carrera-por-montana-sa-talaia\/#primaryimage\"},\"image\":{\"@id\":\"https:\/\/www.santjosep.net\/de\/veranstaltung\/carrera-por-montana-sa-talaia\/#primaryimage\"},\"thumbnailUrl\":\"https:\/\/www.santjosep.net\/wp-content\/uploads\/2016\/03\/bigstock-Runner-athlete-running-on-fore-95122172.jpg\",\"datePublished\":\"2016-03-02T10:45:21+00:00\",\"dateModified\":\"2016-03-09T11:32:00+00:00\",\"breadcrumb\":{\"@id\":\"https:\/\/www.santjosep.net\/de\/veranstaltung\/carrera-por-montana-sa-talaia\/#breadcrumb\"},\"inLanguage\":\"de\",\"potentialAction\":[{\"@type\":\"ReadAction\",\"target\":[\"https:\/\/www.santjosep.net\/de\/veranstaltung\/carrera-por-montana-sa-talaia\/\"]}]},{\"@type\":\"ImageObject\",\"inLanguage\":\"de\",\"@id\":\"https:\/\/www.santjosep.net\/de\/veranstaltung\/carrera-por-montana-sa-talaia\/#primaryimage\",\"url\":\"https:\/\/www.santjosep.net\/wp-content\/uploads\/2016\/03\/bigstock-Runner-athlete-running-on-fore-95122172.jpg\",\"contentUrl\":\"https:\/\/www.santjosep.net\/wp-content\/uploads\/2016\/03\/bigstock-Runner-athlete-running-on-fore-95122172.jpg\",\"width\":1200,\"height\":800},{\"@type\":\"BreadcrumbList\",\"@id\":\"https:\/\/www.santjosep.net\/de\/veranstaltung\/carrera-por-montana-sa-talaia\/#breadcrumb\",\"itemListElement\":[{\"@type\":\"ListItem\",\"position\":1,\"name\":\"Eventos\",\"item\":\"https:\/\/www.santjosep.net\/agenda\/\"},{\"@type\":\"ListItem\",\"position\":2,\"name\":\"IX. Rennen mit Aufstieg auf Sa Talaia\"}]},{\"@type\":\"WebSite\",\"@id\":\"https:\/\/www.santjosep.net\/#website\",\"url\":\"https:\/\/www.santjosep.net\/\",\"name\":\"Santjosep.net\",\"description\":\"\",\"potentialAction\":[{\"@type\":\"SearchAction\",\"target\":{\"@type\":\"EntryPoint\",\"urlTemplate\":\"https:\/\/www.santjosep.net\/?s={search_term_string}\"},\"query-input\":{\"@type\":\"PropertyValueSpecification\",\"valueRequired\":true,\"valueName\":\"search_term_string\"}}],\"inLanguage\":\"de\"}]}<\/script>\n<!-- \/ Yoast SEO plugin. -->","yoast_head_json":{"title":"IX. Rennen mit Aufstieg auf Sa Talaia - Santjosep.net","robots":{"index":"index","follow":"follow","max-snippet":"max-snippet:-1","max-image-preview":"max-image-preview:large","max-video-preview":"max-video-preview:-1"},"canonical":"https:\/\/www.santjosep.net\/de\/veranstaltung\/carrera-por-montana-sa-talaia\/","og_locale":"de_DE","og_type":"article","og_title":"IX. Rennen mit Aufstieg auf Sa Talaia - Santjosep.net","og_description":"Das IX. Rennen mit Aufstieg auf Sa Talaia ist ein Leichtathletikwettbewerb im Gel\u00e4nde, der von der Gemeinde Sant Josep de sa Talaia organisiert wird. Dieser Sportwettbewerb findet am Sonntag, den 3. April 2016 um 12:00 Uhr statt. Die Strecke ist [&hellip;]","og_url":"https:\/\/www.santjosep.net\/de\/veranstaltung\/carrera-por-montana-sa-talaia\/","og_site_name":"Santjosep.net","article_modified_time":"2016-03-09T11:32:00+00:00","og_image":[{"width":1200,"height":800,"url":"https:\/\/www.santjosep.net\/wp-content\/uploads\/2016\/03\/bigstock-Runner-athlete-running-on-fore-95122172.jpg","type":"image\/jpeg"}],"twitter_card":"summary_large_image","schema":{"@context":"https:\/\/schema.org","@graph":[{"@type":"WebPage","@id":"https:\/\/www.santjosep.net\/de\/veranstaltung\/carrera-por-montana-sa-talaia\/","url":"https:\/\/www.santjosep.net\/de\/veranstaltung\/carrera-por-montana-sa-talaia\/","name":"IX. Rennen mit Aufstieg auf Sa Talaia - Santjosep.net","isPartOf":{"@id":"https:\/\/www.santjosep.net\/#website"},"primaryImageOfPage":{"@id":"https:\/\/www.santjosep.net\/de\/veranstaltung\/carrera-por-montana-sa-talaia\/#primaryimage"},"image":{"@id":"https:\/\/www.santjosep.net\/de\/veranstaltung\/carrera-por-montana-sa-talaia\/#primaryimage"},"thumbnailUrl":"https:\/\/www.santjosep.net\/wp-content\/uploads\/2016\/03\/bigstock-Runner-athlete-running-on-fore-95122172.jpg","datePublished":"2016-03-02T10:45:21+00:00","dateModified":"2016-03-09T11:32:00+00:00","breadcrumb":{"@id":"https:\/\/www.santjosep.net\/de\/veranstaltung\/carrera-por-montana-sa-talaia\/#breadcrumb"},"inLanguage":"de","potentialAction":[{"@type":"ReadAction","target":["https:\/\/www.santjosep.net\/de\/veranstaltung\/carrera-por-montana-sa-talaia\/"]}]},{"@type":"ImageObject","inLanguage":"de","@id":"https:\/\/www.santjosep.net\/de\/veranstaltung\/carrera-por-montana-sa-talaia\/#primaryimage","url":"https:\/\/www.santjosep.net\/wp-content\/uploads\/2016\/03\/bigstock-Runner-athlete-running-on-fore-95122172.jpg","contentUrl":"https:\/\/www.santjosep.net\/wp-content\/uploads\/2016\/03\/bigstock-Runner-athlete-running-on-fore-95122172.jpg","width":1200,"height":800},{"@type":"BreadcrumbList","@id":"https:\/\/www.santjosep.net\/de\/veranstaltung\/carrera-por-montana-sa-talaia\/#breadcrumb","itemListElement":[{"@type":"ListItem","position":1,"name":"Eventos","item":"https:\/\/www.santjosep.net\/agenda\/"},{"@type":"ListItem","position":2,"name":"IX. Rennen mit Aufstieg auf Sa Talaia"}]},{"@type":"WebSite","@id":"https:\/\/www.santjosep.net\/#website","url":"https:\/\/www.santjosep.net\/","name":"Santjosep.net","description":"","potentialAction":[{"@type":"SearchAction","target":{"@type":"EntryPoint","urlTemplate":"https:\/\/www.santjosep.net\/?s={search_term_string}"},"query-input":{"@type":"PropertyValueSpecification","valueRequired":true,"valueName":"search_term_string"}}],"inLanguage":"de"}]}},"_links":{"self":[{"href":"https:\/\/www.santjosep.net\/de\/wp-json\/wp\/v2\/tribe_events\/6528","targetHints":{"allow":["GET"]}}],"collection":[{"href":"https:\/\/www.santjosep.net\/de\/wp-json\/wp\/v2\/tribe_events"}],"about":[{"href":"https:\/\/www.santjosep.net\/de\/wp-json\/wp\/v2\/types\/tribe_events"}],"author":[{"embeddable":true,"href":"https:\/\/www.santjosep.net\/de\/wp-json\/wp\/v2\/users\/1"}],"version-history":[{"count":0,"href":"https:\/\/www.santjosep.net\/de\/wp-json\/wp\/v2\/tribe_events\/6528\/revisions"}],"wp:featuredmedia":[{"embeddable":true,"href":"https:\/\/www.santjosep.net\/de\/wp-json\/wp\/v2\/media\/4992"}],"wp:attachment":[{"href":"https:\/\/www.santjosep.net\/de\/wp-json\/wp\/v2\/media?parent=6528"}],"wp:term":[{"taxonomy":"post_tag","embeddable":true,"href":"https:\/\/www.santjosep.net\/de\/wp-json\/wp\/v2\/tags?post=6528"},{"taxonomy":"tribe_events_cat","embeddable":true,"href":"https:\/\/www.santjosep.net\/de\/wp-json\/wp\/v2\/tribe_events_cat?post=6528"}],"curies":[{"name":"wp","href":"https:\/\/api.w.org\/{rel}","templated":true}]}}

<p>Das IX. Rennen mit Aufstieg auf Sa Talaia ist ein Leichtathletikwettbewerb im Gelände, der von der Gemeinde Sant Josep de sa Talaia organisiert wird.</p>
<p>Dieser Sportwettbewerb findet am Sonntag, den 3. April 2016 um 12:00 Uhr statt. Die Strecke ist 12 km lang und führt über Waldwege und Fußpfade mit beträchtlichen Höhenunterschieden auf den höchsten Berg Ibizas</p>
<p>&nbsp;</p>

<p>Das IX. Rennen mit Aufstieg auf Sa Talaia ist ein Leichtathletikwettbewerb im Gelände, der von der Gemeinde Sant Josep de sa Talaia organisiert wird. Dieser Sportwettbewerb findet am Sonntag, den 3. April 2016 um 12:00 Uhr statt. Die Strecke ist [&hellip;]</p>

<!-- This site is optimized with the Yoast SEO plugin v25.7 - https://yoast.com/wordpress/plugins/seo/ -->
<title>IX. Rennen mit Aufstieg auf Sa Talaia - Santjosep.net</title>
<meta name="robots" content="index, follow, max-snippet:-1, max-image-preview:large, max-video-preview:-1" />
<link rel="canonical" href="https://www.santjosep.net/de/veranstaltung/carrera-por-montana-sa-talaia/" />
<meta property="og:locale" content="de_DE" />
<meta property="og:type" content="article" />
<meta property="og:title" content="IX. Rennen mit Aufstieg auf Sa Talaia - Santjosep.net" />
<meta property="og:description" content="Das IX. Rennen mit Aufstieg auf Sa Talaia ist ein Leichtathletikwettbewerb im Gelände, der von der Gemeinde Sant Josep de sa Talaia organisiert wird. Dieser Sportwettbewerb findet am Sonntag, den 3. April 2016 um 12:00 Uhr statt. Die Strecke ist [&hellip;]" />
<meta property="og:url" content="https://www.santjosep.net/de/veranstaltung/carrera-por-montana-sa-talaia/" />
<meta property="og:site_name" content="Santjosep.net" />
<meta property="article:modified_time" content="2016-03-09T11:32:00+00:00" />
<meta property="og:image" content="https://www.santjosep.net/wp-content/uploads/2016/03/bigstock-Runner-athlete-running-on-fore-95122172.jpg" />
	<meta property="og:image:width" content="1200" />
	<meta property="og:image:height" content="800" />
	<meta property="og:image:type" content="image/jpeg" />
<meta name="twitter:card" content="summary_large_image" />
<script type="application/ld+json" class="yoast-schema-graph">{"@context":"https://schema.org","@graph":[{"@type":"WebPage","@id":"https://www.santjosep.net/de/veranstaltung/carrera-por-montana-sa-talaia/","url":"https://www.santjosep.net/de/veranstaltung/carrera-por-montana-sa-talaia/","name":"IX. Rennen mit Aufstieg auf Sa Talaia - Santjosep.net","isPartOf":{"@id":"https://www.santjosep.net/#website"},"primaryImageOfPage":{"@id":"https://www.santjosep.net/de/veranstaltung/carrera-por-montana-sa-talaia/#primaryimage"},"image":{"@id":"https://www.santjosep.net/de/veranstaltung/carrera-por-montana-sa-talaia/#primaryimage"},"thumbnailUrl":"https://www.santjosep.net/wp-content/uploads/2016/03/bigstock-Runner-athlete-running-on-fore-95122172.jpg","datePublished":"2016-03-02T10:45:21+00:00","dateModified":"2016-03-09T11:32:00+00:00","breadcrumb":{"@id":"https://www.santjosep.net/de/veranstaltung/carrera-por-montana-sa-talaia/#breadcrumb"},"inLanguage":"de","potentialAction":[{"@type":"ReadAction","target":["https://www.santjosep.net/de/veranstaltung/carrera-por-montana-sa-talaia/"]}]},{"@type":"ImageObject","inLanguage":"de","@id":"https://www.santjosep.net/de/veranstaltung/carrera-por-montana-sa-talaia/#primaryimage","url":"https://www.santjosep.net/wp-content/uploads/2016/03/bigstock-Runner-athlete-running-on-fore-95122172.jpg","contentUrl":"https://www.santjosep.net/wp-content/uploads/2016/03/bigstock-Runner-athlete-running-on-fore-95122172.jpg","width":1200,"height":800},{"@type":"BreadcrumbList","@id":"https://www.santjosep.net/de/veranstaltung/carrera-por-montana-sa-talaia/#breadcrumb","itemListElement":[{"@type":"ListItem","position":1,"name":"Eventos","item":"https://www.santjosep.net/agenda/"},{"@type":"ListItem","position":2,"name":"IX. Rennen mit Aufstieg auf Sa Talaia"}]},{"@type":"WebSite","@id":"https://www.santjosep.net/#website","url":"https://www.santjosep.net/","name":"Santjosep.net","description":"","potentialAction":[{"@type":"SearchAction","target":{"@type":"EntryPoint","urlTemplate":"https://www.santjosep.net/?s={search_term_string}"},"query-input":{"@type":"PropertyValueSpecification","valueRequired":true,"valueName":"search_term_string"}}],"inLanguage":"de"}]}</script>
<!-- / Yoast SEO plugin. -->

Das IX. Rennen mit Aufstieg auf Sa Talaia ist ein Leichtathletikwettbewerb im Gelände, der von der Gemeinde Sant Josep de sa Talaia organisiert wird. Dieser Sportwettbewerb findet am Sonntag, den 3. April 2016 um 12:00 Uhr statt. Die Strecke ist [&hellip;]
