{"id":5360,"date":"2016-01-26T15:05:52","date_gmt":"2016-01-26T15:05:52","guid":{"rendered":"https:\/\/www.santjosep.net\/de\/evento\/fiestas-es-cubells\/"},"modified":"2018-09-06T14:03:26","modified_gmt":"2018-09-06T14:03:26","slug":"dorffest-es-cubells","status":"publish","type":"tribe_events","link":"https:\/\/www.santjosep.net\/de\/veranstaltung\/dorffest-es-cubells\/","title":{"rendered":"Dorffest in Es Cubells"},"content":{"rendered":"<p><span style=\"font-weight: 400;\">Im kleinen Dorf Es Cubells gedenkt man der Schutzheiligen Santa Teresa am 15. Oktober. W\u00e4hrend dieser vergleichsweise famili\u00e4ren Feierlichkeiten gibt es eine vielbeachtete Theaterauff\u00fchrung am Font d\u2019en Xic, Konzerte auf dem zentralen Dorfplatz und mehrt\u00e4gige gemeinsame Festmahle, bei denen sich die Nachbarn zur Feier des gro\u00dfen Tags ihrer Gemeinde treffen. Jeder ist herzlich eingeladen. <\/span><\/p>\n","protected":false},"excerpt":{"rendered":"<p>Im kleinen Dorf Es Cubells gedenkt man der Schutzheiligen Santa Teresa am 15. Oktober. W\u00e4hrend dieser vergleichsweise famili\u00e4ren Feierlichkeiten gibt es eine vielbeachtete Theaterauff\u00fchrung am Font d\u2019en Xic, Konzerte auf dem zentralen Dorfplatz und mehrt\u00e4gige gemeinsame Festmahle, bei denen sich [&hellip;]<\/p>\n","protected":false},"author":1,"featured_media":13590,"template":"","meta":{"_acf_changed":false,"inline_featured_image":false,"_tribe_events_status":"","_tribe_events_status_reason":"","footnotes":""},"tags":[],"tribe_events_cat":[124],"class_list":["post-5360","tribe_events","type-tribe_events","status-publish","has-post-thumbnail","hentry","tribe_events_cat-stadtfes","cat_stadtfes"],"acf":[],"yoast_head":"<!-- This site is optimized with the Yoast SEO plugin v25.7 - https:\/\/yoast.com\/wordpress\/plugins\/seo\/ -->\n<title>Dorffest in Es Cubells - Santjosep.net<\/title>\n<meta name=\"robots\" content=\"index, follow, max-snippet:-1, max-image-preview:large, max-video-preview:-1\" \/>\n<link rel=\"canonical\" href=\"https:\/\/www.santjosep.net\/de\/veranstaltung\/dorffest-es-cubells\/\" \/>\n<meta property=\"og:locale\" content=\"de_DE\" \/>\n<meta property=\"og:type\" content=\"article\" \/>\n<meta property=\"og:title\" content=\"Dorffest in Es Cubells - Santjosep.net\" \/>\n<meta property=\"og:description\" content=\"Im kleinen Dorf Es Cubells gedenkt man der Schutzheiligen Santa Teresa am 15. Oktober. W\u00e4hrend dieser vergleichsweise famili\u00e4ren Feierlichkeiten gibt es eine vielbeachtete Theaterauff\u00fchrung am Font d\u2019en Xic, Konzerte auf dem zentralen Dorfplatz und mehrt\u00e4gige gemeinsame Festmahle, bei denen sich [&hellip;]\" \/>\n<meta property=\"og:url\" content=\"https:\/\/www.santjosep.net\/de\/veranstaltung\/dorffest-es-cubells\/\" \/>\n<meta property=\"og:site_name\" content=\"Santjosep.net\" \/>\n<meta property=\"article:modified_time\" content=\"2018-09-06T14:03:26+00:00\" \/>\n<meta property=\"og:image\" content=\"https:\/\/www.santjosep.net\/wp-content\/uploads\/2016\/01\/festes_santa_teresa_es_cubells.jpg\" \/>\n\t<meta property=\"og:image:width\" content=\"1200\" \/>\n\t<meta property=\"og:image:height\" content=\"798\" \/>\n\t<meta property=\"og:image:type\" content=\"image\/jpeg\" \/>\n<meta name=\"twitter:card\" content=\"summary_large_image\" \/>\n<script type=\"application\/ld+json\" class=\"yoast-schema-graph\">{\"@context\":\"https:\/\/schema.org\",\"@graph\":[{\"@type\":\"WebPage\",\"@id\":\"https:\/\/www.santjosep.net\/de\/veranstaltung\/dorffest-es-cubells\/\",\"url\":\"https:\/\/www.santjosep.net\/de\/veranstaltung\/dorffest-es-cubells\/\",\"name\":\"Dorffest in Es Cubells - Santjosep.net\",\"isPartOf\":{\"@id\":\"https:\/\/www.santjosep.net\/#website\"},\"primaryImageOfPage\":{\"@id\":\"https:\/\/www.santjosep.net\/de\/veranstaltung\/dorffest-es-cubells\/#primaryimage\"},\"image\":{\"@id\":\"https:\/\/www.santjosep.net\/de\/veranstaltung\/dorffest-es-cubells\/#primaryimage\"},\"thumbnailUrl\":\"https:\/\/www.santjosep.net\/wp-content\/uploads\/2016\/01\/festes_santa_teresa_es_cubells.jpg\",\"datePublished\":\"2016-01-26T15:05:52+00:00\",\"dateModified\":\"2018-09-06T14:03:26+00:00\",\"breadcrumb\":{\"@id\":\"https:\/\/www.santjosep.net\/de\/veranstaltung\/dorffest-es-cubells\/#breadcrumb\"},\"inLanguage\":\"de\",\"potentialAction\":[{\"@type\":\"ReadAction\",\"target\":[\"https:\/\/www.santjosep.net\/de\/veranstaltung\/dorffest-es-cubells\/\"]}]},{\"@type\":\"ImageObject\",\"inLanguage\":\"de\",\"@id\":\"https:\/\/www.santjosep.net\/de\/veranstaltung\/dorffest-es-cubells\/#primaryimage\",\"url\":\"https:\/\/www.santjosep.net\/wp-content\/uploads\/2016\/01\/festes_santa_teresa_es_cubells.jpg\",\"contentUrl\":\"https:\/\/www.santjosep.net\/wp-content\/uploads\/2016\/01\/festes_santa_teresa_es_cubells.jpg\",\"width\":1200,\"height\":798},{\"@type\":\"BreadcrumbList\",\"@id\":\"https:\/\/www.santjosep.net\/de\/veranstaltung\/dorffest-es-cubells\/#breadcrumb\",\"itemListElement\":[{\"@type\":\"ListItem\",\"position\":1,\"name\":\"Eventos\",\"item\":\"https:\/\/www.santjosep.net\/agenda\/\"},{\"@type\":\"ListItem\",\"position\":2,\"name\":\"Dorffest in Es Cubells\"}]},{\"@type\":\"WebSite\",\"@id\":\"https:\/\/www.santjosep.net\/#website\",\"url\":\"https:\/\/www.santjosep.net\/\",\"name\":\"Santjosep.net\",\"description\":\"\",\"potentialAction\":[{\"@type\":\"SearchAction\",\"target\":{\"@type\":\"EntryPoint\",\"urlTemplate\":\"https:\/\/www.santjosep.net\/?s={search_term_string}\"},\"query-input\":{\"@type\":\"PropertyValueSpecification\",\"valueRequired\":true,\"valueName\":\"search_term_string\"}}],\"inLanguage\":\"de\"}]}<\/script>\n<!-- \/ Yoast SEO plugin. -->","yoast_head_json":{"title":"Dorffest in Es Cubells - Santjosep.net","robots":{"index":"index","follow":"follow","max-snippet":"max-snippet:-1","max-image-preview":"max-image-preview:large","max-video-preview":"max-video-preview:-1"},"canonical":"https:\/\/www.santjosep.net\/de\/veranstaltung\/dorffest-es-cubells\/","og_locale":"de_DE","og_type":"article","og_title":"Dorffest in Es Cubells - Santjosep.net","og_description":"Im kleinen Dorf Es Cubells gedenkt man der Schutzheiligen Santa Teresa am 15. Oktober. W\u00e4hrend dieser vergleichsweise famili\u00e4ren Feierlichkeiten gibt es eine vielbeachtete Theaterauff\u00fchrung am Font d\u2019en Xic, Konzerte auf dem zentralen Dorfplatz und mehrt\u00e4gige gemeinsame Festmahle, bei denen sich [&hellip;]","og_url":"https:\/\/www.santjosep.net\/de\/veranstaltung\/dorffest-es-cubells\/","og_site_name":"Santjosep.net","article_modified_time":"2018-09-06T14:03:26+00:00","og_image":[{"width":1200,"height":798,"url":"https:\/\/www.santjosep.net\/wp-content\/uploads\/2016\/01\/festes_santa_teresa_es_cubells.jpg","type":"image\/jpeg"}],"twitter_card":"summary_large_image","schema":{"@context":"https:\/\/schema.org","@graph":[{"@type":"WebPage","@id":"https:\/\/www.santjosep.net\/de\/veranstaltung\/dorffest-es-cubells\/","url":"https:\/\/www.santjosep.net\/de\/veranstaltung\/dorffest-es-cubells\/","name":"Dorffest in Es Cubells - Santjosep.net","isPartOf":{"@id":"https:\/\/www.santjosep.net\/#website"},"primaryImageOfPage":{"@id":"https:\/\/www.santjosep.net\/de\/veranstaltung\/dorffest-es-cubells\/#primaryimage"},"image":{"@id":"https:\/\/www.santjosep.net\/de\/veranstaltung\/dorffest-es-cubells\/#primaryimage"},"thumbnailUrl":"https:\/\/www.santjosep.net\/wp-content\/uploads\/2016\/01\/festes_santa_teresa_es_cubells.jpg","datePublished":"2016-01-26T15:05:52+00:00","dateModified":"2018-09-06T14:03:26+00:00","breadcrumb":{"@id":"https:\/\/www.santjosep.net\/de\/veranstaltung\/dorffest-es-cubells\/#breadcrumb"},"inLanguage":"de","potentialAction":[{"@type":"ReadAction","target":["https:\/\/www.santjosep.net\/de\/veranstaltung\/dorffest-es-cubells\/"]}]},{"@type":"ImageObject","inLanguage":"de","@id":"https:\/\/www.santjosep.net\/de\/veranstaltung\/dorffest-es-cubells\/#primaryimage","url":"https:\/\/www.santjosep.net\/wp-content\/uploads\/2016\/01\/festes_santa_teresa_es_cubells.jpg","contentUrl":"https:\/\/www.santjosep.net\/wp-content\/uploads\/2016\/01\/festes_santa_teresa_es_cubells.jpg","width":1200,"height":798},{"@type":"BreadcrumbList","@id":"https:\/\/www.santjosep.net\/de\/veranstaltung\/dorffest-es-cubells\/#breadcrumb","itemListElement":[{"@type":"ListItem","position":1,"name":"Eventos","item":"https:\/\/www.santjosep.net\/agenda\/"},{"@type":"ListItem","position":2,"name":"Dorffest in Es Cubells"}]},{"@type":"WebSite","@id":"https:\/\/www.santjosep.net\/#website","url":"https:\/\/www.santjosep.net\/","name":"Santjosep.net","description":"","potentialAction":[{"@type":"SearchAction","target":{"@type":"EntryPoint","urlTemplate":"https:\/\/www.santjosep.net\/?s={search_term_string}"},"query-input":{"@type":"PropertyValueSpecification","valueRequired":true,"valueName":"search_term_string"}}],"inLanguage":"de"}]}},"_links":{"self":[{"href":"https:\/\/www.santjosep.net\/de\/wp-json\/wp\/v2\/tribe_events\/5360","targetHints":{"allow":["GET"]}}],"collection":[{"href":"https:\/\/www.santjosep.net\/de\/wp-json\/wp\/v2\/tribe_events"}],"about":[{"href":"https:\/\/www.santjosep.net\/de\/wp-json\/wp\/v2\/types\/tribe_events"}],"author":[{"embeddable":true,"href":"https:\/\/www.santjosep.net\/de\/wp-json\/wp\/v2\/users\/1"}],"version-history":[{"count":0,"href":"https:\/\/www.santjosep.net\/de\/wp-json\/wp\/v2\/tribe_events\/5360\/revisions"}],"wp:featuredmedia":[{"embeddable":true,"href":"https:\/\/www.santjosep.net\/de\/wp-json\/wp\/v2\/media\/13590"}],"wp:attachment":[{"href":"https:\/\/www.santjosep.net\/de\/wp-json\/wp\/v2\/media?parent=5360"}],"wp:term":[{"taxonomy":"post_tag","embeddable":true,"href":"https:\/\/www.santjosep.net\/de\/wp-json\/wp\/v2\/tags?post=5360"},{"taxonomy":"tribe_events_cat","embeddable":true,"href":"https:\/\/www.santjosep.net\/de\/wp-json\/wp\/v2\/tribe_events_cat?post=5360"}],"curies":[{"name":"wp","href":"https:\/\/api.w.org\/{rel}","templated":true}]}}

<p><span style="font-weight: 400;">Im kleinen Dorf Es Cubells gedenkt man der Schutzheiligen Santa Teresa am 15. Oktober. Während dieser vergleichsweise familiären Feierlichkeiten gibt es eine vielbeachtete Theateraufführung am Font d’en Xic, Konzerte auf dem zentralen Dorfplatz und mehrtägige gemeinsame Festmahle, bei denen sich die Nachbarn zur Feier des großen Tags ihrer Gemeinde treffen. Jeder ist herzlich eingeladen. </span></p>

<p>Im kleinen Dorf Es Cubells gedenkt man der Schutzheiligen Santa Teresa am 15. Oktober. Während dieser vergleichsweise familiären Feierlichkeiten gibt es eine vielbeachtete Theateraufführung am Font d’en Xic, Konzerte auf dem zentralen Dorfplatz und mehrtägige gemeinsame Festmahle, bei denen sich [&hellip;]</p>

<!-- This site is optimized with the Yoast SEO plugin v25.7 - https://yoast.com/wordpress/plugins/seo/ -->
<title>Dorffest in Es Cubells - Santjosep.net</title>
<meta name="robots" content="index, follow, max-snippet:-1, max-image-preview:large, max-video-preview:-1" />
<link rel="canonical" href="https://www.santjosep.net/de/veranstaltung/dorffest-es-cubells/" />
<meta property="og:locale" content="de_DE" />
<meta property="og:type" content="article" />
<meta property="og:title" content="Dorffest in Es Cubells - Santjosep.net" />
<meta property="og:description" content="Im kleinen Dorf Es Cubells gedenkt man der Schutzheiligen Santa Teresa am 15. Oktober. Während dieser vergleichsweise familiären Feierlichkeiten gibt es eine vielbeachtete Theateraufführung am Font d’en Xic, Konzerte auf dem zentralen Dorfplatz und mehrtägige gemeinsame Festmahle, bei denen sich [&hellip;]" />
<meta property="og:url" content="https://www.santjosep.net/de/veranstaltung/dorffest-es-cubells/" />
<meta property="og:site_name" content="Santjosep.net" />
<meta property="article:modified_time" content="2018-09-06T14:03:26+00:00" />
<meta property="og:image" content="https://www.santjosep.net/wp-content/uploads/2016/01/festes_santa_teresa_es_cubells.jpg" />
	<meta property="og:image:width" content="1200" />
	<meta property="og:image:height" content="798" />
	<meta property="og:image:type" content="image/jpeg" />
<meta name="twitter:card" content="summary_large_image" />
<script type="application/ld+json" class="yoast-schema-graph">{"@context":"https://schema.org","@graph":[{"@type":"WebPage","@id":"https://www.santjosep.net/de/veranstaltung/dorffest-es-cubells/","url":"https://www.santjosep.net/de/veranstaltung/dorffest-es-cubells/","name":"Dorffest in Es Cubells - Santjosep.net","isPartOf":{"@id":"https://www.santjosep.net/#website"},"primaryImageOfPage":{"@id":"https://www.santjosep.net/de/veranstaltung/dorffest-es-cubells/#primaryimage"},"image":{"@id":"https://www.santjosep.net/de/veranstaltung/dorffest-es-cubells/#primaryimage"},"thumbnailUrl":"https://www.santjosep.net/wp-content/uploads/2016/01/festes_santa_teresa_es_cubells.jpg","datePublished":"2016-01-26T15:05:52+00:00","dateModified":"2018-09-06T14:03:26+00:00","breadcrumb":{"@id":"https://www.santjosep.net/de/veranstaltung/dorffest-es-cubells/#breadcrumb"},"inLanguage":"de","potentialAction":[{"@type":"ReadAction","target":["https://www.santjosep.net/de/veranstaltung/dorffest-es-cubells/"]}]},{"@type":"ImageObject","inLanguage":"de","@id":"https://www.santjosep.net/de/veranstaltung/dorffest-es-cubells/#primaryimage","url":"https://www.santjosep.net/wp-content/uploads/2016/01/festes_santa_teresa_es_cubells.jpg","contentUrl":"https://www.santjosep.net/wp-content/uploads/2016/01/festes_santa_teresa_es_cubells.jpg","width":1200,"height":798},{"@type":"BreadcrumbList","@id":"https://www.santjosep.net/de/veranstaltung/dorffest-es-cubells/#breadcrumb","itemListElement":[{"@type":"ListItem","position":1,"name":"Eventos","item":"https://www.santjosep.net/agenda/"},{"@type":"ListItem","position":2,"name":"Dorffest in Es Cubells"}]},{"@type":"WebSite","@id":"https://www.santjosep.net/#website","url":"https://www.santjosep.net/","name":"Santjosep.net","description":"","potentialAction":[{"@type":"SearchAction","target":{"@type":"EntryPoint","urlTemplate":"https://www.santjosep.net/?s={search_term_string}"},"query-input":{"@type":"PropertyValueSpecification","valueRequired":true,"valueName":"search_term_string"}}],"inLanguage":"de"}]}</script>
<!-- / Yoast SEO plugin. -->

Im kleinen Dorf Es Cubells gedenkt man der Schutzheiligen Santa Teresa am 15. Oktober. Während dieser vergleichsweise familiären Feierlichkeiten gibt es eine vielbeachtete Theateraufführung am Font d’en Xic, Konzerte auf dem zentralen Dorfplatz und mehrtägige gemeinsame Festmahle, bei denen sich [&hellip;]
