{"id":5341,"date":"2016-01-28T08:24:15","date_gmt":"2016-01-28T08:24:15","guid":{"rendered":"https:\/\/www.santjosep.net\/de\/evento\/gastro-jornadas-primavera-2016\/"},"modified":"2016-03-30T14:30:30","modified_gmt":"2016-03-30T14:30:30","slug":"gastro-jornadas-primavera-2016","status":"publish","type":"tribe_events","link":"https:\/\/www.santjosep.net\/de\/veranstaltung\/gastro-jornadas-primavera-2016\/","title":{"rendered":"Gastro Jornadas Fr\u00fchling"},"content":{"rendered":"<p><span data-sheets-value=\"[null,2,&quot;Durante la primavera se celebran las conocidas Gastro Jornadas, un evento peri\\u00f3dico que invita a los paladares m\\u00e1s exigentes a probar el sabor ibicenco en los distintos restaurantes de la isla (m\\u00e1s de 50) que participan de estas exquisitas jornadas. Men\\u00fas econ\\u00f3micos y elaborados con los productos locales son los protagonistas de estas jornadas que podr\\u00e1s disfrutar en m\\u00faltiples establecimientos del municipio de Sant Josep, la ubicaci\\u00f3n perfecta para acompa\\u00f1ar a estos manjares, adem\\u00e1s del buen tiempo primaveral&quot;]\" data-sheets-userformat=\"[null,null,15297,[null,0],null,null,null,null,null,1,1,4,0,null,[null,2,0],&quot;Arial&quot;,11]\">Im Fr\u00fchling finden die bekannten kuliniarischen Wochen <i>Gastro Jornadas<\/i> statt. F\u00fcr neugierge Feinschmecker, die einmal in den Genuss der ibizenkische K\u00fcche kommen m\u00f6chten, genau das Richtige. Mehr als 50 verschiedene Restaurants nehmen an diesen k\u00f6stlichen Wochen teil. Aus lokalen Produkten zubereitete Men\u00fcs zu angemessen Preisen, die Sie in der Gemeinde Sant Josep verkosten k\u00f6nnen. Genie\u00dfen Sie bei fr\u00fchlingshaften Temperaturen den ein oder anderen Leckerbissen.<\/span><\/p>\n","protected":false},"excerpt":{"rendered":"<p>Im Fr\u00fchling finden die bekannten kuliniarischen Wochen Gastro Jornadas statt. F\u00fcr neugierge Feinschmecker, die einmal in den Genuss der ibizenkische K\u00fcche kommen m\u00f6chten, genau das Richtige. Mehr als 50 verschiedene Restaurants nehmen an diesen k\u00f6stlichen Wochen teil. Aus lokalen Produkten [&hellip;]<\/p>\n","protected":false},"author":1,"featured_media":5342,"template":"","meta":{"_acf_changed":false,"inline_featured_image":false,"_tribe_events_status":"","_tribe_events_status_reason":"","footnotes":""},"tags":[],"tribe_events_cat":[126],"class_list":["post-5341","tribe_events","type-tribe_events","status-publish","has-post-thumbnail","hentry","tribe_events_cat-gastronomie","cat_gastronomie"],"acf":[],"yoast_head":"<!-- This site is optimized with the Yoast SEO plugin v25.7 - https:\/\/yoast.com\/wordpress\/plugins\/seo\/ -->\n<title>Gastro Jornadas Fr\u00fchling - Santjosep.net<\/title>\n<meta name=\"robots\" content=\"index, follow, max-snippet:-1, max-image-preview:large, max-video-preview:-1\" \/>\n<link rel=\"canonical\" href=\"https:\/\/www.santjosep.net\/de\/veranstaltung\/gastro-jornadas-primavera-2016\/\" \/>\n<meta property=\"og:locale\" content=\"de_DE\" \/>\n<meta property=\"og:type\" content=\"article\" \/>\n<meta property=\"og:title\" content=\"Gastro Jornadas Fr\u00fchling - Santjosep.net\" \/>\n<meta property=\"og:description\" content=\"Im Fr\u00fchling finden die bekannten kuliniarischen Wochen Gastro Jornadas statt. F\u00fcr neugierge Feinschmecker, die einmal in den Genuss der ibizenkische K\u00fcche kommen m\u00f6chten, genau das Richtige. Mehr als 50 verschiedene Restaurants nehmen an diesen k\u00f6stlichen Wochen teil. Aus lokalen Produkten [&hellip;]\" \/>\n<meta property=\"og:url\" content=\"https:\/\/www.santjosep.net\/de\/veranstaltung\/gastro-jornadas-primavera-2016\/\" \/>\n<meta property=\"og:site_name\" content=\"Santjosep.net\" \/>\n<meta property=\"article:modified_time\" content=\"2016-03-30T14:30:30+00:00\" \/>\n<meta property=\"og:image\" content=\"https:\/\/www.santjosep.net\/wp-content\/uploads\/2016\/01\/sesroques_IMG_0124.jpg\" \/>\n\t<meta property=\"og:image:width\" content=\"1200\" \/>\n\t<meta property=\"og:image:height\" content=\"800\" \/>\n\t<meta property=\"og:image:type\" content=\"image\/jpeg\" \/>\n<meta name=\"twitter:card\" content=\"summary_large_image\" \/>\n<script type=\"application\/ld+json\" class=\"yoast-schema-graph\">{\"@context\":\"https:\/\/schema.org\",\"@graph\":[{\"@type\":\"WebPage\",\"@id\":\"https:\/\/www.santjosep.net\/de\/veranstaltung\/gastro-jornadas-primavera-2016\/\",\"url\":\"https:\/\/www.santjosep.net\/de\/veranstaltung\/gastro-jornadas-primavera-2016\/\",\"name\":\"Gastro Jornadas Fr\u00fchling - Santjosep.net\",\"isPartOf\":{\"@id\":\"https:\/\/www.santjosep.net\/#website\"},\"primaryImageOfPage\":{\"@id\":\"https:\/\/www.santjosep.net\/de\/veranstaltung\/gastro-jornadas-primavera-2016\/#primaryimage\"},\"image\":{\"@id\":\"https:\/\/www.santjosep.net\/de\/veranstaltung\/gastro-jornadas-primavera-2016\/#primaryimage\"},\"thumbnailUrl\":\"https:\/\/www.santjosep.net\/wp-content\/uploads\/2016\/01\/sesroques_IMG_0124.jpg\",\"datePublished\":\"2016-01-28T08:24:15+00:00\",\"dateModified\":\"2016-03-30T14:30:30+00:00\",\"breadcrumb\":{\"@id\":\"https:\/\/www.santjosep.net\/de\/veranstaltung\/gastro-jornadas-primavera-2016\/#breadcrumb\"},\"inLanguage\":\"de\",\"potentialAction\":[{\"@type\":\"ReadAction\",\"target\":[\"https:\/\/www.santjosep.net\/de\/veranstaltung\/gastro-jornadas-primavera-2016\/\"]}]},{\"@type\":\"ImageObject\",\"inLanguage\":\"de\",\"@id\":\"https:\/\/www.santjosep.net\/de\/veranstaltung\/gastro-jornadas-primavera-2016\/#primaryimage\",\"url\":\"https:\/\/www.santjosep.net\/wp-content\/uploads\/2016\/01\/sesroques_IMG_0124.jpg\",\"contentUrl\":\"https:\/\/www.santjosep.net\/wp-content\/uploads\/2016\/01\/sesroques_IMG_0124.jpg\",\"width\":1200,\"height\":800},{\"@type\":\"BreadcrumbList\",\"@id\":\"https:\/\/www.santjosep.net\/de\/veranstaltung\/gastro-jornadas-primavera-2016\/#breadcrumb\",\"itemListElement\":[{\"@type\":\"ListItem\",\"position\":1,\"name\":\"Eventos\",\"item\":\"https:\/\/www.santjosep.net\/agenda\/\"},{\"@type\":\"ListItem\",\"position\":2,\"name\":\"Gastro Jornadas Fr\u00fchling\"}]},{\"@type\":\"WebSite\",\"@id\":\"https:\/\/www.santjosep.net\/#website\",\"url\":\"https:\/\/www.santjosep.net\/\",\"name\":\"Santjosep.net\",\"description\":\"\",\"potentialAction\":[{\"@type\":\"SearchAction\",\"target\":{\"@type\":\"EntryPoint\",\"urlTemplate\":\"https:\/\/www.santjosep.net\/?s={search_term_string}\"},\"query-input\":{\"@type\":\"PropertyValueSpecification\",\"valueRequired\":true,\"valueName\":\"search_term_string\"}}],\"inLanguage\":\"de\"}]}<\/script>\n<!-- \/ Yoast SEO plugin. -->","yoast_head_json":{"title":"Gastro Jornadas Fr\u00fchling - Santjosep.net","robots":{"index":"index","follow":"follow","max-snippet":"max-snippet:-1","max-image-preview":"max-image-preview:large","max-video-preview":"max-video-preview:-1"},"canonical":"https:\/\/www.santjosep.net\/de\/veranstaltung\/gastro-jornadas-primavera-2016\/","og_locale":"de_DE","og_type":"article","og_title":"Gastro Jornadas Fr\u00fchling - Santjosep.net","og_description":"Im Fr\u00fchling finden die bekannten kuliniarischen Wochen Gastro Jornadas statt. F\u00fcr neugierge Feinschmecker, die einmal in den Genuss der ibizenkische K\u00fcche kommen m\u00f6chten, genau das Richtige. Mehr als 50 verschiedene Restaurants nehmen an diesen k\u00f6stlichen Wochen teil. Aus lokalen Produkten [&hellip;]","og_url":"https:\/\/www.santjosep.net\/de\/veranstaltung\/gastro-jornadas-primavera-2016\/","og_site_name":"Santjosep.net","article_modified_time":"2016-03-30T14:30:30+00:00","og_image":[{"width":1200,"height":800,"url":"https:\/\/www.santjosep.net\/wp-content\/uploads\/2016\/01\/sesroques_IMG_0124.jpg","type":"image\/jpeg"}],"twitter_card":"summary_large_image","schema":{"@context":"https:\/\/schema.org","@graph":[{"@type":"WebPage","@id":"https:\/\/www.santjosep.net\/de\/veranstaltung\/gastro-jornadas-primavera-2016\/","url":"https:\/\/www.santjosep.net\/de\/veranstaltung\/gastro-jornadas-primavera-2016\/","name":"Gastro Jornadas Fr\u00fchling - Santjosep.net","isPartOf":{"@id":"https:\/\/www.santjosep.net\/#website"},"primaryImageOfPage":{"@id":"https:\/\/www.santjosep.net\/de\/veranstaltung\/gastro-jornadas-primavera-2016\/#primaryimage"},"image":{"@id":"https:\/\/www.santjosep.net\/de\/veranstaltung\/gastro-jornadas-primavera-2016\/#primaryimage"},"thumbnailUrl":"https:\/\/www.santjosep.net\/wp-content\/uploads\/2016\/01\/sesroques_IMG_0124.jpg","datePublished":"2016-01-28T08:24:15+00:00","dateModified":"2016-03-30T14:30:30+00:00","breadcrumb":{"@id":"https:\/\/www.santjosep.net\/de\/veranstaltung\/gastro-jornadas-primavera-2016\/#breadcrumb"},"inLanguage":"de","potentialAction":[{"@type":"ReadAction","target":["https:\/\/www.santjosep.net\/de\/veranstaltung\/gastro-jornadas-primavera-2016\/"]}]},{"@type":"ImageObject","inLanguage":"de","@id":"https:\/\/www.santjosep.net\/de\/veranstaltung\/gastro-jornadas-primavera-2016\/#primaryimage","url":"https:\/\/www.santjosep.net\/wp-content\/uploads\/2016\/01\/sesroques_IMG_0124.jpg","contentUrl":"https:\/\/www.santjosep.net\/wp-content\/uploads\/2016\/01\/sesroques_IMG_0124.jpg","width":1200,"height":800},{"@type":"BreadcrumbList","@id":"https:\/\/www.santjosep.net\/de\/veranstaltung\/gastro-jornadas-primavera-2016\/#breadcrumb","itemListElement":[{"@type":"ListItem","position":1,"name":"Eventos","item":"https:\/\/www.santjosep.net\/agenda\/"},{"@type":"ListItem","position":2,"name":"Gastro Jornadas Fr\u00fchling"}]},{"@type":"WebSite","@id":"https:\/\/www.santjosep.net\/#website","url":"https:\/\/www.santjosep.net\/","name":"Santjosep.net","description":"","potentialAction":[{"@type":"SearchAction","target":{"@type":"EntryPoint","urlTemplate":"https:\/\/www.santjosep.net\/?s={search_term_string}"},"query-input":{"@type":"PropertyValueSpecification","valueRequired":true,"valueName":"search_term_string"}}],"inLanguage":"de"}]}},"_links":{"self":[{"href":"https:\/\/www.santjosep.net\/de\/wp-json\/wp\/v2\/tribe_events\/5341","targetHints":{"allow":["GET"]}}],"collection":[{"href":"https:\/\/www.santjosep.net\/de\/wp-json\/wp\/v2\/tribe_events"}],"about":[{"href":"https:\/\/www.santjosep.net\/de\/wp-json\/wp\/v2\/types\/tribe_events"}],"author":[{"embeddable":true,"href":"https:\/\/www.santjosep.net\/de\/wp-json\/wp\/v2\/users\/1"}],"version-history":[{"count":0,"href":"https:\/\/www.santjosep.net\/de\/wp-json\/wp\/v2\/tribe_events\/5341\/revisions"}],"wp:featuredmedia":[{"embeddable":true,"href":"https:\/\/www.santjosep.net\/de\/wp-json\/wp\/v2\/media\/5342"}],"wp:attachment":[{"href":"https:\/\/www.santjosep.net\/de\/wp-json\/wp\/v2\/media?parent=5341"}],"wp:term":[{"taxonomy":"post_tag","embeddable":true,"href":"https:\/\/www.santjosep.net\/de\/wp-json\/wp\/v2\/tags?post=5341"},{"taxonomy":"tribe_events_cat","embeddable":true,"href":"https:\/\/www.santjosep.net\/de\/wp-json\/wp\/v2\/tribe_events_cat?post=5341"}],"curies":[{"name":"wp","href":"https:\/\/api.w.org\/{rel}","templated":true}]}}

Gastro Jornadas Frühling

<p><span data-sheets-value="[null,2,&quot;Durante la primavera se celebran las conocidas Gastro Jornadas, un evento peri\u00f3dico que invita a los paladares m\u00e1s exigentes a probar el sabor ibicenco en los distintos restaurantes de la isla (m\u00e1s de 50) que participan de estas exquisitas jornadas. Men\u00fas econ\u00f3micos y elaborados con los productos locales son los protagonistas de estas jornadas que podr\u00e1s disfrutar en m\u00faltiples establecimientos del municipio de Sant Josep, la ubicaci\u00f3n perfecta para acompa\u00f1ar a estos manjares, adem\u00e1s del buen tiempo primaveral&quot;]" data-sheets-userformat="[null,null,15297,[null,0],null,null,null,null,null,1,1,4,0,null,[null,2,0],&quot;Arial&quot;,11]">Im Frühling finden die bekannten kuliniarischen Wochen <i>Gastro Jornadas</i> statt. Für neugierge Feinschmecker, die einmal in den Genuss der ibizenkische Küche kommen möchten, genau das Richtige. Mehr als 50 verschiedene Restaurants nehmen an diesen köstlichen Wochen teil. Aus lokalen Produkten zubereitete Menüs zu angemessen Preisen, die Sie in der Gemeinde Sant Josep verkosten können. Genießen Sie bei frühlingshaften Temperaturen den ein oder anderen Leckerbissen.</span></p>

<p>Im Frühling finden die bekannten kuliniarischen Wochen Gastro Jornadas statt. Für neugierge Feinschmecker, die einmal in den Genuss der ibizenkische Küche kommen möchten, genau das Richtige. Mehr als 50 verschiedene Restaurants nehmen an diesen köstlichen Wochen teil. Aus lokalen Produkten [&hellip;]</p>

<!-- This site is optimized with the Yoast SEO plugin v25.7 - https://yoast.com/wordpress/plugins/seo/ -->
<title>Gastro Jornadas Frühling - Santjosep.net</title>
<meta name="robots" content="index, follow, max-snippet:-1, max-image-preview:large, max-video-preview:-1" />
<link rel="canonical" href="https://www.santjosep.net/de/veranstaltung/gastro-jornadas-primavera-2016/" />
<meta property="og:locale" content="de_DE" />
<meta property="og:type" content="article" />
<meta property="og:title" content="Gastro Jornadas Frühling - Santjosep.net" />
<meta property="og:description" content="Im Frühling finden die bekannten kuliniarischen Wochen Gastro Jornadas statt. Für neugierge Feinschmecker, die einmal in den Genuss der ibizenkische Küche kommen möchten, genau das Richtige. Mehr als 50 verschiedene Restaurants nehmen an diesen köstlichen Wochen teil. Aus lokalen Produkten [&hellip;]" />
<meta property="og:url" content="https://www.santjosep.net/de/veranstaltung/gastro-jornadas-primavera-2016/" />
<meta property="og:site_name" content="Santjosep.net" />
<meta property="article:modified_time" content="2016-03-30T14:30:30+00:00" />
<meta property="og:image" content="https://www.santjosep.net/wp-content/uploads/2016/01/sesroques_IMG_0124.jpg" />
	<meta property="og:image:width" content="1200" />
	<meta property="og:image:height" content="800" />
	<meta property="og:image:type" content="image/jpeg" />
<meta name="twitter:card" content="summary_large_image" />
<script type="application/ld+json" class="yoast-schema-graph">{"@context":"https://schema.org","@graph":[{"@type":"WebPage","@id":"https://www.santjosep.net/de/veranstaltung/gastro-jornadas-primavera-2016/","url":"https://www.santjosep.net/de/veranstaltung/gastro-jornadas-primavera-2016/","name":"Gastro Jornadas Frühling - Santjosep.net","isPartOf":{"@id":"https://www.santjosep.net/#website"},"primaryImageOfPage":{"@id":"https://www.santjosep.net/de/veranstaltung/gastro-jornadas-primavera-2016/#primaryimage"},"image":{"@id":"https://www.santjosep.net/de/veranstaltung/gastro-jornadas-primavera-2016/#primaryimage"},"thumbnailUrl":"https://www.santjosep.net/wp-content/uploads/2016/01/sesroques_IMG_0124.jpg","datePublished":"2016-01-28T08:24:15+00:00","dateModified":"2016-03-30T14:30:30+00:00","breadcrumb":{"@id":"https://www.santjosep.net/de/veranstaltung/gastro-jornadas-primavera-2016/#breadcrumb"},"inLanguage":"de","potentialAction":[{"@type":"ReadAction","target":["https://www.santjosep.net/de/veranstaltung/gastro-jornadas-primavera-2016/"]}]},{"@type":"ImageObject","inLanguage":"de","@id":"https://www.santjosep.net/de/veranstaltung/gastro-jornadas-primavera-2016/#primaryimage","url":"https://www.santjosep.net/wp-content/uploads/2016/01/sesroques_IMG_0124.jpg","contentUrl":"https://www.santjosep.net/wp-content/uploads/2016/01/sesroques_IMG_0124.jpg","width":1200,"height":800},{"@type":"BreadcrumbList","@id":"https://www.santjosep.net/de/veranstaltung/gastro-jornadas-primavera-2016/#breadcrumb","itemListElement":[{"@type":"ListItem","position":1,"name":"Eventos","item":"https://www.santjosep.net/agenda/"},{"@type":"ListItem","position":2,"name":"Gastro Jornadas Frühling"}]},{"@type":"WebSite","@id":"https://www.santjosep.net/#website","url":"https://www.santjosep.net/","name":"Santjosep.net","description":"","potentialAction":[{"@type":"SearchAction","target":{"@type":"EntryPoint","urlTemplate":"https://www.santjosep.net/?s={search_term_string}"},"query-input":{"@type":"PropertyValueSpecification","valueRequired":true,"valueName":"search_term_string"}}],"inLanguage":"de"}]}</script>
<!-- / Yoast SEO plugin. -->

Gastro Jornadas Frühling - Santjosep.net

Im Frühling finden die bekannten kuliniarischen Wochen Gastro Jornadas statt. Für neugierge Feinschmecker, die einmal in den Genuss der ibizenkische Küche kommen möchten, genau das Richtige. Mehr als 50 verschiedene Restaurants nehmen an diesen köstlichen Wochen teil. Aus lokalen Produkten [&hellip;]
