{"id":5336,"date":"2016-01-26T11:09:59","date_gmt":"2016-01-26T11:09:59","guid":{"rendered":"https:\/\/www.santjosep.net\/de\/evento\/fiestas-de-sant-francesc-de-sestany\/"},"modified":"2018-10-04T12:09:26","modified_gmt":"2018-10-04T12:09:26","slug":"dorffest-sant-francesc-de-sestany","status":"publish","type":"tribe_events","link":"https:\/\/www.santjosep.net\/de\/veranstaltung\/dorffest-sant-francesc-de-sestany\/","title":{"rendered":"Dorffest in Sant Francesc de S\u2019Estany"},"content":{"rendered":"<p><span style=\"font-weight: 400;\">Auch im kleinsten Dorf der Region wird der eigene Schutzheilige Franziskus mit allen Ehren gefeiert. An seinem gro\u00dfen Tag, dem 2. April, lohnt sich ein Besuch in der h\u00fcbschen Kirche des Ortes. Hier, inmitten des Naturparks Ses Salines, finden eigens f\u00fcr diesen besonderen Tag Konzerte und weitere Aktivit\u00e4ten statt. <\/span><\/p>\n","protected":false},"excerpt":{"rendered":"<p>Auch im kleinsten Dorf der Region wird der eigene Schutzheilige Franziskus mit allen Ehren gefeiert. An seinem gro\u00dfen Tag, dem 2. April, lohnt sich ein Besuch in der h\u00fcbschen Kirche des Ortes. Hier, inmitten des Naturparks Ses Salines, finden eigens [&hellip;]<\/p>\n","protected":false},"author":1,"featured_media":5337,"template":"","meta":{"_acf_changed":false,"inline_featured_image":false,"_tribe_events_status":"","_tribe_events_status_reason":"","footnotes":""},"tags":[],"tribe_events_cat":[],"class_list":["post-5336","tribe_events","type-tribe_events","status-publish","has-post-thumbnail","hentry"],"acf":[],"yoast_head":"<!-- This site is optimized with the Yoast SEO plugin v25.7 - https:\/\/yoast.com\/wordpress\/plugins\/seo\/ -->\n<title>Dorffest in Sant Francesc de S\u2019Estany - Santjosep.net<\/title>\n<meta name=\"robots\" content=\"index, follow, max-snippet:-1, max-image-preview:large, max-video-preview:-1\" \/>\n<link rel=\"canonical\" href=\"https:\/\/www.santjosep.net\/de\/veranstaltung\/dorffest-sant-francesc-de-sestany\/\" \/>\n<meta property=\"og:locale\" content=\"de_DE\" \/>\n<meta property=\"og:type\" content=\"article\" \/>\n<meta property=\"og:title\" content=\"Dorffest in Sant Francesc de S\u2019Estany - Santjosep.net\" \/>\n<meta property=\"og:description\" content=\"Auch im kleinsten Dorf der Region wird der eigene Schutzheilige Franziskus mit allen Ehren gefeiert. An seinem gro\u00dfen Tag, dem 2. April, lohnt sich ein Besuch in der h\u00fcbschen Kirche des Ortes. Hier, inmitten des Naturparks Ses Salines, finden eigens [&hellip;]\" \/>\n<meta property=\"og:url\" content=\"https:\/\/www.santjosep.net\/de\/veranstaltung\/dorffest-sant-francesc-de-sestany\/\" \/>\n<meta property=\"og:site_name\" content=\"Santjosep.net\" \/>\n<meta property=\"article:modified_time\" content=\"2018-10-04T12:09:26+00:00\" \/>\n<meta property=\"og:image\" content=\"https:\/\/www.santjosep.net\/wp-content\/uploads\/2016\/01\/IMG_0049-1024x683.jpg\" \/>\n\t<meta property=\"og:image:width\" content=\"1024\" \/>\n\t<meta property=\"og:image:height\" content=\"683\" \/>\n\t<meta property=\"og:image:type\" content=\"image\/jpeg\" \/>\n<meta name=\"twitter:card\" content=\"summary_large_image\" \/>\n<script type=\"application\/ld+json\" class=\"yoast-schema-graph\">{\"@context\":\"https:\/\/schema.org\",\"@graph\":[{\"@type\":\"WebPage\",\"@id\":\"https:\/\/www.santjosep.net\/de\/veranstaltung\/dorffest-sant-francesc-de-sestany\/\",\"url\":\"https:\/\/www.santjosep.net\/de\/veranstaltung\/dorffest-sant-francesc-de-sestany\/\",\"name\":\"Dorffest in Sant Francesc de S\u2019Estany - Santjosep.net\",\"isPartOf\":{\"@id\":\"https:\/\/www.santjosep.net\/#website\"},\"primaryImageOfPage\":{\"@id\":\"https:\/\/www.santjosep.net\/de\/veranstaltung\/dorffest-sant-francesc-de-sestany\/#primaryimage\"},\"image\":{\"@id\":\"https:\/\/www.santjosep.net\/de\/veranstaltung\/dorffest-sant-francesc-de-sestany\/#primaryimage\"},\"thumbnailUrl\":\"https:\/\/www.santjosep.net\/wp-content\/uploads\/2016\/01\/IMG_0049.jpg\",\"datePublished\":\"2016-01-26T11:09:59+00:00\",\"dateModified\":\"2018-10-04T12:09:26+00:00\",\"breadcrumb\":{\"@id\":\"https:\/\/www.santjosep.net\/de\/veranstaltung\/dorffest-sant-francesc-de-sestany\/#breadcrumb\"},\"inLanguage\":\"de\",\"potentialAction\":[{\"@type\":\"ReadAction\",\"target\":[\"https:\/\/www.santjosep.net\/de\/veranstaltung\/dorffest-sant-francesc-de-sestany\/\"]}]},{\"@type\":\"ImageObject\",\"inLanguage\":\"de\",\"@id\":\"https:\/\/www.santjosep.net\/de\/veranstaltung\/dorffest-sant-francesc-de-sestany\/#primaryimage\",\"url\":\"https:\/\/www.santjosep.net\/wp-content\/uploads\/2016\/01\/IMG_0049.jpg\",\"contentUrl\":\"https:\/\/www.santjosep.net\/wp-content\/uploads\/2016\/01\/IMG_0049.jpg\",\"width\":3779,\"height\":2520},{\"@type\":\"BreadcrumbList\",\"@id\":\"https:\/\/www.santjosep.net\/de\/veranstaltung\/dorffest-sant-francesc-de-sestany\/#breadcrumb\",\"itemListElement\":[{\"@type\":\"ListItem\",\"position\":1,\"name\":\"Eventos\",\"item\":\"https:\/\/www.santjosep.net\/agenda\/\"},{\"@type\":\"ListItem\",\"position\":2,\"name\":\"Dorffest in Sant Francesc de S\u2019Estany\"}]},{\"@type\":\"WebSite\",\"@id\":\"https:\/\/www.santjosep.net\/#website\",\"url\":\"https:\/\/www.santjosep.net\/\",\"name\":\"Santjosep.net\",\"description\":\"\",\"potentialAction\":[{\"@type\":\"SearchAction\",\"target\":{\"@type\":\"EntryPoint\",\"urlTemplate\":\"https:\/\/www.santjosep.net\/?s={search_term_string}\"},\"query-input\":{\"@type\":\"PropertyValueSpecification\",\"valueRequired\":true,\"valueName\":\"search_term_string\"}}],\"inLanguage\":\"de\"}]}<\/script>\n<!-- \/ Yoast SEO plugin. -->","yoast_head_json":{"title":"Dorffest in Sant Francesc de S\u2019Estany - Santjosep.net","robots":{"index":"index","follow":"follow","max-snippet":"max-snippet:-1","max-image-preview":"max-image-preview:large","max-video-preview":"max-video-preview:-1"},"canonical":"https:\/\/www.santjosep.net\/de\/veranstaltung\/dorffest-sant-francesc-de-sestany\/","og_locale":"de_DE","og_type":"article","og_title":"Dorffest in Sant Francesc de S\u2019Estany - Santjosep.net","og_description":"Auch im kleinsten Dorf der Region wird der eigene Schutzheilige Franziskus mit allen Ehren gefeiert. An seinem gro\u00dfen Tag, dem 2. April, lohnt sich ein Besuch in der h\u00fcbschen Kirche des Ortes. Hier, inmitten des Naturparks Ses Salines, finden eigens [&hellip;]","og_url":"https:\/\/www.santjosep.net\/de\/veranstaltung\/dorffest-sant-francesc-de-sestany\/","og_site_name":"Santjosep.net","article_modified_time":"2018-10-04T12:09:26+00:00","og_image":[{"width":1024,"height":683,"url":"https:\/\/www.santjosep.net\/wp-content\/uploads\/2016\/01\/IMG_0049-1024x683.jpg","type":"image\/jpeg"}],"twitter_card":"summary_large_image","schema":{"@context":"https:\/\/schema.org","@graph":[{"@type":"WebPage","@id":"https:\/\/www.santjosep.net\/de\/veranstaltung\/dorffest-sant-francesc-de-sestany\/","url":"https:\/\/www.santjosep.net\/de\/veranstaltung\/dorffest-sant-francesc-de-sestany\/","name":"Dorffest in Sant Francesc de S\u2019Estany - Santjosep.net","isPartOf":{"@id":"https:\/\/www.santjosep.net\/#website"},"primaryImageOfPage":{"@id":"https:\/\/www.santjosep.net\/de\/veranstaltung\/dorffest-sant-francesc-de-sestany\/#primaryimage"},"image":{"@id":"https:\/\/www.santjosep.net\/de\/veranstaltung\/dorffest-sant-francesc-de-sestany\/#primaryimage"},"thumbnailUrl":"https:\/\/www.santjosep.net\/wp-content\/uploads\/2016\/01\/IMG_0049.jpg","datePublished":"2016-01-26T11:09:59+00:00","dateModified":"2018-10-04T12:09:26+00:00","breadcrumb":{"@id":"https:\/\/www.santjosep.net\/de\/veranstaltung\/dorffest-sant-francesc-de-sestany\/#breadcrumb"},"inLanguage":"de","potentialAction":[{"@type":"ReadAction","target":["https:\/\/www.santjosep.net\/de\/veranstaltung\/dorffest-sant-francesc-de-sestany\/"]}]},{"@type":"ImageObject","inLanguage":"de","@id":"https:\/\/www.santjosep.net\/de\/veranstaltung\/dorffest-sant-francesc-de-sestany\/#primaryimage","url":"https:\/\/www.santjosep.net\/wp-content\/uploads\/2016\/01\/IMG_0049.jpg","contentUrl":"https:\/\/www.santjosep.net\/wp-content\/uploads\/2016\/01\/IMG_0049.jpg","width":3779,"height":2520},{"@type":"BreadcrumbList","@id":"https:\/\/www.santjosep.net\/de\/veranstaltung\/dorffest-sant-francesc-de-sestany\/#breadcrumb","itemListElement":[{"@type":"ListItem","position":1,"name":"Eventos","item":"https:\/\/www.santjosep.net\/agenda\/"},{"@type":"ListItem","position":2,"name":"Dorffest in Sant Francesc de S\u2019Estany"}]},{"@type":"WebSite","@id":"https:\/\/www.santjosep.net\/#website","url":"https:\/\/www.santjosep.net\/","name":"Santjosep.net","description":"","potentialAction":[{"@type":"SearchAction","target":{"@type":"EntryPoint","urlTemplate":"https:\/\/www.santjosep.net\/?s={search_term_string}"},"query-input":{"@type":"PropertyValueSpecification","valueRequired":true,"valueName":"search_term_string"}}],"inLanguage":"de"}]}},"_links":{"self":[{"href":"https:\/\/www.santjosep.net\/de\/wp-json\/wp\/v2\/tribe_events\/5336","targetHints":{"allow":["GET"]}}],"collection":[{"href":"https:\/\/www.santjosep.net\/de\/wp-json\/wp\/v2\/tribe_events"}],"about":[{"href":"https:\/\/www.santjosep.net\/de\/wp-json\/wp\/v2\/types\/tribe_events"}],"author":[{"embeddable":true,"href":"https:\/\/www.santjosep.net\/de\/wp-json\/wp\/v2\/users\/1"}],"version-history":[{"count":0,"href":"https:\/\/www.santjosep.net\/de\/wp-json\/wp\/v2\/tribe_events\/5336\/revisions"}],"wp:featuredmedia":[{"embeddable":true,"href":"https:\/\/www.santjosep.net\/de\/wp-json\/wp\/v2\/media\/5337"}],"wp:attachment":[{"href":"https:\/\/www.santjosep.net\/de\/wp-json\/wp\/v2\/media?parent=5336"}],"wp:term":[{"taxonomy":"post_tag","embeddable":true,"href":"https:\/\/www.santjosep.net\/de\/wp-json\/wp\/v2\/tags?post=5336"},{"taxonomy":"tribe_events_cat","embeddable":true,"href":"https:\/\/www.santjosep.net\/de\/wp-json\/wp\/v2\/tribe_events_cat?post=5336"}],"curies":[{"name":"wp","href":"https:\/\/api.w.org\/{rel}","templated":true}]}}

<p><span style="font-weight: 400;">Auch im kleinsten Dorf der Region wird der eigene Schutzheilige Franziskus mit allen Ehren gefeiert. An seinem großen Tag, dem 2. April, lohnt sich ein Besuch in der hübschen Kirche des Ortes. Hier, inmitten des Naturparks Ses Salines, finden eigens für diesen besonderen Tag Konzerte und weitere Aktivitäten statt. </span></p>

<p>Auch im kleinsten Dorf der Region wird der eigene Schutzheilige Franziskus mit allen Ehren gefeiert. An seinem großen Tag, dem 2. April, lohnt sich ein Besuch in der hübschen Kirche des Ortes. Hier, inmitten des Naturparks Ses Salines, finden eigens [&hellip;]</p>

<!-- This site is optimized with the Yoast SEO plugin v25.7 - https://yoast.com/wordpress/plugins/seo/ -->
<title>Dorffest in Sant Francesc de S’Estany - Santjosep.net</title>
<meta name="robots" content="index, follow, max-snippet:-1, max-image-preview:large, max-video-preview:-1" />
<link rel="canonical" href="https://www.santjosep.net/de/veranstaltung/dorffest-sant-francesc-de-sestany/" />
<meta property="og:locale" content="de_DE" />
<meta property="og:type" content="article" />
<meta property="og:title" content="Dorffest in Sant Francesc de S’Estany - Santjosep.net" />
<meta property="og:description" content="Auch im kleinsten Dorf der Region wird der eigene Schutzheilige Franziskus mit allen Ehren gefeiert. An seinem großen Tag, dem 2. April, lohnt sich ein Besuch in der hübschen Kirche des Ortes. Hier, inmitten des Naturparks Ses Salines, finden eigens [&hellip;]" />
<meta property="og:url" content="https://www.santjosep.net/de/veranstaltung/dorffest-sant-francesc-de-sestany/" />
<meta property="og:site_name" content="Santjosep.net" />
<meta property="article:modified_time" content="2018-10-04T12:09:26+00:00" />
<meta property="og:image" content="https://www.santjosep.net/wp-content/uploads/2016/01/IMG_0049-1024x683.jpg" />
	<meta property="og:image:width" content="1024" />
	<meta property="og:image:height" content="683" />
	<meta property="og:image:type" content="image/jpeg" />
<meta name="twitter:card" content="summary_large_image" />
<script type="application/ld+json" class="yoast-schema-graph">{"@context":"https://schema.org","@graph":[{"@type":"WebPage","@id":"https://www.santjosep.net/de/veranstaltung/dorffest-sant-francesc-de-sestany/","url":"https://www.santjosep.net/de/veranstaltung/dorffest-sant-francesc-de-sestany/","name":"Dorffest in Sant Francesc de S’Estany - Santjosep.net","isPartOf":{"@id":"https://www.santjosep.net/#website"},"primaryImageOfPage":{"@id":"https://www.santjosep.net/de/veranstaltung/dorffest-sant-francesc-de-sestany/#primaryimage"},"image":{"@id":"https://www.santjosep.net/de/veranstaltung/dorffest-sant-francesc-de-sestany/#primaryimage"},"thumbnailUrl":"https://www.santjosep.net/wp-content/uploads/2016/01/IMG_0049.jpg","datePublished":"2016-01-26T11:09:59+00:00","dateModified":"2018-10-04T12:09:26+00:00","breadcrumb":{"@id":"https://www.santjosep.net/de/veranstaltung/dorffest-sant-francesc-de-sestany/#breadcrumb"},"inLanguage":"de","potentialAction":[{"@type":"ReadAction","target":["https://www.santjosep.net/de/veranstaltung/dorffest-sant-francesc-de-sestany/"]}]},{"@type":"ImageObject","inLanguage":"de","@id":"https://www.santjosep.net/de/veranstaltung/dorffest-sant-francesc-de-sestany/#primaryimage","url":"https://www.santjosep.net/wp-content/uploads/2016/01/IMG_0049.jpg","contentUrl":"https://www.santjosep.net/wp-content/uploads/2016/01/IMG_0049.jpg","width":3779,"height":2520},{"@type":"BreadcrumbList","@id":"https://www.santjosep.net/de/veranstaltung/dorffest-sant-francesc-de-sestany/#breadcrumb","itemListElement":[{"@type":"ListItem","position":1,"name":"Eventos","item":"https://www.santjosep.net/agenda/"},{"@type":"ListItem","position":2,"name":"Dorffest in Sant Francesc de S’Estany"}]},{"@type":"WebSite","@id":"https://www.santjosep.net/#website","url":"https://www.santjosep.net/","name":"Santjosep.net","description":"","potentialAction":[{"@type":"SearchAction","target":{"@type":"EntryPoint","urlTemplate":"https://www.santjosep.net/?s={search_term_string}"},"query-input":{"@type":"PropertyValueSpecification","valueRequired":true,"valueName":"search_term_string"}}],"inLanguage":"de"}]}</script>
<!-- / Yoast SEO plugin. -->

Auch im kleinsten Dorf der Region wird der eigene Schutzheilige Franziskus mit allen Ehren gefeiert. An seinem großen Tag, dem 2. April, lohnt sich ein Besuch in der hübschen Kirche des Ortes. Hier, inmitten des Naturparks Ses Salines, finden eigens [&hellip;]
