{"id":5326,"date":"2016-01-26T11:30:47","date_gmt":"2016-01-26T11:30:47","guid":{"rendered":"https:\/\/www.santjosep.net\/de\/evento\/semana-santa-en-sant-josep-de-sa-talaia\/"},"modified":"2018-02-15T15:28:37","modified_gmt":"2018-02-15T15:28:37","slug":"semana-santa-en-sant-josep-de-sa-talaia","status":"publish","type":"tribe_events","link":"https:\/\/www.santjosep.net\/de\/veranstaltung\/semana-santa-en-sant-josep-de-sa-talaia\/","title":{"rendered":"Semana Santa en Sant Josep de Sa Talaia"},"content":{"rendered":"<p><span data-sheets-value=\"[null,2,&quot;La Semana Santa es una tradici\\u00f3n muy cuidada en todo el municipio de Sant Josep y en cualquiera de las parroquias podr\\u00e1s participar de esta festividad. Durante estas fechas podr\\u00e1s disfrutar de las distintas procesiones que se celebran el Jueves y Viernes Santo y visitar las casas santas que los vecinos de cada parroquia han decorado con esmero, sin duda, una de las celebraciones m\\u00e1s vinculadas a la tradici\\u00f3n de la isla. Adem\\u00e1s de disfrutar de la gastronom\\u00eda, platos y postres t\\u00edpicos de estas fechas se\\u00f1aladas.&quot;]\" data-sheets-userformat=\"[null,null,15297,[null,0],null,null,null,null,null,1,1,4,0,null,[null,2,0],&quot;Arial&quot;,11]\">Ostern hat in der gesamten Gemeinde Sant Josep eine lange Tradition und an den Festlichkeiten k\u00f6nnen Sie in jeder unserer Pfarrgemeinden teilnehmen. Schauen Sie sich w\u00e4hrend der Feiertage die verschiedenen Prozessionen am Gr\u00fcndonnerstag und Karfreitag an und besuchen Sie die Kirchen, die von den Einwohnern liebevoll geschm\u00fcckt werden. Ostern ist auf der Insel gewiss das traditionsreichste Fest. Probieren Sie au\u00dferdem die f\u00fcr Ostern typischen Gerichte und S\u00fc\u00dfspeisen.<br \/>\n<\/span><\/p>\n","protected":false},"excerpt":{"rendered":"<p>Ostern hat in der gesamten Gemeinde Sant Josep eine lange Tradition und an den Festlichkeiten k\u00f6nnen Sie in jeder unserer Pfarrgemeinden teilnehmen. Schauen Sie sich w\u00e4hrend der Feiertage die verschiedenen Prozessionen am Gr\u00fcndonnerstag und Karfreitag an und besuchen Sie die [&hellip;]<\/p>\n","protected":false},"author":1,"featured_media":5327,"template":"","meta":{"_acf_changed":false,"inline_featured_image":false,"_tribe_events_status":"","_tribe_events_status_reason":"","footnotes":""},"tags":[],"tribe_events_cat":[121],"class_list":["post-5326","tribe_events","type-tribe_events","status-publish","has-post-thumbnail","hentry","tribe_events_cat-kultur","cat_kultur"],"acf":[],"yoast_head":"<!-- This site is optimized with the Yoast SEO plugin v25.7 - https:\/\/yoast.com\/wordpress\/plugins\/seo\/ -->\n<title>Semana Santa en Sant Josep de Sa Talaia - Santjosep.net<\/title>\n<meta name=\"robots\" content=\"index, follow, max-snippet:-1, max-image-preview:large, max-video-preview:-1\" \/>\n<link rel=\"canonical\" href=\"https:\/\/www.santjosep.net\/de\/veranstaltung\/semana-santa-en-sant-josep-de-sa-talaia\/\" \/>\n<meta property=\"og:locale\" content=\"de_DE\" \/>\n<meta property=\"og:type\" content=\"article\" \/>\n<meta property=\"og:title\" content=\"Semana Santa en Sant Josep de Sa Talaia - Santjosep.net\" \/>\n<meta property=\"og:description\" content=\"Ostern hat in der gesamten Gemeinde Sant Josep eine lange Tradition und an den Festlichkeiten k\u00f6nnen Sie in jeder unserer Pfarrgemeinden teilnehmen. Schauen Sie sich w\u00e4hrend der Feiertage die verschiedenen Prozessionen am Gr\u00fcndonnerstag und Karfreitag an und besuchen Sie die [&hellip;]\" \/>\n<meta property=\"og:url\" content=\"https:\/\/www.santjosep.net\/de\/veranstaltung\/semana-santa-en-sant-josep-de-sa-talaia\/\" \/>\n<meta property=\"og:site_name\" content=\"Santjosep.net\" \/>\n<meta property=\"article:modified_time\" content=\"2018-02-15T15:28:37+00:00\" \/>\n<meta property=\"og:image\" content=\"https:\/\/www.santjosep.net\/wp-content\/uploads\/2016\/01\/IMG_5658_semana_santa_ibiza.jpg\" \/>\n\t<meta property=\"og:image:width\" content=\"1200\" \/>\n\t<meta property=\"og:image:height\" content=\"800\" \/>\n\t<meta property=\"og:image:type\" content=\"image\/jpeg\" \/>\n<meta name=\"twitter:card\" content=\"summary_large_image\" \/>\n<script type=\"application\/ld+json\" class=\"yoast-schema-graph\">{\"@context\":\"https:\/\/schema.org\",\"@graph\":[{\"@type\":\"WebPage\",\"@id\":\"https:\/\/www.santjosep.net\/de\/veranstaltung\/semana-santa-en-sant-josep-de-sa-talaia\/\",\"url\":\"https:\/\/www.santjosep.net\/de\/veranstaltung\/semana-santa-en-sant-josep-de-sa-talaia\/\",\"name\":\"Semana Santa en Sant Josep de Sa Talaia - Santjosep.net\",\"isPartOf\":{\"@id\":\"https:\/\/www.santjosep.net\/#website\"},\"primaryImageOfPage\":{\"@id\":\"https:\/\/www.santjosep.net\/de\/veranstaltung\/semana-santa-en-sant-josep-de-sa-talaia\/#primaryimage\"},\"image\":{\"@id\":\"https:\/\/www.santjosep.net\/de\/veranstaltung\/semana-santa-en-sant-josep-de-sa-talaia\/#primaryimage\"},\"thumbnailUrl\":\"https:\/\/www.santjosep.net\/wp-content\/uploads\/2016\/01\/IMG_5658_semana_santa_ibiza.jpg\",\"datePublished\":\"2016-01-26T11:30:47+00:00\",\"dateModified\":\"2018-02-15T15:28:37+00:00\",\"breadcrumb\":{\"@id\":\"https:\/\/www.santjosep.net\/de\/veranstaltung\/semana-santa-en-sant-josep-de-sa-talaia\/#breadcrumb\"},\"inLanguage\":\"de\",\"potentialAction\":[{\"@type\":\"ReadAction\",\"target\":[\"https:\/\/www.santjosep.net\/de\/veranstaltung\/semana-santa-en-sant-josep-de-sa-talaia\/\"]}]},{\"@type\":\"ImageObject\",\"inLanguage\":\"de\",\"@id\":\"https:\/\/www.santjosep.net\/de\/veranstaltung\/semana-santa-en-sant-josep-de-sa-talaia\/#primaryimage\",\"url\":\"https:\/\/www.santjosep.net\/wp-content\/uploads\/2016\/01\/IMG_5658_semana_santa_ibiza.jpg\",\"contentUrl\":\"https:\/\/www.santjosep.net\/wp-content\/uploads\/2016\/01\/IMG_5658_semana_santa_ibiza.jpg\",\"width\":1200,\"height\":800},{\"@type\":\"BreadcrumbList\",\"@id\":\"https:\/\/www.santjosep.net\/de\/veranstaltung\/semana-santa-en-sant-josep-de-sa-talaia\/#breadcrumb\",\"itemListElement\":[{\"@type\":\"ListItem\",\"position\":1,\"name\":\"Eventos\",\"item\":\"https:\/\/www.santjosep.net\/agenda\/\"},{\"@type\":\"ListItem\",\"position\":2,\"name\":\"Semana Santa en Sant Josep de Sa Talaia\"}]},{\"@type\":\"WebSite\",\"@id\":\"https:\/\/www.santjosep.net\/#website\",\"url\":\"https:\/\/www.santjosep.net\/\",\"name\":\"Santjosep.net\",\"description\":\"\",\"potentialAction\":[{\"@type\":\"SearchAction\",\"target\":{\"@type\":\"EntryPoint\",\"urlTemplate\":\"https:\/\/www.santjosep.net\/?s={search_term_string}\"},\"query-input\":{\"@type\":\"PropertyValueSpecification\",\"valueRequired\":true,\"valueName\":\"search_term_string\"}}],\"inLanguage\":\"de\"}]}<\/script>\n<!-- \/ Yoast SEO plugin. -->","yoast_head_json":{"title":"Semana Santa en Sant Josep de Sa Talaia - Santjosep.net","robots":{"index":"index","follow":"follow","max-snippet":"max-snippet:-1","max-image-preview":"max-image-preview:large","max-video-preview":"max-video-preview:-1"},"canonical":"https:\/\/www.santjosep.net\/de\/veranstaltung\/semana-santa-en-sant-josep-de-sa-talaia\/","og_locale":"de_DE","og_type":"article","og_title":"Semana Santa en Sant Josep de Sa Talaia - Santjosep.net","og_description":"Ostern hat in der gesamten Gemeinde Sant Josep eine lange Tradition und an den Festlichkeiten k\u00f6nnen Sie in jeder unserer Pfarrgemeinden teilnehmen. Schauen Sie sich w\u00e4hrend der Feiertage die verschiedenen Prozessionen am Gr\u00fcndonnerstag und Karfreitag an und besuchen Sie die [&hellip;]","og_url":"https:\/\/www.santjosep.net\/de\/veranstaltung\/semana-santa-en-sant-josep-de-sa-talaia\/","og_site_name":"Santjosep.net","article_modified_time":"2018-02-15T15:28:37+00:00","og_image":[{"width":1200,"height":800,"url":"https:\/\/www.santjosep.net\/wp-content\/uploads\/2016\/01\/IMG_5658_semana_santa_ibiza.jpg","type":"image\/jpeg"}],"twitter_card":"summary_large_image","schema":{"@context":"https:\/\/schema.org","@graph":[{"@type":"WebPage","@id":"https:\/\/www.santjosep.net\/de\/veranstaltung\/semana-santa-en-sant-josep-de-sa-talaia\/","url":"https:\/\/www.santjosep.net\/de\/veranstaltung\/semana-santa-en-sant-josep-de-sa-talaia\/","name":"Semana Santa en Sant Josep de Sa Talaia - Santjosep.net","isPartOf":{"@id":"https:\/\/www.santjosep.net\/#website"},"primaryImageOfPage":{"@id":"https:\/\/www.santjosep.net\/de\/veranstaltung\/semana-santa-en-sant-josep-de-sa-talaia\/#primaryimage"},"image":{"@id":"https:\/\/www.santjosep.net\/de\/veranstaltung\/semana-santa-en-sant-josep-de-sa-talaia\/#primaryimage"},"thumbnailUrl":"https:\/\/www.santjosep.net\/wp-content\/uploads\/2016\/01\/IMG_5658_semana_santa_ibiza.jpg","datePublished":"2016-01-26T11:30:47+00:00","dateModified":"2018-02-15T15:28:37+00:00","breadcrumb":{"@id":"https:\/\/www.santjosep.net\/de\/veranstaltung\/semana-santa-en-sant-josep-de-sa-talaia\/#breadcrumb"},"inLanguage":"de","potentialAction":[{"@type":"ReadAction","target":["https:\/\/www.santjosep.net\/de\/veranstaltung\/semana-santa-en-sant-josep-de-sa-talaia\/"]}]},{"@type":"ImageObject","inLanguage":"de","@id":"https:\/\/www.santjosep.net\/de\/veranstaltung\/semana-santa-en-sant-josep-de-sa-talaia\/#primaryimage","url":"https:\/\/www.santjosep.net\/wp-content\/uploads\/2016\/01\/IMG_5658_semana_santa_ibiza.jpg","contentUrl":"https:\/\/www.santjosep.net\/wp-content\/uploads\/2016\/01\/IMG_5658_semana_santa_ibiza.jpg","width":1200,"height":800},{"@type":"BreadcrumbList","@id":"https:\/\/www.santjosep.net\/de\/veranstaltung\/semana-santa-en-sant-josep-de-sa-talaia\/#breadcrumb","itemListElement":[{"@type":"ListItem","position":1,"name":"Eventos","item":"https:\/\/www.santjosep.net\/agenda\/"},{"@type":"ListItem","position":2,"name":"Semana Santa en Sant Josep de Sa Talaia"}]},{"@type":"WebSite","@id":"https:\/\/www.santjosep.net\/#website","url":"https:\/\/www.santjosep.net\/","name":"Santjosep.net","description":"","potentialAction":[{"@type":"SearchAction","target":{"@type":"EntryPoint","urlTemplate":"https:\/\/www.santjosep.net\/?s={search_term_string}"},"query-input":{"@type":"PropertyValueSpecification","valueRequired":true,"valueName":"search_term_string"}}],"inLanguage":"de"}]}},"_links":{"self":[{"href":"https:\/\/www.santjosep.net\/de\/wp-json\/wp\/v2\/tribe_events\/5326","targetHints":{"allow":["GET"]}}],"collection":[{"href":"https:\/\/www.santjosep.net\/de\/wp-json\/wp\/v2\/tribe_events"}],"about":[{"href":"https:\/\/www.santjosep.net\/de\/wp-json\/wp\/v2\/types\/tribe_events"}],"author":[{"embeddable":true,"href":"https:\/\/www.santjosep.net\/de\/wp-json\/wp\/v2\/users\/1"}],"version-history":[{"count":0,"href":"https:\/\/www.santjosep.net\/de\/wp-json\/wp\/v2\/tribe_events\/5326\/revisions"}],"wp:featuredmedia":[{"embeddable":true,"href":"https:\/\/www.santjosep.net\/de\/wp-json\/wp\/v2\/media\/5327"}],"wp:attachment":[{"href":"https:\/\/www.santjosep.net\/de\/wp-json\/wp\/v2\/media?parent=5326"}],"wp:term":[{"taxonomy":"post_tag","embeddable":true,"href":"https:\/\/www.santjosep.net\/de\/wp-json\/wp\/v2\/tags?post=5326"},{"taxonomy":"tribe_events_cat","embeddable":true,"href":"https:\/\/www.santjosep.net\/de\/wp-json\/wp\/v2\/tribe_events_cat?post=5326"}],"curies":[{"name":"wp","href":"https:\/\/api.w.org\/{rel}","templated":true}]}}

<p><span data-sheets-value="[null,2,&quot;La Semana Santa es una tradici\u00f3n muy cuidada en todo el municipio de Sant Josep y en cualquiera de las parroquias podr\u00e1s participar de esta festividad. Durante estas fechas podr\u00e1s disfrutar de las distintas procesiones que se celebran el Jueves y Viernes Santo y visitar las casas santas que los vecinos de cada parroquia han decorado con esmero, sin duda, una de las celebraciones m\u00e1s vinculadas a la tradici\u00f3n de la isla. Adem\u00e1s de disfrutar de la gastronom\u00eda, platos y postres t\u00edpicos de estas fechas se\u00f1aladas.&quot;]" data-sheets-userformat="[null,null,15297,[null,0],null,null,null,null,null,1,1,4,0,null,[null,2,0],&quot;Arial&quot;,11]">Ostern hat in der gesamten Gemeinde Sant Josep eine lange Tradition und an den Festlichkeiten können Sie in jeder unserer Pfarrgemeinden teilnehmen. Schauen Sie sich während der Feiertage die verschiedenen Prozessionen am Gründonnerstag und Karfreitag an und besuchen Sie die Kirchen, die von den Einwohnern liebevoll geschmückt werden. Ostern ist auf der Insel gewiss das traditionsreichste Fest. Probieren Sie außerdem die für Ostern typischen Gerichte und Süßspeisen.<br />
</span></p>

<p>Ostern hat in der gesamten Gemeinde Sant Josep eine lange Tradition und an den Festlichkeiten können Sie in jeder unserer Pfarrgemeinden teilnehmen. Schauen Sie sich während der Feiertage die verschiedenen Prozessionen am Gründonnerstag und Karfreitag an und besuchen Sie die [&hellip;]</p>

<!-- This site is optimized with the Yoast SEO plugin v25.7 - https://yoast.com/wordpress/plugins/seo/ -->
<title>Semana Santa en Sant Josep de Sa Talaia - Santjosep.net</title>
<meta name="robots" content="index, follow, max-snippet:-1, max-image-preview:large, max-video-preview:-1" />
<link rel="canonical" href="https://www.santjosep.net/de/veranstaltung/semana-santa-en-sant-josep-de-sa-talaia/" />
<meta property="og:locale" content="de_DE" />
<meta property="og:type" content="article" />
<meta property="og:title" content="Semana Santa en Sant Josep de Sa Talaia - Santjosep.net" />
<meta property="og:description" content="Ostern hat in der gesamten Gemeinde Sant Josep eine lange Tradition und an den Festlichkeiten können Sie in jeder unserer Pfarrgemeinden teilnehmen. Schauen Sie sich während der Feiertage die verschiedenen Prozessionen am Gründonnerstag und Karfreitag an und besuchen Sie die [&hellip;]" />
<meta property="og:url" content="https://www.santjosep.net/de/veranstaltung/semana-santa-en-sant-josep-de-sa-talaia/" />
<meta property="og:site_name" content="Santjosep.net" />
<meta property="article:modified_time" content="2018-02-15T15:28:37+00:00" />
<meta property="og:image" content="https://www.santjosep.net/wp-content/uploads/2016/01/IMG_5658_semana_santa_ibiza.jpg" />
	<meta property="og:image:width" content="1200" />
	<meta property="og:image:height" content="800" />
	<meta property="og:image:type" content="image/jpeg" />
<meta name="twitter:card" content="summary_large_image" />
<script type="application/ld+json" class="yoast-schema-graph">{"@context":"https://schema.org","@graph":[{"@type":"WebPage","@id":"https://www.santjosep.net/de/veranstaltung/semana-santa-en-sant-josep-de-sa-talaia/","url":"https://www.santjosep.net/de/veranstaltung/semana-santa-en-sant-josep-de-sa-talaia/","name":"Semana Santa en Sant Josep de Sa Talaia - Santjosep.net","isPartOf":{"@id":"https://www.santjosep.net/#website"},"primaryImageOfPage":{"@id":"https://www.santjosep.net/de/veranstaltung/semana-santa-en-sant-josep-de-sa-talaia/#primaryimage"},"image":{"@id":"https://www.santjosep.net/de/veranstaltung/semana-santa-en-sant-josep-de-sa-talaia/#primaryimage"},"thumbnailUrl":"https://www.santjosep.net/wp-content/uploads/2016/01/IMG_5658_semana_santa_ibiza.jpg","datePublished":"2016-01-26T11:30:47+00:00","dateModified":"2018-02-15T15:28:37+00:00","breadcrumb":{"@id":"https://www.santjosep.net/de/veranstaltung/semana-santa-en-sant-josep-de-sa-talaia/#breadcrumb"},"inLanguage":"de","potentialAction":[{"@type":"ReadAction","target":["https://www.santjosep.net/de/veranstaltung/semana-santa-en-sant-josep-de-sa-talaia/"]}]},{"@type":"ImageObject","inLanguage":"de","@id":"https://www.santjosep.net/de/veranstaltung/semana-santa-en-sant-josep-de-sa-talaia/#primaryimage","url":"https://www.santjosep.net/wp-content/uploads/2016/01/IMG_5658_semana_santa_ibiza.jpg","contentUrl":"https://www.santjosep.net/wp-content/uploads/2016/01/IMG_5658_semana_santa_ibiza.jpg","width":1200,"height":800},{"@type":"BreadcrumbList","@id":"https://www.santjosep.net/de/veranstaltung/semana-santa-en-sant-josep-de-sa-talaia/#breadcrumb","itemListElement":[{"@type":"ListItem","position":1,"name":"Eventos","item":"https://www.santjosep.net/agenda/"},{"@type":"ListItem","position":2,"name":"Semana Santa en Sant Josep de Sa Talaia"}]},{"@type":"WebSite","@id":"https://www.santjosep.net/#website","url":"https://www.santjosep.net/","name":"Santjosep.net","description":"","potentialAction":[{"@type":"SearchAction","target":{"@type":"EntryPoint","urlTemplate":"https://www.santjosep.net/?s={search_term_string}"},"query-input":{"@type":"PropertyValueSpecification","valueRequired":true,"valueName":"search_term_string"}}],"inLanguage":"de"}]}</script>
<!-- / Yoast SEO plugin. -->

Ostern hat in der gesamten Gemeinde Sant Josep eine lange Tradition und an den Festlichkeiten können Sie in jeder unserer Pfarrgemeinden teilnehmen. Schauen Sie sich während der Feiertage die verschiedenen Prozessionen am Gründonnerstag und Karfreitag an und besuchen Sie die [&hellip;]
