{"id":37358,"date":"2025-08-12T13:03:40","date_gmt":"2025-08-12T11:03:40","guid":{"rendered":"https:\/\/www.santjosep.net\/evento\/fiestas-de-sant-agusti\/"},"modified":"2025-08-12T13:08:18","modified_gmt":"2025-08-12T11:08:18","slug":"fiestas-de-sant-agusti","status":"publish","type":"tribe_events","link":"https:\/\/www.santjosep.net\/de\/veranstaltung\/fiestas-de-sant-agusti\/","title":{"rendered":"Fiestas de Sant Agust\u00ed"},"content":{"rendered":"<p><span style=\"font-weight: 400;\">Mitten im Sommer haben wir das Gl\u00fcck, die Patronatsfeste von Sant Agust\u00ed des Vedr\u00e0 zu feiern \u2013 eines der bekanntesten und am meisten erwarteten Feste der gesamten Gemeinde. Jedes Jahr am 28. August versammeln sich verschiedene Musikgruppen, um der Sommernacht Rhythmus zu verleihen, w\u00e4hrend die Tradition mit einer Messe zu Ehren des Schutzpatrons und der klassischen Prozession, gefolgt von Volkst\u00e4nzen, bewahrt wird. Dar\u00fcber hinaus kann man auch verschiedene Sportveranstaltungen genie\u00dfen sowie tief verwurzelte Traditionen wie das <\/span><i><span style=\"font-weight: 400;\">Fest des Pou d\u2019en Rafal<\/span><\/i><span style=\"font-weight: 400;\">. Ein besonderer Plan f\u00fcr den ibizenkischen Sommer.<\/span><\/p>\n","protected":false},"excerpt":{"rendered":"<p>Mitten im Sommer haben wir das Gl\u00fcck, die Patronatsfeste von Sant Agust\u00ed des Vedr\u00e0 zu feiern \u2013 eines der bekanntesten und am meisten erwarteten Feste der gesamten Gemeinde. Jedes Jahr am 28. August versammeln sich verschiedene Musikgruppen, um der Sommernacht [&hellip;]<\/p>\n","protected":false},"author":1,"featured_media":37525,"template":"","meta":{"_acf_changed":false,"inline_featured_image":false,"_tribe_events_status":"","_tribe_events_status_reason":"","footnotes":""},"tags":[],"tribe_events_cat":[],"class_list":["post-37358","tribe_events","type-tribe_events","status-publish","has-post-thumbnail","hentry"],"acf":[],"yoast_head":"<!-- This site is optimized with the Yoast SEO plugin v25.7 - https:\/\/yoast.com\/wordpress\/plugins\/seo\/ -->\n<title>Fiestas de Sant Agust\u00ed - Santjosep.net<\/title>\n<meta name=\"robots\" content=\"index, follow, max-snippet:-1, max-image-preview:large, max-video-preview:-1\" \/>\n<link rel=\"canonical\" href=\"https:\/\/www.santjosep.net\/evento\/fiestas-de-sant-agusti\/2025-08-28\/\" \/>\n<meta property=\"og:locale\" content=\"de_DE\" \/>\n<meta property=\"og:type\" content=\"article\" \/>\n<meta property=\"og:title\" content=\"Fiestas de Sant Agust\u00ed - Santjosep.net\" \/>\n<meta property=\"og:description\" content=\"Mitten im Sommer haben wir das Gl\u00fcck, die Patronatsfeste von Sant Agust\u00ed des Vedr\u00e0 zu feiern \u2013 eines der bekanntesten und am meisten erwarteten Feste der gesamten Gemeinde. Jedes Jahr am 28. August versammeln sich verschiedene Musikgruppen, um der Sommernacht [&hellip;]\" \/>\n<meta property=\"og:url\" content=\"https:\/\/www.santjosep.net\/evento\/fiestas-de-sant-agusti\/2025-08-28\/\" \/>\n<meta property=\"og:site_name\" content=\"Santjosep.net\" \/>\n<meta property=\"article:modified_time\" content=\"2025-08-12T11:08:18+00:00\" \/>\n<meta name=\"twitter:card\" content=\"summary_large_image\" \/>\n<meta name=\"twitter:label1\" content=\"Gesch\u00e4tzte Lesezeit\" \/>\n\t<meta name=\"twitter:data1\" content=\"1\u00a0Minute\" \/>\n<script type=\"application\/ld+json\" class=\"yoast-schema-graph\">{\"@context\":\"https:\/\/schema.org\",\"@graph\":[{\"@type\":\"WebPage\",\"@id\":\"https:\/\/www.santjosep.net\/evento\/fiestas-de-sant-agusti\/2025-08-28\/\",\"url\":\"https:\/\/www.santjosep.net\/evento\/fiestas-de-sant-agusti\/2025-08-28\/\",\"name\":\"Fiestas de Sant Agust\u00ed - Santjosep.net\",\"isPartOf\":{\"@id\":\"https:\/\/www.santjosep.net\/#website\"},\"primaryImageOfPage\":{\"@id\":\"https:\/\/www.santjosep.net\/evento\/fiestas-de-sant-agusti\/2025-08-28\/#primaryimage\"},\"image\":{\"@id\":\"https:\/\/www.santjosep.net\/evento\/fiestas-de-sant-agusti\/2025-08-28\/#primaryimage\"},\"thumbnailUrl\":\"https:\/\/www.santjosep.net\/wp-content\/uploads\/2025\/08\/DSC7650.jpg\",\"datePublished\":\"2025-08-12T11:03:40+00:00\",\"dateModified\":\"2025-08-12T11:08:18+00:00\",\"breadcrumb\":{\"@id\":\"https:\/\/www.santjosep.net\/evento\/fiestas-de-sant-agusti\/2025-08-28\/#breadcrumb\"},\"inLanguage\":\"de\",\"potentialAction\":[{\"@type\":\"ReadAction\",\"target\":[\"https:\/\/www.santjosep.net\/evento\/fiestas-de-sant-agusti\/2025-08-28\/\"]}]},{\"@type\":\"ImageObject\",\"inLanguage\":\"de\",\"@id\":\"https:\/\/www.santjosep.net\/evento\/fiestas-de-sant-agusti\/2025-08-28\/#primaryimage\",\"url\":\"https:\/\/www.santjosep.net\/wp-content\/uploads\/2025\/08\/DSC7650.jpg\",\"contentUrl\":\"https:\/\/www.santjosep.net\/wp-content\/uploads\/2025\/08\/DSC7650.jpg\",\"width\":2000,\"height\":1333},{\"@type\":\"BreadcrumbList\",\"@id\":\"https:\/\/www.santjosep.net\/evento\/fiestas-de-sant-agusti\/2025-08-28\/#breadcrumb\",\"itemListElement\":[{\"@type\":\"ListItem\",\"position\":1,\"name\":\"Eventos\",\"item\":\"https:\/\/www.santjosep.net\/agenda\/\"},{\"@type\":\"ListItem\",\"position\":2,\"name\":\"Fiestas de Sant Agust\u00ed\"}]},{\"@type\":\"WebSite\",\"@id\":\"https:\/\/www.santjosep.net\/#website\",\"url\":\"https:\/\/www.santjosep.net\/\",\"name\":\"Santjosep.net\",\"description\":\"\",\"potentialAction\":[{\"@type\":\"SearchAction\",\"target\":{\"@type\":\"EntryPoint\",\"urlTemplate\":\"https:\/\/www.santjosep.net\/?s={search_term_string}\"},\"query-input\":{\"@type\":\"PropertyValueSpecification\",\"valueRequired\":true,\"valueName\":\"search_term_string\"}}],\"inLanguage\":\"de\"}]}<\/script>\n<!-- \/ Yoast SEO plugin. -->","yoast_head_json":{"title":"Fiestas de Sant Agust\u00ed - Santjosep.net","robots":{"index":"index","follow":"follow","max-snippet":"max-snippet:-1","max-image-preview":"max-image-preview:large","max-video-preview":"max-video-preview:-1"},"canonical":"https:\/\/www.santjosep.net\/evento\/fiestas-de-sant-agusti\/2025-08-28\/","og_locale":"de_DE","og_type":"article","og_title":"Fiestas de Sant Agust\u00ed - Santjosep.net","og_description":"Mitten im Sommer haben wir das Gl\u00fcck, die Patronatsfeste von Sant Agust\u00ed des Vedr\u00e0 zu feiern \u2013 eines der bekanntesten und am meisten erwarteten Feste der gesamten Gemeinde. Jedes Jahr am 28. August versammeln sich verschiedene Musikgruppen, um der Sommernacht [&hellip;]","og_url":"https:\/\/www.santjosep.net\/evento\/fiestas-de-sant-agusti\/2025-08-28\/","og_site_name":"Santjosep.net","article_modified_time":"2025-08-12T11:08:18+00:00","twitter_card":"summary_large_image","twitter_misc":{"Gesch\u00e4tzte Lesezeit":"1\u00a0Minute"},"schema":{"@context":"https:\/\/schema.org","@graph":[{"@type":"WebPage","@id":"https:\/\/www.santjosep.net\/evento\/fiestas-de-sant-agusti\/2025-08-28\/","url":"https:\/\/www.santjosep.net\/evento\/fiestas-de-sant-agusti\/2025-08-28\/","name":"Fiestas de Sant Agust\u00ed - Santjosep.net","isPartOf":{"@id":"https:\/\/www.santjosep.net\/#website"},"primaryImageOfPage":{"@id":"https:\/\/www.santjosep.net\/evento\/fiestas-de-sant-agusti\/2025-08-28\/#primaryimage"},"image":{"@id":"https:\/\/www.santjosep.net\/evento\/fiestas-de-sant-agusti\/2025-08-28\/#primaryimage"},"thumbnailUrl":"https:\/\/www.santjosep.net\/wp-content\/uploads\/2025\/08\/DSC7650.jpg","datePublished":"2025-08-12T11:03:40+00:00","dateModified":"2025-08-12T11:08:18+00:00","breadcrumb":{"@id":"https:\/\/www.santjosep.net\/evento\/fiestas-de-sant-agusti\/2025-08-28\/#breadcrumb"},"inLanguage":"de","potentialAction":[{"@type":"ReadAction","target":["https:\/\/www.santjosep.net\/evento\/fiestas-de-sant-agusti\/2025-08-28\/"]}]},{"@type":"ImageObject","inLanguage":"de","@id":"https:\/\/www.santjosep.net\/evento\/fiestas-de-sant-agusti\/2025-08-28\/#primaryimage","url":"https:\/\/www.santjosep.net\/wp-content\/uploads\/2025\/08\/DSC7650.jpg","contentUrl":"https:\/\/www.santjosep.net\/wp-content\/uploads\/2025\/08\/DSC7650.jpg","width":2000,"height":1333},{"@type":"BreadcrumbList","@id":"https:\/\/www.santjosep.net\/evento\/fiestas-de-sant-agusti\/2025-08-28\/#breadcrumb","itemListElement":[{"@type":"ListItem","position":1,"name":"Eventos","item":"https:\/\/www.santjosep.net\/agenda\/"},{"@type":"ListItem","position":2,"name":"Fiestas de Sant Agust\u00ed"}]},{"@type":"WebSite","@id":"https:\/\/www.santjosep.net\/#website","url":"https:\/\/www.santjosep.net\/","name":"Santjosep.net","description":"","potentialAction":[{"@type":"SearchAction","target":{"@type":"EntryPoint","urlTemplate":"https:\/\/www.santjosep.net\/?s={search_term_string}"},"query-input":{"@type":"PropertyValueSpecification","valueRequired":true,"valueName":"search_term_string"}}],"inLanguage":"de"}]}},"_links":{"self":[{"href":"https:\/\/www.santjosep.net\/de\/wp-json\/wp\/v2\/tribe_events\/37358","targetHints":{"allow":["GET"]}}],"collection":[{"href":"https:\/\/www.santjosep.net\/de\/wp-json\/wp\/v2\/tribe_events"}],"about":[{"href":"https:\/\/www.santjosep.net\/de\/wp-json\/wp\/v2\/types\/tribe_events"}],"author":[{"embeddable":true,"href":"https:\/\/www.santjosep.net\/de\/wp-json\/wp\/v2\/users\/1"}],"version-history":[{"count":0,"href":"https:\/\/www.santjosep.net\/de\/wp-json\/wp\/v2\/tribe_events\/37358\/revisions"}],"wp:featuredmedia":[{"embeddable":true,"href":"https:\/\/www.santjosep.net\/de\/wp-json\/wp\/v2\/media\/37525"}],"wp:attachment":[{"href":"https:\/\/www.santjosep.net\/de\/wp-json\/wp\/v2\/media?parent=37358"}],"wp:term":[{"taxonomy":"post_tag","embeddable":true,"href":"https:\/\/www.santjosep.net\/de\/wp-json\/wp\/v2\/tags?post=37358"},{"taxonomy":"tribe_events_cat","embeddable":true,"href":"https:\/\/www.santjosep.net\/de\/wp-json\/wp\/v2\/tribe_events_cat?post=37358"}],"curies":[{"name":"wp","href":"https:\/\/api.w.org\/{rel}","templated":true}]}}

Fiestas de Sant Agustí

<p><span style="font-weight: 400;">Mitten im Sommer haben wir das Glück, die Patronatsfeste von Sant Agustí des Vedrà zu feiern – eines der bekanntesten und am meisten erwarteten Feste der gesamten Gemeinde. Jedes Jahr am 28. August versammeln sich verschiedene Musikgruppen, um der Sommernacht Rhythmus zu verleihen, während die Tradition mit einer Messe zu Ehren des Schutzpatrons und der klassischen Prozession, gefolgt von Volkstänzen, bewahrt wird. Darüber hinaus kann man auch verschiedene Sportveranstaltungen genießen sowie tief verwurzelte Traditionen wie das </span><i><span style="font-weight: 400;">Fest des Pou d’en Rafal</span></i><span style="font-weight: 400;">. Ein besonderer Plan für den ibizenkischen Sommer.</span></p>

<p>Mitten im Sommer haben wir das Glück, die Patronatsfeste von Sant Agustí des Vedrà zu feiern – eines der bekanntesten und am meisten erwarteten Feste der gesamten Gemeinde. Jedes Jahr am 28. August versammeln sich verschiedene Musikgruppen, um der Sommernacht [&hellip;]</p>

<!-- This site is optimized with the Yoast SEO plugin v25.7 - https://yoast.com/wordpress/plugins/seo/ -->
<title>Fiestas de Sant Agustí - Santjosep.net</title>
<meta name="robots" content="index, follow, max-snippet:-1, max-image-preview:large, max-video-preview:-1" />
<link rel="canonical" href="https://www.santjosep.net/evento/fiestas-de-sant-agusti/2025-08-28/" />
<meta property="og:locale" content="de_DE" />
<meta property="og:type" content="article" />
<meta property="og:title" content="Fiestas de Sant Agustí - Santjosep.net" />
<meta property="og:description" content="Mitten im Sommer haben wir das Glück, die Patronatsfeste von Sant Agustí des Vedrà zu feiern – eines der bekanntesten und am meisten erwarteten Feste der gesamten Gemeinde. Jedes Jahr am 28. August versammeln sich verschiedene Musikgruppen, um der Sommernacht [&hellip;]" />
<meta property="og:url" content="https://www.santjosep.net/evento/fiestas-de-sant-agusti/2025-08-28/" />
<meta property="og:site_name" content="Santjosep.net" />
<meta property="article:modified_time" content="2025-08-12T11:08:18+00:00" />
<meta name="twitter:card" content="summary_large_image" />
<meta name="twitter:label1" content="Geschätzte Lesezeit" />
	<meta name="twitter:data1" content="1 Minute" />
<script type="application/ld+json" class="yoast-schema-graph">{"@context":"https://schema.org","@graph":[{"@type":"WebPage","@id":"https://www.santjosep.net/evento/fiestas-de-sant-agusti/2025-08-28/","url":"https://www.santjosep.net/evento/fiestas-de-sant-agusti/2025-08-28/","name":"Fiestas de Sant Agustí - Santjosep.net","isPartOf":{"@id":"https://www.santjosep.net/#website"},"primaryImageOfPage":{"@id":"https://www.santjosep.net/evento/fiestas-de-sant-agusti/2025-08-28/#primaryimage"},"image":{"@id":"https://www.santjosep.net/evento/fiestas-de-sant-agusti/2025-08-28/#primaryimage"},"thumbnailUrl":"https://www.santjosep.net/wp-content/uploads/2025/08/DSC7650.jpg","datePublished":"2025-08-12T11:03:40+00:00","dateModified":"2025-08-12T11:08:18+00:00","breadcrumb":{"@id":"https://www.santjosep.net/evento/fiestas-de-sant-agusti/2025-08-28/#breadcrumb"},"inLanguage":"de","potentialAction":[{"@type":"ReadAction","target":["https://www.santjosep.net/evento/fiestas-de-sant-agusti/2025-08-28/"]}]},{"@type":"ImageObject","inLanguage":"de","@id":"https://www.santjosep.net/evento/fiestas-de-sant-agusti/2025-08-28/#primaryimage","url":"https://www.santjosep.net/wp-content/uploads/2025/08/DSC7650.jpg","contentUrl":"https://www.santjosep.net/wp-content/uploads/2025/08/DSC7650.jpg","width":2000,"height":1333},{"@type":"BreadcrumbList","@id":"https://www.santjosep.net/evento/fiestas-de-sant-agusti/2025-08-28/#breadcrumb","itemListElement":[{"@type":"ListItem","position":1,"name":"Eventos","item":"https://www.santjosep.net/agenda/"},{"@type":"ListItem","position":2,"name":"Fiestas de Sant Agustí"}]},{"@type":"WebSite","@id":"https://www.santjosep.net/#website","url":"https://www.santjosep.net/","name":"Santjosep.net","description":"","potentialAction":[{"@type":"SearchAction","target":{"@type":"EntryPoint","urlTemplate":"https://www.santjosep.net/?s={search_term_string}"},"query-input":{"@type":"PropertyValueSpecification","valueRequired":true,"valueName":"search_term_string"}}],"inLanguage":"de"}]}</script>
<!-- / Yoast SEO plugin. -->

Fiestas de Sant Agustí - Santjosep.net

Mitten im Sommer haben wir das Glück, die Patronatsfeste von Sant Agustí des Vedrà zu feiern – eines der bekanntesten und am meisten erwarteten Feste der gesamten Gemeinde. Jedes Jahr am 28. August versammeln sich verschiedene Musikgruppen, um der Sommernacht [&hellip;]
