{"id":37350,"date":"2025-08-12T12:47:53","date_gmt":"2025-08-12T10:47:53","guid":{"rendered":"https:\/\/www.santjosep.net\/evento\/festes-de-santa-teresa-en-es-cubells\/"},"modified":"2025-08-12T12:54:05","modified_gmt":"2025-08-12T10:54:05","slug":"festes-de-santa-teresa-en-es-cubells","status":"publish","type":"tribe_events","link":"https:\/\/www.santjosep.net\/de\/veranstaltung\/festes-de-santa-teresa-en-es-cubells\/","title":{"rendered":"Festes de Santa Teresa en Es Cubells"},"content":{"rendered":"<p><span style=\"font-weight: 400;\">Das kleine Dorf Es Cubells ehrt seine Schutzpatronin, die heilige Teresa, am 15. Oktober \u2013 eines der familienfreundlichsten Patronatsfeste in der ganzen Gemeinde. Lang erwartete Veranstaltungen wie die Theaterauff\u00fchrung an der Font d\u2019en Xic, die Konzerte auf dem Dorfplatz oder die gro\u00dfen Gemeinschaftsessen, bei denen sich alle Nachbarn versammeln, um den gro\u00dfen Festtag des Dorfes zu feiern, sind nur einige der Aktivit\u00e4ten, die Sie im Programm finden werden. Ein Tag, an dem jeder eingeladen ist, mitzufeiern.<\/span><\/p>\n","protected":false},"excerpt":{"rendered":"<p>Das kleine Dorf Es Cubells ehrt seine Schutzpatronin, die heilige Teresa, am 15. Oktober \u2013 eines der familienfreundlichsten Patronatsfeste in der ganzen Gemeinde. Lang erwartete Veranstaltungen wie die Theaterauff\u00fchrung an der Font d\u2019en Xic, die Konzerte auf dem Dorfplatz oder [&hellip;]<\/p>\n","protected":false},"author":1,"featured_media":17561,"template":"","meta":{"_acf_changed":false,"inline_featured_image":false,"_tribe_events_status":"","_tribe_events_status_reason":"","footnotes":""},"tags":[],"tribe_events_cat":[],"class_list":["post-37350","tribe_events","type-tribe_events","status-publish","has-post-thumbnail","hentry"],"acf":[],"yoast_head":"<!-- This site is optimized with the Yoast SEO plugin v25.7 - https:\/\/yoast.com\/wordpress\/plugins\/seo\/ -->\n<title>Festes de Santa Teresa en Es Cubells - Santjosep.net<\/title>\n<meta name=\"robots\" content=\"index, follow, max-snippet:-1, max-image-preview:large, max-video-preview:-1\" \/>\n<link rel=\"canonical\" href=\"https:\/\/www.santjosep.net\/evento\/festes-de-santa-teresa-en-es-cubells\/2025-10-15\/\" \/>\n<meta property=\"og:locale\" content=\"de_DE\" \/>\n<meta property=\"og:type\" content=\"article\" \/>\n<meta property=\"og:title\" content=\"Festes de Santa Teresa en Es Cubells - Santjosep.net\" \/>\n<meta property=\"og:description\" content=\"Das kleine Dorf Es Cubells ehrt seine Schutzpatronin, die heilige Teresa, am 15. Oktober \u2013 eines der familienfreundlichsten Patronatsfeste in der ganzen Gemeinde. Lang erwartete Veranstaltungen wie die Theaterauff\u00fchrung an der Font d\u2019en Xic, die Konzerte auf dem Dorfplatz oder [&hellip;]\" \/>\n<meta property=\"og:url\" content=\"https:\/\/www.santjosep.net\/evento\/festes-de-santa-teresa-en-es-cubells\/2025-10-15\/\" \/>\n<meta property=\"og:site_name\" content=\"Santjosep.net\" \/>\n<meta property=\"article:modified_time\" content=\"2025-08-12T10:54:05+00:00\" \/>\n<meta property=\"og:image\" content=\"https:\/\/www.santjosep.net\/wp-content\/uploads\/2020\/01\/IMG_2174.jpg\" \/>\n\t<meta property=\"og:image:width\" content=\"1200\" \/>\n\t<meta property=\"og:image:height\" content=\"800\" \/>\n\t<meta property=\"og:image:type\" content=\"image\/jpeg\" \/>\n<meta name=\"twitter:card\" content=\"summary_large_image\" \/>\n<meta name=\"twitter:label1\" content=\"Gesch\u00e4tzte Lesezeit\" \/>\n\t<meta name=\"twitter:data1\" content=\"1\u00a0Minute\" \/>\n<script type=\"application\/ld+json\" class=\"yoast-schema-graph\">{\"@context\":\"https:\/\/schema.org\",\"@graph\":[{\"@type\":\"WebPage\",\"@id\":\"https:\/\/www.santjosep.net\/evento\/festes-de-santa-teresa-en-es-cubells\/2025-10-15\/\",\"url\":\"https:\/\/www.santjosep.net\/evento\/festes-de-santa-teresa-en-es-cubells\/2025-10-15\/\",\"name\":\"Festes de Santa Teresa en Es Cubells - Santjosep.net\",\"isPartOf\":{\"@id\":\"https:\/\/www.santjosep.net\/#website\"},\"primaryImageOfPage\":{\"@id\":\"https:\/\/www.santjosep.net\/evento\/festes-de-santa-teresa-en-es-cubells\/2025-10-15\/#primaryimage\"},\"image\":{\"@id\":\"https:\/\/www.santjosep.net\/evento\/festes-de-santa-teresa-en-es-cubells\/2025-10-15\/#primaryimage\"},\"thumbnailUrl\":\"https:\/\/www.santjosep.net\/wp-content\/uploads\/2020\/01\/IMG_2174.jpg\",\"datePublished\":\"2025-08-12T10:47:53+00:00\",\"dateModified\":\"2025-08-12T10:54:05+00:00\",\"breadcrumb\":{\"@id\":\"https:\/\/www.santjosep.net\/evento\/festes-de-santa-teresa-en-es-cubells\/2025-10-15\/#breadcrumb\"},\"inLanguage\":\"de\",\"potentialAction\":[{\"@type\":\"ReadAction\",\"target\":[\"https:\/\/www.santjosep.net\/evento\/festes-de-santa-teresa-en-es-cubells\/2025-10-15\/\"]}]},{\"@type\":\"ImageObject\",\"inLanguage\":\"de\",\"@id\":\"https:\/\/www.santjosep.net\/evento\/festes-de-santa-teresa-en-es-cubells\/2025-10-15\/#primaryimage\",\"url\":\"https:\/\/www.santjosep.net\/wp-content\/uploads\/2020\/01\/IMG_2174.jpg\",\"contentUrl\":\"https:\/\/www.santjosep.net\/wp-content\/uploads\/2020\/01\/IMG_2174.jpg\",\"width\":1200,\"height\":800},{\"@type\":\"BreadcrumbList\",\"@id\":\"https:\/\/www.santjosep.net\/evento\/festes-de-santa-teresa-en-es-cubells\/2025-10-15\/#breadcrumb\",\"itemListElement\":[{\"@type\":\"ListItem\",\"position\":1,\"name\":\"Eventos\",\"item\":\"https:\/\/www.santjosep.net\/agenda\/\"},{\"@type\":\"ListItem\",\"position\":2,\"name\":\"Festes de Santa Teresa en Es Cubells\"}]},{\"@type\":\"WebSite\",\"@id\":\"https:\/\/www.santjosep.net\/#website\",\"url\":\"https:\/\/www.santjosep.net\/\",\"name\":\"Santjosep.net\",\"description\":\"\",\"potentialAction\":[{\"@type\":\"SearchAction\",\"target\":{\"@type\":\"EntryPoint\",\"urlTemplate\":\"https:\/\/www.santjosep.net\/?s={search_term_string}\"},\"query-input\":{\"@type\":\"PropertyValueSpecification\",\"valueRequired\":true,\"valueName\":\"search_term_string\"}}],\"inLanguage\":\"de\"}]}<\/script>\n<!-- \/ Yoast SEO plugin. -->","yoast_head_json":{"title":"Festes de Santa Teresa en Es Cubells - Santjosep.net","robots":{"index":"index","follow":"follow","max-snippet":"max-snippet:-1","max-image-preview":"max-image-preview:large","max-video-preview":"max-video-preview:-1"},"canonical":"https:\/\/www.santjosep.net\/evento\/festes-de-santa-teresa-en-es-cubells\/2025-10-15\/","og_locale":"de_DE","og_type":"article","og_title":"Festes de Santa Teresa en Es Cubells - Santjosep.net","og_description":"Das kleine Dorf Es Cubells ehrt seine Schutzpatronin, die heilige Teresa, am 15. Oktober \u2013 eines der familienfreundlichsten Patronatsfeste in der ganzen Gemeinde. Lang erwartete Veranstaltungen wie die Theaterauff\u00fchrung an der Font d\u2019en Xic, die Konzerte auf dem Dorfplatz oder [&hellip;]","og_url":"https:\/\/www.santjosep.net\/evento\/festes-de-santa-teresa-en-es-cubells\/2025-10-15\/","og_site_name":"Santjosep.net","article_modified_time":"2025-08-12T10:54:05+00:00","og_image":[{"width":1200,"height":800,"url":"https:\/\/www.santjosep.net\/wp-content\/uploads\/2020\/01\/IMG_2174.jpg","type":"image\/jpeg"}],"twitter_card":"summary_large_image","twitter_misc":{"Gesch\u00e4tzte Lesezeit":"1\u00a0Minute"},"schema":{"@context":"https:\/\/schema.org","@graph":[{"@type":"WebPage","@id":"https:\/\/www.santjosep.net\/evento\/festes-de-santa-teresa-en-es-cubells\/2025-10-15\/","url":"https:\/\/www.santjosep.net\/evento\/festes-de-santa-teresa-en-es-cubells\/2025-10-15\/","name":"Festes de Santa Teresa en Es Cubells - Santjosep.net","isPartOf":{"@id":"https:\/\/www.santjosep.net\/#website"},"primaryImageOfPage":{"@id":"https:\/\/www.santjosep.net\/evento\/festes-de-santa-teresa-en-es-cubells\/2025-10-15\/#primaryimage"},"image":{"@id":"https:\/\/www.santjosep.net\/evento\/festes-de-santa-teresa-en-es-cubells\/2025-10-15\/#primaryimage"},"thumbnailUrl":"https:\/\/www.santjosep.net\/wp-content\/uploads\/2020\/01\/IMG_2174.jpg","datePublished":"2025-08-12T10:47:53+00:00","dateModified":"2025-08-12T10:54:05+00:00","breadcrumb":{"@id":"https:\/\/www.santjosep.net\/evento\/festes-de-santa-teresa-en-es-cubells\/2025-10-15\/#breadcrumb"},"inLanguage":"de","potentialAction":[{"@type":"ReadAction","target":["https:\/\/www.santjosep.net\/evento\/festes-de-santa-teresa-en-es-cubells\/2025-10-15\/"]}]},{"@type":"ImageObject","inLanguage":"de","@id":"https:\/\/www.santjosep.net\/evento\/festes-de-santa-teresa-en-es-cubells\/2025-10-15\/#primaryimage","url":"https:\/\/www.santjosep.net\/wp-content\/uploads\/2020\/01\/IMG_2174.jpg","contentUrl":"https:\/\/www.santjosep.net\/wp-content\/uploads\/2020\/01\/IMG_2174.jpg","width":1200,"height":800},{"@type":"BreadcrumbList","@id":"https:\/\/www.santjosep.net\/evento\/festes-de-santa-teresa-en-es-cubells\/2025-10-15\/#breadcrumb","itemListElement":[{"@type":"ListItem","position":1,"name":"Eventos","item":"https:\/\/www.santjosep.net\/agenda\/"},{"@type":"ListItem","position":2,"name":"Festes de Santa Teresa en Es Cubells"}]},{"@type":"WebSite","@id":"https:\/\/www.santjosep.net\/#website","url":"https:\/\/www.santjosep.net\/","name":"Santjosep.net","description":"","potentialAction":[{"@type":"SearchAction","target":{"@type":"EntryPoint","urlTemplate":"https:\/\/www.santjosep.net\/?s={search_term_string}"},"query-input":{"@type":"PropertyValueSpecification","valueRequired":true,"valueName":"search_term_string"}}],"inLanguage":"de"}]}},"_links":{"self":[{"href":"https:\/\/www.santjosep.net\/de\/wp-json\/wp\/v2\/tribe_events\/37350","targetHints":{"allow":["GET"]}}],"collection":[{"href":"https:\/\/www.santjosep.net\/de\/wp-json\/wp\/v2\/tribe_events"}],"about":[{"href":"https:\/\/www.santjosep.net\/de\/wp-json\/wp\/v2\/types\/tribe_events"}],"author":[{"embeddable":true,"href":"https:\/\/www.santjosep.net\/de\/wp-json\/wp\/v2\/users\/1"}],"version-history":[{"count":0,"href":"https:\/\/www.santjosep.net\/de\/wp-json\/wp\/v2\/tribe_events\/37350\/revisions"}],"wp:featuredmedia":[{"embeddable":true,"href":"https:\/\/www.santjosep.net\/de\/wp-json\/wp\/v2\/media\/17561"}],"wp:attachment":[{"href":"https:\/\/www.santjosep.net\/de\/wp-json\/wp\/v2\/media?parent=37350"}],"wp:term":[{"taxonomy":"post_tag","embeddable":true,"href":"https:\/\/www.santjosep.net\/de\/wp-json\/wp\/v2\/tags?post=37350"},{"taxonomy":"tribe_events_cat","embeddable":true,"href":"https:\/\/www.santjosep.net\/de\/wp-json\/wp\/v2\/tribe_events_cat?post=37350"}],"curies":[{"name":"wp","href":"https:\/\/api.w.org\/{rel}","templated":true}]}}

<p><span style="font-weight: 400;">Das kleine Dorf Es Cubells ehrt seine Schutzpatronin, die heilige Teresa, am 15. Oktober – eines der familienfreundlichsten Patronatsfeste in der ganzen Gemeinde. Lang erwartete Veranstaltungen wie die Theateraufführung an der Font d’en Xic, die Konzerte auf dem Dorfplatz oder die großen Gemeinschaftsessen, bei denen sich alle Nachbarn versammeln, um den großen Festtag des Dorfes zu feiern, sind nur einige der Aktivitäten, die Sie im Programm finden werden. Ein Tag, an dem jeder eingeladen ist, mitzufeiern.</span></p>

<p>Das kleine Dorf Es Cubells ehrt seine Schutzpatronin, die heilige Teresa, am 15. Oktober – eines der familienfreundlichsten Patronatsfeste in der ganzen Gemeinde. Lang erwartete Veranstaltungen wie die Theateraufführung an der Font d’en Xic, die Konzerte auf dem Dorfplatz oder [&hellip;]</p>

<!-- This site is optimized with the Yoast SEO plugin v25.7 - https://yoast.com/wordpress/plugins/seo/ -->
<title>Festes de Santa Teresa en Es Cubells - Santjosep.net</title>
<meta name="robots" content="index, follow, max-snippet:-1, max-image-preview:large, max-video-preview:-1" />
<link rel="canonical" href="https://www.santjosep.net/evento/festes-de-santa-teresa-en-es-cubells/2025-10-15/" />
<meta property="og:locale" content="de_DE" />
<meta property="og:type" content="article" />
<meta property="og:title" content="Festes de Santa Teresa en Es Cubells - Santjosep.net" />
<meta property="og:description" content="Das kleine Dorf Es Cubells ehrt seine Schutzpatronin, die heilige Teresa, am 15. Oktober – eines der familienfreundlichsten Patronatsfeste in der ganzen Gemeinde. Lang erwartete Veranstaltungen wie die Theateraufführung an der Font d’en Xic, die Konzerte auf dem Dorfplatz oder [&hellip;]" />
<meta property="og:url" content="https://www.santjosep.net/evento/festes-de-santa-teresa-en-es-cubells/2025-10-15/" />
<meta property="og:site_name" content="Santjosep.net" />
<meta property="article:modified_time" content="2025-08-12T10:54:05+00:00" />
<meta property="og:image" content="https://www.santjosep.net/wp-content/uploads/2020/01/IMG_2174.jpg" />
	<meta property="og:image:width" content="1200" />
	<meta property="og:image:height" content="800" />
	<meta property="og:image:type" content="image/jpeg" />
<meta name="twitter:card" content="summary_large_image" />
<meta name="twitter:label1" content="Geschätzte Lesezeit" />
	<meta name="twitter:data1" content="1 Minute" />
<script type="application/ld+json" class="yoast-schema-graph">{"@context":"https://schema.org","@graph":[{"@type":"WebPage","@id":"https://www.santjosep.net/evento/festes-de-santa-teresa-en-es-cubells/2025-10-15/","url":"https://www.santjosep.net/evento/festes-de-santa-teresa-en-es-cubells/2025-10-15/","name":"Festes de Santa Teresa en Es Cubells - Santjosep.net","isPartOf":{"@id":"https://www.santjosep.net/#website"},"primaryImageOfPage":{"@id":"https://www.santjosep.net/evento/festes-de-santa-teresa-en-es-cubells/2025-10-15/#primaryimage"},"image":{"@id":"https://www.santjosep.net/evento/festes-de-santa-teresa-en-es-cubells/2025-10-15/#primaryimage"},"thumbnailUrl":"https://www.santjosep.net/wp-content/uploads/2020/01/IMG_2174.jpg","datePublished":"2025-08-12T10:47:53+00:00","dateModified":"2025-08-12T10:54:05+00:00","breadcrumb":{"@id":"https://www.santjosep.net/evento/festes-de-santa-teresa-en-es-cubells/2025-10-15/#breadcrumb"},"inLanguage":"de","potentialAction":[{"@type":"ReadAction","target":["https://www.santjosep.net/evento/festes-de-santa-teresa-en-es-cubells/2025-10-15/"]}]},{"@type":"ImageObject","inLanguage":"de","@id":"https://www.santjosep.net/evento/festes-de-santa-teresa-en-es-cubells/2025-10-15/#primaryimage","url":"https://www.santjosep.net/wp-content/uploads/2020/01/IMG_2174.jpg","contentUrl":"https://www.santjosep.net/wp-content/uploads/2020/01/IMG_2174.jpg","width":1200,"height":800},{"@type":"BreadcrumbList","@id":"https://www.santjosep.net/evento/festes-de-santa-teresa-en-es-cubells/2025-10-15/#breadcrumb","itemListElement":[{"@type":"ListItem","position":1,"name":"Eventos","item":"https://www.santjosep.net/agenda/"},{"@type":"ListItem","position":2,"name":"Festes de Santa Teresa en Es Cubells"}]},{"@type":"WebSite","@id":"https://www.santjosep.net/#website","url":"https://www.santjosep.net/","name":"Santjosep.net","description":"","potentialAction":[{"@type":"SearchAction","target":{"@type":"EntryPoint","urlTemplate":"https://www.santjosep.net/?s={search_term_string}"},"query-input":{"@type":"PropertyValueSpecification","valueRequired":true,"valueName":"search_term_string"}}],"inLanguage":"de"}]}</script>
<!-- / Yoast SEO plugin. -->

Das kleine Dorf Es Cubells ehrt seine Schutzpatronin, die heilige Teresa, am 15. Oktober – eines der familienfreundlichsten Patronatsfeste in der ganzen Gemeinde. Lang erwartete Veranstaltungen wie die Theateraufführung an der Font d’en Xic, die Konzerte auf dem Dorfplatz oder [&hellip;]
