{"id":11017,"date":"2018-01-23T08:31:47","date_gmt":"2018-01-23T08:31:47","guid":{"rendered":"https:\/\/www.santjosep.net\/evento\/concierto-del-musico-sirio-ashti-abdo-can-jeroni\/"},"modified":"2018-01-25T15:14:21","modified_gmt":"2018-01-25T15:14:21","slug":"concierto-del-musico-sirio-ashti-abdo-can-jeroni","status":"publish","type":"tribe_events","link":"https:\/\/www.santjosep.net\/de\/veranstaltung\/concierto-del-musico-sirio-ashti-abdo-can-jeroni\/","title":{"rendered":"Konzert des syrischen Musikers Ashti Abdo in Can Jeroni"},"content":{"rendered":"<p>Der kurdische K\u00fcnstler <b>Ashti Abdo<\/b> (Aleppo, 1982) tritt am 10. Februar 2018 um 20.30 Uhr im Rahmen der Kulturtage zur Sensibilisierung gegen\u00fcber dem syrischen Volk im Kulturzentrum Can Jeroni in Sant Josep auf. W\u00e4hrend seines Auftritts interpretiert Abdo St\u00fccke aus verschiedenen Regionen, haupts\u00e4chlich kurdische.<\/p>\n","protected":false},"excerpt":{"rendered":"<p>Der kurdische K\u00fcnstler Ashti Abdo (Aleppo, 1982) tritt am 10. Februar 2018 um 20.30 Uhr im Rahmen der Kulturtage zur Sensibilisierung gegen\u00fcber dem syrischen Volk im Kulturzentrum Can Jeroni in Sant Josep auf. W\u00e4hrend seines Auftritts interpretiert Abdo St\u00fccke aus [&hellip;]<\/p>\n","protected":false},"author":1,"featured_media":10941,"template":"","meta":{"_acf_changed":false,"inline_featured_image":false,"_tribe_events_status":"","_tribe_events_status_reason":"","footnotes":""},"tags":[],"tribe_events_cat":[125,121],"class_list":["post-11017","tribe_events","type-tribe_events","status-publish","has-post-thumbnail","hentry","tribe_events_cat-freizeit","tribe_events_cat-kultur","cat_freizeit","cat_kultur"],"acf":[],"yoast_head":"<!-- This site is optimized with the Yoast SEO plugin v25.7 - https:\/\/yoast.com\/wordpress\/plugins\/seo\/ -->\n<title>Konzert des syrischen Musikers Ashti Abdo in Can Jeroni - Santjosep.net<\/title>\n<meta name=\"robots\" content=\"index, follow, max-snippet:-1, max-image-preview:large, max-video-preview:-1\" \/>\n<link rel=\"canonical\" href=\"https:\/\/www.santjosep.net\/de\/veranstaltung\/concierto-del-musico-sirio-ashti-abdo-can-jeroni\/\" \/>\n<meta property=\"og:locale\" content=\"de_DE\" \/>\n<meta property=\"og:type\" content=\"article\" \/>\n<meta property=\"og:title\" content=\"Konzert des syrischen Musikers Ashti Abdo in Can Jeroni - Santjosep.net\" \/>\n<meta property=\"og:description\" content=\"Der kurdische K\u00fcnstler Ashti Abdo (Aleppo, 1982) tritt am 10. Februar 2018 um 20.30 Uhr im Rahmen der Kulturtage zur Sensibilisierung gegen\u00fcber dem syrischen Volk im Kulturzentrum Can Jeroni in Sant Josep auf. W\u00e4hrend seines Auftritts interpretiert Abdo St\u00fccke aus [&hellip;]\" \/>\n<meta property=\"og:url\" content=\"https:\/\/www.santjosep.net\/de\/veranstaltung\/concierto-del-musico-sirio-ashti-abdo-can-jeroni\/\" \/>\n<meta property=\"og:site_name\" content=\"Santjosep.net\" \/>\n<meta property=\"article:modified_time\" content=\"2018-01-25T15:14:21+00:00\" \/>\n<meta property=\"og:image\" content=\"https:\/\/www.santjosep.net\/wp-content\/uploads\/2018\/01\/concierto.jpg\" \/>\n\t<meta property=\"og:image:width\" content=\"1200\" \/>\n\t<meta property=\"og:image:height\" content=\"798\" \/>\n\t<meta property=\"og:image:type\" content=\"image\/jpeg\" \/>\n<meta name=\"twitter:card\" content=\"summary_large_image\" \/>\n<script type=\"application\/ld+json\" class=\"yoast-schema-graph\">{\"@context\":\"https:\/\/schema.org\",\"@graph\":[{\"@type\":\"WebPage\",\"@id\":\"https:\/\/www.santjosep.net\/de\/veranstaltung\/concierto-del-musico-sirio-ashti-abdo-can-jeroni\/\",\"url\":\"https:\/\/www.santjosep.net\/de\/veranstaltung\/concierto-del-musico-sirio-ashti-abdo-can-jeroni\/\",\"name\":\"Konzert des syrischen Musikers Ashti Abdo in Can Jeroni - Santjosep.net\",\"isPartOf\":{\"@id\":\"https:\/\/www.santjosep.net\/#website\"},\"primaryImageOfPage\":{\"@id\":\"https:\/\/www.santjosep.net\/de\/veranstaltung\/concierto-del-musico-sirio-ashti-abdo-can-jeroni\/#primaryimage\"},\"image\":{\"@id\":\"https:\/\/www.santjosep.net\/de\/veranstaltung\/concierto-del-musico-sirio-ashti-abdo-can-jeroni\/#primaryimage\"},\"thumbnailUrl\":\"https:\/\/www.santjosep.net\/wp-content\/uploads\/2018\/01\/concierto.jpg\",\"datePublished\":\"2018-01-23T08:31:47+00:00\",\"dateModified\":\"2018-01-25T15:14:21+00:00\",\"breadcrumb\":{\"@id\":\"https:\/\/www.santjosep.net\/de\/veranstaltung\/concierto-del-musico-sirio-ashti-abdo-can-jeroni\/#breadcrumb\"},\"inLanguage\":\"de\",\"potentialAction\":[{\"@type\":\"ReadAction\",\"target\":[\"https:\/\/www.santjosep.net\/de\/veranstaltung\/concierto-del-musico-sirio-ashti-abdo-can-jeroni\/\"]}]},{\"@type\":\"ImageObject\",\"inLanguage\":\"de\",\"@id\":\"https:\/\/www.santjosep.net\/de\/veranstaltung\/concierto-del-musico-sirio-ashti-abdo-can-jeroni\/#primaryimage\",\"url\":\"https:\/\/www.santjosep.net\/wp-content\/uploads\/2018\/01\/concierto.jpg\",\"contentUrl\":\"https:\/\/www.santjosep.net\/wp-content\/uploads\/2018\/01\/concierto.jpg\",\"width\":1200,\"height\":798},{\"@type\":\"BreadcrumbList\",\"@id\":\"https:\/\/www.santjosep.net\/de\/veranstaltung\/concierto-del-musico-sirio-ashti-abdo-can-jeroni\/#breadcrumb\",\"itemListElement\":[{\"@type\":\"ListItem\",\"position\":1,\"name\":\"Eventos\",\"item\":\"https:\/\/www.santjosep.net\/agenda\/\"},{\"@type\":\"ListItem\",\"position\":2,\"name\":\"Konzert des syrischen Musikers Ashti Abdo in Can Jeroni\"}]},{\"@type\":\"WebSite\",\"@id\":\"https:\/\/www.santjosep.net\/#website\",\"url\":\"https:\/\/www.santjosep.net\/\",\"name\":\"Santjosep.net\",\"description\":\"\",\"potentialAction\":[{\"@type\":\"SearchAction\",\"target\":{\"@type\":\"EntryPoint\",\"urlTemplate\":\"https:\/\/www.santjosep.net\/?s={search_term_string}\"},\"query-input\":{\"@type\":\"PropertyValueSpecification\",\"valueRequired\":true,\"valueName\":\"search_term_string\"}}],\"inLanguage\":\"de\"}]}<\/script>\n<!-- \/ Yoast SEO plugin. -->","yoast_head_json":{"title":"Konzert des syrischen Musikers Ashti Abdo in Can Jeroni - Santjosep.net","robots":{"index":"index","follow":"follow","max-snippet":"max-snippet:-1","max-image-preview":"max-image-preview:large","max-video-preview":"max-video-preview:-1"},"canonical":"https:\/\/www.santjosep.net\/de\/veranstaltung\/concierto-del-musico-sirio-ashti-abdo-can-jeroni\/","og_locale":"de_DE","og_type":"article","og_title":"Konzert des syrischen Musikers Ashti Abdo in Can Jeroni - Santjosep.net","og_description":"Der kurdische K\u00fcnstler Ashti Abdo (Aleppo, 1982) tritt am 10. Februar 2018 um 20.30 Uhr im Rahmen der Kulturtage zur Sensibilisierung gegen\u00fcber dem syrischen Volk im Kulturzentrum Can Jeroni in Sant Josep auf. W\u00e4hrend seines Auftritts interpretiert Abdo St\u00fccke aus [&hellip;]","og_url":"https:\/\/www.santjosep.net\/de\/veranstaltung\/concierto-del-musico-sirio-ashti-abdo-can-jeroni\/","og_site_name":"Santjosep.net","article_modified_time":"2018-01-25T15:14:21+00:00","og_image":[{"width":1200,"height":798,"url":"https:\/\/www.santjosep.net\/wp-content\/uploads\/2018\/01\/concierto.jpg","type":"image\/jpeg"}],"twitter_card":"summary_large_image","schema":{"@context":"https:\/\/schema.org","@graph":[{"@type":"WebPage","@id":"https:\/\/www.santjosep.net\/de\/veranstaltung\/concierto-del-musico-sirio-ashti-abdo-can-jeroni\/","url":"https:\/\/www.santjosep.net\/de\/veranstaltung\/concierto-del-musico-sirio-ashti-abdo-can-jeroni\/","name":"Konzert des syrischen Musikers Ashti Abdo in Can Jeroni - Santjosep.net","isPartOf":{"@id":"https:\/\/www.santjosep.net\/#website"},"primaryImageOfPage":{"@id":"https:\/\/www.santjosep.net\/de\/veranstaltung\/concierto-del-musico-sirio-ashti-abdo-can-jeroni\/#primaryimage"},"image":{"@id":"https:\/\/www.santjosep.net\/de\/veranstaltung\/concierto-del-musico-sirio-ashti-abdo-can-jeroni\/#primaryimage"},"thumbnailUrl":"https:\/\/www.santjosep.net\/wp-content\/uploads\/2018\/01\/concierto.jpg","datePublished":"2018-01-23T08:31:47+00:00","dateModified":"2018-01-25T15:14:21+00:00","breadcrumb":{"@id":"https:\/\/www.santjosep.net\/de\/veranstaltung\/concierto-del-musico-sirio-ashti-abdo-can-jeroni\/#breadcrumb"},"inLanguage":"de","potentialAction":[{"@type":"ReadAction","target":["https:\/\/www.santjosep.net\/de\/veranstaltung\/concierto-del-musico-sirio-ashti-abdo-can-jeroni\/"]}]},{"@type":"ImageObject","inLanguage":"de","@id":"https:\/\/www.santjosep.net\/de\/veranstaltung\/concierto-del-musico-sirio-ashti-abdo-can-jeroni\/#primaryimage","url":"https:\/\/www.santjosep.net\/wp-content\/uploads\/2018\/01\/concierto.jpg","contentUrl":"https:\/\/www.santjosep.net\/wp-content\/uploads\/2018\/01\/concierto.jpg","width":1200,"height":798},{"@type":"BreadcrumbList","@id":"https:\/\/www.santjosep.net\/de\/veranstaltung\/concierto-del-musico-sirio-ashti-abdo-can-jeroni\/#breadcrumb","itemListElement":[{"@type":"ListItem","position":1,"name":"Eventos","item":"https:\/\/www.santjosep.net\/agenda\/"},{"@type":"ListItem","position":2,"name":"Konzert des syrischen Musikers Ashti Abdo in Can Jeroni"}]},{"@type":"WebSite","@id":"https:\/\/www.santjosep.net\/#website","url":"https:\/\/www.santjosep.net\/","name":"Santjosep.net","description":"","potentialAction":[{"@type":"SearchAction","target":{"@type":"EntryPoint","urlTemplate":"https:\/\/www.santjosep.net\/?s={search_term_string}"},"query-input":{"@type":"PropertyValueSpecification","valueRequired":true,"valueName":"search_term_string"}}],"inLanguage":"de"}]}},"_links":{"self":[{"href":"https:\/\/www.santjosep.net\/de\/wp-json\/wp\/v2\/tribe_events\/11017","targetHints":{"allow":["GET"]}}],"collection":[{"href":"https:\/\/www.santjosep.net\/de\/wp-json\/wp\/v2\/tribe_events"}],"about":[{"href":"https:\/\/www.santjosep.net\/de\/wp-json\/wp\/v2\/types\/tribe_events"}],"author":[{"embeddable":true,"href":"https:\/\/www.santjosep.net\/de\/wp-json\/wp\/v2\/users\/1"}],"version-history":[{"count":0,"href":"https:\/\/www.santjosep.net\/de\/wp-json\/wp\/v2\/tribe_events\/11017\/revisions"}],"wp:featuredmedia":[{"embeddable":true,"href":"https:\/\/www.santjosep.net\/de\/wp-json\/wp\/v2\/media\/10941"}],"wp:attachment":[{"href":"https:\/\/www.santjosep.net\/de\/wp-json\/wp\/v2\/media?parent=11017"}],"wp:term":[{"taxonomy":"post_tag","embeddable":true,"href":"https:\/\/www.santjosep.net\/de\/wp-json\/wp\/v2\/tags?post=11017"},{"taxonomy":"tribe_events_cat","embeddable":true,"href":"https:\/\/www.santjosep.net\/de\/wp-json\/wp\/v2\/tribe_events_cat?post=11017"}],"curies":[{"name":"wp","href":"https:\/\/api.w.org\/{rel}","templated":true}]}}

<p>Der kurdische Künstler <b>Ashti Abdo</b> (Aleppo, 1982) tritt am 10. Februar 2018 um 20.30 Uhr im Rahmen der Kulturtage zur Sensibilisierung gegenüber dem syrischen Volk im Kulturzentrum Can Jeroni in Sant Josep auf. Während seines Auftritts interpretiert Abdo Stücke aus verschiedenen Regionen, hauptsächlich kurdische.</p>

<p>Der kurdische Künstler Ashti Abdo (Aleppo, 1982) tritt am 10. Februar 2018 um 20.30 Uhr im Rahmen der Kulturtage zur Sensibilisierung gegenüber dem syrischen Volk im Kulturzentrum Can Jeroni in Sant Josep auf. Während seines Auftritts interpretiert Abdo Stücke aus [&hellip;]</p>

<!-- This site is optimized with the Yoast SEO plugin v25.7 - https://yoast.com/wordpress/plugins/seo/ -->
<title>Konzert des syrischen Musikers Ashti Abdo in Can Jeroni - Santjosep.net</title>
<meta name="robots" content="index, follow, max-snippet:-1, max-image-preview:large, max-video-preview:-1" />
<link rel="canonical" href="https://www.santjosep.net/de/veranstaltung/concierto-del-musico-sirio-ashti-abdo-can-jeroni/" />
<meta property="og:locale" content="de_DE" />
<meta property="og:type" content="article" />
<meta property="og:title" content="Konzert des syrischen Musikers Ashti Abdo in Can Jeroni - Santjosep.net" />
<meta property="og:description" content="Der kurdische Künstler Ashti Abdo (Aleppo, 1982) tritt am 10. Februar 2018 um 20.30 Uhr im Rahmen der Kulturtage zur Sensibilisierung gegenüber dem syrischen Volk im Kulturzentrum Can Jeroni in Sant Josep auf. Während seines Auftritts interpretiert Abdo Stücke aus [&hellip;]" />
<meta property="og:url" content="https://www.santjosep.net/de/veranstaltung/concierto-del-musico-sirio-ashti-abdo-can-jeroni/" />
<meta property="og:site_name" content="Santjosep.net" />
<meta property="article:modified_time" content="2018-01-25T15:14:21+00:00" />
<meta property="og:image" content="https://www.santjosep.net/wp-content/uploads/2018/01/concierto.jpg" />
	<meta property="og:image:width" content="1200" />
	<meta property="og:image:height" content="798" />
	<meta property="og:image:type" content="image/jpeg" />
<meta name="twitter:card" content="summary_large_image" />
<script type="application/ld+json" class="yoast-schema-graph">{"@context":"https://schema.org","@graph":[{"@type":"WebPage","@id":"https://www.santjosep.net/de/veranstaltung/concierto-del-musico-sirio-ashti-abdo-can-jeroni/","url":"https://www.santjosep.net/de/veranstaltung/concierto-del-musico-sirio-ashti-abdo-can-jeroni/","name":"Konzert des syrischen Musikers Ashti Abdo in Can Jeroni - Santjosep.net","isPartOf":{"@id":"https://www.santjosep.net/#website"},"primaryImageOfPage":{"@id":"https://www.santjosep.net/de/veranstaltung/concierto-del-musico-sirio-ashti-abdo-can-jeroni/#primaryimage"},"image":{"@id":"https://www.santjosep.net/de/veranstaltung/concierto-del-musico-sirio-ashti-abdo-can-jeroni/#primaryimage"},"thumbnailUrl":"https://www.santjosep.net/wp-content/uploads/2018/01/concierto.jpg","datePublished":"2018-01-23T08:31:47+00:00","dateModified":"2018-01-25T15:14:21+00:00","breadcrumb":{"@id":"https://www.santjosep.net/de/veranstaltung/concierto-del-musico-sirio-ashti-abdo-can-jeroni/#breadcrumb"},"inLanguage":"de","potentialAction":[{"@type":"ReadAction","target":["https://www.santjosep.net/de/veranstaltung/concierto-del-musico-sirio-ashti-abdo-can-jeroni/"]}]},{"@type":"ImageObject","inLanguage":"de","@id":"https://www.santjosep.net/de/veranstaltung/concierto-del-musico-sirio-ashti-abdo-can-jeroni/#primaryimage","url":"https://www.santjosep.net/wp-content/uploads/2018/01/concierto.jpg","contentUrl":"https://www.santjosep.net/wp-content/uploads/2018/01/concierto.jpg","width":1200,"height":798},{"@type":"BreadcrumbList","@id":"https://www.santjosep.net/de/veranstaltung/concierto-del-musico-sirio-ashti-abdo-can-jeroni/#breadcrumb","itemListElement":[{"@type":"ListItem","position":1,"name":"Eventos","item":"https://www.santjosep.net/agenda/"},{"@type":"ListItem","position":2,"name":"Konzert des syrischen Musikers Ashti Abdo in Can Jeroni"}]},{"@type":"WebSite","@id":"https://www.santjosep.net/#website","url":"https://www.santjosep.net/","name":"Santjosep.net","description":"","potentialAction":[{"@type":"SearchAction","target":{"@type":"EntryPoint","urlTemplate":"https://www.santjosep.net/?s={search_term_string}"},"query-input":{"@type":"PropertyValueSpecification","valueRequired":true,"valueName":"search_term_string"}}],"inLanguage":"de"}]}</script>
<!-- / Yoast SEO plugin. -->

Der kurdische Künstler Ashti Abdo (Aleppo, 1982) tritt am 10. Februar 2018 um 20.30 Uhr im Rahmen der Kulturtage zur Sensibilisierung gegenüber dem syrischen Volk im Kulturzentrum Can Jeroni in Sant Josep auf. Während seines Auftritts interpretiert Abdo Stücke aus [&hellip;]
