{"id":10144,"date":"2017-04-19T08:07:41","date_gmt":"2017-04-19T08:07:41","guid":{"rendered":"https:\/\/www.santjosep.net\/evento\/jornadas-gastronomicas-primavera-ibizasabor17\/"},"modified":"2018-09-06T14:00:34","modified_gmt":"2018-09-06T14:00:34","slug":"jornadas-gastronomicas-primavera-ibizasabor17","status":"publish","type":"tribe_events","link":"https:\/\/www.santjosep.net\/de\/veranstaltung\/jornadas-gastronomicas-primavera-ibizasabor17\/","title":{"rendered":"Gastronomietage im Herbst #IbizaSabor17"},"content":{"rendered":"<p><span style=\"font-weight: 400;\">Im Herbst findet vom 20. Oktober bis zum 10. Dezember das <strong>Gastronomieevent <\/strong><\/span><strong><i>Jornadas Gastron\u00f3micas de Oto\u00f1o #IbizaSabor17<\/i><\/strong><span style=\"font-weight: 400;\"> statt. Dieses regelm\u00e4\u00dfig wiederkehrende Event l\u00e4dt auch die anspruchsvollsten Feinschmecker ein, ibizenkische Spezialit\u00e4ten in den etwa 40 verschiedenen Restaurants der Insel zu probieren, die an diesen exquisiten Gastronomietagen teilnehmen. Im Mittelpunkt des kulinarischen Events stehen Men\u00fcs mit lokalen Produkten und Zutaten, die auch von zahlreichen Gastst\u00e4tten der Gemeinde<strong> Sant Josep<\/strong> angeboten werden, deren reizvolle Landschaft den perfekten Rahmen bildet, um die Leckerbissen zu genie\u00dfen.<\/span><\/p>\n<p><a href=\"http:\/\/www.ibiza5sentidos.es\/wp-content\/uploads\/PDF-SABORS-2017.pdf\"><span style=\"font-weight: 400;\">Konsultieren Sie hier die teilnehmenden Restaurants<\/span><\/a><\/p>\n<p>&nbsp;<\/p>\n<p>&nbsp;<\/p>\n","protected":false},"excerpt":{"rendered":"<p>Im Herbst findet vom 20. Oktober bis zum 10. Dezember das Gastronomieevent Jornadas Gastron\u00f3micas de Oto\u00f1o #IbizaSabor17 statt. Dieses regelm\u00e4\u00dfig wiederkehrende Event l\u00e4dt auch die anspruchsvollsten Feinschmecker ein, ibizenkische Spezialit\u00e4ten in den etwa 40 verschiedenen Restaurants der Insel zu probieren, [&hellip;]<\/p>\n","protected":false},"author":1,"featured_media":10133,"template":"","meta":{"_acf_changed":false,"inline_featured_image":false,"_tribe_events_status":"","_tribe_events_status_reason":"","footnotes":""},"tags":[],"tribe_events_cat":[125,126],"class_list":["post-10144","tribe_events","type-tribe_events","status-publish","has-post-thumbnail","hentry","tribe_events_cat-freizeit","tribe_events_cat-gastronomie","cat_freizeit","cat_gastronomie"],"acf":[],"yoast_head":"<!-- This site is optimized with the Yoast SEO plugin v25.7 - https:\/\/yoast.com\/wordpress\/plugins\/seo\/ -->\n<title>Gastronomietage im Herbst #IbizaSabor17 - Santjosep.net<\/title>\n<meta name=\"robots\" content=\"index, follow, max-snippet:-1, max-image-preview:large, max-video-preview:-1\" \/>\n<link rel=\"canonical\" href=\"https:\/\/www.santjosep.net\/de\/veranstaltung\/jornadas-gastronomicas-primavera-ibizasabor17\/\" \/>\n<meta property=\"og:locale\" content=\"de_DE\" \/>\n<meta property=\"og:type\" content=\"article\" \/>\n<meta property=\"og:title\" content=\"Gastronomietage im Herbst #IbizaSabor17 - Santjosep.net\" \/>\n<meta property=\"og:description\" content=\"Im Herbst findet vom 20. Oktober bis zum 10. Dezember das Gastronomieevent Jornadas Gastron\u00f3micas de Oto\u00f1o #IbizaSabor17 statt. Dieses regelm\u00e4\u00dfig wiederkehrende Event l\u00e4dt auch die anspruchsvollsten Feinschmecker ein, ibizenkische Spezialit\u00e4ten in den etwa 40 verschiedenen Restaurants der Insel zu probieren, [&hellip;]\" \/>\n<meta property=\"og:url\" content=\"https:\/\/www.santjosep.net\/de\/veranstaltung\/jornadas-gastronomicas-primavera-ibizasabor17\/\" \/>\n<meta property=\"og:site_name\" content=\"Santjosep.net\" \/>\n<meta property=\"article:modified_time\" content=\"2018-09-06T14:00:34+00:00\" \/>\n<meta property=\"og:image\" content=\"https:\/\/www.santjosep.net\/wp-content\/uploads\/2017\/04\/ibiza_sabor_2017.jpg\" \/>\n\t<meta property=\"og:image:width\" content=\"1200\" \/>\n\t<meta property=\"og:image:height\" content=\"798\" \/>\n\t<meta property=\"og:image:type\" content=\"image\/jpeg\" \/>\n<meta name=\"twitter:card\" content=\"summary_large_image\" \/>\n<script type=\"application\/ld+json\" class=\"yoast-schema-graph\">{\"@context\":\"https:\/\/schema.org\",\"@graph\":[{\"@type\":\"WebPage\",\"@id\":\"https:\/\/www.santjosep.net\/de\/veranstaltung\/jornadas-gastronomicas-primavera-ibizasabor17\/\",\"url\":\"https:\/\/www.santjosep.net\/de\/veranstaltung\/jornadas-gastronomicas-primavera-ibizasabor17\/\",\"name\":\"Gastronomietage im Herbst #IbizaSabor17 - Santjosep.net\",\"isPartOf\":{\"@id\":\"https:\/\/www.santjosep.net\/#website\"},\"primaryImageOfPage\":{\"@id\":\"https:\/\/www.santjosep.net\/de\/veranstaltung\/jornadas-gastronomicas-primavera-ibizasabor17\/#primaryimage\"},\"image\":{\"@id\":\"https:\/\/www.santjosep.net\/de\/veranstaltung\/jornadas-gastronomicas-primavera-ibizasabor17\/#primaryimage\"},\"thumbnailUrl\":\"https:\/\/www.santjosep.net\/wp-content\/uploads\/2017\/04\/ibiza_sabor_2017.jpg\",\"datePublished\":\"2017-04-19T08:07:41+00:00\",\"dateModified\":\"2018-09-06T14:00:34+00:00\",\"breadcrumb\":{\"@id\":\"https:\/\/www.santjosep.net\/de\/veranstaltung\/jornadas-gastronomicas-primavera-ibizasabor17\/#breadcrumb\"},\"inLanguage\":\"de\",\"potentialAction\":[{\"@type\":\"ReadAction\",\"target\":[\"https:\/\/www.santjosep.net\/de\/veranstaltung\/jornadas-gastronomicas-primavera-ibizasabor17\/\"]}]},{\"@type\":\"ImageObject\",\"inLanguage\":\"de\",\"@id\":\"https:\/\/www.santjosep.net\/de\/veranstaltung\/jornadas-gastronomicas-primavera-ibizasabor17\/#primaryimage\",\"url\":\"https:\/\/www.santjosep.net\/wp-content\/uploads\/2017\/04\/ibiza_sabor_2017.jpg\",\"contentUrl\":\"https:\/\/www.santjosep.net\/wp-content\/uploads\/2017\/04\/ibiza_sabor_2017.jpg\",\"width\":1200,\"height\":798},{\"@type\":\"BreadcrumbList\",\"@id\":\"https:\/\/www.santjosep.net\/de\/veranstaltung\/jornadas-gastronomicas-primavera-ibizasabor17\/#breadcrumb\",\"itemListElement\":[{\"@type\":\"ListItem\",\"position\":1,\"name\":\"Eventos\",\"item\":\"https:\/\/www.santjosep.net\/agenda\/\"},{\"@type\":\"ListItem\",\"position\":2,\"name\":\"Gastronomietage im Herbst #IbizaSabor17\"}]},{\"@type\":\"WebSite\",\"@id\":\"https:\/\/www.santjosep.net\/#website\",\"url\":\"https:\/\/www.santjosep.net\/\",\"name\":\"Santjosep.net\",\"description\":\"\",\"potentialAction\":[{\"@type\":\"SearchAction\",\"target\":{\"@type\":\"EntryPoint\",\"urlTemplate\":\"https:\/\/www.santjosep.net\/?s={search_term_string}\"},\"query-input\":{\"@type\":\"PropertyValueSpecification\",\"valueRequired\":true,\"valueName\":\"search_term_string\"}}],\"inLanguage\":\"de\"}]}<\/script>\n<!-- \/ Yoast SEO plugin. -->","yoast_head_json":{"title":"Gastronomietage im Herbst #IbizaSabor17 - Santjosep.net","robots":{"index":"index","follow":"follow","max-snippet":"max-snippet:-1","max-image-preview":"max-image-preview:large","max-video-preview":"max-video-preview:-1"},"canonical":"https:\/\/www.santjosep.net\/de\/veranstaltung\/jornadas-gastronomicas-primavera-ibizasabor17\/","og_locale":"de_DE","og_type":"article","og_title":"Gastronomietage im Herbst #IbizaSabor17 - Santjosep.net","og_description":"Im Herbst findet vom 20. Oktober bis zum 10. Dezember das Gastronomieevent Jornadas Gastron\u00f3micas de Oto\u00f1o #IbizaSabor17 statt. Dieses regelm\u00e4\u00dfig wiederkehrende Event l\u00e4dt auch die anspruchsvollsten Feinschmecker ein, ibizenkische Spezialit\u00e4ten in den etwa 40 verschiedenen Restaurants der Insel zu probieren, [&hellip;]","og_url":"https:\/\/www.santjosep.net\/de\/veranstaltung\/jornadas-gastronomicas-primavera-ibizasabor17\/","og_site_name":"Santjosep.net","article_modified_time":"2018-09-06T14:00:34+00:00","og_image":[{"width":1200,"height":798,"url":"https:\/\/www.santjosep.net\/wp-content\/uploads\/2017\/04\/ibiza_sabor_2017.jpg","type":"image\/jpeg"}],"twitter_card":"summary_large_image","schema":{"@context":"https:\/\/schema.org","@graph":[{"@type":"WebPage","@id":"https:\/\/www.santjosep.net\/de\/veranstaltung\/jornadas-gastronomicas-primavera-ibizasabor17\/","url":"https:\/\/www.santjosep.net\/de\/veranstaltung\/jornadas-gastronomicas-primavera-ibizasabor17\/","name":"Gastronomietage im Herbst #IbizaSabor17 - Santjosep.net","isPartOf":{"@id":"https:\/\/www.santjosep.net\/#website"},"primaryImageOfPage":{"@id":"https:\/\/www.santjosep.net\/de\/veranstaltung\/jornadas-gastronomicas-primavera-ibizasabor17\/#primaryimage"},"image":{"@id":"https:\/\/www.santjosep.net\/de\/veranstaltung\/jornadas-gastronomicas-primavera-ibizasabor17\/#primaryimage"},"thumbnailUrl":"https:\/\/www.santjosep.net\/wp-content\/uploads\/2017\/04\/ibiza_sabor_2017.jpg","datePublished":"2017-04-19T08:07:41+00:00","dateModified":"2018-09-06T14:00:34+00:00","breadcrumb":{"@id":"https:\/\/www.santjosep.net\/de\/veranstaltung\/jornadas-gastronomicas-primavera-ibizasabor17\/#breadcrumb"},"inLanguage":"de","potentialAction":[{"@type":"ReadAction","target":["https:\/\/www.santjosep.net\/de\/veranstaltung\/jornadas-gastronomicas-primavera-ibizasabor17\/"]}]},{"@type":"ImageObject","inLanguage":"de","@id":"https:\/\/www.santjosep.net\/de\/veranstaltung\/jornadas-gastronomicas-primavera-ibizasabor17\/#primaryimage","url":"https:\/\/www.santjosep.net\/wp-content\/uploads\/2017\/04\/ibiza_sabor_2017.jpg","contentUrl":"https:\/\/www.santjosep.net\/wp-content\/uploads\/2017\/04\/ibiza_sabor_2017.jpg","width":1200,"height":798},{"@type":"BreadcrumbList","@id":"https:\/\/www.santjosep.net\/de\/veranstaltung\/jornadas-gastronomicas-primavera-ibizasabor17\/#breadcrumb","itemListElement":[{"@type":"ListItem","position":1,"name":"Eventos","item":"https:\/\/www.santjosep.net\/agenda\/"},{"@type":"ListItem","position":2,"name":"Gastronomietage im Herbst #IbizaSabor17"}]},{"@type":"WebSite","@id":"https:\/\/www.santjosep.net\/#website","url":"https:\/\/www.santjosep.net\/","name":"Santjosep.net","description":"","potentialAction":[{"@type":"SearchAction","target":{"@type":"EntryPoint","urlTemplate":"https:\/\/www.santjosep.net\/?s={search_term_string}"},"query-input":{"@type":"PropertyValueSpecification","valueRequired":true,"valueName":"search_term_string"}}],"inLanguage":"de"}]}},"_links":{"self":[{"href":"https:\/\/www.santjosep.net\/de\/wp-json\/wp\/v2\/tribe_events\/10144","targetHints":{"allow":["GET"]}}],"collection":[{"href":"https:\/\/www.santjosep.net\/de\/wp-json\/wp\/v2\/tribe_events"}],"about":[{"href":"https:\/\/www.santjosep.net\/de\/wp-json\/wp\/v2\/types\/tribe_events"}],"author":[{"embeddable":true,"href":"https:\/\/www.santjosep.net\/de\/wp-json\/wp\/v2\/users\/1"}],"version-history":[{"count":0,"href":"https:\/\/www.santjosep.net\/de\/wp-json\/wp\/v2\/tribe_events\/10144\/revisions"}],"wp:featuredmedia":[{"embeddable":true,"href":"https:\/\/www.santjosep.net\/de\/wp-json\/wp\/v2\/media\/10133"}],"wp:attachment":[{"href":"https:\/\/www.santjosep.net\/de\/wp-json\/wp\/v2\/media?parent=10144"}],"wp:term":[{"taxonomy":"post_tag","embeddable":true,"href":"https:\/\/www.santjosep.net\/de\/wp-json\/wp\/v2\/tags?post=10144"},{"taxonomy":"tribe_events_cat","embeddable":true,"href":"https:\/\/www.santjosep.net\/de\/wp-json\/wp\/v2\/tribe_events_cat?post=10144"}],"curies":[{"name":"wp","href":"https:\/\/api.w.org\/{rel}","templated":true}]}}

<p><span style="font-weight: 400;">Im Herbst findet vom 20. Oktober bis zum 10. Dezember das <strong>Gastronomieevent </strong></span><strong><i>Jornadas Gastronómicas de Otoño #IbizaSabor17</i></strong><span style="font-weight: 400;"> statt. Dieses regelmäßig wiederkehrende Event lädt auch die anspruchsvollsten Feinschmecker ein, ibizenkische Spezialitäten in den etwa 40 verschiedenen Restaurants der Insel zu probieren, die an diesen exquisiten Gastronomietagen teilnehmen. Im Mittelpunkt des kulinarischen Events stehen Menüs mit lokalen Produkten und Zutaten, die auch von zahlreichen Gaststätten der Gemeinde<strong> Sant Josep</strong> angeboten werden, deren reizvolle Landschaft den perfekten Rahmen bildet, um die Leckerbissen zu genießen.</span></p>
<p><a href="http://www.ibiza5sentidos.es/wp-content/uploads/PDF-SABORS-2017.pdf"><span style="font-weight: 400;">Konsultieren Sie hier die teilnehmenden Restaurants</span></a></p>
<p>&nbsp;</p>
<p>&nbsp;</p>

<p>Im Herbst findet vom 20. Oktober bis zum 10. Dezember das Gastronomieevent Jornadas Gastronómicas de Otoño #IbizaSabor17 statt. Dieses regelmäßig wiederkehrende Event lädt auch die anspruchsvollsten Feinschmecker ein, ibizenkische Spezialitäten in den etwa 40 verschiedenen Restaurants der Insel zu probieren, [&hellip;]</p>

<!-- This site is optimized with the Yoast SEO plugin v25.7 - https://yoast.com/wordpress/plugins/seo/ -->
<title>Gastronomietage im Herbst #IbizaSabor17 - Santjosep.net</title>
<meta name="robots" content="index, follow, max-snippet:-1, max-image-preview:large, max-video-preview:-1" />
<link rel="canonical" href="https://www.santjosep.net/de/veranstaltung/jornadas-gastronomicas-primavera-ibizasabor17/" />
<meta property="og:locale" content="de_DE" />
<meta property="og:type" content="article" />
<meta property="og:title" content="Gastronomietage im Herbst #IbizaSabor17 - Santjosep.net" />
<meta property="og:description" content="Im Herbst findet vom 20. Oktober bis zum 10. Dezember das Gastronomieevent Jornadas Gastronómicas de Otoño #IbizaSabor17 statt. Dieses regelmäßig wiederkehrende Event lädt auch die anspruchsvollsten Feinschmecker ein, ibizenkische Spezialitäten in den etwa 40 verschiedenen Restaurants der Insel zu probieren, [&hellip;]" />
<meta property="og:url" content="https://www.santjosep.net/de/veranstaltung/jornadas-gastronomicas-primavera-ibizasabor17/" />
<meta property="og:site_name" content="Santjosep.net" />
<meta property="article:modified_time" content="2018-09-06T14:00:34+00:00" />
<meta property="og:image" content="https://www.santjosep.net/wp-content/uploads/2017/04/ibiza_sabor_2017.jpg" />
	<meta property="og:image:width" content="1200" />
	<meta property="og:image:height" content="798" />
	<meta property="og:image:type" content="image/jpeg" />
<meta name="twitter:card" content="summary_large_image" />
<script type="application/ld+json" class="yoast-schema-graph">{"@context":"https://schema.org","@graph":[{"@type":"WebPage","@id":"https://www.santjosep.net/de/veranstaltung/jornadas-gastronomicas-primavera-ibizasabor17/","url":"https://www.santjosep.net/de/veranstaltung/jornadas-gastronomicas-primavera-ibizasabor17/","name":"Gastronomietage im Herbst #IbizaSabor17 - Santjosep.net","isPartOf":{"@id":"https://www.santjosep.net/#website"},"primaryImageOfPage":{"@id":"https://www.santjosep.net/de/veranstaltung/jornadas-gastronomicas-primavera-ibizasabor17/#primaryimage"},"image":{"@id":"https://www.santjosep.net/de/veranstaltung/jornadas-gastronomicas-primavera-ibizasabor17/#primaryimage"},"thumbnailUrl":"https://www.santjosep.net/wp-content/uploads/2017/04/ibiza_sabor_2017.jpg","datePublished":"2017-04-19T08:07:41+00:00","dateModified":"2018-09-06T14:00:34+00:00","breadcrumb":{"@id":"https://www.santjosep.net/de/veranstaltung/jornadas-gastronomicas-primavera-ibizasabor17/#breadcrumb"},"inLanguage":"de","potentialAction":[{"@type":"ReadAction","target":["https://www.santjosep.net/de/veranstaltung/jornadas-gastronomicas-primavera-ibizasabor17/"]}]},{"@type":"ImageObject","inLanguage":"de","@id":"https://www.santjosep.net/de/veranstaltung/jornadas-gastronomicas-primavera-ibizasabor17/#primaryimage","url":"https://www.santjosep.net/wp-content/uploads/2017/04/ibiza_sabor_2017.jpg","contentUrl":"https://www.santjosep.net/wp-content/uploads/2017/04/ibiza_sabor_2017.jpg","width":1200,"height":798},{"@type":"BreadcrumbList","@id":"https://www.santjosep.net/de/veranstaltung/jornadas-gastronomicas-primavera-ibizasabor17/#breadcrumb","itemListElement":[{"@type":"ListItem","position":1,"name":"Eventos","item":"https://www.santjosep.net/agenda/"},{"@type":"ListItem","position":2,"name":"Gastronomietage im Herbst #IbizaSabor17"}]},{"@type":"WebSite","@id":"https://www.santjosep.net/#website","url":"https://www.santjosep.net/","name":"Santjosep.net","description":"","potentialAction":[{"@type":"SearchAction","target":{"@type":"EntryPoint","urlTemplate":"https://www.santjosep.net/?s={search_term_string}"},"query-input":{"@type":"PropertyValueSpecification","valueRequired":true,"valueName":"search_term_string"}}],"inLanguage":"de"}]}</script>
<!-- / Yoast SEO plugin. -->

Im Herbst findet vom 20. Oktober bis zum 10. Dezember das Gastronomieevent Jornadas Gastronómicas de Otoño #IbizaSabor17 statt. Dieses regelmäßig wiederkehrende Event lädt auch die anspruchsvollsten Feinschmecker ein, ibizenkische Spezialitäten in den etwa 40 verschiedenen Restaurants der Insel zu probieren, [&hellip;]
