{"id":24532,"date":"2021-05-12T16:00:55","date_gmt":"2021-05-12T14:00:55","guid":{"rendered":"https:\/\/www.santjosep.net\/tour-virtual\/sant-francesc-de-sestany\/"},"modified":"2021-05-20T11:21:06","modified_gmt":"2021-05-20T09:21:06","slug":"sant-francesc-de-sestany","status":"publish","type":"page","link":"https:\/\/www.santjosep.net\/de\/virtuelle-touren\/sant-francesc-de-sestany\/","title":{"rendered":"Sant Francesc de s&#8217;Estany"},"content":{"rendered":"<div class=\"wpb-content-wrapper\"><p>[vc_row enable_hue_rotation=&#8220;no&#8220; enable_text_marquee=&#8220;no&#8220; css=&#8220;.vc_custom_1620985065127{padding-top: 30px !important;}&#8220;][vc_column][vc_column_text]<script src=\"https:\/\/static.kuula.io\/embed.js\" data-kuula=\"https:\/\/kuula.co\/share\/collection\/7Y2c4?fs=1&#038;vr=1&#038;sd=1&#038;initload=0&#038;thumbs=1&#038;info=0&#038;logo=1\" data-width=\"100%\" data-height=\"640px\"><\/script>[\/vc_column_text][vc_column_text]Die <strong><a href=\"\/?page_id=5457\">Stadt Sant Francesc<\/a> <\/strong>verf\u00fcgt \u00fcber eine Pfarrei von gro\u00dfer Sch\u00f6nheit, die sich unweit der Teiche Ses Salines befindet. Man kann hier auch das Denkmal f\u00fcr die Salineros sehen, ein Werk des ibizenkischen Bildhauers Pedro Hormigo.[\/vc_column_text][\/vc_column][\/vc_row]<\/p>\n<\/div>","protected":false},"excerpt":{"rendered":"<p>[vc_row enable_hue_rotation=&#8220;no&#8220; enable_text_marquee=&#8220;no&#8220; css=&#8220;.vc_custom_1620985065127{padding-top: 30px !important;}&#8220;][vc_column][vc_column_text][\/vc_column_text][vc_column_text]Die Stadt Sant Francesc verf\u00fcgt \u00fcber eine Pfarrei von gro\u00dfer Sch\u00f6nheit, die sich unweit der Teiche Ses Salines befindet. Man kann hier auch das Denkmal f\u00fcr die Salineros sehen, ein Werk des ibizenkischen Bildhauers Pedro [&hellip;]<\/p>\n","protected":false},"author":1,"featured_media":24492,"parent":24467,"menu_order":0,"comment_status":"closed","ping_status":"closed","template":"","meta":{"_acf_changed":false,"inline_featured_image":false,"footnotes":""},"categoria_pagina":[],"class_list":["post-24532","page","type-page","status-publish","has-post-thumbnail","hentry"],"acf":[],"yoast_head":"<!-- This site is optimized with the Yoast SEO plugin v25.7 - https:\/\/yoast.com\/wordpress\/plugins\/seo\/ -->\n<title>Sant Francesc de s&#039;Estany - Santjosep.net<\/title>\n<meta name=\"robots\" content=\"index, follow, max-snippet:-1, max-image-preview:large, max-video-preview:-1\" \/>\n<link rel=\"canonical\" href=\"https:\/\/www.santjosep.net\/de\/virtuelle-touren\/sant-francesc-de-sestany\/\" \/>\n<meta property=\"og:locale\" content=\"de_DE\" \/>\n<meta property=\"og:type\" content=\"article\" \/>\n<meta property=\"og:title\" content=\"Sant Francesc de s&#039;Estany - Santjosep.net\" \/>\n<meta property=\"og:description\" content=\"[vc_row enable_hue_rotation=&#8220;no&#8220; enable_text_marquee=&#8220;no&#8220; css=&#8220;.vc_custom_1620985065127{padding-top: 30px !important;}&#8220;][vc_column][vc_column_text][\/vc_column_text][vc_column_text]Die Stadt Sant Francesc verf\u00fcgt \u00fcber eine Pfarrei von gro\u00dfer Sch\u00f6nheit, die sich unweit der Teiche Ses Salines befindet. Man kann hier auch das Denkmal f\u00fcr die Salineros sehen, ein Werk des ibizenkischen Bildhauers Pedro [&hellip;]\" \/>\n<meta property=\"og:url\" content=\"https:\/\/www.santjosep.net\/de\/virtuelle-touren\/sant-francesc-de-sestany\/\" \/>\n<meta property=\"og:site_name\" content=\"Santjosep.net\" \/>\n<meta property=\"article:modified_time\" content=\"2021-05-20T09:21:06+00:00\" \/>\n<meta property=\"og:image\" content=\"https:\/\/www.santjosep.net\/wp-content\/uploads\/2021\/05\/P1070309.jpg\" \/>\n\t<meta property=\"og:image:width\" content=\"1200\" \/>\n\t<meta property=\"og:image:height\" content=\"900\" \/>\n\t<meta property=\"og:image:type\" content=\"image\/jpeg\" \/>\n<meta name=\"twitter:card\" content=\"summary_large_image\" \/>\n<script type=\"application\/ld+json\" class=\"yoast-schema-graph\">{\"@context\":\"https:\/\/schema.org\",\"@graph\":[{\"@type\":\"WebPage\",\"@id\":\"https:\/\/www.santjosep.net\/de\/virtuelle-touren\/sant-francesc-de-sestany\/\",\"url\":\"https:\/\/www.santjosep.net\/de\/virtuelle-touren\/sant-francesc-de-sestany\/\",\"name\":\"Sant Francesc de s'Estany - Santjosep.net\",\"isPartOf\":{\"@id\":\"https:\/\/www.santjosep.net\/#website\"},\"primaryImageOfPage\":{\"@id\":\"https:\/\/www.santjosep.net\/de\/virtuelle-touren\/sant-francesc-de-sestany\/#primaryimage\"},\"image\":{\"@id\":\"https:\/\/www.santjosep.net\/de\/virtuelle-touren\/sant-francesc-de-sestany\/#primaryimage\"},\"thumbnailUrl\":\"https:\/\/www.santjosep.net\/wp-content\/uploads\/2021\/05\/P1070309.jpg\",\"datePublished\":\"2021-05-12T14:00:55+00:00\",\"dateModified\":\"2021-05-20T09:21:06+00:00\",\"breadcrumb\":{\"@id\":\"https:\/\/www.santjosep.net\/de\/virtuelle-touren\/sant-francesc-de-sestany\/#breadcrumb\"},\"inLanguage\":\"de\",\"potentialAction\":[{\"@type\":\"ReadAction\",\"target\":[\"https:\/\/www.santjosep.net\/de\/virtuelle-touren\/sant-francesc-de-sestany\/\"]}]},{\"@type\":\"ImageObject\",\"inLanguage\":\"de\",\"@id\":\"https:\/\/www.santjosep.net\/de\/virtuelle-touren\/sant-francesc-de-sestany\/#primaryimage\",\"url\":\"https:\/\/www.santjosep.net\/wp-content\/uploads\/2021\/05\/P1070309.jpg\",\"contentUrl\":\"https:\/\/www.santjosep.net\/wp-content\/uploads\/2021\/05\/P1070309.jpg\",\"width\":1200,\"height\":900},{\"@type\":\"BreadcrumbList\",\"@id\":\"https:\/\/www.santjosep.net\/de\/virtuelle-touren\/sant-francesc-de-sestany\/#breadcrumb\",\"itemListElement\":[{\"@type\":\"ListItem\",\"position\":1,\"name\":\"Virtuelle Touren\",\"item\":\"https:\/\/www.santjosep.net\/de\/virtuelle-touren\/\"},{\"@type\":\"ListItem\",\"position\":2,\"name\":\"Sant Francesc de s&#8217;Estany\"}]},{\"@type\":\"WebSite\",\"@id\":\"https:\/\/www.santjosep.net\/#website\",\"url\":\"https:\/\/www.santjosep.net\/\",\"name\":\"Santjosep.net\",\"description\":\"\",\"potentialAction\":[{\"@type\":\"SearchAction\",\"target\":{\"@type\":\"EntryPoint\",\"urlTemplate\":\"https:\/\/www.santjosep.net\/?s={search_term_string}\"},\"query-input\":{\"@type\":\"PropertyValueSpecification\",\"valueRequired\":true,\"valueName\":\"search_term_string\"}}],\"inLanguage\":\"de\"}]}<\/script>\n<!-- \/ Yoast SEO plugin. -->","yoast_head_json":{"title":"Sant Francesc de s'Estany - Santjosep.net","robots":{"index":"index","follow":"follow","max-snippet":"max-snippet:-1","max-image-preview":"max-image-preview:large","max-video-preview":"max-video-preview:-1"},"canonical":"https:\/\/www.santjosep.net\/de\/virtuelle-touren\/sant-francesc-de-sestany\/","og_locale":"de_DE","og_type":"article","og_title":"Sant Francesc de s'Estany - Santjosep.net","og_description":"[vc_row enable_hue_rotation=&#8220;no&#8220; enable_text_marquee=&#8220;no&#8220; css=&#8220;.vc_custom_1620985065127{padding-top: 30px !important;}&#8220;][vc_column][vc_column_text][\/vc_column_text][vc_column_text]Die Stadt Sant Francesc verf\u00fcgt \u00fcber eine Pfarrei von gro\u00dfer Sch\u00f6nheit, die sich unweit der Teiche Ses Salines befindet. Man kann hier auch das Denkmal f\u00fcr die Salineros sehen, ein Werk des ibizenkischen Bildhauers Pedro [&hellip;]","og_url":"https:\/\/www.santjosep.net\/de\/virtuelle-touren\/sant-francesc-de-sestany\/","og_site_name":"Santjosep.net","article_modified_time":"2021-05-20T09:21:06+00:00","og_image":[{"width":1200,"height":900,"url":"https:\/\/www.santjosep.net\/wp-content\/uploads\/2021\/05\/P1070309.jpg","type":"image\/jpeg"}],"twitter_card":"summary_large_image","schema":{"@context":"https:\/\/schema.org","@graph":[{"@type":"WebPage","@id":"https:\/\/www.santjosep.net\/de\/virtuelle-touren\/sant-francesc-de-sestany\/","url":"https:\/\/www.santjosep.net\/de\/virtuelle-touren\/sant-francesc-de-sestany\/","name":"Sant Francesc de s'Estany - Santjosep.net","isPartOf":{"@id":"https:\/\/www.santjosep.net\/#website"},"primaryImageOfPage":{"@id":"https:\/\/www.santjosep.net\/de\/virtuelle-touren\/sant-francesc-de-sestany\/#primaryimage"},"image":{"@id":"https:\/\/www.santjosep.net\/de\/virtuelle-touren\/sant-francesc-de-sestany\/#primaryimage"},"thumbnailUrl":"https:\/\/www.santjosep.net\/wp-content\/uploads\/2021\/05\/P1070309.jpg","datePublished":"2021-05-12T14:00:55+00:00","dateModified":"2021-05-20T09:21:06+00:00","breadcrumb":{"@id":"https:\/\/www.santjosep.net\/de\/virtuelle-touren\/sant-francesc-de-sestany\/#breadcrumb"},"inLanguage":"de","potentialAction":[{"@type":"ReadAction","target":["https:\/\/www.santjosep.net\/de\/virtuelle-touren\/sant-francesc-de-sestany\/"]}]},{"@type":"ImageObject","inLanguage":"de","@id":"https:\/\/www.santjosep.net\/de\/virtuelle-touren\/sant-francesc-de-sestany\/#primaryimage","url":"https:\/\/www.santjosep.net\/wp-content\/uploads\/2021\/05\/P1070309.jpg","contentUrl":"https:\/\/www.santjosep.net\/wp-content\/uploads\/2021\/05\/P1070309.jpg","width":1200,"height":900},{"@type":"BreadcrumbList","@id":"https:\/\/www.santjosep.net\/de\/virtuelle-touren\/sant-francesc-de-sestany\/#breadcrumb","itemListElement":[{"@type":"ListItem","position":1,"name":"Virtuelle Touren","item":"https:\/\/www.santjosep.net\/de\/virtuelle-touren\/"},{"@type":"ListItem","position":2,"name":"Sant Francesc de s&#8217;Estany"}]},{"@type":"WebSite","@id":"https:\/\/www.santjosep.net\/#website","url":"https:\/\/www.santjosep.net\/","name":"Santjosep.net","description":"","potentialAction":[{"@type":"SearchAction","target":{"@type":"EntryPoint","urlTemplate":"https:\/\/www.santjosep.net\/?s={search_term_string}"},"query-input":{"@type":"PropertyValueSpecification","valueRequired":true,"valueName":"search_term_string"}}],"inLanguage":"de"}]}},"_links":{"self":[{"href":"https:\/\/www.santjosep.net\/de\/wp-json\/wp\/v2\/pages\/24532","targetHints":{"allow":["GET"]}}],"collection":[{"href":"https:\/\/www.santjosep.net\/de\/wp-json\/wp\/v2\/pages"}],"about":[{"href":"https:\/\/www.santjosep.net\/de\/wp-json\/wp\/v2\/types\/page"}],"author":[{"embeddable":true,"href":"https:\/\/www.santjosep.net\/de\/wp-json\/wp\/v2\/users\/1"}],"replies":[{"embeddable":true,"href":"https:\/\/www.santjosep.net\/de\/wp-json\/wp\/v2\/comments?post=24532"}],"version-history":[{"count":0,"href":"https:\/\/www.santjosep.net\/de\/wp-json\/wp\/v2\/pages\/24532\/revisions"}],"up":[{"embeddable":true,"href":"https:\/\/www.santjosep.net\/de\/wp-json\/wp\/v2\/pages\/24467"}],"wp:featuredmedia":[{"embeddable":true,"href":"https:\/\/www.santjosep.net\/de\/wp-json\/wp\/v2\/media\/24492"}],"wp:attachment":[{"href":"https:\/\/www.santjosep.net\/de\/wp-json\/wp\/v2\/media?parent=24532"}],"wp:term":[{"taxonomy":"categoria_pagina","embeddable":true,"href":"https:\/\/www.santjosep.net\/de\/wp-json\/wp\/v2\/categoria_pagina?post=24532"}],"curies":[{"name":"wp","href":"https:\/\/api.w.org\/{rel}","templated":true}]}}

<div class="wpb-content-wrapper"><p>[vc_row enable_hue_rotation=&#8220;no&#8220; enable_text_marquee=&#8220;no&#8220; css=&#8220;.vc_custom_1620985065127{padding-top: 30px !important;}&#8220;][vc_column][vc_column_text]<script src="https://static.kuula.io/embed.js" data-kuula="https://kuula.co/share/collection/7Y2c4?fs=1&#038;vr=1&#038;sd=1&#038;initload=0&#038;thumbs=1&#038;info=0&#038;logo=1" data-width="100%" data-height="640px"></script>[/vc_column_text][vc_column_text]Die <strong><a href="/?page_id=5457">Stadt Sant Francesc</a> </strong>verfügt über eine Pfarrei von großer Schönheit, die sich unweit der Teiche Ses Salines befindet. Man kann hier auch das Denkmal für die Salineros sehen, ein Werk des ibizenkischen Bildhauers Pedro Hormigo.[/vc_column_text][/vc_column][/vc_row]</p>
</div>

<p>[vc_row enable_hue_rotation=&#8220;no&#8220; enable_text_marquee=&#8220;no&#8220; css=&#8220;.vc_custom_1620985065127{padding-top: 30px !important;}&#8220;][vc_column][vc_column_text][/vc_column_text][vc_column_text]Die Stadt Sant Francesc verfügt über eine Pfarrei von großer Schönheit, die sich unweit der Teiche Ses Salines befindet. Man kann hier auch das Denkmal für die Salineros sehen, ein Werk des ibizenkischen Bildhauers Pedro [&hellip;]</p>

<!-- This site is optimized with the Yoast SEO plugin v25.7 - https://yoast.com/wordpress/plugins/seo/ -->
<title>Sant Francesc de s&#039;Estany - Santjosep.net</title>
<meta name="robots" content="index, follow, max-snippet:-1, max-image-preview:large, max-video-preview:-1" />
<link rel="canonical" href="https://www.santjosep.net/de/virtuelle-touren/sant-francesc-de-sestany/" />
<meta property="og:locale" content="de_DE" />
<meta property="og:type" content="article" />
<meta property="og:title" content="Sant Francesc de s&#039;Estany - Santjosep.net" />
<meta property="og:description" content="[vc_row enable_hue_rotation=&#8220;no&#8220; enable_text_marquee=&#8220;no&#8220; css=&#8220;.vc_custom_1620985065127{padding-top: 30px !important;}&#8220;][vc_column][vc_column_text][/vc_column_text][vc_column_text]Die Stadt Sant Francesc verfügt über eine Pfarrei von großer Schönheit, die sich unweit der Teiche Ses Salines befindet. Man kann hier auch das Denkmal für die Salineros sehen, ein Werk des ibizenkischen Bildhauers Pedro [&hellip;]" />
<meta property="og:url" content="https://www.santjosep.net/de/virtuelle-touren/sant-francesc-de-sestany/" />
<meta property="og:site_name" content="Santjosep.net" />
<meta property="article:modified_time" content="2021-05-20T09:21:06+00:00" />
<meta property="og:image" content="https://www.santjosep.net/wp-content/uploads/2021/05/P1070309.jpg" />
	<meta property="og:image:width" content="1200" />
	<meta property="og:image:height" content="900" />
	<meta property="og:image:type" content="image/jpeg" />
<meta name="twitter:card" content="summary_large_image" />
<script type="application/ld+json" class="yoast-schema-graph">{"@context":"https://schema.org","@graph":[{"@type":"WebPage","@id":"https://www.santjosep.net/de/virtuelle-touren/sant-francesc-de-sestany/","url":"https://www.santjosep.net/de/virtuelle-touren/sant-francesc-de-sestany/","name":"Sant Francesc de s'Estany - Santjosep.net","isPartOf":{"@id":"https://www.santjosep.net/#website"},"primaryImageOfPage":{"@id":"https://www.santjosep.net/de/virtuelle-touren/sant-francesc-de-sestany/#primaryimage"},"image":{"@id":"https://www.santjosep.net/de/virtuelle-touren/sant-francesc-de-sestany/#primaryimage"},"thumbnailUrl":"https://www.santjosep.net/wp-content/uploads/2021/05/P1070309.jpg","datePublished":"2021-05-12T14:00:55+00:00","dateModified":"2021-05-20T09:21:06+00:00","breadcrumb":{"@id":"https://www.santjosep.net/de/virtuelle-touren/sant-francesc-de-sestany/#breadcrumb"},"inLanguage":"de","potentialAction":[{"@type":"ReadAction","target":["https://www.santjosep.net/de/virtuelle-touren/sant-francesc-de-sestany/"]}]},{"@type":"ImageObject","inLanguage":"de","@id":"https://www.santjosep.net/de/virtuelle-touren/sant-francesc-de-sestany/#primaryimage","url":"https://www.santjosep.net/wp-content/uploads/2021/05/P1070309.jpg","contentUrl":"https://www.santjosep.net/wp-content/uploads/2021/05/P1070309.jpg","width":1200,"height":900},{"@type":"BreadcrumbList","@id":"https://www.santjosep.net/de/virtuelle-touren/sant-francesc-de-sestany/#breadcrumb","itemListElement":[{"@type":"ListItem","position":1,"name":"Virtuelle Touren","item":"https://www.santjosep.net/de/virtuelle-touren/"},{"@type":"ListItem","position":2,"name":"Sant Francesc de s&#8217;Estany"}]},{"@type":"WebSite","@id":"https://www.santjosep.net/#website","url":"https://www.santjosep.net/","name":"Santjosep.net","description":"","potentialAction":[{"@type":"SearchAction","target":{"@type":"EntryPoint","urlTemplate":"https://www.santjosep.net/?s={search_term_string}"},"query-input":{"@type":"PropertyValueSpecification","valueRequired":true,"valueName":"search_term_string"}}],"inLanguage":"de"}]}</script>
<!-- / Yoast SEO plugin. -->

[vc_row enable_hue_rotation=&#8220;no&#8220; enable_text_marquee=&#8220;no&#8220; css=&#8220;.vc_custom_1620985065127{padding-top: 30px !important;}&#8220;][vc_column][vc_column_text][/vc_column_text][vc_column_text]Die Stadt Sant Francesc verfügt über eine Pfarrei von großer Schönheit, die sich unweit der Teiche Ses Salines befindet. Man kann hier auch das Denkmal für die Salineros sehen, ein Werk des ibizenkischen Bildhauers Pedro [&hellip;]
