{"id":24518,"date":"2021-05-12T15:44:11","date_gmt":"2021-05-12T13:44:11","guid":{"rendered":"https:\/\/www.santjosep.net\/tour-virtual\/cala-bassa\/"},"modified":"2021-05-20T10:28:45","modified_gmt":"2021-05-20T08:28:45","slug":"cala-bassa","status":"publish","type":"page","link":"https:\/\/www.santjosep.net\/de\/virtuelle-touren\/cala-bassa\/","title":{"rendered":"Cala Bassa"},"content":{"rendered":"<div class=\"wpb-content-wrapper\"><p>[vc_row enable_hue_rotation=&#8220;no&#8220; enable_text_marquee=&#8220;no&#8220; css=&#8220;.vc_custom_1620985065127{padding-top: 30px !important;}&#8220;][vc_column][vc_column_text]<script src=\"https:\/\/static.kuula.io\/embed.js\" data-kuula=\"https:\/\/kuula.co\/share\/collection\/7Y2Jy?fs=1&#038;vr=1&#038;sd=1&#038;initload=0&#038;thumbs=1&#038;info=0&#038;logo=1\" data-width=\"100%\" data-height=\"640px\"><\/script>[\/vc_column_text][vc_column_text]<a href=\"\/?page_id=5611\"><strong>Cala Bassa<\/strong><\/a> ist zweifellos einer der sch\u00f6nsten Str\u00e4nde unserer Gemeinde. Aufgrund seiner charakteristischen geschlossenen Bucht findet sich hier ein richtiger nat\u00fcrlichen Pool. Der Strand ist von Pinien und Wacholderb\u00fcschen umgeben, die den Besuchern angenehmen Schatten spenden.[\/vc_column_text][\/vc_column][\/vc_row]<\/p>\n<\/div>","protected":false},"excerpt":{"rendered":"<p>[vc_row enable_hue_rotation=&#8220;no&#8220; enable_text_marquee=&#8220;no&#8220; css=&#8220;.vc_custom_1620985065127{padding-top: 30px !important;}&#8220;][vc_column][vc_column_text][\/vc_column_text][vc_column_text]Cala Bassa ist zweifellos einer der sch\u00f6nsten Str\u00e4nde unserer Gemeinde. Aufgrund seiner charakteristischen geschlossenen Bucht findet sich hier ein richtiger nat\u00fcrlichen Pool. Der Strand ist von Pinien und Wacholderb\u00fcschen umgeben, die den Besuchern angenehmen Schatten [&hellip;]<\/p>\n","protected":false},"author":1,"featured_media":22904,"parent":24467,"menu_order":0,"comment_status":"closed","ping_status":"closed","template":"","meta":{"_acf_changed":false,"inline_featured_image":false,"footnotes":""},"categoria_pagina":[],"class_list":["post-24518","page","type-page","status-publish","has-post-thumbnail","hentry"],"acf":[],"yoast_head":"<!-- This site is optimized with the Yoast SEO plugin v25.7 - https:\/\/yoast.com\/wordpress\/plugins\/seo\/ -->\n<title>Cala Bassa - Santjosep.net<\/title>\n<meta name=\"robots\" content=\"index, follow, max-snippet:-1, max-image-preview:large, max-video-preview:-1\" \/>\n<link rel=\"canonical\" href=\"https:\/\/www.santjosep.net\/de\/virtuelle-touren\/cala-bassa\/\" \/>\n<meta property=\"og:locale\" content=\"de_DE\" \/>\n<meta property=\"og:type\" content=\"article\" \/>\n<meta property=\"og:title\" content=\"Cala Bassa - Santjosep.net\" \/>\n<meta property=\"og:description\" content=\"[vc_row enable_hue_rotation=&#8220;no&#8220; enable_text_marquee=&#8220;no&#8220; css=&#8220;.vc_custom_1620985065127{padding-top: 30px !important;}&#8220;][vc_column][vc_column_text][\/vc_column_text][vc_column_text]Cala Bassa ist zweifellos einer der sch\u00f6nsten Str\u00e4nde unserer Gemeinde. Aufgrund seiner charakteristischen geschlossenen Bucht findet sich hier ein richtiger nat\u00fcrlichen Pool. Der Strand ist von Pinien und Wacholderb\u00fcschen umgeben, die den Besuchern angenehmen Schatten [&hellip;]\" \/>\n<meta property=\"og:url\" content=\"https:\/\/www.santjosep.net\/de\/virtuelle-touren\/cala-bassa\/\" \/>\n<meta property=\"og:site_name\" content=\"Santjosep.net\" \/>\n<meta property=\"article:modified_time\" content=\"2021-05-20T08:28:45+00:00\" \/>\n<meta property=\"og:image\" content=\"https:\/\/www.santjosep.net\/wp-content\/uploads\/2020\/07\/Aerea-Cala-Bassa-1-de-1-2-copia.jpg\" \/>\n\t<meta property=\"og:image:width\" content=\"1200\" \/>\n\t<meta property=\"og:image:height\" content=\"899\" \/>\n\t<meta property=\"og:image:type\" content=\"image\/jpeg\" \/>\n<meta name=\"twitter:card\" content=\"summary_large_image\" \/>\n<script type=\"application\/ld+json\" class=\"yoast-schema-graph\">{\"@context\":\"https:\/\/schema.org\",\"@graph\":[{\"@type\":\"WebPage\",\"@id\":\"https:\/\/www.santjosep.net\/de\/virtuelle-touren\/cala-bassa\/\",\"url\":\"https:\/\/www.santjosep.net\/de\/virtuelle-touren\/cala-bassa\/\",\"name\":\"Cala Bassa - Santjosep.net\",\"isPartOf\":{\"@id\":\"https:\/\/www.santjosep.net\/#website\"},\"primaryImageOfPage\":{\"@id\":\"https:\/\/www.santjosep.net\/de\/virtuelle-touren\/cala-bassa\/#primaryimage\"},\"image\":{\"@id\":\"https:\/\/www.santjosep.net\/de\/virtuelle-touren\/cala-bassa\/#primaryimage\"},\"thumbnailUrl\":\"https:\/\/www.santjosep.net\/wp-content\/uploads\/2020\/07\/Aerea-Cala-Bassa-1-de-1-2-copia.jpg\",\"datePublished\":\"2021-05-12T13:44:11+00:00\",\"dateModified\":\"2021-05-20T08:28:45+00:00\",\"breadcrumb\":{\"@id\":\"https:\/\/www.santjosep.net\/de\/virtuelle-touren\/cala-bassa\/#breadcrumb\"},\"inLanguage\":\"de\",\"potentialAction\":[{\"@type\":\"ReadAction\",\"target\":[\"https:\/\/www.santjosep.net\/de\/virtuelle-touren\/cala-bassa\/\"]}]},{\"@type\":\"ImageObject\",\"inLanguage\":\"de\",\"@id\":\"https:\/\/www.santjosep.net\/de\/virtuelle-touren\/cala-bassa\/#primaryimage\",\"url\":\"https:\/\/www.santjosep.net\/wp-content\/uploads\/2020\/07\/Aerea-Cala-Bassa-1-de-1-2-copia.jpg\",\"contentUrl\":\"https:\/\/www.santjosep.net\/wp-content\/uploads\/2020\/07\/Aerea-Cala-Bassa-1-de-1-2-copia.jpg\",\"width\":1200,\"height\":899},{\"@type\":\"BreadcrumbList\",\"@id\":\"https:\/\/www.santjosep.net\/de\/virtuelle-touren\/cala-bassa\/#breadcrumb\",\"itemListElement\":[{\"@type\":\"ListItem\",\"position\":1,\"name\":\"Virtuelle Touren\",\"item\":\"https:\/\/www.santjosep.net\/de\/virtuelle-touren\/\"},{\"@type\":\"ListItem\",\"position\":2,\"name\":\"Cala Bassa\"}]},{\"@type\":\"WebSite\",\"@id\":\"https:\/\/www.santjosep.net\/#website\",\"url\":\"https:\/\/www.santjosep.net\/\",\"name\":\"Santjosep.net\",\"description\":\"\",\"potentialAction\":[{\"@type\":\"SearchAction\",\"target\":{\"@type\":\"EntryPoint\",\"urlTemplate\":\"https:\/\/www.santjosep.net\/?s={search_term_string}\"},\"query-input\":{\"@type\":\"PropertyValueSpecification\",\"valueRequired\":true,\"valueName\":\"search_term_string\"}}],\"inLanguage\":\"de\"}]}<\/script>\n<!-- \/ Yoast SEO plugin. -->","yoast_head_json":{"title":"Cala Bassa - Santjosep.net","robots":{"index":"index","follow":"follow","max-snippet":"max-snippet:-1","max-image-preview":"max-image-preview:large","max-video-preview":"max-video-preview:-1"},"canonical":"https:\/\/www.santjosep.net\/de\/virtuelle-touren\/cala-bassa\/","og_locale":"de_DE","og_type":"article","og_title":"Cala Bassa - Santjosep.net","og_description":"[vc_row enable_hue_rotation=&#8220;no&#8220; enable_text_marquee=&#8220;no&#8220; css=&#8220;.vc_custom_1620985065127{padding-top: 30px !important;}&#8220;][vc_column][vc_column_text][\/vc_column_text][vc_column_text]Cala Bassa ist zweifellos einer der sch\u00f6nsten Str\u00e4nde unserer Gemeinde. Aufgrund seiner charakteristischen geschlossenen Bucht findet sich hier ein richtiger nat\u00fcrlichen Pool. Der Strand ist von Pinien und Wacholderb\u00fcschen umgeben, die den Besuchern angenehmen Schatten [&hellip;]","og_url":"https:\/\/www.santjosep.net\/de\/virtuelle-touren\/cala-bassa\/","og_site_name":"Santjosep.net","article_modified_time":"2021-05-20T08:28:45+00:00","og_image":[{"width":1200,"height":899,"url":"https:\/\/www.santjosep.net\/wp-content\/uploads\/2020\/07\/Aerea-Cala-Bassa-1-de-1-2-copia.jpg","type":"image\/jpeg"}],"twitter_card":"summary_large_image","schema":{"@context":"https:\/\/schema.org","@graph":[{"@type":"WebPage","@id":"https:\/\/www.santjosep.net\/de\/virtuelle-touren\/cala-bassa\/","url":"https:\/\/www.santjosep.net\/de\/virtuelle-touren\/cala-bassa\/","name":"Cala Bassa - Santjosep.net","isPartOf":{"@id":"https:\/\/www.santjosep.net\/#website"},"primaryImageOfPage":{"@id":"https:\/\/www.santjosep.net\/de\/virtuelle-touren\/cala-bassa\/#primaryimage"},"image":{"@id":"https:\/\/www.santjosep.net\/de\/virtuelle-touren\/cala-bassa\/#primaryimage"},"thumbnailUrl":"https:\/\/www.santjosep.net\/wp-content\/uploads\/2020\/07\/Aerea-Cala-Bassa-1-de-1-2-copia.jpg","datePublished":"2021-05-12T13:44:11+00:00","dateModified":"2021-05-20T08:28:45+00:00","breadcrumb":{"@id":"https:\/\/www.santjosep.net\/de\/virtuelle-touren\/cala-bassa\/#breadcrumb"},"inLanguage":"de","potentialAction":[{"@type":"ReadAction","target":["https:\/\/www.santjosep.net\/de\/virtuelle-touren\/cala-bassa\/"]}]},{"@type":"ImageObject","inLanguage":"de","@id":"https:\/\/www.santjosep.net\/de\/virtuelle-touren\/cala-bassa\/#primaryimage","url":"https:\/\/www.santjosep.net\/wp-content\/uploads\/2020\/07\/Aerea-Cala-Bassa-1-de-1-2-copia.jpg","contentUrl":"https:\/\/www.santjosep.net\/wp-content\/uploads\/2020\/07\/Aerea-Cala-Bassa-1-de-1-2-copia.jpg","width":1200,"height":899},{"@type":"BreadcrumbList","@id":"https:\/\/www.santjosep.net\/de\/virtuelle-touren\/cala-bassa\/#breadcrumb","itemListElement":[{"@type":"ListItem","position":1,"name":"Virtuelle Touren","item":"https:\/\/www.santjosep.net\/de\/virtuelle-touren\/"},{"@type":"ListItem","position":2,"name":"Cala Bassa"}]},{"@type":"WebSite","@id":"https:\/\/www.santjosep.net\/#website","url":"https:\/\/www.santjosep.net\/","name":"Santjosep.net","description":"","potentialAction":[{"@type":"SearchAction","target":{"@type":"EntryPoint","urlTemplate":"https:\/\/www.santjosep.net\/?s={search_term_string}"},"query-input":{"@type":"PropertyValueSpecification","valueRequired":true,"valueName":"search_term_string"}}],"inLanguage":"de"}]}},"_links":{"self":[{"href":"https:\/\/www.santjosep.net\/de\/wp-json\/wp\/v2\/pages\/24518","targetHints":{"allow":["GET"]}}],"collection":[{"href":"https:\/\/www.santjosep.net\/de\/wp-json\/wp\/v2\/pages"}],"about":[{"href":"https:\/\/www.santjosep.net\/de\/wp-json\/wp\/v2\/types\/page"}],"author":[{"embeddable":true,"href":"https:\/\/www.santjosep.net\/de\/wp-json\/wp\/v2\/users\/1"}],"replies":[{"embeddable":true,"href":"https:\/\/www.santjosep.net\/de\/wp-json\/wp\/v2\/comments?post=24518"}],"version-history":[{"count":0,"href":"https:\/\/www.santjosep.net\/de\/wp-json\/wp\/v2\/pages\/24518\/revisions"}],"up":[{"embeddable":true,"href":"https:\/\/www.santjosep.net\/de\/wp-json\/wp\/v2\/pages\/24467"}],"wp:featuredmedia":[{"embeddable":true,"href":"https:\/\/www.santjosep.net\/de\/wp-json\/wp\/v2\/media\/22904"}],"wp:attachment":[{"href":"https:\/\/www.santjosep.net\/de\/wp-json\/wp\/v2\/media?parent=24518"}],"wp:term":[{"taxonomy":"categoria_pagina","embeddable":true,"href":"https:\/\/www.santjosep.net\/de\/wp-json\/wp\/v2\/categoria_pagina?post=24518"}],"curies":[{"name":"wp","href":"https:\/\/api.w.org\/{rel}","templated":true}]}}

<div class="wpb-content-wrapper"><p>[vc_row enable_hue_rotation=&#8220;no&#8220; enable_text_marquee=&#8220;no&#8220; css=&#8220;.vc_custom_1620985065127{padding-top: 30px !important;}&#8220;][vc_column][vc_column_text]<script src="https://static.kuula.io/embed.js" data-kuula="https://kuula.co/share/collection/7Y2Jy?fs=1&#038;vr=1&#038;sd=1&#038;initload=0&#038;thumbs=1&#038;info=0&#038;logo=1" data-width="100%" data-height="640px"></script>[/vc_column_text][vc_column_text]<a href="/?page_id=5611"><strong>Cala Bassa</strong></a> ist zweifellos einer der schönsten Strände unserer Gemeinde. Aufgrund seiner charakteristischen geschlossenen Bucht findet sich hier ein richtiger natürlichen Pool. Der Strand ist von Pinien und Wacholderbüschen umgeben, die den Besuchern angenehmen Schatten spenden.[/vc_column_text][/vc_column][/vc_row]</p>
</div>

<p>[vc_row enable_hue_rotation=&#8220;no&#8220; enable_text_marquee=&#8220;no&#8220; css=&#8220;.vc_custom_1620985065127{padding-top: 30px !important;}&#8220;][vc_column][vc_column_text][/vc_column_text][vc_column_text]Cala Bassa ist zweifellos einer der schönsten Strände unserer Gemeinde. Aufgrund seiner charakteristischen geschlossenen Bucht findet sich hier ein richtiger natürlichen Pool. Der Strand ist von Pinien und Wacholderbüschen umgeben, die den Besuchern angenehmen Schatten [&hellip;]</p>

<!-- This site is optimized with the Yoast SEO plugin v25.7 - https://yoast.com/wordpress/plugins/seo/ -->
<title>Cala Bassa - Santjosep.net</title>
<meta name="robots" content="index, follow, max-snippet:-1, max-image-preview:large, max-video-preview:-1" />
<link rel="canonical" href="https://www.santjosep.net/de/virtuelle-touren/cala-bassa/" />
<meta property="og:locale" content="de_DE" />
<meta property="og:type" content="article" />
<meta property="og:title" content="Cala Bassa - Santjosep.net" />
<meta property="og:description" content="[vc_row enable_hue_rotation=&#8220;no&#8220; enable_text_marquee=&#8220;no&#8220; css=&#8220;.vc_custom_1620985065127{padding-top: 30px !important;}&#8220;][vc_column][vc_column_text][/vc_column_text][vc_column_text]Cala Bassa ist zweifellos einer der schönsten Strände unserer Gemeinde. Aufgrund seiner charakteristischen geschlossenen Bucht findet sich hier ein richtiger natürlichen Pool. Der Strand ist von Pinien und Wacholderbüschen umgeben, die den Besuchern angenehmen Schatten [&hellip;]" />
<meta property="og:url" content="https://www.santjosep.net/de/virtuelle-touren/cala-bassa/" />
<meta property="og:site_name" content="Santjosep.net" />
<meta property="article:modified_time" content="2021-05-20T08:28:45+00:00" />
<meta property="og:image" content="https://www.santjosep.net/wp-content/uploads/2020/07/Aerea-Cala-Bassa-1-de-1-2-copia.jpg" />
	<meta property="og:image:width" content="1200" />
	<meta property="og:image:height" content="899" />
	<meta property="og:image:type" content="image/jpeg" />
<meta name="twitter:card" content="summary_large_image" />
<script type="application/ld+json" class="yoast-schema-graph">{"@context":"https://schema.org","@graph":[{"@type":"WebPage","@id":"https://www.santjosep.net/de/virtuelle-touren/cala-bassa/","url":"https://www.santjosep.net/de/virtuelle-touren/cala-bassa/","name":"Cala Bassa - Santjosep.net","isPartOf":{"@id":"https://www.santjosep.net/#website"},"primaryImageOfPage":{"@id":"https://www.santjosep.net/de/virtuelle-touren/cala-bassa/#primaryimage"},"image":{"@id":"https://www.santjosep.net/de/virtuelle-touren/cala-bassa/#primaryimage"},"thumbnailUrl":"https://www.santjosep.net/wp-content/uploads/2020/07/Aerea-Cala-Bassa-1-de-1-2-copia.jpg","datePublished":"2021-05-12T13:44:11+00:00","dateModified":"2021-05-20T08:28:45+00:00","breadcrumb":{"@id":"https://www.santjosep.net/de/virtuelle-touren/cala-bassa/#breadcrumb"},"inLanguage":"de","potentialAction":[{"@type":"ReadAction","target":["https://www.santjosep.net/de/virtuelle-touren/cala-bassa/"]}]},{"@type":"ImageObject","inLanguage":"de","@id":"https://www.santjosep.net/de/virtuelle-touren/cala-bassa/#primaryimage","url":"https://www.santjosep.net/wp-content/uploads/2020/07/Aerea-Cala-Bassa-1-de-1-2-copia.jpg","contentUrl":"https://www.santjosep.net/wp-content/uploads/2020/07/Aerea-Cala-Bassa-1-de-1-2-copia.jpg","width":1200,"height":899},{"@type":"BreadcrumbList","@id":"https://www.santjosep.net/de/virtuelle-touren/cala-bassa/#breadcrumb","itemListElement":[{"@type":"ListItem","position":1,"name":"Virtuelle Touren","item":"https://www.santjosep.net/de/virtuelle-touren/"},{"@type":"ListItem","position":2,"name":"Cala Bassa"}]},{"@type":"WebSite","@id":"https://www.santjosep.net/#website","url":"https://www.santjosep.net/","name":"Santjosep.net","description":"","potentialAction":[{"@type":"SearchAction","target":{"@type":"EntryPoint","urlTemplate":"https://www.santjosep.net/?s={search_term_string}"},"query-input":{"@type":"PropertyValueSpecification","valueRequired":true,"valueName":"search_term_string"}}],"inLanguage":"de"}]}</script>
<!-- / Yoast SEO plugin. -->

[vc_row enable_hue_rotation=&#8220;no&#8220; enable_text_marquee=&#8220;no&#8220; css=&#8220;.vc_custom_1620985065127{padding-top: 30px !important;}&#8220;][vc_column][vc_column_text][/vc_column_text][vc_column_text]Cala Bassa ist zweifellos einer der schönsten Strände unserer Gemeinde. Aufgrund seiner charakteristischen geschlossenen Bucht findet sich hier ein richtiger natürlichen Pool. Der Strand ist von Pinien und Wacholderbüschen umgeben, die den Besuchern angenehmen Schatten [&hellip;]
