{"id":37497,"date":"2025-08-13T08:28:32","date_gmt":"2025-08-13T06:28:32","guid":{"rendered":"https:\/\/www.santjosep.net\/evento\/3-dias-trail-ibiza-ultra-ibiza\/"},"modified":"2025-08-13T08:43:50","modified_gmt":"2025-08-13T06:43:50","slug":"3-dias-trail-ibiza-ultra-ibiza","status":"publish","type":"tribe_events","link":"https:\/\/www.santjosep.net\/ca\/esdeveniment\/3-dias-trail-ibiza-ultra-ibiza\/","title":{"rendered":"3 Dies Trail Eivissa \u2013 Ultra Eivissa"},"content":{"rendered":"<p>Els propers 28, 29 i 30 de novembre de 2025, descobreix Eivissa en la 12a edici\u00f3 dels 3 Dies Trail Eivissa.<br \/>\nMolt m\u00e9s que una prova esportiva. Una oportunitat per viure tot l\u2019encant de la nostra illa: esport, hist\u00f2ria, cultura i bellesa durant tres dies de competici\u00f3.<\/p>\n<p>3 etapes ben diferents entre elles, costa triar-ne nom\u00e9s una: Divendres comencem amb una cursa nocturna de 10 km amb sortida i arribada al port d\u2019Eivissa, descobrint el seu nucli hist\u00f2ric, Dalt Vila, per\u00f2 tamb\u00e9 els seus camins extramurs. Dissabte tenim 4 opcions: etapa reina per als m\u00e9s valents \u2013 LA ULTRA EIVISSA \u2013 amb sortida des de Dalt Vila i arribada a Sant Josep. Coneixer\u00e0s quil\u00f2metres de costa i els cims m\u00e9s emblem\u00e0tics de l\u2019illa (Sa Talaia i Puig d\u2019en Serra) i c\u00f3rrer per les platges al mateix temps. Pura natura i les millors vistes d\u2019Es Vedr\u00e0. Des de Sa Talaia podr\u00e0s gaudir d\u2019una vista gaireb\u00e9 completa de l\u2019illa. De l\u2019alba a la posta de sol t\u2019esperen molts quil\u00f2metres. Si prefereixes menys intensitat, dissabte pots c\u00f3rrer l\u2019etapa marat\u00f3, la mitja marat\u00f3 o els 10K, que recorreran un tram del mateix ULTRA.<\/p>\n<p>La mitja marat\u00f3 sortir\u00e0 d\u2019Es Cubells i la cursa de 10 km de Cala d\u2019Hort, ambdues amb arribada a Sant Josep. La Ultra i la marat\u00f3 del dissabte sortiran i arribaran a Sant Josep.<\/p>\n","protected":false},"excerpt":{"rendered":"<p>Els propers 28, 29 i 30 de novembre de 2025, descobreix Eivissa en la 12a edici\u00f3 dels 3 Dies Trail Eivissa. Molt m\u00e9s que una prova esportiva. Una oportunitat per viure tot l\u2019encant de la nostra illa: esport, hist\u00f2ria, cultura [&hellip;]<\/p>\n","protected":false},"author":1,"featured_media":37532,"template":"","meta":{"_acf_changed":false,"inline_featured_image":false,"_tribe_events_status":"","_tribe_events_status_reason":"","footnotes":""},"tags":[],"tribe_events_cat":[215],"class_list":["post-37497","tribe_events","type-tribe_events","status-publish","has-post-thumbnail","hentry","tribe_events_cat-esport","cat_esport"],"acf":[],"yoast_head":"<!-- This site is optimized with the Yoast SEO plugin v25.7 - https:\/\/yoast.com\/wordpress\/plugins\/seo\/ -->\n<title>3 Dies Trail Eivissa \u2013 Ultra Eivissa - Santjosep.net<\/title>\n<meta name=\"robots\" content=\"index, follow, max-snippet:-1, max-image-preview:large, max-video-preview:-1\" \/>\n<link rel=\"canonical\" href=\"https:\/\/www.santjosep.net\/ca\/esdeveniment\/3-dias-trail-ibiza-ultra-ibiza\/\" \/>\n<meta property=\"og:locale\" content=\"ca_ES\" \/>\n<meta property=\"og:type\" content=\"article\" \/>\n<meta property=\"og:title\" content=\"3 Dies Trail Eivissa \u2013 Ultra Eivissa - Santjosep.net\" \/>\n<meta property=\"og:description\" content=\"Els propers 28, 29 i 30 de novembre de 2025, descobreix Eivissa en la 12a edici\u00f3 dels 3 Dies Trail Eivissa. Molt m\u00e9s que una prova esportiva. Una oportunitat per viure tot l\u2019encant de la nostra illa: esport, hist\u00f2ria, cultura [&hellip;]\" \/>\n<meta property=\"og:url\" content=\"https:\/\/www.santjosep.net\/ca\/esdeveniment\/3-dias-trail-ibiza-ultra-ibiza\/\" \/>\n<meta property=\"og:site_name\" content=\"Santjosep.net\" \/>\n<meta property=\"article:modified_time\" content=\"2025-08-13T06:43:50+00:00\" \/>\n<meta property=\"og:image\" content=\"https:\/\/www.santjosep.net\/wp-content\/uploads\/2025\/08\/3DTI24-\u00a9Miguel-Rua-1-22-scaled-1.jpg\" \/>\n\t<meta property=\"og:image:width\" content=\"2560\" \/>\n\t<meta property=\"og:image:height\" content=\"1441\" \/>\n\t<meta property=\"og:image:type\" content=\"image\/jpeg\" \/>\n<meta name=\"twitter:card\" content=\"summary_large_image\" \/>\n<meta name=\"twitter:label1\" content=\"Temps estimat de lectura\" \/>\n\t<meta name=\"twitter:data1\" content=\"2 minuts\" \/>\n<script type=\"application\/ld+json\" class=\"yoast-schema-graph\">{\"@context\":\"https:\/\/schema.org\",\"@graph\":[{\"@type\":\"WebPage\",\"@id\":\"https:\/\/www.santjosep.net\/ca\/esdeveniment\/3-dias-trail-ibiza-ultra-ibiza\/\",\"url\":\"https:\/\/www.santjosep.net\/ca\/esdeveniment\/3-dias-trail-ibiza-ultra-ibiza\/\",\"name\":\"3 Dies Trail Eivissa \u2013 Ultra Eivissa - Santjosep.net\",\"isPartOf\":{\"@id\":\"https:\/\/www.santjosep.net\/#website\"},\"primaryImageOfPage\":{\"@id\":\"https:\/\/www.santjosep.net\/ca\/esdeveniment\/3-dias-trail-ibiza-ultra-ibiza\/#primaryimage\"},\"image\":{\"@id\":\"https:\/\/www.santjosep.net\/ca\/esdeveniment\/3-dias-trail-ibiza-ultra-ibiza\/#primaryimage\"},\"thumbnailUrl\":\"https:\/\/www.santjosep.net\/wp-content\/uploads\/2025\/08\/DSC01725.jpg\",\"datePublished\":\"2025-08-13T06:28:32+00:00\",\"dateModified\":\"2025-08-13T06:43:50+00:00\",\"breadcrumb\":{\"@id\":\"https:\/\/www.santjosep.net\/ca\/esdeveniment\/3-dias-trail-ibiza-ultra-ibiza\/#breadcrumb\"},\"inLanguage\":\"ca\",\"potentialAction\":[{\"@type\":\"ReadAction\",\"target\":[\"https:\/\/www.santjosep.net\/ca\/esdeveniment\/3-dias-trail-ibiza-ultra-ibiza\/\"]}]},{\"@type\":\"ImageObject\",\"inLanguage\":\"ca\",\"@id\":\"https:\/\/www.santjosep.net\/ca\/esdeveniment\/3-dias-trail-ibiza-ultra-ibiza\/#primaryimage\",\"url\":\"https:\/\/www.santjosep.net\/wp-content\/uploads\/2025\/08\/DSC01725.jpg\",\"contentUrl\":\"https:\/\/www.santjosep.net\/wp-content\/uploads\/2025\/08\/DSC01725.jpg\",\"width\":1500,\"height\":1000},{\"@type\":\"BreadcrumbList\",\"@id\":\"https:\/\/www.santjosep.net\/ca\/esdeveniment\/3-dias-trail-ibiza-ultra-ibiza\/#breadcrumb\",\"itemListElement\":[{\"@type\":\"ListItem\",\"position\":1,\"name\":\"Eventos\",\"item\":\"https:\/\/www.santjosep.net\/agenda\/\"},{\"@type\":\"ListItem\",\"position\":2,\"name\":\"3 Dies Trail Eivissa \u2013 Ultra Eivissa\"}]},{\"@type\":\"WebSite\",\"@id\":\"https:\/\/www.santjosep.net\/#website\",\"url\":\"https:\/\/www.santjosep.net\/\",\"name\":\"Santjosep.net\",\"description\":\"\",\"potentialAction\":[{\"@type\":\"SearchAction\",\"target\":{\"@type\":\"EntryPoint\",\"urlTemplate\":\"https:\/\/www.santjosep.net\/?s={search_term_string}\"},\"query-input\":{\"@type\":\"PropertyValueSpecification\",\"valueRequired\":true,\"valueName\":\"search_term_string\"}}],\"inLanguage\":\"ca\"}]}<\/script>\n<!-- \/ Yoast SEO plugin. -->","yoast_head_json":{"title":"3 Dies Trail Eivissa \u2013 Ultra Eivissa - Santjosep.net","robots":{"index":"index","follow":"follow","max-snippet":"max-snippet:-1","max-image-preview":"max-image-preview:large","max-video-preview":"max-video-preview:-1"},"canonical":"https:\/\/www.santjosep.net\/ca\/esdeveniment\/3-dias-trail-ibiza-ultra-ibiza\/","og_locale":"ca_ES","og_type":"article","og_title":"3 Dies Trail Eivissa \u2013 Ultra Eivissa - Santjosep.net","og_description":"Els propers 28, 29 i 30 de novembre de 2025, descobreix Eivissa en la 12a edici\u00f3 dels 3 Dies Trail Eivissa. Molt m\u00e9s que una prova esportiva. Una oportunitat per viure tot l\u2019encant de la nostra illa: esport, hist\u00f2ria, cultura [&hellip;]","og_url":"https:\/\/www.santjosep.net\/ca\/esdeveniment\/3-dias-trail-ibiza-ultra-ibiza\/","og_site_name":"Santjosep.net","article_modified_time":"2025-08-13T06:43:50+00:00","og_image":[{"width":2560,"height":1441,"url":"https:\/\/www.santjosep.net\/wp-content\/uploads\/2025\/08\/3DTI24-\u00a9Miguel-Rua-1-22-scaled-1.jpg","type":"image\/jpeg"}],"twitter_card":"summary_large_image","twitter_misc":{"Temps estimat de lectura":"2 minuts"},"schema":{"@context":"https:\/\/schema.org","@graph":[{"@type":"WebPage","@id":"https:\/\/www.santjosep.net\/ca\/esdeveniment\/3-dias-trail-ibiza-ultra-ibiza\/","url":"https:\/\/www.santjosep.net\/ca\/esdeveniment\/3-dias-trail-ibiza-ultra-ibiza\/","name":"3 Dies Trail Eivissa \u2013 Ultra Eivissa - Santjosep.net","isPartOf":{"@id":"https:\/\/www.santjosep.net\/#website"},"primaryImageOfPage":{"@id":"https:\/\/www.santjosep.net\/ca\/esdeveniment\/3-dias-trail-ibiza-ultra-ibiza\/#primaryimage"},"image":{"@id":"https:\/\/www.santjosep.net\/ca\/esdeveniment\/3-dias-trail-ibiza-ultra-ibiza\/#primaryimage"},"thumbnailUrl":"https:\/\/www.santjosep.net\/wp-content\/uploads\/2025\/08\/DSC01725.jpg","datePublished":"2025-08-13T06:28:32+00:00","dateModified":"2025-08-13T06:43:50+00:00","breadcrumb":{"@id":"https:\/\/www.santjosep.net\/ca\/esdeveniment\/3-dias-trail-ibiza-ultra-ibiza\/#breadcrumb"},"inLanguage":"ca","potentialAction":[{"@type":"ReadAction","target":["https:\/\/www.santjosep.net\/ca\/esdeveniment\/3-dias-trail-ibiza-ultra-ibiza\/"]}]},{"@type":"ImageObject","inLanguage":"ca","@id":"https:\/\/www.santjosep.net\/ca\/esdeveniment\/3-dias-trail-ibiza-ultra-ibiza\/#primaryimage","url":"https:\/\/www.santjosep.net\/wp-content\/uploads\/2025\/08\/DSC01725.jpg","contentUrl":"https:\/\/www.santjosep.net\/wp-content\/uploads\/2025\/08\/DSC01725.jpg","width":1500,"height":1000},{"@type":"BreadcrumbList","@id":"https:\/\/www.santjosep.net\/ca\/esdeveniment\/3-dias-trail-ibiza-ultra-ibiza\/#breadcrumb","itemListElement":[{"@type":"ListItem","position":1,"name":"Eventos","item":"https:\/\/www.santjosep.net\/agenda\/"},{"@type":"ListItem","position":2,"name":"3 Dies Trail Eivissa \u2013 Ultra Eivissa"}]},{"@type":"WebSite","@id":"https:\/\/www.santjosep.net\/#website","url":"https:\/\/www.santjosep.net\/","name":"Santjosep.net","description":"","potentialAction":[{"@type":"SearchAction","target":{"@type":"EntryPoint","urlTemplate":"https:\/\/www.santjosep.net\/?s={search_term_string}"},"query-input":{"@type":"PropertyValueSpecification","valueRequired":true,"valueName":"search_term_string"}}],"inLanguage":"ca"}]}},"_links":{"self":[{"href":"https:\/\/www.santjosep.net\/ca\/wp-json\/wp\/v2\/tribe_events\/37497","targetHints":{"allow":["GET"]}}],"collection":[{"href":"https:\/\/www.santjosep.net\/ca\/wp-json\/wp\/v2\/tribe_events"}],"about":[{"href":"https:\/\/www.santjosep.net\/ca\/wp-json\/wp\/v2\/types\/tribe_events"}],"author":[{"embeddable":true,"href":"https:\/\/www.santjosep.net\/ca\/wp-json\/wp\/v2\/users\/1"}],"version-history":[{"count":0,"href":"https:\/\/www.santjosep.net\/ca\/wp-json\/wp\/v2\/tribe_events\/37497\/revisions"}],"wp:featuredmedia":[{"embeddable":true,"href":"https:\/\/www.santjosep.net\/ca\/wp-json\/wp\/v2\/media\/37532"}],"wp:attachment":[{"href":"https:\/\/www.santjosep.net\/ca\/wp-json\/wp\/v2\/media?parent=37497"}],"wp:term":[{"taxonomy":"post_tag","embeddable":true,"href":"https:\/\/www.santjosep.net\/ca\/wp-json\/wp\/v2\/tags?post=37497"},{"taxonomy":"tribe_events_cat","embeddable":true,"href":"https:\/\/www.santjosep.net\/ca\/wp-json\/wp\/v2\/tribe_events_cat?post=37497"}],"curies":[{"name":"wp","href":"https:\/\/api.w.org\/{rel}","templated":true}]}}

<p>Els propers 28, 29 i 30 de novembre de 2025, descobreix Eivissa en la 12a edició dels 3 Dies Trail Eivissa.<br />
Molt més que una prova esportiva. Una oportunitat per viure tot l’encant de la nostra illa: esport, història, cultura i bellesa durant tres dies de competició.</p>
<p>3 etapes ben diferents entre elles, costa triar-ne només una: Divendres comencem amb una cursa nocturna de 10 km amb sortida i arribada al port d’Eivissa, descobrint el seu nucli històric, Dalt Vila, però també els seus camins extramurs. Dissabte tenim 4 opcions: etapa reina per als més valents – LA ULTRA EIVISSA – amb sortida des de Dalt Vila i arribada a Sant Josep. Coneixeràs quilòmetres de costa i els cims més emblemàtics de l’illa (Sa Talaia i Puig d’en Serra) i córrer per les platges al mateix temps. Pura natura i les millors vistes d’Es Vedrà. Des de Sa Talaia podràs gaudir d’una vista gairebé completa de l’illa. De l’alba a la posta de sol t’esperen molts quilòmetres. Si prefereixes menys intensitat, dissabte pots córrer l’etapa marató, la mitja marató o els 10K, que recorreran un tram del mateix ULTRA.</p>
<p>La mitja marató sortirà d’Es Cubells i la cursa de 10 km de Cala d’Hort, ambdues amb arribada a Sant Josep. La Ultra i la marató del dissabte sortiran i arribaran a Sant Josep.</p>

<p>Els propers 28, 29 i 30 de novembre de 2025, descobreix Eivissa en la 12a edició dels 3 Dies Trail Eivissa. Molt més que una prova esportiva. Una oportunitat per viure tot l’encant de la nostra illa: esport, història, cultura [&hellip;]</p>

<!-- This site is optimized with the Yoast SEO plugin v25.7 - https://yoast.com/wordpress/plugins/seo/ -->
<title>3 Dies Trail Eivissa – Ultra Eivissa - Santjosep.net</title>
<meta name="robots" content="index, follow, max-snippet:-1, max-image-preview:large, max-video-preview:-1" />
<link rel="canonical" href="https://www.santjosep.net/ca/esdeveniment/3-dias-trail-ibiza-ultra-ibiza/" />
<meta property="og:locale" content="ca_ES" />
<meta property="og:type" content="article" />
<meta property="og:title" content="3 Dies Trail Eivissa – Ultra Eivissa - Santjosep.net" />
<meta property="og:description" content="Els propers 28, 29 i 30 de novembre de 2025, descobreix Eivissa en la 12a edició dels 3 Dies Trail Eivissa. Molt més que una prova esportiva. Una oportunitat per viure tot l’encant de la nostra illa: esport, història, cultura [&hellip;]" />
<meta property="og:url" content="https://www.santjosep.net/ca/esdeveniment/3-dias-trail-ibiza-ultra-ibiza/" />
<meta property="og:site_name" content="Santjosep.net" />
<meta property="article:modified_time" content="2025-08-13T06:43:50+00:00" />
<meta property="og:image" content="https://www.santjosep.net/wp-content/uploads/2025/08/3DTI24-©Miguel-Rua-1-22-scaled-1.jpg" />
	<meta property="og:image:width" content="2560" />
	<meta property="og:image:height" content="1441" />
	<meta property="og:image:type" content="image/jpeg" />
<meta name="twitter:card" content="summary_large_image" />
<meta name="twitter:label1" content="Temps estimat de lectura" />
	<meta name="twitter:data1" content="2 minuts" />
<script type="application/ld+json" class="yoast-schema-graph">{"@context":"https://schema.org","@graph":[{"@type":"WebPage","@id":"https://www.santjosep.net/ca/esdeveniment/3-dias-trail-ibiza-ultra-ibiza/","url":"https://www.santjosep.net/ca/esdeveniment/3-dias-trail-ibiza-ultra-ibiza/","name":"3 Dies Trail Eivissa – Ultra Eivissa - Santjosep.net","isPartOf":{"@id":"https://www.santjosep.net/#website"},"primaryImageOfPage":{"@id":"https://www.santjosep.net/ca/esdeveniment/3-dias-trail-ibiza-ultra-ibiza/#primaryimage"},"image":{"@id":"https://www.santjosep.net/ca/esdeveniment/3-dias-trail-ibiza-ultra-ibiza/#primaryimage"},"thumbnailUrl":"https://www.santjosep.net/wp-content/uploads/2025/08/DSC01725.jpg","datePublished":"2025-08-13T06:28:32+00:00","dateModified":"2025-08-13T06:43:50+00:00","breadcrumb":{"@id":"https://www.santjosep.net/ca/esdeveniment/3-dias-trail-ibiza-ultra-ibiza/#breadcrumb"},"inLanguage":"ca","potentialAction":[{"@type":"ReadAction","target":["https://www.santjosep.net/ca/esdeveniment/3-dias-trail-ibiza-ultra-ibiza/"]}]},{"@type":"ImageObject","inLanguage":"ca","@id":"https://www.santjosep.net/ca/esdeveniment/3-dias-trail-ibiza-ultra-ibiza/#primaryimage","url":"https://www.santjosep.net/wp-content/uploads/2025/08/DSC01725.jpg","contentUrl":"https://www.santjosep.net/wp-content/uploads/2025/08/DSC01725.jpg","width":1500,"height":1000},{"@type":"BreadcrumbList","@id":"https://www.santjosep.net/ca/esdeveniment/3-dias-trail-ibiza-ultra-ibiza/#breadcrumb","itemListElement":[{"@type":"ListItem","position":1,"name":"Eventos","item":"https://www.santjosep.net/agenda/"},{"@type":"ListItem","position":2,"name":"3 Dies Trail Eivissa – Ultra Eivissa"}]},{"@type":"WebSite","@id":"https://www.santjosep.net/#website","url":"https://www.santjosep.net/","name":"Santjosep.net","description":"","potentialAction":[{"@type":"SearchAction","target":{"@type":"EntryPoint","urlTemplate":"https://www.santjosep.net/?s={search_term_string}"},"query-input":{"@type":"PropertyValueSpecification","valueRequired":true,"valueName":"search_term_string"}}],"inLanguage":"ca"}]}</script>
<!-- / Yoast SEO plugin. -->

Els propers 28, 29 i 30 de novembre de 2025, descobreix Eivissa en la 12a edició dels 3 Dies Trail Eivissa. Molt més que una prova esportiva. Una oportunitat per viure tot l’encant de la nostra illa: esport, història, cultura [&hellip;]
