{"id":34911,"date":"2016-08-16T09:44:34","date_gmt":"2016-08-16T09:44:34","guid":{"rendered":"https:\/\/www.santjosep.net\/evento\/fiestas-sant-agusti-2016\/"},"modified":"2023-08-22T15:49:54","modified_gmt":"2023-08-22T13:49:54","slug":"fiestas-sant-agusti-2016","status":"publish","type":"tribe_events","link":"https:\/\/www.santjosep.net\/ca\/esdeveniment\/fiestas-sant-agusti-2016\/","title":{"rendered":"Festes de Sant Agust\u00ed 2023"},"content":{"rendered":"<div class=\"traductor-textarea form-group\">\n<div class=\"textarea-desti col-xs-12 col-sm-6\">\n<div class=\"form-control second-textarea\">En ple estiu tenim la sort de poder celebrar les festes patronals de Sant Agust\u00ed donis Vedr\u00e0, una de les m\u00e9s conegudes i esperades de tot el municipi. Cada 28 d&#8217;Agost es congreguen diferents grups musicals per a donar-li ritme a la nit estival mentre que es continua mantenint la tradici\u00f3 amb la missa en honor al patr\u00f3 i la seva cl\u00e0ssica process\u00f3 seguida de balls folkl\u00f2rics. A m\u00e9s tamb\u00e9 es pot gaudir de les diferents activitats esportives que se celebren i de tradicions tan arrelades com la festa donis Pou d\u2019a Rafal. Un pla diferents per a l&#8217;estiu eivissenc.<\/div>\n<\/div>\n<\/div>\n<h3><a href=\"https:\/\/festes.santjosep.org\/programes\/Festes-Sant-Agusti-2023.pdf\"><span style=\"text-decoration: underline;\"><strong>Desc\u00e0rrega el programa de les festes de Sant Agust\u00ed 2023<\/strong><\/span><\/a><\/h3>\n<p><img loading=\"lazy\" decoding=\"async\" class=\"alignnone size-full wp-image-34900\" src=\"https:\/\/www.santjosep.net\/wp-content\/uploads\/2016\/08\/Captura-de-pantalla-2023-08-22-a-las-15.42.48.png\" alt=\"\" width=\"693\" height=\"986\" srcset=\"https:\/\/www.santjosep.net\/wp-content\/uploads\/2016\/08\/Captura-de-pantalla-2023-08-22-a-las-15.42.48.png 693w, https:\/\/www.santjosep.net\/wp-content\/uploads\/2016\/08\/Captura-de-pantalla-2023-08-22-a-las-15.42.48-211x300.png 211w\" sizes=\"auto, (max-width: 693px) 100vw, 693px\" \/><\/p>\n","protected":false},"excerpt":{"rendered":"<p>En ple estiu tenim la sort de poder celebrar les festes patronals de Sant Agust\u00ed donis Vedr\u00e0, una de les m\u00e9s conegudes i esperades de tot el municipi. Cada 28 d&#8217;Agost es congreguen diferents grups musicals per a donar-li ritme [&hellip;]<\/p>\n","protected":false},"author":1,"featured_media":34906,"template":"","meta":{"_acf_changed":false,"inline_featured_image":false,"_tribe_events_status":"","_tribe_events_status_reason":"","footnotes":""},"tags":[],"tribe_events_cat":[187,188],"class_list":["post-34911","tribe_events","type-tribe_events","status-publish","has-post-thumbnail","hentry","tribe_events_cat-cultura","tribe_events_cat-festes-patronals","cat_cultura","cat_festes-patronals"],"acf":[],"yoast_head":"<!-- This site is optimized with the Yoast SEO plugin v25.7 - https:\/\/yoast.com\/wordpress\/plugins\/seo\/ -->\n<title>Festes de Sant Agust\u00ed 2023 - Santjosep.net<\/title>\n<meta name=\"robots\" content=\"index, follow, max-snippet:-1, max-image-preview:large, max-video-preview:-1\" \/>\n<link rel=\"canonical\" href=\"https:\/\/www.santjosep.net\/ca\/esdeveniment\/fiestas-sant-agusti-2016\/\" \/>\n<meta property=\"og:locale\" content=\"ca_ES\" \/>\n<meta property=\"og:type\" content=\"article\" \/>\n<meta property=\"og:title\" content=\"Festes de Sant Agust\u00ed 2023 - Santjosep.net\" \/>\n<meta property=\"og:description\" content=\"En ple estiu tenim la sort de poder celebrar les festes patronals de Sant Agust\u00ed donis Vedr\u00e0, una de les m\u00e9s conegudes i esperades de tot el municipi. Cada 28 d&#8217;Agost es congreguen diferents grups musicals per a donar-li ritme [&hellip;]\" \/>\n<meta property=\"og:url\" content=\"https:\/\/www.santjosep.net\/ca\/esdeveniment\/fiestas-sant-agusti-2016\/\" \/>\n<meta property=\"og:site_name\" content=\"Santjosep.net\" \/>\n<meta property=\"article:modified_time\" content=\"2023-08-22T13:49:54+00:00\" \/>\n<meta property=\"og:image\" content=\"https:\/\/www.santjosep.net\/wp-content\/uploads\/2016\/08\/240789943_4468609586548600_1335086210225978894_n.jpg\" \/>\n\t<meta property=\"og:image:width\" content=\"1200\" \/>\n\t<meta property=\"og:image:height\" content=\"1500\" \/>\n\t<meta property=\"og:image:type\" content=\"image\/jpeg\" \/>\n<meta name=\"twitter:card\" content=\"summary_large_image\" \/>\n<meta name=\"twitter:label1\" content=\"Temps estimat de lectura\" \/>\n\t<meta name=\"twitter:data1\" content=\"1 minut\" \/>\n<script type=\"application\/ld+json\" class=\"yoast-schema-graph\">{\"@context\":\"https:\/\/schema.org\",\"@graph\":[{\"@type\":\"WebPage\",\"@id\":\"https:\/\/www.santjosep.net\/ca\/esdeveniment\/fiestas-sant-agusti-2016\/\",\"url\":\"https:\/\/www.santjosep.net\/ca\/esdeveniment\/fiestas-sant-agusti-2016\/\",\"name\":\"Festes de Sant Agust\u00ed 2023 - Santjosep.net\",\"isPartOf\":{\"@id\":\"https:\/\/www.santjosep.net\/#website\"},\"primaryImageOfPage\":{\"@id\":\"https:\/\/www.santjosep.net\/ca\/esdeveniment\/fiestas-sant-agusti-2016\/#primaryimage\"},\"image\":{\"@id\":\"https:\/\/www.santjosep.net\/ca\/esdeveniment\/fiestas-sant-agusti-2016\/#primaryimage\"},\"thumbnailUrl\":\"https:\/\/www.santjosep.net\/wp-content\/uploads\/2016\/08\/240789943_4468609586548600_1335086210225978894_n.jpg\",\"datePublished\":\"2016-08-16T09:44:34+00:00\",\"dateModified\":\"2023-08-22T13:49:54+00:00\",\"breadcrumb\":{\"@id\":\"https:\/\/www.santjosep.net\/ca\/esdeveniment\/fiestas-sant-agusti-2016\/#breadcrumb\"},\"inLanguage\":\"ca\",\"potentialAction\":[{\"@type\":\"ReadAction\",\"target\":[\"https:\/\/www.santjosep.net\/ca\/esdeveniment\/fiestas-sant-agusti-2016\/\"]}]},{\"@type\":\"ImageObject\",\"inLanguage\":\"ca\",\"@id\":\"https:\/\/www.santjosep.net\/ca\/esdeveniment\/fiestas-sant-agusti-2016\/#primaryimage\",\"url\":\"https:\/\/www.santjosep.net\/wp-content\/uploads\/2016\/08\/240789943_4468609586548600_1335086210225978894_n.jpg\",\"contentUrl\":\"https:\/\/www.santjosep.net\/wp-content\/uploads\/2016\/08\/240789943_4468609586548600_1335086210225978894_n.jpg\",\"width\":1200,\"height\":1500},{\"@type\":\"BreadcrumbList\",\"@id\":\"https:\/\/www.santjosep.net\/ca\/esdeveniment\/fiestas-sant-agusti-2016\/#breadcrumb\",\"itemListElement\":[{\"@type\":\"ListItem\",\"position\":1,\"name\":\"Eventos\",\"item\":\"https:\/\/www.santjosep.net\/agenda\/\"},{\"@type\":\"ListItem\",\"position\":2,\"name\":\"Festes de Sant Agust\u00ed 2023\"}]},{\"@type\":\"WebSite\",\"@id\":\"https:\/\/www.santjosep.net\/#website\",\"url\":\"https:\/\/www.santjosep.net\/\",\"name\":\"Santjosep.net\",\"description\":\"\",\"potentialAction\":[{\"@type\":\"SearchAction\",\"target\":{\"@type\":\"EntryPoint\",\"urlTemplate\":\"https:\/\/www.santjosep.net\/?s={search_term_string}\"},\"query-input\":{\"@type\":\"PropertyValueSpecification\",\"valueRequired\":true,\"valueName\":\"search_term_string\"}}],\"inLanguage\":\"ca\"}]}<\/script>\n<!-- \/ Yoast SEO plugin. -->","yoast_head_json":{"title":"Festes de Sant Agust\u00ed 2023 - Santjosep.net","robots":{"index":"index","follow":"follow","max-snippet":"max-snippet:-1","max-image-preview":"max-image-preview:large","max-video-preview":"max-video-preview:-1"},"canonical":"https:\/\/www.santjosep.net\/ca\/esdeveniment\/fiestas-sant-agusti-2016\/","og_locale":"ca_ES","og_type":"article","og_title":"Festes de Sant Agust\u00ed 2023 - Santjosep.net","og_description":"En ple estiu tenim la sort de poder celebrar les festes patronals de Sant Agust\u00ed donis Vedr\u00e0, una de les m\u00e9s conegudes i esperades de tot el municipi. Cada 28 d&#8217;Agost es congreguen diferents grups musicals per a donar-li ritme [&hellip;]","og_url":"https:\/\/www.santjosep.net\/ca\/esdeveniment\/fiestas-sant-agusti-2016\/","og_site_name":"Santjosep.net","article_modified_time":"2023-08-22T13:49:54+00:00","og_image":[{"width":1200,"height":1500,"url":"https:\/\/www.santjosep.net\/wp-content\/uploads\/2016\/08\/240789943_4468609586548600_1335086210225978894_n.jpg","type":"image\/jpeg"}],"twitter_card":"summary_large_image","twitter_misc":{"Temps estimat de lectura":"1 minut"},"schema":{"@context":"https:\/\/schema.org","@graph":[{"@type":"WebPage","@id":"https:\/\/www.santjosep.net\/ca\/esdeveniment\/fiestas-sant-agusti-2016\/","url":"https:\/\/www.santjosep.net\/ca\/esdeveniment\/fiestas-sant-agusti-2016\/","name":"Festes de Sant Agust\u00ed 2023 - Santjosep.net","isPartOf":{"@id":"https:\/\/www.santjosep.net\/#website"},"primaryImageOfPage":{"@id":"https:\/\/www.santjosep.net\/ca\/esdeveniment\/fiestas-sant-agusti-2016\/#primaryimage"},"image":{"@id":"https:\/\/www.santjosep.net\/ca\/esdeveniment\/fiestas-sant-agusti-2016\/#primaryimage"},"thumbnailUrl":"https:\/\/www.santjosep.net\/wp-content\/uploads\/2016\/08\/240789943_4468609586548600_1335086210225978894_n.jpg","datePublished":"2016-08-16T09:44:34+00:00","dateModified":"2023-08-22T13:49:54+00:00","breadcrumb":{"@id":"https:\/\/www.santjosep.net\/ca\/esdeveniment\/fiestas-sant-agusti-2016\/#breadcrumb"},"inLanguage":"ca","potentialAction":[{"@type":"ReadAction","target":["https:\/\/www.santjosep.net\/ca\/esdeveniment\/fiestas-sant-agusti-2016\/"]}]},{"@type":"ImageObject","inLanguage":"ca","@id":"https:\/\/www.santjosep.net\/ca\/esdeveniment\/fiestas-sant-agusti-2016\/#primaryimage","url":"https:\/\/www.santjosep.net\/wp-content\/uploads\/2016\/08\/240789943_4468609586548600_1335086210225978894_n.jpg","contentUrl":"https:\/\/www.santjosep.net\/wp-content\/uploads\/2016\/08\/240789943_4468609586548600_1335086210225978894_n.jpg","width":1200,"height":1500},{"@type":"BreadcrumbList","@id":"https:\/\/www.santjosep.net\/ca\/esdeveniment\/fiestas-sant-agusti-2016\/#breadcrumb","itemListElement":[{"@type":"ListItem","position":1,"name":"Eventos","item":"https:\/\/www.santjosep.net\/agenda\/"},{"@type":"ListItem","position":2,"name":"Festes de Sant Agust\u00ed 2023"}]},{"@type":"WebSite","@id":"https:\/\/www.santjosep.net\/#website","url":"https:\/\/www.santjosep.net\/","name":"Santjosep.net","description":"","potentialAction":[{"@type":"SearchAction","target":{"@type":"EntryPoint","urlTemplate":"https:\/\/www.santjosep.net\/?s={search_term_string}"},"query-input":{"@type":"PropertyValueSpecification","valueRequired":true,"valueName":"search_term_string"}}],"inLanguage":"ca"}]}},"_links":{"self":[{"href":"https:\/\/www.santjosep.net\/ca\/wp-json\/wp\/v2\/tribe_events\/34911","targetHints":{"allow":["GET"]}}],"collection":[{"href":"https:\/\/www.santjosep.net\/ca\/wp-json\/wp\/v2\/tribe_events"}],"about":[{"href":"https:\/\/www.santjosep.net\/ca\/wp-json\/wp\/v2\/types\/tribe_events"}],"author":[{"embeddable":true,"href":"https:\/\/www.santjosep.net\/ca\/wp-json\/wp\/v2\/users\/1"}],"version-history":[{"count":0,"href":"https:\/\/www.santjosep.net\/ca\/wp-json\/wp\/v2\/tribe_events\/34911\/revisions"}],"wp:featuredmedia":[{"embeddable":true,"href":"https:\/\/www.santjosep.net\/ca\/wp-json\/wp\/v2\/media\/34906"}],"wp:attachment":[{"href":"https:\/\/www.santjosep.net\/ca\/wp-json\/wp\/v2\/media?parent=34911"}],"wp:term":[{"taxonomy":"post_tag","embeddable":true,"href":"https:\/\/www.santjosep.net\/ca\/wp-json\/wp\/v2\/tags?post=34911"},{"taxonomy":"tribe_events_cat","embeddable":true,"href":"https:\/\/www.santjosep.net\/ca\/wp-json\/wp\/v2\/tribe_events_cat?post=34911"}],"curies":[{"name":"wp","href":"https:\/\/api.w.org\/{rel}","templated":true}]}}

Festes de Sant Agustí 2023

<div class="traductor-textarea form-group">
<div class="textarea-desti col-xs-12 col-sm-6">
<div class="form-control second-textarea">En ple estiu tenim la sort de poder celebrar les festes patronals de Sant Agustí donis Vedrà, una de les més conegudes i esperades de tot el municipi. Cada 28 d&#8217;Agost es congreguen diferents grups musicals per a donar-li ritme a la nit estival mentre que es continua mantenint la tradició amb la missa en honor al patró i la seva clàssica processó seguida de balls folklòrics. A més també es pot gaudir de les diferents activitats esportives que se celebren i de tradicions tan arrelades com la festa donis Pou d’a Rafal. Un pla diferents per a l&#8217;estiu eivissenc.</div>
</div>
</div>
<h3><a href="https://festes.santjosep.org/programes/Festes-Sant-Agusti-2023.pdf"><span style="text-decoration: underline;"><strong>Descàrrega el programa de les festes de Sant Agustí 2023</strong></span></a></h3>
<p><img loading="lazy" decoding="async" class="alignnone size-full wp-image-34900" src="https://www.santjosep.net/wp-content/uploads/2016/08/Captura-de-pantalla-2023-08-22-a-las-15.42.48.png" alt="" width="693" height="986" srcset="https://www.santjosep.net/wp-content/uploads/2016/08/Captura-de-pantalla-2023-08-22-a-las-15.42.48.png 693w, https://www.santjosep.net/wp-content/uploads/2016/08/Captura-de-pantalla-2023-08-22-a-las-15.42.48-211x300.png 211w" sizes="auto, (max-width: 693px) 100vw, 693px" /></p>

<p>En ple estiu tenim la sort de poder celebrar les festes patronals de Sant Agustí donis Vedrà, una de les més conegudes i esperades de tot el municipi. Cada 28 d&#8217;Agost es congreguen diferents grups musicals per a donar-li ritme [&hellip;]</p>

<!-- This site is optimized with the Yoast SEO plugin v25.7 - https://yoast.com/wordpress/plugins/seo/ -->
<title>Festes de Sant Agustí 2023 - Santjosep.net</title>
<meta name="robots" content="index, follow, max-snippet:-1, max-image-preview:large, max-video-preview:-1" />
<link rel="canonical" href="https://www.santjosep.net/ca/esdeveniment/fiestas-sant-agusti-2016/" />
<meta property="og:locale" content="ca_ES" />
<meta property="og:type" content="article" />
<meta property="og:title" content="Festes de Sant Agustí 2023 - Santjosep.net" />
<meta property="og:description" content="En ple estiu tenim la sort de poder celebrar les festes patronals de Sant Agustí donis Vedrà, una de les més conegudes i esperades de tot el municipi. Cada 28 d&#8217;Agost es congreguen diferents grups musicals per a donar-li ritme [&hellip;]" />
<meta property="og:url" content="https://www.santjosep.net/ca/esdeveniment/fiestas-sant-agusti-2016/" />
<meta property="og:site_name" content="Santjosep.net" />
<meta property="article:modified_time" content="2023-08-22T13:49:54+00:00" />
<meta property="og:image" content="https://www.santjosep.net/wp-content/uploads/2016/08/240789943_4468609586548600_1335086210225978894_n.jpg" />
	<meta property="og:image:width" content="1200" />
	<meta property="og:image:height" content="1500" />
	<meta property="og:image:type" content="image/jpeg" />
<meta name="twitter:card" content="summary_large_image" />
<meta name="twitter:label1" content="Temps estimat de lectura" />
	<meta name="twitter:data1" content="1 minut" />
<script type="application/ld+json" class="yoast-schema-graph">{"@context":"https://schema.org","@graph":[{"@type":"WebPage","@id":"https://www.santjosep.net/ca/esdeveniment/fiestas-sant-agusti-2016/","url":"https://www.santjosep.net/ca/esdeveniment/fiestas-sant-agusti-2016/","name":"Festes de Sant Agustí 2023 - Santjosep.net","isPartOf":{"@id":"https://www.santjosep.net/#website"},"primaryImageOfPage":{"@id":"https://www.santjosep.net/ca/esdeveniment/fiestas-sant-agusti-2016/#primaryimage"},"image":{"@id":"https://www.santjosep.net/ca/esdeveniment/fiestas-sant-agusti-2016/#primaryimage"},"thumbnailUrl":"https://www.santjosep.net/wp-content/uploads/2016/08/240789943_4468609586548600_1335086210225978894_n.jpg","datePublished":"2016-08-16T09:44:34+00:00","dateModified":"2023-08-22T13:49:54+00:00","breadcrumb":{"@id":"https://www.santjosep.net/ca/esdeveniment/fiestas-sant-agusti-2016/#breadcrumb"},"inLanguage":"ca","potentialAction":[{"@type":"ReadAction","target":["https://www.santjosep.net/ca/esdeveniment/fiestas-sant-agusti-2016/"]}]},{"@type":"ImageObject","inLanguage":"ca","@id":"https://www.santjosep.net/ca/esdeveniment/fiestas-sant-agusti-2016/#primaryimage","url":"https://www.santjosep.net/wp-content/uploads/2016/08/240789943_4468609586548600_1335086210225978894_n.jpg","contentUrl":"https://www.santjosep.net/wp-content/uploads/2016/08/240789943_4468609586548600_1335086210225978894_n.jpg","width":1200,"height":1500},{"@type":"BreadcrumbList","@id":"https://www.santjosep.net/ca/esdeveniment/fiestas-sant-agusti-2016/#breadcrumb","itemListElement":[{"@type":"ListItem","position":1,"name":"Eventos","item":"https://www.santjosep.net/agenda/"},{"@type":"ListItem","position":2,"name":"Festes de Sant Agustí 2023"}]},{"@type":"WebSite","@id":"https://www.santjosep.net/#website","url":"https://www.santjosep.net/","name":"Santjosep.net","description":"","potentialAction":[{"@type":"SearchAction","target":{"@type":"EntryPoint","urlTemplate":"https://www.santjosep.net/?s={search_term_string}"},"query-input":{"@type":"PropertyValueSpecification","valueRequired":true,"valueName":"search_term_string"}}],"inLanguage":"ca"}]}</script>
<!-- / Yoast SEO plugin. -->

Festes de Sant Agustí 2023 - Santjosep.net

En ple estiu tenim la sort de poder celebrar les festes patronals de Sant Agustí donis Vedrà, una de les més conegudes i esperades de tot el municipi. Cada 28 d&#8217;Agost es congreguen diferents grups musicals per a donar-li ritme [&hellip;]
