{"id":34861,"date":"2023-07-13T10:36:11","date_gmt":"2023-07-13T08:36:11","guid":{"rendered":"https:\/\/www.santjosep.net\/evento\/sol-post-a-soli-fest\/"},"modified":"2023-07-13T15:32:28","modified_gmt":"2023-07-13T13:32:28","slug":"sol-post-a-soli-fest","status":"publish","type":"tribe_events","link":"https:\/\/www.santjosep.net\/ca\/esdeveniment\/sol-post-a-soli-fest\/","title":{"rendered":"Sol Post a s\u2019Oli Fest"},"content":{"rendered":"<div class=\"textarea-desti col-xs-12 col-sm-6\">\n<div class=\"form-control second-textarea\">Aquest estiu se celebra en el recinte exterior de l&#8217;Auditori Va calar de s\u2019Oli la primera edici\u00f3 del Sol Post a s\u2019Oli Fest, un cicle de concerts organitzat per l&#8217;Ajuntament de Sant Josep que t\u00e9 lloc tots els caps de setmana, des del 15 de juliol fins al 9 de setembre. El certamen compagina grups locals amb grans figures nacionals i estrangeres, com Larry Campbell &amp; Teresa Williams, Hafa Afrosweet, Jorge P\u00e9rez Patax Quartet, Mar S\u00e1nchez Tr\u00edo o Juantxin Gosava, entre altres. La barra i els food trucks obren a les 20 hores i el concert s&#8217;inicia amb la posta de sol.<\/p>\n<p><a href=\"https:\/\/cultura.santjosep.org\/sol-post-a-soli-fest\/\">VEURE PROGRAMACI\u00d3 CONCERTS<\/a><\/div>\n<\/div>\n<p><img loading=\"lazy\" decoding=\"async\" class=\"alignnone size-full wp-image-34851\" src=\"https:\/\/www.santjosep.net\/wp-content\/uploads\/2023\/07\/SOli-Fest_General-1-scaled-1.jpeg\" alt=\"\" width=\"2048\" height=\"2560\" srcset=\"https:\/\/www.santjosep.net\/wp-content\/uploads\/2023\/07\/SOli-Fest_General-1-scaled-1.jpeg 2048w, https:\/\/www.santjosep.net\/wp-content\/uploads\/2023\/07\/SOli-Fest_General-1-scaled-1-240x300.jpeg 240w, https:\/\/www.santjosep.net\/wp-content\/uploads\/2023\/07\/SOli-Fest_General-1-scaled-1-819x1024.jpeg 819w, https:\/\/www.santjosep.net\/wp-content\/uploads\/2023\/07\/SOli-Fest_General-1-scaled-1-768x960.jpeg 768w, https:\/\/www.santjosep.net\/wp-content\/uploads\/2023\/07\/SOli-Fest_General-1-scaled-1-1229x1536.jpeg 1229w, https:\/\/www.santjosep.net\/wp-content\/uploads\/2023\/07\/SOli-Fest_General-1-scaled-1-1638x2048.jpeg 1638w\" sizes=\"auto, (max-width: 2048px) 100vw, 2048px\" \/><\/p>\n<p>&nbsp;<\/p>\n","protected":false},"excerpt":{"rendered":"<p>Aquest estiu se celebra en el recinte exterior de l&#8217;Auditori Va calar de s\u2019Oli la primera edici\u00f3 del Sol Post a s\u2019Oli Fest, un cicle de concerts organitzat per l&#8217;Ajuntament de Sant Josep que t\u00e9 lloc tots els caps de [&hellip;]<\/p>\n","protected":false},"author":1,"featured_media":34856,"template":"","meta":{"_acf_changed":false,"inline_featured_image":false,"_tribe_events_status":"","_tribe_events_status_reason":"","footnotes":""},"tags":[],"tribe_events_cat":[187],"class_list":["post-34861","tribe_events","type-tribe_events","status-publish","has-post-thumbnail","hentry","tribe_events_cat-cultura","cat_cultura"],"acf":[],"yoast_head":"<!-- This site is optimized with the Yoast SEO plugin v25.7 - https:\/\/yoast.com\/wordpress\/plugins\/seo\/ -->\n<title>Sol Post a s\u2019Oli Fest - Santjosep.net<\/title>\n<meta name=\"robots\" content=\"index, follow, max-snippet:-1, max-image-preview:large, max-video-preview:-1\" \/>\n<link rel=\"canonical\" href=\"https:\/\/www.santjosep.net\/ca\/esdeveniment\/sol-post-a-soli-fest\/\" \/>\n<meta property=\"og:locale\" content=\"ca_ES\" \/>\n<meta property=\"og:type\" content=\"article\" \/>\n<meta property=\"og:title\" content=\"Sol Post a s\u2019Oli Fest - Santjosep.net\" \/>\n<meta property=\"og:description\" content=\"Aquest estiu se celebra en el recinte exterior de l&#8217;Auditori Va calar de s\u2019Oli la primera edici\u00f3 del Sol Post a s\u2019Oli Fest, un cicle de concerts organitzat per l&#8217;Ajuntament de Sant Josep que t\u00e9 lloc tots els caps de [&hellip;]\" \/>\n<meta property=\"og:url\" content=\"https:\/\/www.santjosep.net\/ca\/esdeveniment\/sol-post-a-soli-fest\/\" \/>\n<meta property=\"og:site_name\" content=\"Santjosep.net\" \/>\n<meta property=\"article:modified_time\" content=\"2023-07-13T13:32:28+00:00\" \/>\n<meta property=\"og:image\" content=\"https:\/\/www.santjosep.net\/wp-content\/uploads\/2023\/07\/359758645_284214830937417_5035072462044845258_n.jpg\" \/>\n\t<meta property=\"og:image:width\" content=\"2000\" \/>\n\t<meta property=\"og:image:height\" content=\"1334\" \/>\n\t<meta property=\"og:image:type\" content=\"image\/jpeg\" \/>\n<meta name=\"twitter:card\" content=\"summary_large_image\" \/>\n<meta name=\"twitter:label1\" content=\"Temps estimat de lectura\" \/>\n\t<meta name=\"twitter:data1\" content=\"1 minut\" \/>\n<script type=\"application\/ld+json\" class=\"yoast-schema-graph\">{\"@context\":\"https:\/\/schema.org\",\"@graph\":[{\"@type\":\"WebPage\",\"@id\":\"https:\/\/www.santjosep.net\/ca\/esdeveniment\/sol-post-a-soli-fest\/\",\"url\":\"https:\/\/www.santjosep.net\/ca\/esdeveniment\/sol-post-a-soli-fest\/\",\"name\":\"Sol Post a s\u2019Oli Fest - Santjosep.net\",\"isPartOf\":{\"@id\":\"https:\/\/www.santjosep.net\/#website\"},\"primaryImageOfPage\":{\"@id\":\"https:\/\/www.santjosep.net\/ca\/esdeveniment\/sol-post-a-soli-fest\/#primaryimage\"},\"image\":{\"@id\":\"https:\/\/www.santjosep.net\/ca\/esdeveniment\/sol-post-a-soli-fest\/#primaryimage\"},\"thumbnailUrl\":\"https:\/\/www.santjosep.net\/wp-content\/uploads\/2023\/07\/359758645_284214830937417_5035072462044845258_n.jpg\",\"datePublished\":\"2023-07-13T08:36:11+00:00\",\"dateModified\":\"2023-07-13T13:32:28+00:00\",\"breadcrumb\":{\"@id\":\"https:\/\/www.santjosep.net\/ca\/esdeveniment\/sol-post-a-soli-fest\/#breadcrumb\"},\"inLanguage\":\"ca\",\"potentialAction\":[{\"@type\":\"ReadAction\",\"target\":[\"https:\/\/www.santjosep.net\/ca\/esdeveniment\/sol-post-a-soli-fest\/\"]}]},{\"@type\":\"ImageObject\",\"inLanguage\":\"ca\",\"@id\":\"https:\/\/www.santjosep.net\/ca\/esdeveniment\/sol-post-a-soli-fest\/#primaryimage\",\"url\":\"https:\/\/www.santjosep.net\/wp-content\/uploads\/2023\/07\/359758645_284214830937417_5035072462044845258_n.jpg\",\"contentUrl\":\"https:\/\/www.santjosep.net\/wp-content\/uploads\/2023\/07\/359758645_284214830937417_5035072462044845258_n.jpg\",\"width\":2000,\"height\":1334},{\"@type\":\"BreadcrumbList\",\"@id\":\"https:\/\/www.santjosep.net\/ca\/esdeveniment\/sol-post-a-soli-fest\/#breadcrumb\",\"itemListElement\":[{\"@type\":\"ListItem\",\"position\":1,\"name\":\"Eventos\",\"item\":\"https:\/\/www.santjosep.net\/agenda\/\"},{\"@type\":\"ListItem\",\"position\":2,\"name\":\"Sol Post a s\u2019Oli Fest\"}]},{\"@type\":\"WebSite\",\"@id\":\"https:\/\/www.santjosep.net\/#website\",\"url\":\"https:\/\/www.santjosep.net\/\",\"name\":\"Santjosep.net\",\"description\":\"\",\"potentialAction\":[{\"@type\":\"SearchAction\",\"target\":{\"@type\":\"EntryPoint\",\"urlTemplate\":\"https:\/\/www.santjosep.net\/?s={search_term_string}\"},\"query-input\":{\"@type\":\"PropertyValueSpecification\",\"valueRequired\":true,\"valueName\":\"search_term_string\"}}],\"inLanguage\":\"ca\"}]}<\/script>\n<!-- \/ Yoast SEO plugin. -->","yoast_head_json":{"title":"Sol Post a s\u2019Oli Fest - Santjosep.net","robots":{"index":"index","follow":"follow","max-snippet":"max-snippet:-1","max-image-preview":"max-image-preview:large","max-video-preview":"max-video-preview:-1"},"canonical":"https:\/\/www.santjosep.net\/ca\/esdeveniment\/sol-post-a-soli-fest\/","og_locale":"ca_ES","og_type":"article","og_title":"Sol Post a s\u2019Oli Fest - Santjosep.net","og_description":"Aquest estiu se celebra en el recinte exterior de l&#8217;Auditori Va calar de s\u2019Oli la primera edici\u00f3 del Sol Post a s\u2019Oli Fest, un cicle de concerts organitzat per l&#8217;Ajuntament de Sant Josep que t\u00e9 lloc tots els caps de [&hellip;]","og_url":"https:\/\/www.santjosep.net\/ca\/esdeveniment\/sol-post-a-soli-fest\/","og_site_name":"Santjosep.net","article_modified_time":"2023-07-13T13:32:28+00:00","og_image":[{"width":2000,"height":1334,"url":"https:\/\/www.santjosep.net\/wp-content\/uploads\/2023\/07\/359758645_284214830937417_5035072462044845258_n.jpg","type":"image\/jpeg"}],"twitter_card":"summary_large_image","twitter_misc":{"Temps estimat de lectura":"1 minut"},"schema":{"@context":"https:\/\/schema.org","@graph":[{"@type":"WebPage","@id":"https:\/\/www.santjosep.net\/ca\/esdeveniment\/sol-post-a-soli-fest\/","url":"https:\/\/www.santjosep.net\/ca\/esdeveniment\/sol-post-a-soli-fest\/","name":"Sol Post a s\u2019Oli Fest - Santjosep.net","isPartOf":{"@id":"https:\/\/www.santjosep.net\/#website"},"primaryImageOfPage":{"@id":"https:\/\/www.santjosep.net\/ca\/esdeveniment\/sol-post-a-soli-fest\/#primaryimage"},"image":{"@id":"https:\/\/www.santjosep.net\/ca\/esdeveniment\/sol-post-a-soli-fest\/#primaryimage"},"thumbnailUrl":"https:\/\/www.santjosep.net\/wp-content\/uploads\/2023\/07\/359758645_284214830937417_5035072462044845258_n.jpg","datePublished":"2023-07-13T08:36:11+00:00","dateModified":"2023-07-13T13:32:28+00:00","breadcrumb":{"@id":"https:\/\/www.santjosep.net\/ca\/esdeveniment\/sol-post-a-soli-fest\/#breadcrumb"},"inLanguage":"ca","potentialAction":[{"@type":"ReadAction","target":["https:\/\/www.santjosep.net\/ca\/esdeveniment\/sol-post-a-soli-fest\/"]}]},{"@type":"ImageObject","inLanguage":"ca","@id":"https:\/\/www.santjosep.net\/ca\/esdeveniment\/sol-post-a-soli-fest\/#primaryimage","url":"https:\/\/www.santjosep.net\/wp-content\/uploads\/2023\/07\/359758645_284214830937417_5035072462044845258_n.jpg","contentUrl":"https:\/\/www.santjosep.net\/wp-content\/uploads\/2023\/07\/359758645_284214830937417_5035072462044845258_n.jpg","width":2000,"height":1334},{"@type":"BreadcrumbList","@id":"https:\/\/www.santjosep.net\/ca\/esdeveniment\/sol-post-a-soli-fest\/#breadcrumb","itemListElement":[{"@type":"ListItem","position":1,"name":"Eventos","item":"https:\/\/www.santjosep.net\/agenda\/"},{"@type":"ListItem","position":2,"name":"Sol Post a s\u2019Oli Fest"}]},{"@type":"WebSite","@id":"https:\/\/www.santjosep.net\/#website","url":"https:\/\/www.santjosep.net\/","name":"Santjosep.net","description":"","potentialAction":[{"@type":"SearchAction","target":{"@type":"EntryPoint","urlTemplate":"https:\/\/www.santjosep.net\/?s={search_term_string}"},"query-input":{"@type":"PropertyValueSpecification","valueRequired":true,"valueName":"search_term_string"}}],"inLanguage":"ca"}]}},"_links":{"self":[{"href":"https:\/\/www.santjosep.net\/ca\/wp-json\/wp\/v2\/tribe_events\/34861","targetHints":{"allow":["GET"]}}],"collection":[{"href":"https:\/\/www.santjosep.net\/ca\/wp-json\/wp\/v2\/tribe_events"}],"about":[{"href":"https:\/\/www.santjosep.net\/ca\/wp-json\/wp\/v2\/types\/tribe_events"}],"author":[{"embeddable":true,"href":"https:\/\/www.santjosep.net\/ca\/wp-json\/wp\/v2\/users\/1"}],"version-history":[{"count":0,"href":"https:\/\/www.santjosep.net\/ca\/wp-json\/wp\/v2\/tribe_events\/34861\/revisions"}],"wp:featuredmedia":[{"embeddable":true,"href":"https:\/\/www.santjosep.net\/ca\/wp-json\/wp\/v2\/media\/34856"}],"wp:attachment":[{"href":"https:\/\/www.santjosep.net\/ca\/wp-json\/wp\/v2\/media?parent=34861"}],"wp:term":[{"taxonomy":"post_tag","embeddable":true,"href":"https:\/\/www.santjosep.net\/ca\/wp-json\/wp\/v2\/tags?post=34861"},{"taxonomy":"tribe_events_cat","embeddable":true,"href":"https:\/\/www.santjosep.net\/ca\/wp-json\/wp\/v2\/tribe_events_cat?post=34861"}],"curies":[{"name":"wp","href":"https:\/\/api.w.org\/{rel}","templated":true}]}}

<div class="textarea-desti col-xs-12 col-sm-6">
<div class="form-control second-textarea">Aquest estiu se celebra en el recinte exterior de l&#8217;Auditori Va calar de s’Oli la primera edició del Sol Post a s’Oli Fest, un cicle de concerts organitzat per l&#8217;Ajuntament de Sant Josep que té lloc tots els caps de setmana, des del 15 de juliol fins al 9 de setembre. El certamen compagina grups locals amb grans figures nacionals i estrangeres, com Larry Campbell &amp; Teresa Williams, Hafa Afrosweet, Jorge Pérez Patax Quartet, Mar Sánchez Trío o Juantxin Gosava, entre altres. La barra i els food trucks obren a les 20 hores i el concert s&#8217;inicia amb la posta de sol.</p>
<p><a href="https://cultura.santjosep.org/sol-post-a-soli-fest/">VEURE PROGRAMACIÓ CONCERTS</a></div>
</div>
<p><img loading="lazy" decoding="async" class="alignnone size-full wp-image-34851" src="https://www.santjosep.net/wp-content/uploads/2023/07/SOli-Fest_General-1-scaled-1.jpeg" alt="" width="2048" height="2560" srcset="https://www.santjosep.net/wp-content/uploads/2023/07/SOli-Fest_General-1-scaled-1.jpeg 2048w, https://www.santjosep.net/wp-content/uploads/2023/07/SOli-Fest_General-1-scaled-1-240x300.jpeg 240w, https://www.santjosep.net/wp-content/uploads/2023/07/SOli-Fest_General-1-scaled-1-819x1024.jpeg 819w, https://www.santjosep.net/wp-content/uploads/2023/07/SOli-Fest_General-1-scaled-1-768x960.jpeg 768w, https://www.santjosep.net/wp-content/uploads/2023/07/SOli-Fest_General-1-scaled-1-1229x1536.jpeg 1229w, https://www.santjosep.net/wp-content/uploads/2023/07/SOli-Fest_General-1-scaled-1-1638x2048.jpeg 1638w" sizes="auto, (max-width: 2048px) 100vw, 2048px" /></p>
<p>&nbsp;</p>

<p>Aquest estiu se celebra en el recinte exterior de l&#8217;Auditori Va calar de s’Oli la primera edició del Sol Post a s’Oli Fest, un cicle de concerts organitzat per l&#8217;Ajuntament de Sant Josep que té lloc tots els caps de [&hellip;]</p>

<!-- This site is optimized with the Yoast SEO plugin v25.7 - https://yoast.com/wordpress/plugins/seo/ -->
<title>Sol Post a s’Oli Fest - Santjosep.net</title>
<meta name="robots" content="index, follow, max-snippet:-1, max-image-preview:large, max-video-preview:-1" />
<link rel="canonical" href="https://www.santjosep.net/ca/esdeveniment/sol-post-a-soli-fest/" />
<meta property="og:locale" content="ca_ES" />
<meta property="og:type" content="article" />
<meta property="og:title" content="Sol Post a s’Oli Fest - Santjosep.net" />
<meta property="og:description" content="Aquest estiu se celebra en el recinte exterior de l&#8217;Auditori Va calar de s’Oli la primera edició del Sol Post a s’Oli Fest, un cicle de concerts organitzat per l&#8217;Ajuntament de Sant Josep que té lloc tots els caps de [&hellip;]" />
<meta property="og:url" content="https://www.santjosep.net/ca/esdeveniment/sol-post-a-soli-fest/" />
<meta property="og:site_name" content="Santjosep.net" />
<meta property="article:modified_time" content="2023-07-13T13:32:28+00:00" />
<meta property="og:image" content="https://www.santjosep.net/wp-content/uploads/2023/07/359758645_284214830937417_5035072462044845258_n.jpg" />
	<meta property="og:image:width" content="2000" />
	<meta property="og:image:height" content="1334" />
	<meta property="og:image:type" content="image/jpeg" />
<meta name="twitter:card" content="summary_large_image" />
<meta name="twitter:label1" content="Temps estimat de lectura" />
	<meta name="twitter:data1" content="1 minut" />
<script type="application/ld+json" class="yoast-schema-graph">{"@context":"https://schema.org","@graph":[{"@type":"WebPage","@id":"https://www.santjosep.net/ca/esdeveniment/sol-post-a-soli-fest/","url":"https://www.santjosep.net/ca/esdeveniment/sol-post-a-soli-fest/","name":"Sol Post a s’Oli Fest - Santjosep.net","isPartOf":{"@id":"https://www.santjosep.net/#website"},"primaryImageOfPage":{"@id":"https://www.santjosep.net/ca/esdeveniment/sol-post-a-soli-fest/#primaryimage"},"image":{"@id":"https://www.santjosep.net/ca/esdeveniment/sol-post-a-soli-fest/#primaryimage"},"thumbnailUrl":"https://www.santjosep.net/wp-content/uploads/2023/07/359758645_284214830937417_5035072462044845258_n.jpg","datePublished":"2023-07-13T08:36:11+00:00","dateModified":"2023-07-13T13:32:28+00:00","breadcrumb":{"@id":"https://www.santjosep.net/ca/esdeveniment/sol-post-a-soli-fest/#breadcrumb"},"inLanguage":"ca","potentialAction":[{"@type":"ReadAction","target":["https://www.santjosep.net/ca/esdeveniment/sol-post-a-soli-fest/"]}]},{"@type":"ImageObject","inLanguage":"ca","@id":"https://www.santjosep.net/ca/esdeveniment/sol-post-a-soli-fest/#primaryimage","url":"https://www.santjosep.net/wp-content/uploads/2023/07/359758645_284214830937417_5035072462044845258_n.jpg","contentUrl":"https://www.santjosep.net/wp-content/uploads/2023/07/359758645_284214830937417_5035072462044845258_n.jpg","width":2000,"height":1334},{"@type":"BreadcrumbList","@id":"https://www.santjosep.net/ca/esdeveniment/sol-post-a-soli-fest/#breadcrumb","itemListElement":[{"@type":"ListItem","position":1,"name":"Eventos","item":"https://www.santjosep.net/agenda/"},{"@type":"ListItem","position":2,"name":"Sol Post a s’Oli Fest"}]},{"@type":"WebSite","@id":"https://www.santjosep.net/#website","url":"https://www.santjosep.net/","name":"Santjosep.net","description":"","potentialAction":[{"@type":"SearchAction","target":{"@type":"EntryPoint","urlTemplate":"https://www.santjosep.net/?s={search_term_string}"},"query-input":{"@type":"PropertyValueSpecification","valueRequired":true,"valueName":"search_term_string"}}],"inLanguage":"ca"}]}</script>
<!-- / Yoast SEO plugin. -->

Aquest estiu se celebra en el recinte exterior de l&#8217;Auditori Va calar de s’Oli la primera edició del Sol Post a s’Oli Fest, un cicle de concerts organitzat per l&#8217;Ajuntament de Sant Josep que té lloc tots els caps de [&hellip;]
