{"id":34565,"date":"2023-05-17T09:24:33","date_gmt":"2023-05-17T07:24:33","guid":{"rendered":"https:\/\/www.santjosep.net\/evento\/concierto-dick-oatts-the-dam-jawn\/"},"modified":"2023-05-17T09:26:32","modified_gmt":"2023-05-17T07:26:32","slug":"concierto-dick-oatts-the-dam-jawn","status":"publish","type":"tribe_events","link":"https:\/\/www.santjosep.net\/ca\/esdeveniment\/concierto-dick-oatts-the-dam-jawn\/","title":{"rendered":"Concert \u2013 \u2018Dick Oatts &#038; The Dam Jawn\u2019"},"content":{"rendered":"<p>The Dam Jawn \u00e9s una banda formada per cinc joves m\u00fasics de l\u2019escena de Jazz holandesa. Tots ells es van formar com a grup a trav\u00e9s d\u2019una experi\u00e8ncia compartida als Estats Units. Havent viscut i estudiat junts a Filad\u00e8lfia durant mig any, van trobar la seva veu col\u00b7lectiva composant i arranjant la seva propia m\u00fasica original inspirada en la seva experi\u00e8ncia.<\/p>\n<p>Tot i que els cinc components de The Dam Jawn viuen i estan actius a Amsterdam, el Quintet \u00e9s molt internacional. Mart\u00edn D\u00edaz (saxo alt) i Joan Fort (guitarra) naixen a Catalunya, Espanya. Philip Lewin (contrabaixista) a Stuttgart (Alemanya) y Nitin Parree (bateria), aix\u00ed com Frank Groenendijk (saxo tenor) s\u00f3n dels Pa\u00efsos Baixos. El seu \u00e0lbum debut compta amb la col\u00b7laboraci\u00f3 del llegendari saxofonista alt Dick Oatts, afincat a Nova York i membre de formacions ic\u00f3niques de la hist\u00f2ria del jazz. The Dam Jawn s\u2019ha unit i ha format el seu propi so inspirat en l\u2019energia i el sentimient de l\u2019escena actual de Jazz de Filad\u00e8lfia, aix\u00ed com en el seu ric passat musical.<\/p>\n<p>Per aquesta ocasi\u00f3, i exclusivament per aquesta gira de presentaci\u00f3 del disc, conviden al mateix Dick Oatts des de Nova York per a realitzar aquest European Tour 2023 on presenten el seu \u00e0lbum debut \u201cMaster Street\u201d, gravat a Philadelphia a la primavera de 2022. Una ocasi\u00f3 \u00fanica que promet ser recordada.<\/p>\n<p><strong>Components:<\/strong><\/p>\n<ul>\n<li>Dick Oatts \u2013 saxo alt<\/li>\n<li>Martin Diaz \u2013 saxo alt<\/li>\n<li>Frank Groenendijk \u2013 saxo tenor<\/li>\n<li>Joan Fort \u2013 guitarra<\/li>\n<li>Philip Lewin \u2013 contrabaix<\/li>\n<li>Nitin Parree \u2013 bateria<\/li>\n<\/ul>\n<p>&nbsp;<\/p>\n<p><img loading=\"lazy\" decoding=\"async\" class=\"alignnone size-full wp-image-34560\" src=\"https:\/\/www.santjosep.net\/wp-content\/uploads\/2023\/05\/305ba9cf-ec17-44d7-a5e1-2c423bfda713-1.jpeg\" alt=\"\" width=\"1448\" height=\"1446\" srcset=\"https:\/\/www.santjosep.net\/wp-content\/uploads\/2023\/05\/305ba9cf-ec17-44d7-a5e1-2c423bfda713-1.jpeg 1448w, https:\/\/www.santjosep.net\/wp-content\/uploads\/2023\/05\/305ba9cf-ec17-44d7-a5e1-2c423bfda713-1-300x300.jpeg 300w, https:\/\/www.santjosep.net\/wp-content\/uploads\/2023\/05\/305ba9cf-ec17-44d7-a5e1-2c423bfda713-1-1024x1024.jpeg 1024w, https:\/\/www.santjosep.net\/wp-content\/uploads\/2023\/05\/305ba9cf-ec17-44d7-a5e1-2c423bfda713-1-150x150.jpeg 150w, https:\/\/www.santjosep.net\/wp-content\/uploads\/2023\/05\/305ba9cf-ec17-44d7-a5e1-2c423bfda713-1-768x767.jpeg 768w, https:\/\/www.santjosep.net\/wp-content\/uploads\/2023\/05\/305ba9cf-ec17-44d7-a5e1-2c423bfda713-1-550x550.jpeg 550w\" sizes=\"auto, (max-width: 1448px) 100vw, 1448px\" \/><\/p>\n","protected":false},"excerpt":{"rendered":"<p>The Dam Jawn \u00e9s una banda formada per cinc joves m\u00fasics de l\u2019escena de Jazz holandesa. Tots ells es van formar com a grup a trav\u00e9s d\u2019una experi\u00e8ncia compartida als Estats Units. Havent viscut i estudiat junts a Filad\u00e8lfia durant [&hellip;]<\/p>\n","protected":false},"author":1,"featured_media":34554,"template":"","meta":{"_acf_changed":false,"inline_featured_image":false,"_tribe_events_status":"","_tribe_events_status_reason":"","footnotes":""},"tags":[],"tribe_events_cat":[187],"class_list":["post-34565","tribe_events","type-tribe_events","status-publish","has-post-thumbnail","hentry","tribe_events_cat-cultura","cat_cultura"],"acf":[],"yoast_head":"<!-- This site is optimized with the Yoast SEO plugin v25.7 - https:\/\/yoast.com\/wordpress\/plugins\/seo\/ -->\n<title>Concert \u2013 \u2018Dick Oatts &amp; The Dam Jawn\u2019 - Santjosep.net<\/title>\n<meta name=\"robots\" content=\"index, follow, max-snippet:-1, max-image-preview:large, max-video-preview:-1\" \/>\n<link rel=\"canonical\" href=\"https:\/\/www.santjosep.net\/ca\/esdeveniment\/concierto-dick-oatts-the-dam-jawn\/\" \/>\n<meta property=\"og:locale\" content=\"ca_ES\" \/>\n<meta property=\"og:type\" content=\"article\" \/>\n<meta property=\"og:title\" content=\"Concert \u2013 \u2018Dick Oatts &amp; The Dam Jawn\u2019 - Santjosep.net\" \/>\n<meta property=\"og:description\" content=\"The Dam Jawn \u00e9s una banda formada per cinc joves m\u00fasics de l\u2019escena de Jazz holandesa. Tots ells es van formar com a grup a trav\u00e9s d\u2019una experi\u00e8ncia compartida als Estats Units. Havent viscut i estudiat junts a Filad\u00e8lfia durant [&hellip;]\" \/>\n<meta property=\"og:url\" content=\"https:\/\/www.santjosep.net\/ca\/esdeveniment\/concierto-dick-oatts-the-dam-jawn\/\" \/>\n<meta property=\"og:site_name\" content=\"Santjosep.net\" \/>\n<meta property=\"article:modified_time\" content=\"2023-05-17T07:26:32+00:00\" \/>\n<meta property=\"og:image\" content=\"https:\/\/www.santjosep.net\/wp-content\/uploads\/2023\/05\/The-Dam-Jawn-1.jpeg\" \/>\n\t<meta property=\"og:image:width\" content=\"1600\" \/>\n\t<meta property=\"og:image:height\" content=\"1067\" \/>\n\t<meta property=\"og:image:type\" content=\"image\/jpeg\" \/>\n<meta name=\"twitter:card\" content=\"summary_large_image\" \/>\n<meta name=\"twitter:label1\" content=\"Temps estimat de lectura\" \/>\n\t<meta name=\"twitter:data1\" content=\"2 minuts\" \/>\n<script type=\"application\/ld+json\" class=\"yoast-schema-graph\">{\"@context\":\"https:\/\/schema.org\",\"@graph\":[{\"@type\":\"WebPage\",\"@id\":\"https:\/\/www.santjosep.net\/ca\/esdeveniment\/concierto-dick-oatts-the-dam-jawn\/\",\"url\":\"https:\/\/www.santjosep.net\/ca\/esdeveniment\/concierto-dick-oatts-the-dam-jawn\/\",\"name\":\"Concert \u2013 \u2018Dick Oatts & The Dam Jawn\u2019 - Santjosep.net\",\"isPartOf\":{\"@id\":\"https:\/\/www.santjosep.net\/#website\"},\"primaryImageOfPage\":{\"@id\":\"https:\/\/www.santjosep.net\/ca\/esdeveniment\/concierto-dick-oatts-the-dam-jawn\/#primaryimage\"},\"image\":{\"@id\":\"https:\/\/www.santjosep.net\/ca\/esdeveniment\/concierto-dick-oatts-the-dam-jawn\/#primaryimage\"},\"thumbnailUrl\":\"https:\/\/www.santjosep.net\/wp-content\/uploads\/2023\/05\/The-Dam-Jawn-1.jpeg\",\"datePublished\":\"2023-05-17T07:24:33+00:00\",\"dateModified\":\"2023-05-17T07:26:32+00:00\",\"breadcrumb\":{\"@id\":\"https:\/\/www.santjosep.net\/ca\/esdeveniment\/concierto-dick-oatts-the-dam-jawn\/#breadcrumb\"},\"inLanguage\":\"ca\",\"potentialAction\":[{\"@type\":\"ReadAction\",\"target\":[\"https:\/\/www.santjosep.net\/ca\/esdeveniment\/concierto-dick-oatts-the-dam-jawn\/\"]}]},{\"@type\":\"ImageObject\",\"inLanguage\":\"ca\",\"@id\":\"https:\/\/www.santjosep.net\/ca\/esdeveniment\/concierto-dick-oatts-the-dam-jawn\/#primaryimage\",\"url\":\"https:\/\/www.santjosep.net\/wp-content\/uploads\/2023\/05\/The-Dam-Jawn-1.jpeg\",\"contentUrl\":\"https:\/\/www.santjosep.net\/wp-content\/uploads\/2023\/05\/The-Dam-Jawn-1.jpeg\",\"width\":1600,\"height\":1067},{\"@type\":\"BreadcrumbList\",\"@id\":\"https:\/\/www.santjosep.net\/ca\/esdeveniment\/concierto-dick-oatts-the-dam-jawn\/#breadcrumb\",\"itemListElement\":[{\"@type\":\"ListItem\",\"position\":1,\"name\":\"Eventos\",\"item\":\"https:\/\/www.santjosep.net\/agenda\/\"},{\"@type\":\"ListItem\",\"position\":2,\"name\":\"Concert \u2013 \u2018Dick Oatts &#038; The Dam Jawn\u2019\"}]},{\"@type\":\"WebSite\",\"@id\":\"https:\/\/www.santjosep.net\/#website\",\"url\":\"https:\/\/www.santjosep.net\/\",\"name\":\"Santjosep.net\",\"description\":\"\",\"potentialAction\":[{\"@type\":\"SearchAction\",\"target\":{\"@type\":\"EntryPoint\",\"urlTemplate\":\"https:\/\/www.santjosep.net\/?s={search_term_string}\"},\"query-input\":{\"@type\":\"PropertyValueSpecification\",\"valueRequired\":true,\"valueName\":\"search_term_string\"}}],\"inLanguage\":\"ca\"}]}<\/script>\n<!-- \/ Yoast SEO plugin. -->","yoast_head_json":{"title":"Concert \u2013 \u2018Dick Oatts & The Dam Jawn\u2019 - Santjosep.net","robots":{"index":"index","follow":"follow","max-snippet":"max-snippet:-1","max-image-preview":"max-image-preview:large","max-video-preview":"max-video-preview:-1"},"canonical":"https:\/\/www.santjosep.net\/ca\/esdeveniment\/concierto-dick-oatts-the-dam-jawn\/","og_locale":"ca_ES","og_type":"article","og_title":"Concert \u2013 \u2018Dick Oatts & The Dam Jawn\u2019 - Santjosep.net","og_description":"The Dam Jawn \u00e9s una banda formada per cinc joves m\u00fasics de l\u2019escena de Jazz holandesa. Tots ells es van formar com a grup a trav\u00e9s d\u2019una experi\u00e8ncia compartida als Estats Units. Havent viscut i estudiat junts a Filad\u00e8lfia durant [&hellip;]","og_url":"https:\/\/www.santjosep.net\/ca\/esdeveniment\/concierto-dick-oatts-the-dam-jawn\/","og_site_name":"Santjosep.net","article_modified_time":"2023-05-17T07:26:32+00:00","og_image":[{"width":1600,"height":1067,"url":"https:\/\/www.santjosep.net\/wp-content\/uploads\/2023\/05\/The-Dam-Jawn-1.jpeg","type":"image\/jpeg"}],"twitter_card":"summary_large_image","twitter_misc":{"Temps estimat de lectura":"2 minuts"},"schema":{"@context":"https:\/\/schema.org","@graph":[{"@type":"WebPage","@id":"https:\/\/www.santjosep.net\/ca\/esdeveniment\/concierto-dick-oatts-the-dam-jawn\/","url":"https:\/\/www.santjosep.net\/ca\/esdeveniment\/concierto-dick-oatts-the-dam-jawn\/","name":"Concert \u2013 \u2018Dick Oatts & The Dam Jawn\u2019 - Santjosep.net","isPartOf":{"@id":"https:\/\/www.santjosep.net\/#website"},"primaryImageOfPage":{"@id":"https:\/\/www.santjosep.net\/ca\/esdeveniment\/concierto-dick-oatts-the-dam-jawn\/#primaryimage"},"image":{"@id":"https:\/\/www.santjosep.net\/ca\/esdeveniment\/concierto-dick-oatts-the-dam-jawn\/#primaryimage"},"thumbnailUrl":"https:\/\/www.santjosep.net\/wp-content\/uploads\/2023\/05\/The-Dam-Jawn-1.jpeg","datePublished":"2023-05-17T07:24:33+00:00","dateModified":"2023-05-17T07:26:32+00:00","breadcrumb":{"@id":"https:\/\/www.santjosep.net\/ca\/esdeveniment\/concierto-dick-oatts-the-dam-jawn\/#breadcrumb"},"inLanguage":"ca","potentialAction":[{"@type":"ReadAction","target":["https:\/\/www.santjosep.net\/ca\/esdeveniment\/concierto-dick-oatts-the-dam-jawn\/"]}]},{"@type":"ImageObject","inLanguage":"ca","@id":"https:\/\/www.santjosep.net\/ca\/esdeveniment\/concierto-dick-oatts-the-dam-jawn\/#primaryimage","url":"https:\/\/www.santjosep.net\/wp-content\/uploads\/2023\/05\/The-Dam-Jawn-1.jpeg","contentUrl":"https:\/\/www.santjosep.net\/wp-content\/uploads\/2023\/05\/The-Dam-Jawn-1.jpeg","width":1600,"height":1067},{"@type":"BreadcrumbList","@id":"https:\/\/www.santjosep.net\/ca\/esdeveniment\/concierto-dick-oatts-the-dam-jawn\/#breadcrumb","itemListElement":[{"@type":"ListItem","position":1,"name":"Eventos","item":"https:\/\/www.santjosep.net\/agenda\/"},{"@type":"ListItem","position":2,"name":"Concert \u2013 \u2018Dick Oatts &#038; The Dam Jawn\u2019"}]},{"@type":"WebSite","@id":"https:\/\/www.santjosep.net\/#website","url":"https:\/\/www.santjosep.net\/","name":"Santjosep.net","description":"","potentialAction":[{"@type":"SearchAction","target":{"@type":"EntryPoint","urlTemplate":"https:\/\/www.santjosep.net\/?s={search_term_string}"},"query-input":{"@type":"PropertyValueSpecification","valueRequired":true,"valueName":"search_term_string"}}],"inLanguage":"ca"}]}},"_links":{"self":[{"href":"https:\/\/www.santjosep.net\/ca\/wp-json\/wp\/v2\/tribe_events\/34565","targetHints":{"allow":["GET"]}}],"collection":[{"href":"https:\/\/www.santjosep.net\/ca\/wp-json\/wp\/v2\/tribe_events"}],"about":[{"href":"https:\/\/www.santjosep.net\/ca\/wp-json\/wp\/v2\/types\/tribe_events"}],"author":[{"embeddable":true,"href":"https:\/\/www.santjosep.net\/ca\/wp-json\/wp\/v2\/users\/1"}],"version-history":[{"count":0,"href":"https:\/\/www.santjosep.net\/ca\/wp-json\/wp\/v2\/tribe_events\/34565\/revisions"}],"wp:featuredmedia":[{"embeddable":true,"href":"https:\/\/www.santjosep.net\/ca\/wp-json\/wp\/v2\/media\/34554"}],"wp:attachment":[{"href":"https:\/\/www.santjosep.net\/ca\/wp-json\/wp\/v2\/media?parent=34565"}],"wp:term":[{"taxonomy":"post_tag","embeddable":true,"href":"https:\/\/www.santjosep.net\/ca\/wp-json\/wp\/v2\/tags?post=34565"},{"taxonomy":"tribe_events_cat","embeddable":true,"href":"https:\/\/www.santjosep.net\/ca\/wp-json\/wp\/v2\/tribe_events_cat?post=34565"}],"curies":[{"name":"wp","href":"https:\/\/api.w.org\/{rel}","templated":true}]}}

<p>The Dam Jawn és una banda formada per cinc joves músics de l’escena de Jazz holandesa. Tots ells es van formar com a grup a través d’una experiència compartida als Estats Units. Havent viscut i estudiat junts a Filadèlfia durant mig any, van trobar la seva veu col·lectiva composant i arranjant la seva propia música original inspirada en la seva experiència.</p>
<p>Tot i que els cinc components de The Dam Jawn viuen i estan actius a Amsterdam, el Quintet és molt internacional. Martín Díaz (saxo alt) i Joan Fort (guitarra) naixen a Catalunya, Espanya. Philip Lewin (contrabaixista) a Stuttgart (Alemanya) y Nitin Parree (bateria), així com Frank Groenendijk (saxo tenor) són dels Països Baixos. El seu àlbum debut compta amb la col·laboració del llegendari saxofonista alt Dick Oatts, afincat a Nova York i membre de formacions icóniques de la història del jazz. The Dam Jawn s’ha unit i ha format el seu propi so inspirat en l’energia i el sentimient de l’escena actual de Jazz de Filadèlfia, així com en el seu ric passat musical.</p>
<p>Per aquesta ocasió, i exclusivament per aquesta gira de presentació del disc, conviden al mateix Dick Oatts des de Nova York per a realitzar aquest European Tour 2023 on presenten el seu àlbum debut “Master Street”, gravat a Philadelphia a la primavera de 2022. Una ocasió única que promet ser recordada.</p>
<p><strong>Components:</strong></p>
<ul>
<li>Dick Oatts – saxo alt</li>
<li>Martin Diaz – saxo alt</li>
<li>Frank Groenendijk – saxo tenor</li>
<li>Joan Fort – guitarra</li>
<li>Philip Lewin – contrabaix</li>
<li>Nitin Parree – bateria</li>
</ul>
<p>&nbsp;</p>
<p><img loading="lazy" decoding="async" class="alignnone size-full wp-image-34560" src="https://www.santjosep.net/wp-content/uploads/2023/05/305ba9cf-ec17-44d7-a5e1-2c423bfda713-1.jpeg" alt="" width="1448" height="1446" srcset="https://www.santjosep.net/wp-content/uploads/2023/05/305ba9cf-ec17-44d7-a5e1-2c423bfda713-1.jpeg 1448w, https://www.santjosep.net/wp-content/uploads/2023/05/305ba9cf-ec17-44d7-a5e1-2c423bfda713-1-300x300.jpeg 300w, https://www.santjosep.net/wp-content/uploads/2023/05/305ba9cf-ec17-44d7-a5e1-2c423bfda713-1-1024x1024.jpeg 1024w, https://www.santjosep.net/wp-content/uploads/2023/05/305ba9cf-ec17-44d7-a5e1-2c423bfda713-1-150x150.jpeg 150w, https://www.santjosep.net/wp-content/uploads/2023/05/305ba9cf-ec17-44d7-a5e1-2c423bfda713-1-768x767.jpeg 768w, https://www.santjosep.net/wp-content/uploads/2023/05/305ba9cf-ec17-44d7-a5e1-2c423bfda713-1-550x550.jpeg 550w" sizes="auto, (max-width: 1448px) 100vw, 1448px" /></p>

<p>The Dam Jawn és una banda formada per cinc joves músics de l’escena de Jazz holandesa. Tots ells es van formar com a grup a través d’una experiència compartida als Estats Units. Havent viscut i estudiat junts a Filadèlfia durant [&hellip;]</p>

<!-- This site is optimized with the Yoast SEO plugin v25.7 - https://yoast.com/wordpress/plugins/seo/ -->
<title>Concert – ‘Dick Oatts &amp; The Dam Jawn’ - Santjosep.net</title>
<meta name="robots" content="index, follow, max-snippet:-1, max-image-preview:large, max-video-preview:-1" />
<link rel="canonical" href="https://www.santjosep.net/ca/esdeveniment/concierto-dick-oatts-the-dam-jawn/" />
<meta property="og:locale" content="ca_ES" />
<meta property="og:type" content="article" />
<meta property="og:title" content="Concert – ‘Dick Oatts &amp; The Dam Jawn’ - Santjosep.net" />
<meta property="og:description" content="The Dam Jawn és una banda formada per cinc joves músics de l’escena de Jazz holandesa. Tots ells es van formar com a grup a través d’una experiència compartida als Estats Units. Havent viscut i estudiat junts a Filadèlfia durant [&hellip;]" />
<meta property="og:url" content="https://www.santjosep.net/ca/esdeveniment/concierto-dick-oatts-the-dam-jawn/" />
<meta property="og:site_name" content="Santjosep.net" />
<meta property="article:modified_time" content="2023-05-17T07:26:32+00:00" />
<meta property="og:image" content="https://www.santjosep.net/wp-content/uploads/2023/05/The-Dam-Jawn-1.jpeg" />
	<meta property="og:image:width" content="1600" />
	<meta property="og:image:height" content="1067" />
	<meta property="og:image:type" content="image/jpeg" />
<meta name="twitter:card" content="summary_large_image" />
<meta name="twitter:label1" content="Temps estimat de lectura" />
	<meta name="twitter:data1" content="2 minuts" />
<script type="application/ld+json" class="yoast-schema-graph">{"@context":"https://schema.org","@graph":[{"@type":"WebPage","@id":"https://www.santjosep.net/ca/esdeveniment/concierto-dick-oatts-the-dam-jawn/","url":"https://www.santjosep.net/ca/esdeveniment/concierto-dick-oatts-the-dam-jawn/","name":"Concert – ‘Dick Oatts & The Dam Jawn’ - Santjosep.net","isPartOf":{"@id":"https://www.santjosep.net/#website"},"primaryImageOfPage":{"@id":"https://www.santjosep.net/ca/esdeveniment/concierto-dick-oatts-the-dam-jawn/#primaryimage"},"image":{"@id":"https://www.santjosep.net/ca/esdeveniment/concierto-dick-oatts-the-dam-jawn/#primaryimage"},"thumbnailUrl":"https://www.santjosep.net/wp-content/uploads/2023/05/The-Dam-Jawn-1.jpeg","datePublished":"2023-05-17T07:24:33+00:00","dateModified":"2023-05-17T07:26:32+00:00","breadcrumb":{"@id":"https://www.santjosep.net/ca/esdeveniment/concierto-dick-oatts-the-dam-jawn/#breadcrumb"},"inLanguage":"ca","potentialAction":[{"@type":"ReadAction","target":["https://www.santjosep.net/ca/esdeveniment/concierto-dick-oatts-the-dam-jawn/"]}]},{"@type":"ImageObject","inLanguage":"ca","@id":"https://www.santjosep.net/ca/esdeveniment/concierto-dick-oatts-the-dam-jawn/#primaryimage","url":"https://www.santjosep.net/wp-content/uploads/2023/05/The-Dam-Jawn-1.jpeg","contentUrl":"https://www.santjosep.net/wp-content/uploads/2023/05/The-Dam-Jawn-1.jpeg","width":1600,"height":1067},{"@type":"BreadcrumbList","@id":"https://www.santjosep.net/ca/esdeveniment/concierto-dick-oatts-the-dam-jawn/#breadcrumb","itemListElement":[{"@type":"ListItem","position":1,"name":"Eventos","item":"https://www.santjosep.net/agenda/"},{"@type":"ListItem","position":2,"name":"Concert – ‘Dick Oatts &#038; The Dam Jawn’"}]},{"@type":"WebSite","@id":"https://www.santjosep.net/#website","url":"https://www.santjosep.net/","name":"Santjosep.net","description":"","potentialAction":[{"@type":"SearchAction","target":{"@type":"EntryPoint","urlTemplate":"https://www.santjosep.net/?s={search_term_string}"},"query-input":{"@type":"PropertyValueSpecification","valueRequired":true,"valueName":"search_term_string"}}],"inLanguage":"ca"}]}</script>
<!-- / Yoast SEO plugin. -->

The Dam Jawn és una banda formada per cinc joves músics de l’escena de Jazz holandesa. Tots ells es van formar com a grup a través d’una experiència compartida als Estats Units. Havent viscut i estudiat junts a Filadèlfia durant [&hellip;]
