{"id":34410,"date":"2023-04-29T10:23:08","date_gmt":"2023-04-29T08:23:08","guid":{"rendered":"https:\/\/www.santjosep.net\/evento\/34391\/"},"modified":"2023-05-09T15:37:57","modified_gmt":"2023-05-09T13:37:57","slug":"34391","status":"publish","type":"tribe_events","link":"https:\/\/www.santjosep.net\/ca\/esdeveniment\/34391\/","title":{"rendered":"Gala Young &#038; Proud Festival LGTBIQ+"},"content":{"rendered":"<p>Una Gala pensada per als m\u00e9s joves, on a trav\u00e9s de diferents arts esc\u00e8niques podran comprendre la import\u00e0ncia de la diversitat.<\/p>\n<p><strong>Activitats i Actuacions<\/strong><\/p>\n<p>18.00 a 23:30h Food Trucks per a menjar i beure<\/p>\n<p>18.30 a 20:00h M\u00e0ster Class amb Eivissa Dansa Platform<\/p>\n<p>18.30 a 22:00h Tallers Infantils<\/p>\n<p>20.00 a 21:30h Animaci\u00f3 amb Acrobati-k Espectacles<\/p>\n<p>22:00h Gala Musical\u00a0 Juvenila LGTBIQ+ amb les actuacions de @ananietomusic i Noelia Chac\u00f3n<\/p>\n<p>22.00 a 23:00h Teatre Familiar Diversia \u201cDrets ONU LGTBIQ+\u201d<\/p>\n<p>22.30 a 23:00h Fi Festa<\/p>\n<p>&nbsp;<\/p>\n<p><img loading=\"lazy\" decoding=\"async\" class=\"alignnone size-full wp-image-34405\" src=\"https:\/\/www.santjosep.net\/wp-content\/uploads\/2023\/04\/345434761_6208844502533691_1705636135431905469_n.jpg\" alt=\"\" width=\"1536\" height=\"1773\" srcset=\"https:\/\/www.santjosep.net\/wp-content\/uploads\/2023\/04\/345434761_6208844502533691_1705636135431905469_n.jpg 1536w, https:\/\/www.santjosep.net\/wp-content\/uploads\/2023\/04\/345434761_6208844502533691_1705636135431905469_n-260x300.jpg 260w, https:\/\/www.santjosep.net\/wp-content\/uploads\/2023\/04\/345434761_6208844502533691_1705636135431905469_n-887x1024.jpg 887w, https:\/\/www.santjosep.net\/wp-content\/uploads\/2023\/04\/345434761_6208844502533691_1705636135431905469_n-768x887.jpg 768w, https:\/\/www.santjosep.net\/wp-content\/uploads\/2023\/04\/345434761_6208844502533691_1705636135431905469_n-1331x1536.jpg 1331w\" sizes=\"auto, (max-width: 1536px) 100vw, 1536px\" \/><\/p>\n<p>&nbsp;<\/p>\n","protected":false},"excerpt":{"rendered":"<p>Una Gala pensada per als m\u00e9s joves, on a trav\u00e9s de diferents arts esc\u00e8niques podran comprendre la import\u00e0ncia de la diversitat. Activitats i Actuacions 18.00 a 23:30h Food Trucks per a menjar i beure 18.30 a 20:00h M\u00e0ster Class amb [&hellip;]<\/p>\n","protected":false},"author":1,"featured_media":34393,"template":"","meta":{"_acf_changed":false,"inline_featured_image":false,"_tribe_events_status":"","_tribe_events_status_reason":"","footnotes":""},"tags":[],"tribe_events_cat":[187],"class_list":["post-34410","tribe_events","type-tribe_events","status-publish","has-post-thumbnail","hentry","tribe_events_cat-cultura","cat_cultura"],"acf":[],"yoast_head":"<!-- This site is optimized with the Yoast SEO plugin v25.7 - https:\/\/yoast.com\/wordpress\/plugins\/seo\/ -->\n<title>Gala Young &amp; Proud Festival LGTBIQ+ - Santjosep.net<\/title>\n<meta name=\"robots\" content=\"index, follow, max-snippet:-1, max-image-preview:large, max-video-preview:-1\" \/>\n<link rel=\"canonical\" href=\"https:\/\/www.santjosep.net\/ca\/esdeveniment\/34391\/\" \/>\n<meta property=\"og:locale\" content=\"ca_ES\" \/>\n<meta property=\"og:type\" content=\"article\" \/>\n<meta property=\"og:title\" content=\"Gala Young &amp; Proud Festival LGTBIQ+ - Santjosep.net\" \/>\n<meta property=\"og:description\" content=\"Una Gala pensada per als m\u00e9s joves, on a trav\u00e9s de diferents arts esc\u00e8niques podran comprendre la import\u00e0ncia de la diversitat. Activitats i Actuacions 18.00 a 23:30h Food Trucks per a menjar i beure 18.30 a 20:00h M\u00e0ster Class amb [&hellip;]\" \/>\n<meta property=\"og:url\" content=\"https:\/\/www.santjosep.net\/ca\/esdeveniment\/34391\/\" \/>\n<meta property=\"og:site_name\" content=\"Santjosep.net\" \/>\n<meta property=\"article:modified_time\" content=\"2023-05-09T13:37:57+00:00\" \/>\n<meta property=\"og:image\" content=\"https:\/\/www.santjosep.net\/wp-content\/uploads\/2023\/04\/342998345_755722876085724_2590457992440488358_n.jpeg\" \/>\n\t<meta property=\"og:image:width\" content=\"1182\" \/>\n\t<meta property=\"og:image:height\" content=\"1182\" \/>\n\t<meta property=\"og:image:type\" content=\"image\/jpeg\" \/>\n<meta name=\"twitter:card\" content=\"summary_large_image\" \/>\n<meta name=\"twitter:label1\" content=\"Temps estimat de lectura\" \/>\n\t<meta name=\"twitter:data1\" content=\"1 minut\" \/>\n<script type=\"application\/ld+json\" class=\"yoast-schema-graph\">{\"@context\":\"https:\/\/schema.org\",\"@graph\":[{\"@type\":\"WebPage\",\"@id\":\"https:\/\/www.santjosep.net\/ca\/esdeveniment\/34391\/\",\"url\":\"https:\/\/www.santjosep.net\/ca\/esdeveniment\/34391\/\",\"name\":\"Gala Young & Proud Festival LGTBIQ+ - Santjosep.net\",\"isPartOf\":{\"@id\":\"https:\/\/www.santjosep.net\/#website\"},\"primaryImageOfPage\":{\"@id\":\"https:\/\/www.santjosep.net\/ca\/esdeveniment\/34391\/#primaryimage\"},\"image\":{\"@id\":\"https:\/\/www.santjosep.net\/ca\/esdeveniment\/34391\/#primaryimage\"},\"thumbnailUrl\":\"https:\/\/www.santjosep.net\/wp-content\/uploads\/2023\/04\/342998345_755722876085724_2590457992440488358_n.jpeg\",\"datePublished\":\"2023-04-29T08:23:08+00:00\",\"dateModified\":\"2023-05-09T13:37:57+00:00\",\"breadcrumb\":{\"@id\":\"https:\/\/www.santjosep.net\/ca\/esdeveniment\/34391\/#breadcrumb\"},\"inLanguage\":\"ca\",\"potentialAction\":[{\"@type\":\"ReadAction\",\"target\":[\"https:\/\/www.santjosep.net\/ca\/esdeveniment\/34391\/\"]}]},{\"@type\":\"ImageObject\",\"inLanguage\":\"ca\",\"@id\":\"https:\/\/www.santjosep.net\/ca\/esdeveniment\/34391\/#primaryimage\",\"url\":\"https:\/\/www.santjosep.net\/wp-content\/uploads\/2023\/04\/342998345_755722876085724_2590457992440488358_n.jpeg\",\"contentUrl\":\"https:\/\/www.santjosep.net\/wp-content\/uploads\/2023\/04\/342998345_755722876085724_2590457992440488358_n.jpeg\",\"width\":1182,\"height\":1182},{\"@type\":\"BreadcrumbList\",\"@id\":\"https:\/\/www.santjosep.net\/ca\/esdeveniment\/34391\/#breadcrumb\",\"itemListElement\":[{\"@type\":\"ListItem\",\"position\":1,\"name\":\"Eventos\",\"item\":\"https:\/\/www.santjosep.net\/agenda\/\"},{\"@type\":\"ListItem\",\"position\":2,\"name\":\"Gala Young &#038; Proud Festival LGTBIQ+\"}]},{\"@type\":\"WebSite\",\"@id\":\"https:\/\/www.santjosep.net\/#website\",\"url\":\"https:\/\/www.santjosep.net\/\",\"name\":\"Santjosep.net\",\"description\":\"\",\"potentialAction\":[{\"@type\":\"SearchAction\",\"target\":{\"@type\":\"EntryPoint\",\"urlTemplate\":\"https:\/\/www.santjosep.net\/?s={search_term_string}\"},\"query-input\":{\"@type\":\"PropertyValueSpecification\",\"valueRequired\":true,\"valueName\":\"search_term_string\"}}],\"inLanguage\":\"ca\"}]}<\/script>\n<!-- \/ Yoast SEO plugin. -->","yoast_head_json":{"title":"Gala Young & Proud Festival LGTBIQ+ - Santjosep.net","robots":{"index":"index","follow":"follow","max-snippet":"max-snippet:-1","max-image-preview":"max-image-preview:large","max-video-preview":"max-video-preview:-1"},"canonical":"https:\/\/www.santjosep.net\/ca\/esdeveniment\/34391\/","og_locale":"ca_ES","og_type":"article","og_title":"Gala Young & Proud Festival LGTBIQ+ - Santjosep.net","og_description":"Una Gala pensada per als m\u00e9s joves, on a trav\u00e9s de diferents arts esc\u00e8niques podran comprendre la import\u00e0ncia de la diversitat. Activitats i Actuacions 18.00 a 23:30h Food Trucks per a menjar i beure 18.30 a 20:00h M\u00e0ster Class amb [&hellip;]","og_url":"https:\/\/www.santjosep.net\/ca\/esdeveniment\/34391\/","og_site_name":"Santjosep.net","article_modified_time":"2023-05-09T13:37:57+00:00","og_image":[{"width":1182,"height":1182,"url":"https:\/\/www.santjosep.net\/wp-content\/uploads\/2023\/04\/342998345_755722876085724_2590457992440488358_n.jpeg","type":"image\/jpeg"}],"twitter_card":"summary_large_image","twitter_misc":{"Temps estimat de lectura":"1 minut"},"schema":{"@context":"https:\/\/schema.org","@graph":[{"@type":"WebPage","@id":"https:\/\/www.santjosep.net\/ca\/esdeveniment\/34391\/","url":"https:\/\/www.santjosep.net\/ca\/esdeveniment\/34391\/","name":"Gala Young & Proud Festival LGTBIQ+ - Santjosep.net","isPartOf":{"@id":"https:\/\/www.santjosep.net\/#website"},"primaryImageOfPage":{"@id":"https:\/\/www.santjosep.net\/ca\/esdeveniment\/34391\/#primaryimage"},"image":{"@id":"https:\/\/www.santjosep.net\/ca\/esdeveniment\/34391\/#primaryimage"},"thumbnailUrl":"https:\/\/www.santjosep.net\/wp-content\/uploads\/2023\/04\/342998345_755722876085724_2590457992440488358_n.jpeg","datePublished":"2023-04-29T08:23:08+00:00","dateModified":"2023-05-09T13:37:57+00:00","breadcrumb":{"@id":"https:\/\/www.santjosep.net\/ca\/esdeveniment\/34391\/#breadcrumb"},"inLanguage":"ca","potentialAction":[{"@type":"ReadAction","target":["https:\/\/www.santjosep.net\/ca\/esdeveniment\/34391\/"]}]},{"@type":"ImageObject","inLanguage":"ca","@id":"https:\/\/www.santjosep.net\/ca\/esdeveniment\/34391\/#primaryimage","url":"https:\/\/www.santjosep.net\/wp-content\/uploads\/2023\/04\/342998345_755722876085724_2590457992440488358_n.jpeg","contentUrl":"https:\/\/www.santjosep.net\/wp-content\/uploads\/2023\/04\/342998345_755722876085724_2590457992440488358_n.jpeg","width":1182,"height":1182},{"@type":"BreadcrumbList","@id":"https:\/\/www.santjosep.net\/ca\/esdeveniment\/34391\/#breadcrumb","itemListElement":[{"@type":"ListItem","position":1,"name":"Eventos","item":"https:\/\/www.santjosep.net\/agenda\/"},{"@type":"ListItem","position":2,"name":"Gala Young &#038; Proud Festival LGTBIQ+"}]},{"@type":"WebSite","@id":"https:\/\/www.santjosep.net\/#website","url":"https:\/\/www.santjosep.net\/","name":"Santjosep.net","description":"","potentialAction":[{"@type":"SearchAction","target":{"@type":"EntryPoint","urlTemplate":"https:\/\/www.santjosep.net\/?s={search_term_string}"},"query-input":{"@type":"PropertyValueSpecification","valueRequired":true,"valueName":"search_term_string"}}],"inLanguage":"ca"}]}},"_links":{"self":[{"href":"https:\/\/www.santjosep.net\/ca\/wp-json\/wp\/v2\/tribe_events\/34410","targetHints":{"allow":["GET"]}}],"collection":[{"href":"https:\/\/www.santjosep.net\/ca\/wp-json\/wp\/v2\/tribe_events"}],"about":[{"href":"https:\/\/www.santjosep.net\/ca\/wp-json\/wp\/v2\/types\/tribe_events"}],"author":[{"embeddable":true,"href":"https:\/\/www.santjosep.net\/ca\/wp-json\/wp\/v2\/users\/1"}],"version-history":[{"count":0,"href":"https:\/\/www.santjosep.net\/ca\/wp-json\/wp\/v2\/tribe_events\/34410\/revisions"}],"wp:featuredmedia":[{"embeddable":true,"href":"https:\/\/www.santjosep.net\/ca\/wp-json\/wp\/v2\/media\/34393"}],"wp:attachment":[{"href":"https:\/\/www.santjosep.net\/ca\/wp-json\/wp\/v2\/media?parent=34410"}],"wp:term":[{"taxonomy":"post_tag","embeddable":true,"href":"https:\/\/www.santjosep.net\/ca\/wp-json\/wp\/v2\/tags?post=34410"},{"taxonomy":"tribe_events_cat","embeddable":true,"href":"https:\/\/www.santjosep.net\/ca\/wp-json\/wp\/v2\/tribe_events_cat?post=34410"}],"curies":[{"name":"wp","href":"https:\/\/api.w.org\/{rel}","templated":true}]}}

<p>Una Gala pensada per als més joves, on a través de diferents arts escèniques podran comprendre la importància de la diversitat.</p>
<p><strong>Activitats i Actuacions</strong></p>
<p>18.00 a 23:30h Food Trucks per a menjar i beure</p>
<p>18.30 a 20:00h Màster Class amb Eivissa Dansa Platform</p>
<p>18.30 a 22:00h Tallers Infantils</p>
<p>20.00 a 21:30h Animació amb Acrobati-k Espectacles</p>
<p>22:00h Gala Musical  Juvenila LGTBIQ+ amb les actuacions de @ananietomusic i Noelia Chacón</p>
<p>22.00 a 23:00h Teatre Familiar Diversia “Drets ONU LGTBIQ+”</p>
<p>22.30 a 23:00h Fi Festa</p>
<p>&nbsp;</p>
<p><img loading="lazy" decoding="async" class="alignnone size-full wp-image-34405" src="https://www.santjosep.net/wp-content/uploads/2023/04/345434761_6208844502533691_1705636135431905469_n.jpg" alt="" width="1536" height="1773" srcset="https://www.santjosep.net/wp-content/uploads/2023/04/345434761_6208844502533691_1705636135431905469_n.jpg 1536w, https://www.santjosep.net/wp-content/uploads/2023/04/345434761_6208844502533691_1705636135431905469_n-260x300.jpg 260w, https://www.santjosep.net/wp-content/uploads/2023/04/345434761_6208844502533691_1705636135431905469_n-887x1024.jpg 887w, https://www.santjosep.net/wp-content/uploads/2023/04/345434761_6208844502533691_1705636135431905469_n-768x887.jpg 768w, https://www.santjosep.net/wp-content/uploads/2023/04/345434761_6208844502533691_1705636135431905469_n-1331x1536.jpg 1331w" sizes="auto, (max-width: 1536px) 100vw, 1536px" /></p>
<p>&nbsp;</p>

<p>Una Gala pensada per als més joves, on a través de diferents arts escèniques podran comprendre la importància de la diversitat. Activitats i Actuacions 18.00 a 23:30h Food Trucks per a menjar i beure 18.30 a 20:00h Màster Class amb [&hellip;]</p>

<!-- This site is optimized with the Yoast SEO plugin v25.7 - https://yoast.com/wordpress/plugins/seo/ -->
<title>Gala Young &amp; Proud Festival LGTBIQ+ - Santjosep.net</title>
<meta name="robots" content="index, follow, max-snippet:-1, max-image-preview:large, max-video-preview:-1" />
<link rel="canonical" href="https://www.santjosep.net/ca/esdeveniment/34391/" />
<meta property="og:locale" content="ca_ES" />
<meta property="og:type" content="article" />
<meta property="og:title" content="Gala Young &amp; Proud Festival LGTBIQ+ - Santjosep.net" />
<meta property="og:description" content="Una Gala pensada per als més joves, on a través de diferents arts escèniques podran comprendre la importància de la diversitat. Activitats i Actuacions 18.00 a 23:30h Food Trucks per a menjar i beure 18.30 a 20:00h Màster Class amb [&hellip;]" />
<meta property="og:url" content="https://www.santjosep.net/ca/esdeveniment/34391/" />
<meta property="og:site_name" content="Santjosep.net" />
<meta property="article:modified_time" content="2023-05-09T13:37:57+00:00" />
<meta property="og:image" content="https://www.santjosep.net/wp-content/uploads/2023/04/342998345_755722876085724_2590457992440488358_n.jpeg" />
	<meta property="og:image:width" content="1182" />
	<meta property="og:image:height" content="1182" />
	<meta property="og:image:type" content="image/jpeg" />
<meta name="twitter:card" content="summary_large_image" />
<meta name="twitter:label1" content="Temps estimat de lectura" />
	<meta name="twitter:data1" content="1 minut" />
<script type="application/ld+json" class="yoast-schema-graph">{"@context":"https://schema.org","@graph":[{"@type":"WebPage","@id":"https://www.santjosep.net/ca/esdeveniment/34391/","url":"https://www.santjosep.net/ca/esdeveniment/34391/","name":"Gala Young & Proud Festival LGTBIQ+ - Santjosep.net","isPartOf":{"@id":"https://www.santjosep.net/#website"},"primaryImageOfPage":{"@id":"https://www.santjosep.net/ca/esdeveniment/34391/#primaryimage"},"image":{"@id":"https://www.santjosep.net/ca/esdeveniment/34391/#primaryimage"},"thumbnailUrl":"https://www.santjosep.net/wp-content/uploads/2023/04/342998345_755722876085724_2590457992440488358_n.jpeg","datePublished":"2023-04-29T08:23:08+00:00","dateModified":"2023-05-09T13:37:57+00:00","breadcrumb":{"@id":"https://www.santjosep.net/ca/esdeveniment/34391/#breadcrumb"},"inLanguage":"ca","potentialAction":[{"@type":"ReadAction","target":["https://www.santjosep.net/ca/esdeveniment/34391/"]}]},{"@type":"ImageObject","inLanguage":"ca","@id":"https://www.santjosep.net/ca/esdeveniment/34391/#primaryimage","url":"https://www.santjosep.net/wp-content/uploads/2023/04/342998345_755722876085724_2590457992440488358_n.jpeg","contentUrl":"https://www.santjosep.net/wp-content/uploads/2023/04/342998345_755722876085724_2590457992440488358_n.jpeg","width":1182,"height":1182},{"@type":"BreadcrumbList","@id":"https://www.santjosep.net/ca/esdeveniment/34391/#breadcrumb","itemListElement":[{"@type":"ListItem","position":1,"name":"Eventos","item":"https://www.santjosep.net/agenda/"},{"@type":"ListItem","position":2,"name":"Gala Young &#038; Proud Festival LGTBIQ+"}]},{"@type":"WebSite","@id":"https://www.santjosep.net/#website","url":"https://www.santjosep.net/","name":"Santjosep.net","description":"","potentialAction":[{"@type":"SearchAction","target":{"@type":"EntryPoint","urlTemplate":"https://www.santjosep.net/?s={search_term_string}"},"query-input":{"@type":"PropertyValueSpecification","valueRequired":true,"valueName":"search_term_string"}}],"inLanguage":"ca"}]}</script>
<!-- / Yoast SEO plugin. -->

Una Gala pensada per als més joves, on a través de diferents arts escèniques podran comprendre la importància de la diversitat. Activitats i Actuacions 18.00 a 23:30h Food Trucks per a menjar i beure 18.30 a 20:00h Màster Class amb [&hellip;]
