{"id":34353,"date":"2023-04-27T16:28:24","date_gmt":"2023-04-27T14:28:24","guid":{"rendered":"https:\/\/www.santjosep.net\/evento\/jornadas-gastronomicas-sabors-de-primavera\/"},"modified":"2023-04-27T16:30:46","modified_gmt":"2023-04-27T14:30:46","slug":"jornadas-gastronomicas-sabors-de-primavera","status":"publish","type":"tribe_events","link":"https:\/\/www.santjosep.net\/ca\/esdeveniment\/jornadas-gastronomicas-sabors-de-primavera\/","title":{"rendered":"Jornades gastron\u00f2miques SABORS de Primavera"},"content":{"rendered":"<div class=\"wpb-content-wrapper\"><div class=\"vc_row wpb_row vc_row-fluid mpc-row\">\n<div class=\"wpb_column vc_column_container vc_col-sm-12 mpc-column\" data-column-id=\"mpc_column-6644a8510a6911\">\n<div class=\"vc_column-inner\">\n<div class=\"wpb_wrapper\">\n<div class=\"wpb_text_column wpb_content_element \">\n<div class=\"wpb_wrapper\">Del 18 d&#8217;abril al 19 de maig es desenvolupen les\u00a0Jornades gastron\u00f2miques SABORS de Primavera centrades en la promoci\u00f3 dels productes de temporada. Els protagonistes d&#8217;aquestes jornades seran el pollastre pay\u00e9s, la patata vermella d&#8217;Eivissa, el peix ratlla i la sobrassada conjuntament amb els 25 restaurants de l&#8217;illa que han elaborat deliciosos men\u00fas, basats en els productes locals i Km0 que ens ofereixen aquesta primavera, la mar i la terra d&#8217;Eivissa.<\/p>\n<p>La mar, l&#8217;horta, el sec\u00e0, l&#8217;olivar o la vinya, la diversitat de paisatges i un clima mediterrani suau ens ofereixen una diversitat d&#8217;ingredients que canvien al ritme de les estacions i que constitueixen la base de la nostra cuina.<\/p>\n<h3><a href=\"https:\/\/sabors.visual-menu.com\/wp-content\/uploads\/2023\/04\/Jornadas-primavera-23-CAT-DEFINIT.pdf\">Descarregar men\u00fas restaurants participants<\/a><\/h3>\n<p><img loading=\"lazy\" decoding=\"async\" class=\"alignnone size-full wp-image-34343\" src=\"https:\/\/www.santjosep.net\/wp-content\/uploads\/2023\/04\/341337631_1281307069403889_2038722716992252162_n-3.jpeg\" alt=\"\" width=\"1156\" height=\"1392\" srcset=\"https:\/\/www.santjosep.net\/wp-content\/uploads\/2023\/04\/341337631_1281307069403889_2038722716992252162_n-3.jpeg 1156w, https:\/\/www.santjosep.net\/wp-content\/uploads\/2023\/04\/341337631_1281307069403889_2038722716992252162_n-3-249x300.jpeg 249w, https:\/\/www.santjosep.net\/wp-content\/uploads\/2023\/04\/341337631_1281307069403889_2038722716992252162_n-3-850x1024.jpeg 850w, https:\/\/www.santjosep.net\/wp-content\/uploads\/2023\/04\/341337631_1281307069403889_2038722716992252162_n-3-768x925.jpeg 768w\" sizes=\"auto, (max-width: 1156px) 100vw, 1156px\" \/><\/p>\n<\/div>\n<\/div>\n<\/div>\n<\/div>\n<\/div>\n<\/div>\n<\/div>","protected":false},"excerpt":{"rendered":"<p>Del 18 d&#8217;abril al 19 de maig es desenvolupen les\u00a0Jornades gastron\u00f2miques SABORS de Primavera centrades en la promoci\u00f3 dels productes de temporada. Els protagonistes d&#8217;aquestes jornades seran el pollastre pay\u00e9s, la patata vermella d&#8217;Eivissa, el peix ratlla i la sobrassada [&hellip;]<\/p>\n","protected":false},"author":1,"featured_media":34348,"template":"","meta":{"_acf_changed":false,"inline_featured_image":false,"_tribe_events_status":"","_tribe_events_status_reason":"","footnotes":""},"tags":[],"tribe_events_cat":[204],"class_list":["post-34353","tribe_events","type-tribe_events","status-publish","has-post-thumbnail","hentry","tribe_events_cat-gastronomia","cat_gastronomia"],"acf":[],"yoast_head":"<!-- This site is optimized with the Yoast SEO plugin v25.7 - https:\/\/yoast.com\/wordpress\/plugins\/seo\/ -->\n<title>Jornades gastron\u00f2miques SABORS de Primavera - Santjosep.net<\/title>\n<meta name=\"robots\" content=\"index, follow, max-snippet:-1, max-image-preview:large, max-video-preview:-1\" \/>\n<link rel=\"canonical\" href=\"https:\/\/www.santjosep.net\/ca\/esdeveniment\/jornadas-gastronomicas-sabors-de-primavera\/\" \/>\n<meta property=\"og:locale\" content=\"ca_ES\" \/>\n<meta property=\"og:type\" content=\"article\" \/>\n<meta property=\"og:title\" content=\"Jornades gastron\u00f2miques SABORS de Primavera - Santjosep.net\" \/>\n<meta property=\"og:description\" content=\"Del 18 d&#8217;abril al 19 de maig es desenvolupen les\u00a0Jornades gastron\u00f2miques SABORS de Primavera centrades en la promoci\u00f3 dels productes de temporada. Els protagonistes d&#8217;aquestes jornades seran el pollastre pay\u00e9s, la patata vermella d&#8217;Eivissa, el peix ratlla i la sobrassada [&hellip;]\" \/>\n<meta property=\"og:url\" content=\"https:\/\/www.santjosep.net\/ca\/esdeveniment\/jornadas-gastronomicas-sabors-de-primavera\/\" \/>\n<meta property=\"og:site_name\" content=\"Santjosep.net\" \/>\n<meta property=\"article:modified_time\" content=\"2023-04-27T14:30:46+00:00\" \/>\n<meta property=\"og:image\" content=\"https:\/\/www.santjosep.net\/wp-content\/uploads\/2023\/04\/web-02322.jpg\" \/>\n\t<meta property=\"og:image:width\" content=\"1900\" \/>\n\t<meta property=\"og:image:height\" content=\"1267\" \/>\n\t<meta property=\"og:image:type\" content=\"image\/jpeg\" \/>\n<meta name=\"twitter:card\" content=\"summary_large_image\" \/>\n<meta name=\"twitter:label1\" content=\"Temps estimat de lectura\" \/>\n\t<meta name=\"twitter:data1\" content=\"1 minut\" \/>\n<script type=\"application\/ld+json\" class=\"yoast-schema-graph\">{\"@context\":\"https:\/\/schema.org\",\"@graph\":[{\"@type\":\"WebPage\",\"@id\":\"https:\/\/www.santjosep.net\/ca\/esdeveniment\/jornadas-gastronomicas-sabors-de-primavera\/\",\"url\":\"https:\/\/www.santjosep.net\/ca\/esdeveniment\/jornadas-gastronomicas-sabors-de-primavera\/\",\"name\":\"Jornades gastron\u00f2miques SABORS de Primavera - Santjosep.net\",\"isPartOf\":{\"@id\":\"https:\/\/www.santjosep.net\/#website\"},\"primaryImageOfPage\":{\"@id\":\"https:\/\/www.santjosep.net\/ca\/esdeveniment\/jornadas-gastronomicas-sabors-de-primavera\/#primaryimage\"},\"image\":{\"@id\":\"https:\/\/www.santjosep.net\/ca\/esdeveniment\/jornadas-gastronomicas-sabors-de-primavera\/#primaryimage\"},\"thumbnailUrl\":\"https:\/\/www.santjosep.net\/wp-content\/uploads\/2023\/04\/web-02322.jpg\",\"datePublished\":\"2023-04-27T14:28:24+00:00\",\"dateModified\":\"2023-04-27T14:30:46+00:00\",\"breadcrumb\":{\"@id\":\"https:\/\/www.santjosep.net\/ca\/esdeveniment\/jornadas-gastronomicas-sabors-de-primavera\/#breadcrumb\"},\"inLanguage\":\"ca\",\"potentialAction\":[{\"@type\":\"ReadAction\",\"target\":[\"https:\/\/www.santjosep.net\/ca\/esdeveniment\/jornadas-gastronomicas-sabors-de-primavera\/\"]}]},{\"@type\":\"ImageObject\",\"inLanguage\":\"ca\",\"@id\":\"https:\/\/www.santjosep.net\/ca\/esdeveniment\/jornadas-gastronomicas-sabors-de-primavera\/#primaryimage\",\"url\":\"https:\/\/www.santjosep.net\/wp-content\/uploads\/2023\/04\/web-02322.jpg\",\"contentUrl\":\"https:\/\/www.santjosep.net\/wp-content\/uploads\/2023\/04\/web-02322.jpg\",\"width\":1900,\"height\":1267},{\"@type\":\"BreadcrumbList\",\"@id\":\"https:\/\/www.santjosep.net\/ca\/esdeveniment\/jornadas-gastronomicas-sabors-de-primavera\/#breadcrumb\",\"itemListElement\":[{\"@type\":\"ListItem\",\"position\":1,\"name\":\"Eventos\",\"item\":\"https:\/\/www.santjosep.net\/agenda\/\"},{\"@type\":\"ListItem\",\"position\":2,\"name\":\"Jornades gastron\u00f2miques SABORS de Primavera\"}]},{\"@type\":\"WebSite\",\"@id\":\"https:\/\/www.santjosep.net\/#website\",\"url\":\"https:\/\/www.santjosep.net\/\",\"name\":\"Santjosep.net\",\"description\":\"\",\"potentialAction\":[{\"@type\":\"SearchAction\",\"target\":{\"@type\":\"EntryPoint\",\"urlTemplate\":\"https:\/\/www.santjosep.net\/?s={search_term_string}\"},\"query-input\":{\"@type\":\"PropertyValueSpecification\",\"valueRequired\":true,\"valueName\":\"search_term_string\"}}],\"inLanguage\":\"ca\"}]}<\/script>\n<!-- \/ Yoast SEO plugin. -->","yoast_head_json":{"title":"Jornades gastron\u00f2miques SABORS de Primavera - Santjosep.net","robots":{"index":"index","follow":"follow","max-snippet":"max-snippet:-1","max-image-preview":"max-image-preview:large","max-video-preview":"max-video-preview:-1"},"canonical":"https:\/\/www.santjosep.net\/ca\/esdeveniment\/jornadas-gastronomicas-sabors-de-primavera\/","og_locale":"ca_ES","og_type":"article","og_title":"Jornades gastron\u00f2miques SABORS de Primavera - Santjosep.net","og_description":"Del 18 d&#8217;abril al 19 de maig es desenvolupen les\u00a0Jornades gastron\u00f2miques SABORS de Primavera centrades en la promoci\u00f3 dels productes de temporada. Els protagonistes d&#8217;aquestes jornades seran el pollastre pay\u00e9s, la patata vermella d&#8217;Eivissa, el peix ratlla i la sobrassada [&hellip;]","og_url":"https:\/\/www.santjosep.net\/ca\/esdeveniment\/jornadas-gastronomicas-sabors-de-primavera\/","og_site_name":"Santjosep.net","article_modified_time":"2023-04-27T14:30:46+00:00","og_image":[{"width":1900,"height":1267,"url":"https:\/\/www.santjosep.net\/wp-content\/uploads\/2023\/04\/web-02322.jpg","type":"image\/jpeg"}],"twitter_card":"summary_large_image","twitter_misc":{"Temps estimat de lectura":"1 minut"},"schema":{"@context":"https:\/\/schema.org","@graph":[{"@type":"WebPage","@id":"https:\/\/www.santjosep.net\/ca\/esdeveniment\/jornadas-gastronomicas-sabors-de-primavera\/","url":"https:\/\/www.santjosep.net\/ca\/esdeveniment\/jornadas-gastronomicas-sabors-de-primavera\/","name":"Jornades gastron\u00f2miques SABORS de Primavera - Santjosep.net","isPartOf":{"@id":"https:\/\/www.santjosep.net\/#website"},"primaryImageOfPage":{"@id":"https:\/\/www.santjosep.net\/ca\/esdeveniment\/jornadas-gastronomicas-sabors-de-primavera\/#primaryimage"},"image":{"@id":"https:\/\/www.santjosep.net\/ca\/esdeveniment\/jornadas-gastronomicas-sabors-de-primavera\/#primaryimage"},"thumbnailUrl":"https:\/\/www.santjosep.net\/wp-content\/uploads\/2023\/04\/web-02322.jpg","datePublished":"2023-04-27T14:28:24+00:00","dateModified":"2023-04-27T14:30:46+00:00","breadcrumb":{"@id":"https:\/\/www.santjosep.net\/ca\/esdeveniment\/jornadas-gastronomicas-sabors-de-primavera\/#breadcrumb"},"inLanguage":"ca","potentialAction":[{"@type":"ReadAction","target":["https:\/\/www.santjosep.net\/ca\/esdeveniment\/jornadas-gastronomicas-sabors-de-primavera\/"]}]},{"@type":"ImageObject","inLanguage":"ca","@id":"https:\/\/www.santjosep.net\/ca\/esdeveniment\/jornadas-gastronomicas-sabors-de-primavera\/#primaryimage","url":"https:\/\/www.santjosep.net\/wp-content\/uploads\/2023\/04\/web-02322.jpg","contentUrl":"https:\/\/www.santjosep.net\/wp-content\/uploads\/2023\/04\/web-02322.jpg","width":1900,"height":1267},{"@type":"BreadcrumbList","@id":"https:\/\/www.santjosep.net\/ca\/esdeveniment\/jornadas-gastronomicas-sabors-de-primavera\/#breadcrumb","itemListElement":[{"@type":"ListItem","position":1,"name":"Eventos","item":"https:\/\/www.santjosep.net\/agenda\/"},{"@type":"ListItem","position":2,"name":"Jornades gastron\u00f2miques SABORS de Primavera"}]},{"@type":"WebSite","@id":"https:\/\/www.santjosep.net\/#website","url":"https:\/\/www.santjosep.net\/","name":"Santjosep.net","description":"","potentialAction":[{"@type":"SearchAction","target":{"@type":"EntryPoint","urlTemplate":"https:\/\/www.santjosep.net\/?s={search_term_string}"},"query-input":{"@type":"PropertyValueSpecification","valueRequired":true,"valueName":"search_term_string"}}],"inLanguage":"ca"}]}},"_links":{"self":[{"href":"https:\/\/www.santjosep.net\/ca\/wp-json\/wp\/v2\/tribe_events\/34353","targetHints":{"allow":["GET"]}}],"collection":[{"href":"https:\/\/www.santjosep.net\/ca\/wp-json\/wp\/v2\/tribe_events"}],"about":[{"href":"https:\/\/www.santjosep.net\/ca\/wp-json\/wp\/v2\/types\/tribe_events"}],"author":[{"embeddable":true,"href":"https:\/\/www.santjosep.net\/ca\/wp-json\/wp\/v2\/users\/1"}],"version-history":[{"count":0,"href":"https:\/\/www.santjosep.net\/ca\/wp-json\/wp\/v2\/tribe_events\/34353\/revisions"}],"wp:featuredmedia":[{"embeddable":true,"href":"https:\/\/www.santjosep.net\/ca\/wp-json\/wp\/v2\/media\/34348"}],"wp:attachment":[{"href":"https:\/\/www.santjosep.net\/ca\/wp-json\/wp\/v2\/media?parent=34353"}],"wp:term":[{"taxonomy":"post_tag","embeddable":true,"href":"https:\/\/www.santjosep.net\/ca\/wp-json\/wp\/v2\/tags?post=34353"},{"taxonomy":"tribe_events_cat","embeddable":true,"href":"https:\/\/www.santjosep.net\/ca\/wp-json\/wp\/v2\/tribe_events_cat?post=34353"}],"curies":[{"name":"wp","href":"https:\/\/api.w.org\/{rel}","templated":true}]}}

Jornades gastronòmiques SABORS de Primavera

<div class="wpb-content-wrapper"><div class="vc_row wpb_row vc_row-fluid mpc-row">
<div class="wpb_column vc_column_container vc_col-sm-12 mpc-column" data-column-id="mpc_column-6644a8510a6911">
<div class="vc_column-inner">
<div class="wpb_wrapper">
<div class="wpb_text_column wpb_content_element ">
<div class="wpb_wrapper">Del 18 d&#8217;abril al 19 de maig es desenvolupen les Jornades gastronòmiques SABORS de Primavera centrades en la promoció dels productes de temporada. Els protagonistes d&#8217;aquestes jornades seran el pollastre payés, la patata vermella d&#8217;Eivissa, el peix ratlla i la sobrassada conjuntament amb els 25 restaurants de l&#8217;illa que han elaborat deliciosos menús, basats en els productes locals i Km0 que ens ofereixen aquesta primavera, la mar i la terra d&#8217;Eivissa.</p>
<p>La mar, l&#8217;horta, el secà, l&#8217;olivar o la vinya, la diversitat de paisatges i un clima mediterrani suau ens ofereixen una diversitat d&#8217;ingredients que canvien al ritme de les estacions i que constitueixen la base de la nostra cuina.</p>
<h3><a href="https://sabors.visual-menu.com/wp-content/uploads/2023/04/Jornadas-primavera-23-CAT-DEFINIT.pdf">Descarregar menús restaurants participants</a></h3>
<p><img loading="lazy" decoding="async" class="alignnone size-full wp-image-34343" src="https://www.santjosep.net/wp-content/uploads/2023/04/341337631_1281307069403889_2038722716992252162_n-3.jpeg" alt="" width="1156" height="1392" srcset="https://www.santjosep.net/wp-content/uploads/2023/04/341337631_1281307069403889_2038722716992252162_n-3.jpeg 1156w, https://www.santjosep.net/wp-content/uploads/2023/04/341337631_1281307069403889_2038722716992252162_n-3-249x300.jpeg 249w, https://www.santjosep.net/wp-content/uploads/2023/04/341337631_1281307069403889_2038722716992252162_n-3-850x1024.jpeg 850w, https://www.santjosep.net/wp-content/uploads/2023/04/341337631_1281307069403889_2038722716992252162_n-3-768x925.jpeg 768w" sizes="auto, (max-width: 1156px) 100vw, 1156px" /></p>
</div>
</div>
</div>
</div>
</div>
</div>
</div>

<p>Del 18 d&#8217;abril al 19 de maig es desenvolupen les Jornades gastronòmiques SABORS de Primavera centrades en la promoció dels productes de temporada. Els protagonistes d&#8217;aquestes jornades seran el pollastre payés, la patata vermella d&#8217;Eivissa, el peix ratlla i la sobrassada [&hellip;]</p>

<!-- This site is optimized with the Yoast SEO plugin v25.7 - https://yoast.com/wordpress/plugins/seo/ -->
<title>Jornades gastronòmiques SABORS de Primavera - Santjosep.net</title>
<meta name="robots" content="index, follow, max-snippet:-1, max-image-preview:large, max-video-preview:-1" />
<link rel="canonical" href="https://www.santjosep.net/ca/esdeveniment/jornadas-gastronomicas-sabors-de-primavera/" />
<meta property="og:locale" content="ca_ES" />
<meta property="og:type" content="article" />
<meta property="og:title" content="Jornades gastronòmiques SABORS de Primavera - Santjosep.net" />
<meta property="og:description" content="Del 18 d&#8217;abril al 19 de maig es desenvolupen les Jornades gastronòmiques SABORS de Primavera centrades en la promoció dels productes de temporada. Els protagonistes d&#8217;aquestes jornades seran el pollastre payés, la patata vermella d&#8217;Eivissa, el peix ratlla i la sobrassada [&hellip;]" />
<meta property="og:url" content="https://www.santjosep.net/ca/esdeveniment/jornadas-gastronomicas-sabors-de-primavera/" />
<meta property="og:site_name" content="Santjosep.net" />
<meta property="article:modified_time" content="2023-04-27T14:30:46+00:00" />
<meta property="og:image" content="https://www.santjosep.net/wp-content/uploads/2023/04/web-02322.jpg" />
	<meta property="og:image:width" content="1900" />
	<meta property="og:image:height" content="1267" />
	<meta property="og:image:type" content="image/jpeg" />
<meta name="twitter:card" content="summary_large_image" />
<meta name="twitter:label1" content="Temps estimat de lectura" />
	<meta name="twitter:data1" content="1 minut" />
<script type="application/ld+json" class="yoast-schema-graph">{"@context":"https://schema.org","@graph":[{"@type":"WebPage","@id":"https://www.santjosep.net/ca/esdeveniment/jornadas-gastronomicas-sabors-de-primavera/","url":"https://www.santjosep.net/ca/esdeveniment/jornadas-gastronomicas-sabors-de-primavera/","name":"Jornades gastronòmiques SABORS de Primavera - Santjosep.net","isPartOf":{"@id":"https://www.santjosep.net/#website"},"primaryImageOfPage":{"@id":"https://www.santjosep.net/ca/esdeveniment/jornadas-gastronomicas-sabors-de-primavera/#primaryimage"},"image":{"@id":"https://www.santjosep.net/ca/esdeveniment/jornadas-gastronomicas-sabors-de-primavera/#primaryimage"},"thumbnailUrl":"https://www.santjosep.net/wp-content/uploads/2023/04/web-02322.jpg","datePublished":"2023-04-27T14:28:24+00:00","dateModified":"2023-04-27T14:30:46+00:00","breadcrumb":{"@id":"https://www.santjosep.net/ca/esdeveniment/jornadas-gastronomicas-sabors-de-primavera/#breadcrumb"},"inLanguage":"ca","potentialAction":[{"@type":"ReadAction","target":["https://www.santjosep.net/ca/esdeveniment/jornadas-gastronomicas-sabors-de-primavera/"]}]},{"@type":"ImageObject","inLanguage":"ca","@id":"https://www.santjosep.net/ca/esdeveniment/jornadas-gastronomicas-sabors-de-primavera/#primaryimage","url":"https://www.santjosep.net/wp-content/uploads/2023/04/web-02322.jpg","contentUrl":"https://www.santjosep.net/wp-content/uploads/2023/04/web-02322.jpg","width":1900,"height":1267},{"@type":"BreadcrumbList","@id":"https://www.santjosep.net/ca/esdeveniment/jornadas-gastronomicas-sabors-de-primavera/#breadcrumb","itemListElement":[{"@type":"ListItem","position":1,"name":"Eventos","item":"https://www.santjosep.net/agenda/"},{"@type":"ListItem","position":2,"name":"Jornades gastronòmiques SABORS de Primavera"}]},{"@type":"WebSite","@id":"https://www.santjosep.net/#website","url":"https://www.santjosep.net/","name":"Santjosep.net","description":"","potentialAction":[{"@type":"SearchAction","target":{"@type":"EntryPoint","urlTemplate":"https://www.santjosep.net/?s={search_term_string}"},"query-input":{"@type":"PropertyValueSpecification","valueRequired":true,"valueName":"search_term_string"}}],"inLanguage":"ca"}]}</script>
<!-- / Yoast SEO plugin. -->

Jornades gastronòmiques SABORS de Primavera - Santjosep.net

Del 18 d&#8217;abril al 19 de maig es desenvolupen les Jornades gastronòmiques SABORS de Primavera centrades en la promoció dels productes de temporada. Els protagonistes d&#8217;aquestes jornades seran el pollastre payés, la patata vermella d&#8217;Eivissa, el peix ratlla i la sobrassada [&hellip;]
