{"id":33437,"date":"2022-10-25T17:10:21","date_gmt":"2022-10-25T15:10:21","guid":{"rendered":"https:\/\/www.santjosep.net\/evento\/vi-fira-de-la-sal-3\/"},"modified":"2022-10-26T09:27:08","modified_gmt":"2022-10-26T07:27:08","slug":"vi-fira-de-la-sal-3","status":"publish","type":"tribe_events","link":"https:\/\/www.santjosep.net\/ca\/esdeveniment\/vi-fira-de-la-sal-3\/","title":{"rendered":"VI Fira de la Sal"},"content":{"rendered":"<p><strong>\u00c0REA O. ERA DE L&#8217;ANTIC MUNT DE SAL DES PANTANO<\/strong><br \/>\n11.00 h &#8211; Inauguraci\u00f3n oficial con un foguer\u00f3. El humo era el antiguo sistema para avisar a distancia a los grupos de trabajadores de los pueblos.<\/p>\n<p><strong>ACTIVITATS AL PARC NATURAL DE SES SALINES<\/strong><\/p>\n<p>10.00 h &#8211; Excursi\u00f3 guiada &#8216;Ruta de ses portes&#8217;<br \/>\n&#8211; Trobada: antic munt de sal (munt Petit o des Pantano)<br \/>\n&#8211; Durada: 2,5 h<br \/>\n&#8211; Nivell de dificultat: apte per a tots els p\u00fablics<br \/>\n&#8211; Itinerari: punt de trobada -sa Canal &#8211; platja de ses Salines \u2013 torre de ses portes &#8211; platja des Cavallet &#8211; estanys de sa Barqueta &#8211; punt de trobada<\/p>\n<p>11.00 h &#8211; Excursi\u00f3 guiada &#8216;Ruta del cap des Falc\u00f3&#8217;<br \/>\n&#8211; Trobada: antic munt de sal (munt Petit o des Pantano)<br \/>\n&#8211; Durada: 2,5 h<br \/>\n&#8211; Nivell de dificultat: apte per a tots els p\u00fablics<br \/>\n-Itinerari: punt de trobada &#8211; sa Canal &#8211; puig des Falc\u00f3-es munt de sal de Can Gorra &#8211; punt de trobada<\/p>\n<p><strong>\u00c0REA 1. CENTRE D&#8217;INTERPRETACI\u00d3 DE SES SALINES<\/strong><br \/>\n10.00 a 14.00 h &#8211; Observaci\u00f3 d&#8217;aus i taula informativa per con\u00e8ixer els valors naturals i culturals del Parc Natural de ses Salines.<\/p>\n<p><strong>\u00c0REA 3. TORRE DE SA SAL ROSSA<\/strong><br \/>\n11.00 h \/ 11.45 h \/ 12.30 h \/ 13.15 h &#8211; Visites guiades a l&#8217;antic conjunt saliner de la Xanga.<\/p>\n<p><strong>\u00c0REA 4. POU DES CARBO<\/strong><br \/>\nPou del segle XVIII que prove\u00efa d&#8217;aigua les calderes del ferrocarril que transportava la sal des dels estanys fins a la zona de c\u00e0rrega.<\/p>\n<p><strong>\u00c0REA 6. L&#8217;ESTANY DE SES SALINES<\/strong><br \/>\n11.30 a 12.30 h &#8211; Explicaci\u00f3 Collita de la sal per Antoni Ferrer Ab\u00e1rzuza.<br \/>\n11.00 a 12.00 h &#8211; Patrimoni i naturalesa &#8216;La sal d&#8217;Eivissa&#8217;. Excursi\u00f3 lliure amb taules informatives durant el recorregut. Parada especial de bus a Can Pep Tixed\u00f3.<\/p>\n<p>&#8211; Taula 1. Sal i hist\u00f2ria de ses Salines (munt de sal de Can Gorra).<br \/>\n&#8211; Taula 2. Formaci\u00f3 de la sal (vial de terra davant l&#8217;antic munt de sal des Pantano).<br \/>\n&#8211; Taula 3. Sal i saliners (vial de terra davant l&#8217;antic munt de sal des Pantano).<br \/>\n&#8211; Taula 4. Usos i comercialitzaci\u00f3 de la sal (vial de terra davant l&#8217;antic munt de sal des Pantano).<\/p>\n","protected":false},"excerpt":{"rendered":"<p>\u00c0REA O. ERA DE L&#8217;ANTIC MUNT DE SAL DES PANTANO 11.00 h &#8211; Inauguraci\u00f3n oficial con un foguer\u00f3. El humo era el antiguo sistema para avisar a distancia a los grupos de trabajadores de los pueblos. ACTIVITATS AL PARC NATURAL [&hellip;]<\/p>\n","protected":false},"author":1,"featured_media":25850,"template":"","meta":{"_acf_changed":false,"inline_featured_image":false,"_tribe_events_status":"","_tribe_events_status_reason":"","footnotes":""},"tags":[],"tribe_events_cat":[367],"class_list":["post-33437","tribe_events","type-tribe_events","status-publish","has-post-thumbnail","hentry","tribe_events_cat-fira-de-la-sal-ca","cat_fira-de-la-sal-ca"],"acf":[],"yoast_head":"<!-- This site is optimized with the Yoast SEO plugin v25.7 - https:\/\/yoast.com\/wordpress\/plugins\/seo\/ -->\n<title>VI Fira de la Sal - Santjosep.net<\/title>\n<meta name=\"robots\" content=\"index, follow, max-snippet:-1, max-image-preview:large, max-video-preview:-1\" \/>\n<link rel=\"canonical\" href=\"https:\/\/www.santjosep.net\/ca\/esdeveniment\/vi-fira-de-la-sal-3\/\" \/>\n<meta property=\"og:locale\" content=\"ca_ES\" \/>\n<meta property=\"og:type\" content=\"article\" \/>\n<meta property=\"og:title\" content=\"VI Fira de la Sal - Santjosep.net\" \/>\n<meta property=\"og:description\" content=\"\u00c0REA O. ERA DE L&#8217;ANTIC MUNT DE SAL DES PANTANO 11.00 h &#8211; Inauguraci\u00f3n oficial con un foguer\u00f3. El humo era el antiguo sistema para avisar a distancia a los grupos de trabajadores de los pueblos. ACTIVITATS AL PARC NATURAL [&hellip;]\" \/>\n<meta property=\"og:url\" content=\"https:\/\/www.santjosep.net\/ca\/esdeveniment\/vi-fira-de-la-sal-3\/\" \/>\n<meta property=\"og:site_name\" content=\"Santjosep.net\" \/>\n<meta property=\"article:modified_time\" content=\"2022-10-26T07:27:08+00:00\" \/>\n<meta property=\"og:image\" content=\"https:\/\/www.santjosep.net\/wp-content\/uploads\/2021\/10\/II-Fira-de-la-Sal__SGC5256.jpg\" \/>\n\t<meta property=\"og:image:width\" content=\"1500\" \/>\n\t<meta property=\"og:image:height\" content=\"1000\" \/>\n\t<meta property=\"og:image:type\" content=\"image\/jpeg\" \/>\n<meta name=\"twitter:card\" content=\"summary_large_image\" \/>\n<meta name=\"twitter:label1\" content=\"Temps estimat de lectura\" \/>\n\t<meta name=\"twitter:data1\" content=\"2 minuts\" \/>\n<script type=\"application\/ld+json\" class=\"yoast-schema-graph\">{\"@context\":\"https:\/\/schema.org\",\"@graph\":[{\"@type\":\"WebPage\",\"@id\":\"https:\/\/www.santjosep.net\/ca\/esdeveniment\/vi-fira-de-la-sal-3\/\",\"url\":\"https:\/\/www.santjosep.net\/ca\/esdeveniment\/vi-fira-de-la-sal-3\/\",\"name\":\"VI Fira de la Sal - Santjosep.net\",\"isPartOf\":{\"@id\":\"https:\/\/www.santjosep.net\/#website\"},\"primaryImageOfPage\":{\"@id\":\"https:\/\/www.santjosep.net\/ca\/esdeveniment\/vi-fira-de-la-sal-3\/#primaryimage\"},\"image\":{\"@id\":\"https:\/\/www.santjosep.net\/ca\/esdeveniment\/vi-fira-de-la-sal-3\/#primaryimage\"},\"thumbnailUrl\":\"https:\/\/www.santjosep.net\/wp-content\/uploads\/2021\/10\/II-Fira-de-la-Sal__SGC5256.jpg\",\"datePublished\":\"2022-10-25T15:10:21+00:00\",\"dateModified\":\"2022-10-26T07:27:08+00:00\",\"breadcrumb\":{\"@id\":\"https:\/\/www.santjosep.net\/ca\/esdeveniment\/vi-fira-de-la-sal-3\/#breadcrumb\"},\"inLanguage\":\"ca\",\"potentialAction\":[{\"@type\":\"ReadAction\",\"target\":[\"https:\/\/www.santjosep.net\/ca\/esdeveniment\/vi-fira-de-la-sal-3\/\"]}]},{\"@type\":\"ImageObject\",\"inLanguage\":\"ca\",\"@id\":\"https:\/\/www.santjosep.net\/ca\/esdeveniment\/vi-fira-de-la-sal-3\/#primaryimage\",\"url\":\"https:\/\/www.santjosep.net\/wp-content\/uploads\/2021\/10\/II-Fira-de-la-Sal__SGC5256.jpg\",\"contentUrl\":\"https:\/\/www.santjosep.net\/wp-content\/uploads\/2021\/10\/II-Fira-de-la-Sal__SGC5256.jpg\",\"width\":1500,\"height\":1000,\"caption\":\"II Fira de la Sal, Ses Salines d'Eivissa. ?sSom un poble saliner'\"},{\"@type\":\"BreadcrumbList\",\"@id\":\"https:\/\/www.santjosep.net\/ca\/esdeveniment\/vi-fira-de-la-sal-3\/#breadcrumb\",\"itemListElement\":[{\"@type\":\"ListItem\",\"position\":1,\"name\":\"Eventos\",\"item\":\"https:\/\/www.santjosep.net\/agenda\/\"},{\"@type\":\"ListItem\",\"position\":2,\"name\":\"VI Fira de la Sal\"}]},{\"@type\":\"WebSite\",\"@id\":\"https:\/\/www.santjosep.net\/#website\",\"url\":\"https:\/\/www.santjosep.net\/\",\"name\":\"Santjosep.net\",\"description\":\"\",\"potentialAction\":[{\"@type\":\"SearchAction\",\"target\":{\"@type\":\"EntryPoint\",\"urlTemplate\":\"https:\/\/www.santjosep.net\/?s={search_term_string}\"},\"query-input\":{\"@type\":\"PropertyValueSpecification\",\"valueRequired\":true,\"valueName\":\"search_term_string\"}}],\"inLanguage\":\"ca\"}]}<\/script>\n<!-- \/ Yoast SEO plugin. -->","yoast_head_json":{"title":"VI Fira de la Sal - Santjosep.net","robots":{"index":"index","follow":"follow","max-snippet":"max-snippet:-1","max-image-preview":"max-image-preview:large","max-video-preview":"max-video-preview:-1"},"canonical":"https:\/\/www.santjosep.net\/ca\/esdeveniment\/vi-fira-de-la-sal-3\/","og_locale":"ca_ES","og_type":"article","og_title":"VI Fira de la Sal - Santjosep.net","og_description":"\u00c0REA O. ERA DE L&#8217;ANTIC MUNT DE SAL DES PANTANO 11.00 h &#8211; Inauguraci\u00f3n oficial con un foguer\u00f3. El humo era el antiguo sistema para avisar a distancia a los grupos de trabajadores de los pueblos. ACTIVITATS AL PARC NATURAL [&hellip;]","og_url":"https:\/\/www.santjosep.net\/ca\/esdeveniment\/vi-fira-de-la-sal-3\/","og_site_name":"Santjosep.net","article_modified_time":"2022-10-26T07:27:08+00:00","og_image":[{"width":1500,"height":1000,"url":"https:\/\/www.santjosep.net\/wp-content\/uploads\/2021\/10\/II-Fira-de-la-Sal__SGC5256.jpg","type":"image\/jpeg"}],"twitter_card":"summary_large_image","twitter_misc":{"Temps estimat de lectura":"2 minuts"},"schema":{"@context":"https:\/\/schema.org","@graph":[{"@type":"WebPage","@id":"https:\/\/www.santjosep.net\/ca\/esdeveniment\/vi-fira-de-la-sal-3\/","url":"https:\/\/www.santjosep.net\/ca\/esdeveniment\/vi-fira-de-la-sal-3\/","name":"VI Fira de la Sal - Santjosep.net","isPartOf":{"@id":"https:\/\/www.santjosep.net\/#website"},"primaryImageOfPage":{"@id":"https:\/\/www.santjosep.net\/ca\/esdeveniment\/vi-fira-de-la-sal-3\/#primaryimage"},"image":{"@id":"https:\/\/www.santjosep.net\/ca\/esdeveniment\/vi-fira-de-la-sal-3\/#primaryimage"},"thumbnailUrl":"https:\/\/www.santjosep.net\/wp-content\/uploads\/2021\/10\/II-Fira-de-la-Sal__SGC5256.jpg","datePublished":"2022-10-25T15:10:21+00:00","dateModified":"2022-10-26T07:27:08+00:00","breadcrumb":{"@id":"https:\/\/www.santjosep.net\/ca\/esdeveniment\/vi-fira-de-la-sal-3\/#breadcrumb"},"inLanguage":"ca","potentialAction":[{"@type":"ReadAction","target":["https:\/\/www.santjosep.net\/ca\/esdeveniment\/vi-fira-de-la-sal-3\/"]}]},{"@type":"ImageObject","inLanguage":"ca","@id":"https:\/\/www.santjosep.net\/ca\/esdeveniment\/vi-fira-de-la-sal-3\/#primaryimage","url":"https:\/\/www.santjosep.net\/wp-content\/uploads\/2021\/10\/II-Fira-de-la-Sal__SGC5256.jpg","contentUrl":"https:\/\/www.santjosep.net\/wp-content\/uploads\/2021\/10\/II-Fira-de-la-Sal__SGC5256.jpg","width":1500,"height":1000,"caption":"II Fira de la Sal, Ses Salines d'Eivissa. ?sSom un poble saliner'"},{"@type":"BreadcrumbList","@id":"https:\/\/www.santjosep.net\/ca\/esdeveniment\/vi-fira-de-la-sal-3\/#breadcrumb","itemListElement":[{"@type":"ListItem","position":1,"name":"Eventos","item":"https:\/\/www.santjosep.net\/agenda\/"},{"@type":"ListItem","position":2,"name":"VI Fira de la Sal"}]},{"@type":"WebSite","@id":"https:\/\/www.santjosep.net\/#website","url":"https:\/\/www.santjosep.net\/","name":"Santjosep.net","description":"","potentialAction":[{"@type":"SearchAction","target":{"@type":"EntryPoint","urlTemplate":"https:\/\/www.santjosep.net\/?s={search_term_string}"},"query-input":{"@type":"PropertyValueSpecification","valueRequired":true,"valueName":"search_term_string"}}],"inLanguage":"ca"}]}},"_links":{"self":[{"href":"https:\/\/www.santjosep.net\/ca\/wp-json\/wp\/v2\/tribe_events\/33437","targetHints":{"allow":["GET"]}}],"collection":[{"href":"https:\/\/www.santjosep.net\/ca\/wp-json\/wp\/v2\/tribe_events"}],"about":[{"href":"https:\/\/www.santjosep.net\/ca\/wp-json\/wp\/v2\/types\/tribe_events"}],"author":[{"embeddable":true,"href":"https:\/\/www.santjosep.net\/ca\/wp-json\/wp\/v2\/users\/1"}],"version-history":[{"count":0,"href":"https:\/\/www.santjosep.net\/ca\/wp-json\/wp\/v2\/tribe_events\/33437\/revisions"}],"wp:featuredmedia":[{"embeddable":true,"href":"https:\/\/www.santjosep.net\/ca\/wp-json\/wp\/v2\/media\/25850"}],"wp:attachment":[{"href":"https:\/\/www.santjosep.net\/ca\/wp-json\/wp\/v2\/media?parent=33437"}],"wp:term":[{"taxonomy":"post_tag","embeddable":true,"href":"https:\/\/www.santjosep.net\/ca\/wp-json\/wp\/v2\/tags?post=33437"},{"taxonomy":"tribe_events_cat","embeddable":true,"href":"https:\/\/www.santjosep.net\/ca\/wp-json\/wp\/v2\/tribe_events_cat?post=33437"}],"curies":[{"name":"wp","href":"https:\/\/api.w.org\/{rel}","templated":true}]}}

<p><strong>ÀREA O. ERA DE L&#8217;ANTIC MUNT DE SAL DES PANTANO</strong><br />
11.00 h &#8211; Inauguración oficial con un fogueró. El humo era el antiguo sistema para avisar a distancia a los grupos de trabajadores de los pueblos.</p>
<p><strong>ACTIVITATS AL PARC NATURAL DE SES SALINES</strong></p>
<p>10.00 h &#8211; Excursió guiada &#8216;Ruta de ses portes&#8217;<br />
&#8211; Trobada: antic munt de sal (munt Petit o des Pantano)<br />
&#8211; Durada: 2,5 h<br />
&#8211; Nivell de dificultat: apte per a tots els públics<br />
&#8211; Itinerari: punt de trobada -sa Canal &#8211; platja de ses Salines – torre de ses portes &#8211; platja des Cavallet &#8211; estanys de sa Barqueta &#8211; punt de trobada</p>
<p>11.00 h &#8211; Excursió guiada &#8216;Ruta del cap des Falcó&#8217;<br />
&#8211; Trobada: antic munt de sal (munt Petit o des Pantano)<br />
&#8211; Durada: 2,5 h<br />
&#8211; Nivell de dificultat: apte per a tots els públics<br />
-Itinerari: punt de trobada &#8211; sa Canal &#8211; puig des Falcó-es munt de sal de Can Gorra &#8211; punt de trobada</p>
<p><strong>ÀREA 1. CENTRE D&#8217;INTERPRETACIÓ DE SES SALINES</strong><br />
10.00 a 14.00 h &#8211; Observació d&#8217;aus i taula informativa per conèixer els valors naturals i culturals del Parc Natural de ses Salines.</p>
<p><strong>ÀREA 3. TORRE DE SA SAL ROSSA</strong><br />
11.00 h / 11.45 h / 12.30 h / 13.15 h &#8211; Visites guiades a l&#8217;antic conjunt saliner de la Xanga.</p>
<p><strong>ÀREA 4. POU DES CARBO</strong><br />
Pou del segle XVIII que proveïa d&#8217;aigua les calderes del ferrocarril que transportava la sal des dels estanys fins a la zona de càrrega.</p>
<p><strong>ÀREA 6. L&#8217;ESTANY DE SES SALINES</strong><br />
11.30 a 12.30 h &#8211; Explicació Collita de la sal per Antoni Ferrer Abárzuza.<br />
11.00 a 12.00 h &#8211; Patrimoni i naturalesa &#8216;La sal d&#8217;Eivissa&#8217;. Excursió lliure amb taules informatives durant el recorregut. Parada especial de bus a Can Pep Tixedó.</p>
<p>&#8211; Taula 1. Sal i història de ses Salines (munt de sal de Can Gorra).<br />
&#8211; Taula 2. Formació de la sal (vial de terra davant l&#8217;antic munt de sal des Pantano).<br />
&#8211; Taula 3. Sal i saliners (vial de terra davant l&#8217;antic munt de sal des Pantano).<br />
&#8211; Taula 4. Usos i comercialització de la sal (vial de terra davant l&#8217;antic munt de sal des Pantano).</p>

<p>ÀREA O. ERA DE L&#8217;ANTIC MUNT DE SAL DES PANTANO 11.00 h &#8211; Inauguración oficial con un fogueró. El humo era el antiguo sistema para avisar a distancia a los grupos de trabajadores de los pueblos. ACTIVITATS AL PARC NATURAL [&hellip;]</p>

<!-- This site is optimized with the Yoast SEO plugin v25.7 - https://yoast.com/wordpress/plugins/seo/ -->
<title>VI Fira de la Sal - Santjosep.net</title>
<meta name="robots" content="index, follow, max-snippet:-1, max-image-preview:large, max-video-preview:-1" />
<link rel="canonical" href="https://www.santjosep.net/ca/esdeveniment/vi-fira-de-la-sal-3/" />
<meta property="og:locale" content="ca_ES" />
<meta property="og:type" content="article" />
<meta property="og:title" content="VI Fira de la Sal - Santjosep.net" />
<meta property="og:description" content="ÀREA O. ERA DE L&#8217;ANTIC MUNT DE SAL DES PANTANO 11.00 h &#8211; Inauguración oficial con un fogueró. El humo era el antiguo sistema para avisar a distancia a los grupos de trabajadores de los pueblos. ACTIVITATS AL PARC NATURAL [&hellip;]" />
<meta property="og:url" content="https://www.santjosep.net/ca/esdeveniment/vi-fira-de-la-sal-3/" />
<meta property="og:site_name" content="Santjosep.net" />
<meta property="article:modified_time" content="2022-10-26T07:27:08+00:00" />
<meta property="og:image" content="https://www.santjosep.net/wp-content/uploads/2021/10/II-Fira-de-la-Sal__SGC5256.jpg" />
	<meta property="og:image:width" content="1500" />
	<meta property="og:image:height" content="1000" />
	<meta property="og:image:type" content="image/jpeg" />
<meta name="twitter:card" content="summary_large_image" />
<meta name="twitter:label1" content="Temps estimat de lectura" />
	<meta name="twitter:data1" content="2 minuts" />
<script type="application/ld+json" class="yoast-schema-graph">{"@context":"https://schema.org","@graph":[{"@type":"WebPage","@id":"https://www.santjosep.net/ca/esdeveniment/vi-fira-de-la-sal-3/","url":"https://www.santjosep.net/ca/esdeveniment/vi-fira-de-la-sal-3/","name":"VI Fira de la Sal - Santjosep.net","isPartOf":{"@id":"https://www.santjosep.net/#website"},"primaryImageOfPage":{"@id":"https://www.santjosep.net/ca/esdeveniment/vi-fira-de-la-sal-3/#primaryimage"},"image":{"@id":"https://www.santjosep.net/ca/esdeveniment/vi-fira-de-la-sal-3/#primaryimage"},"thumbnailUrl":"https://www.santjosep.net/wp-content/uploads/2021/10/II-Fira-de-la-Sal__SGC5256.jpg","datePublished":"2022-10-25T15:10:21+00:00","dateModified":"2022-10-26T07:27:08+00:00","breadcrumb":{"@id":"https://www.santjosep.net/ca/esdeveniment/vi-fira-de-la-sal-3/#breadcrumb"},"inLanguage":"ca","potentialAction":[{"@type":"ReadAction","target":["https://www.santjosep.net/ca/esdeveniment/vi-fira-de-la-sal-3/"]}]},{"@type":"ImageObject","inLanguage":"ca","@id":"https://www.santjosep.net/ca/esdeveniment/vi-fira-de-la-sal-3/#primaryimage","url":"https://www.santjosep.net/wp-content/uploads/2021/10/II-Fira-de-la-Sal__SGC5256.jpg","contentUrl":"https://www.santjosep.net/wp-content/uploads/2021/10/II-Fira-de-la-Sal__SGC5256.jpg","width":1500,"height":1000,"caption":"II Fira de la Sal, Ses Salines d'Eivissa. ?sSom un poble saliner'"},{"@type":"BreadcrumbList","@id":"https://www.santjosep.net/ca/esdeveniment/vi-fira-de-la-sal-3/#breadcrumb","itemListElement":[{"@type":"ListItem","position":1,"name":"Eventos","item":"https://www.santjosep.net/agenda/"},{"@type":"ListItem","position":2,"name":"VI Fira de la Sal"}]},{"@type":"WebSite","@id":"https://www.santjosep.net/#website","url":"https://www.santjosep.net/","name":"Santjosep.net","description":"","potentialAction":[{"@type":"SearchAction","target":{"@type":"EntryPoint","urlTemplate":"https://www.santjosep.net/?s={search_term_string}"},"query-input":{"@type":"PropertyValueSpecification","valueRequired":true,"valueName":"search_term_string"}}],"inLanguage":"ca"}]}</script>
<!-- / Yoast SEO plugin. -->

ÀREA O. ERA DE L&#8217;ANTIC MUNT DE SAL DES PANTANO 11.00 h &#8211; Inauguración oficial con un fogueró. El humo era el antiguo sistema para avisar a distancia a los grupos de trabajadores de los pueblos. ACTIVITATS AL PARC NATURAL [&hellip;]
