{"id":33284,"date":"2022-10-24T15:20:45","date_gmt":"2022-10-24T13:20:45","guid":{"rendered":"https:\/\/www.santjosep.net\/evento\/vi-fira-de-la-sal\/"},"modified":"2022-10-26T10:13:11","modified_gmt":"2022-10-26T08:13:11","slug":"vi-fira-de-la-sal","status":"publish","type":"tribe_events","link":"https:\/\/www.santjosep.net\/ca\/esdeveniment\/vi-fira-de-la-sal\/","title":{"rendered":"VI Fira de la Sal"},"content":{"rendered":"<p><strong>\u00c1REA 5. SANT JORDI DE SES SALINES<\/strong><\/p>\n<p>17.00 a 20.00 h<br \/>\n&#8211; Exposici\u00f3 patrimoni i naturalesa &#8216;Ormejos&#8217;. Sala d&#8217;actes de les dependencies municipals de Sant Jordi de ses Salines.<\/p>\n<p>17.00 a 20.00 h<br \/>\n&#8211; Exposici\u00f3 sobre praderies de posidonia &#8216;El bosc del Meditarrani&#8217;, del fotograf Joan Costa i textos de F. Xavier Mas Ferro. Pla\u00e7a de Sant Jordi de ses Salines.<\/p>\n<p>17.30 a 19.30 h<br \/>\n&#8211; Tallers i activitats infantils. Pla\u00e7a de Sant Jordi de ses Salines.<br \/>\n&#8211; Animaci\u00f3 a la pla\u00e7a de Sant Jordi de ses Salines:<br \/>\n\u2022 M\u00fasica: Bluesmafia Salada Ac\u00fastic amb Dennis, V\u00edctor, Miquel i Montse, que animara la pla\u00e7a amb el seu grup de blues i swing.<br \/>\n\u2022 Les pintacares decoraran les cares,dels m\u00e9s petits amb imatges relacionades amb les salines (sal, mar, ocells &#8230; ).<br \/>\n\u2022 Contacontes musical amb V\u00edctor i Angels.<br \/>\n\u2022 L&#8217;entusiasme de la cercavila amb potes d&#8217;ase d&#8217;Ackrobati-k aportara alegria i color a la tarda.<br \/>\n&#8211; &#8216;Aprenents de Saliners&#8217;, activitat familiar.<\/p>\n","protected":false},"excerpt":{"rendered":"<p>\u00c1REA 5. SANT JORDI DE SES SALINES 17.00 a 20.00 h &#8211; Exposici\u00f3 patrimoni i naturalesa &#8216;Ormejos&#8217;. Sala d&#8217;actes de les dependencies municipals de Sant Jordi de ses Salines. 17.00 a 20.00 h &#8211; Exposici\u00f3 sobre praderies de posidonia &#8216;El [&hellip;]<\/p>\n","protected":false},"author":1,"featured_media":25966,"template":"","meta":{"_acf_changed":false,"inline_featured_image":false,"_tribe_events_status":"","_tribe_events_status_reason":"","footnotes":""},"tags":[],"tribe_events_cat":[367],"class_list":["post-33284","tribe_events","type-tribe_events","status-publish","has-post-thumbnail","hentry","tribe_events_cat-fira-de-la-sal-ca","cat_fira-de-la-sal-ca"],"acf":[],"yoast_head":"<!-- This site is optimized with the Yoast SEO plugin v25.7 - https:\/\/yoast.com\/wordpress\/plugins\/seo\/ -->\n<title>VI Fira de la Sal - Santjosep.net<\/title>\n<meta name=\"robots\" content=\"index, follow, max-snippet:-1, max-image-preview:large, max-video-preview:-1\" \/>\n<link rel=\"canonical\" href=\"https:\/\/www.santjosep.net\/ca\/esdeveniment\/vi-fira-de-la-sal\/\" \/>\n<meta property=\"og:locale\" content=\"ca_ES\" \/>\n<meta property=\"og:type\" content=\"article\" \/>\n<meta property=\"og:title\" content=\"VI Fira de la Sal - Santjosep.net\" \/>\n<meta property=\"og:description\" content=\"\u00c1REA 5. SANT JORDI DE SES SALINES 17.00 a 20.00 h &#8211; Exposici\u00f3 patrimoni i naturalesa &#8216;Ormejos&#8217;. Sala d&#8217;actes de les dependencies municipals de Sant Jordi de ses Salines. 17.00 a 20.00 h &#8211; Exposici\u00f3 sobre praderies de posidonia &#8216;El [&hellip;]\" \/>\n<meta property=\"og:url\" content=\"https:\/\/www.santjosep.net\/ca\/esdeveniment\/vi-fira-de-la-sal\/\" \/>\n<meta property=\"og:site_name\" content=\"Santjosep.net\" \/>\n<meta property=\"article:modified_time\" content=\"2022-10-26T08:13:11+00:00\" \/>\n<meta property=\"og:image\" content=\"https:\/\/www.santjosep.net\/wp-content\/uploads\/2021\/10\/animacio.jpg\" \/>\n\t<meta property=\"og:image:width\" content=\"2048\" \/>\n\t<meta property=\"og:image:height\" content=\"1365\" \/>\n\t<meta property=\"og:image:type\" content=\"image\/jpeg\" \/>\n<meta name=\"twitter:card\" content=\"summary_large_image\" \/>\n<meta name=\"twitter:label1\" content=\"Temps estimat de lectura\" \/>\n\t<meta name=\"twitter:data1\" content=\"1 minut\" \/>\n<script type=\"application\/ld+json\" class=\"yoast-schema-graph\">{\"@context\":\"https:\/\/schema.org\",\"@graph\":[{\"@type\":\"WebPage\",\"@id\":\"https:\/\/www.santjosep.net\/ca\/esdeveniment\/vi-fira-de-la-sal\/\",\"url\":\"https:\/\/www.santjosep.net\/ca\/esdeveniment\/vi-fira-de-la-sal\/\",\"name\":\"VI Fira de la Sal - Santjosep.net\",\"isPartOf\":{\"@id\":\"https:\/\/www.santjosep.net\/#website\"},\"primaryImageOfPage\":{\"@id\":\"https:\/\/www.santjosep.net\/ca\/esdeveniment\/vi-fira-de-la-sal\/#primaryimage\"},\"image\":{\"@id\":\"https:\/\/www.santjosep.net\/ca\/esdeveniment\/vi-fira-de-la-sal\/#primaryimage\"},\"thumbnailUrl\":\"https:\/\/www.santjosep.net\/wp-content\/uploads\/2021\/10\/animacio.jpg\",\"datePublished\":\"2022-10-24T13:20:45+00:00\",\"dateModified\":\"2022-10-26T08:13:11+00:00\",\"breadcrumb\":{\"@id\":\"https:\/\/www.santjosep.net\/ca\/esdeveniment\/vi-fira-de-la-sal\/#breadcrumb\"},\"inLanguage\":\"ca\",\"potentialAction\":[{\"@type\":\"ReadAction\",\"target\":[\"https:\/\/www.santjosep.net\/ca\/esdeveniment\/vi-fira-de-la-sal\/\"]}]},{\"@type\":\"ImageObject\",\"inLanguage\":\"ca\",\"@id\":\"https:\/\/www.santjosep.net\/ca\/esdeveniment\/vi-fira-de-la-sal\/#primaryimage\",\"url\":\"https:\/\/www.santjosep.net\/wp-content\/uploads\/2021\/10\/animacio.jpg\",\"contentUrl\":\"https:\/\/www.santjosep.net\/wp-content\/uploads\/2021\/10\/animacio.jpg\",\"width\":2048,\"height\":1365},{\"@type\":\"BreadcrumbList\",\"@id\":\"https:\/\/www.santjosep.net\/ca\/esdeveniment\/vi-fira-de-la-sal\/#breadcrumb\",\"itemListElement\":[{\"@type\":\"ListItem\",\"position\":1,\"name\":\"Eventos\",\"item\":\"https:\/\/www.santjosep.net\/agenda\/\"},{\"@type\":\"ListItem\",\"position\":2,\"name\":\"VI Fira de la Sal\"}]},{\"@type\":\"WebSite\",\"@id\":\"https:\/\/www.santjosep.net\/#website\",\"url\":\"https:\/\/www.santjosep.net\/\",\"name\":\"Santjosep.net\",\"description\":\"\",\"potentialAction\":[{\"@type\":\"SearchAction\",\"target\":{\"@type\":\"EntryPoint\",\"urlTemplate\":\"https:\/\/www.santjosep.net\/?s={search_term_string}\"},\"query-input\":{\"@type\":\"PropertyValueSpecification\",\"valueRequired\":true,\"valueName\":\"search_term_string\"}}],\"inLanguage\":\"ca\"}]}<\/script>\n<!-- \/ Yoast SEO plugin. -->","yoast_head_json":{"title":"VI Fira de la Sal - Santjosep.net","robots":{"index":"index","follow":"follow","max-snippet":"max-snippet:-1","max-image-preview":"max-image-preview:large","max-video-preview":"max-video-preview:-1"},"canonical":"https:\/\/www.santjosep.net\/ca\/esdeveniment\/vi-fira-de-la-sal\/","og_locale":"ca_ES","og_type":"article","og_title":"VI Fira de la Sal - Santjosep.net","og_description":"\u00c1REA 5. SANT JORDI DE SES SALINES 17.00 a 20.00 h &#8211; Exposici\u00f3 patrimoni i naturalesa &#8216;Ormejos&#8217;. Sala d&#8217;actes de les dependencies municipals de Sant Jordi de ses Salines. 17.00 a 20.00 h &#8211; Exposici\u00f3 sobre praderies de posidonia &#8216;El [&hellip;]","og_url":"https:\/\/www.santjosep.net\/ca\/esdeveniment\/vi-fira-de-la-sal\/","og_site_name":"Santjosep.net","article_modified_time":"2022-10-26T08:13:11+00:00","og_image":[{"width":2048,"height":1365,"url":"https:\/\/www.santjosep.net\/wp-content\/uploads\/2021\/10\/animacio.jpg","type":"image\/jpeg"}],"twitter_card":"summary_large_image","twitter_misc":{"Temps estimat de lectura":"1 minut"},"schema":{"@context":"https:\/\/schema.org","@graph":[{"@type":"WebPage","@id":"https:\/\/www.santjosep.net\/ca\/esdeveniment\/vi-fira-de-la-sal\/","url":"https:\/\/www.santjosep.net\/ca\/esdeveniment\/vi-fira-de-la-sal\/","name":"VI Fira de la Sal - Santjosep.net","isPartOf":{"@id":"https:\/\/www.santjosep.net\/#website"},"primaryImageOfPage":{"@id":"https:\/\/www.santjosep.net\/ca\/esdeveniment\/vi-fira-de-la-sal\/#primaryimage"},"image":{"@id":"https:\/\/www.santjosep.net\/ca\/esdeveniment\/vi-fira-de-la-sal\/#primaryimage"},"thumbnailUrl":"https:\/\/www.santjosep.net\/wp-content\/uploads\/2021\/10\/animacio.jpg","datePublished":"2022-10-24T13:20:45+00:00","dateModified":"2022-10-26T08:13:11+00:00","breadcrumb":{"@id":"https:\/\/www.santjosep.net\/ca\/esdeveniment\/vi-fira-de-la-sal\/#breadcrumb"},"inLanguage":"ca","potentialAction":[{"@type":"ReadAction","target":["https:\/\/www.santjosep.net\/ca\/esdeveniment\/vi-fira-de-la-sal\/"]}]},{"@type":"ImageObject","inLanguage":"ca","@id":"https:\/\/www.santjosep.net\/ca\/esdeveniment\/vi-fira-de-la-sal\/#primaryimage","url":"https:\/\/www.santjosep.net\/wp-content\/uploads\/2021\/10\/animacio.jpg","contentUrl":"https:\/\/www.santjosep.net\/wp-content\/uploads\/2021\/10\/animacio.jpg","width":2048,"height":1365},{"@type":"BreadcrumbList","@id":"https:\/\/www.santjosep.net\/ca\/esdeveniment\/vi-fira-de-la-sal\/#breadcrumb","itemListElement":[{"@type":"ListItem","position":1,"name":"Eventos","item":"https:\/\/www.santjosep.net\/agenda\/"},{"@type":"ListItem","position":2,"name":"VI Fira de la Sal"}]},{"@type":"WebSite","@id":"https:\/\/www.santjosep.net\/#website","url":"https:\/\/www.santjosep.net\/","name":"Santjosep.net","description":"","potentialAction":[{"@type":"SearchAction","target":{"@type":"EntryPoint","urlTemplate":"https:\/\/www.santjosep.net\/?s={search_term_string}"},"query-input":{"@type":"PropertyValueSpecification","valueRequired":true,"valueName":"search_term_string"}}],"inLanguage":"ca"}]}},"_links":{"self":[{"href":"https:\/\/www.santjosep.net\/ca\/wp-json\/wp\/v2\/tribe_events\/33284","targetHints":{"allow":["GET"]}}],"collection":[{"href":"https:\/\/www.santjosep.net\/ca\/wp-json\/wp\/v2\/tribe_events"}],"about":[{"href":"https:\/\/www.santjosep.net\/ca\/wp-json\/wp\/v2\/types\/tribe_events"}],"author":[{"embeddable":true,"href":"https:\/\/www.santjosep.net\/ca\/wp-json\/wp\/v2\/users\/1"}],"version-history":[{"count":0,"href":"https:\/\/www.santjosep.net\/ca\/wp-json\/wp\/v2\/tribe_events\/33284\/revisions"}],"wp:featuredmedia":[{"embeddable":true,"href":"https:\/\/www.santjosep.net\/ca\/wp-json\/wp\/v2\/media\/25966"}],"wp:attachment":[{"href":"https:\/\/www.santjosep.net\/ca\/wp-json\/wp\/v2\/media?parent=33284"}],"wp:term":[{"taxonomy":"post_tag","embeddable":true,"href":"https:\/\/www.santjosep.net\/ca\/wp-json\/wp\/v2\/tags?post=33284"},{"taxonomy":"tribe_events_cat","embeddable":true,"href":"https:\/\/www.santjosep.net\/ca\/wp-json\/wp\/v2\/tribe_events_cat?post=33284"}],"curies":[{"name":"wp","href":"https:\/\/api.w.org\/{rel}","templated":true}]}}

<p><strong>ÁREA 5. SANT JORDI DE SES SALINES</strong></p>
<p>17.00 a 20.00 h<br />
&#8211; Exposició patrimoni i naturalesa &#8216;Ormejos&#8217;. Sala d&#8217;actes de les dependencies municipals de Sant Jordi de ses Salines.</p>
<p>17.00 a 20.00 h<br />
&#8211; Exposició sobre praderies de posidonia &#8216;El bosc del Meditarrani&#8217;, del fotograf Joan Costa i textos de F. Xavier Mas Ferro. Plaça de Sant Jordi de ses Salines.</p>
<p>17.30 a 19.30 h<br />
&#8211; Tallers i activitats infantils. Plaça de Sant Jordi de ses Salines.<br />
&#8211; Animació a la plaça de Sant Jordi de ses Salines:<br />
• Música: Bluesmafia Salada Acústic amb Dennis, Víctor, Miquel i Montse, que animara la plaça amb el seu grup de blues i swing.<br />
• Les pintacares decoraran les cares,dels més petits amb imatges relacionades amb les salines (sal, mar, ocells &#8230; ).<br />
• Contacontes musical amb Víctor i Angels.<br />
• L&#8217;entusiasme de la cercavila amb potes d&#8217;ase d&#8217;Ackrobati-k aportara alegria i color a la tarda.<br />
&#8211; &#8216;Aprenents de Saliners&#8217;, activitat familiar.</p>

<p>ÁREA 5. SANT JORDI DE SES SALINES 17.00 a 20.00 h &#8211; Exposició patrimoni i naturalesa &#8216;Ormejos&#8217;. Sala d&#8217;actes de les dependencies municipals de Sant Jordi de ses Salines. 17.00 a 20.00 h &#8211; Exposició sobre praderies de posidonia &#8216;El [&hellip;]</p>

<!-- This site is optimized with the Yoast SEO plugin v25.7 - https://yoast.com/wordpress/plugins/seo/ -->
<title>VI Fira de la Sal - Santjosep.net</title>
<meta name="robots" content="index, follow, max-snippet:-1, max-image-preview:large, max-video-preview:-1" />
<link rel="canonical" href="https://www.santjosep.net/ca/esdeveniment/vi-fira-de-la-sal/" />
<meta property="og:locale" content="ca_ES" />
<meta property="og:type" content="article" />
<meta property="og:title" content="VI Fira de la Sal - Santjosep.net" />
<meta property="og:description" content="ÁREA 5. SANT JORDI DE SES SALINES 17.00 a 20.00 h &#8211; Exposició patrimoni i naturalesa &#8216;Ormejos&#8217;. Sala d&#8217;actes de les dependencies municipals de Sant Jordi de ses Salines. 17.00 a 20.00 h &#8211; Exposició sobre praderies de posidonia &#8216;El [&hellip;]" />
<meta property="og:url" content="https://www.santjosep.net/ca/esdeveniment/vi-fira-de-la-sal/" />
<meta property="og:site_name" content="Santjosep.net" />
<meta property="article:modified_time" content="2022-10-26T08:13:11+00:00" />
<meta property="og:image" content="https://www.santjosep.net/wp-content/uploads/2021/10/animacio.jpg" />
	<meta property="og:image:width" content="2048" />
	<meta property="og:image:height" content="1365" />
	<meta property="og:image:type" content="image/jpeg" />
<meta name="twitter:card" content="summary_large_image" />
<meta name="twitter:label1" content="Temps estimat de lectura" />
	<meta name="twitter:data1" content="1 minut" />
<script type="application/ld+json" class="yoast-schema-graph">{"@context":"https://schema.org","@graph":[{"@type":"WebPage","@id":"https://www.santjosep.net/ca/esdeveniment/vi-fira-de-la-sal/","url":"https://www.santjosep.net/ca/esdeveniment/vi-fira-de-la-sal/","name":"VI Fira de la Sal - Santjosep.net","isPartOf":{"@id":"https://www.santjosep.net/#website"},"primaryImageOfPage":{"@id":"https://www.santjosep.net/ca/esdeveniment/vi-fira-de-la-sal/#primaryimage"},"image":{"@id":"https://www.santjosep.net/ca/esdeveniment/vi-fira-de-la-sal/#primaryimage"},"thumbnailUrl":"https://www.santjosep.net/wp-content/uploads/2021/10/animacio.jpg","datePublished":"2022-10-24T13:20:45+00:00","dateModified":"2022-10-26T08:13:11+00:00","breadcrumb":{"@id":"https://www.santjosep.net/ca/esdeveniment/vi-fira-de-la-sal/#breadcrumb"},"inLanguage":"ca","potentialAction":[{"@type":"ReadAction","target":["https://www.santjosep.net/ca/esdeveniment/vi-fira-de-la-sal/"]}]},{"@type":"ImageObject","inLanguage":"ca","@id":"https://www.santjosep.net/ca/esdeveniment/vi-fira-de-la-sal/#primaryimage","url":"https://www.santjosep.net/wp-content/uploads/2021/10/animacio.jpg","contentUrl":"https://www.santjosep.net/wp-content/uploads/2021/10/animacio.jpg","width":2048,"height":1365},{"@type":"BreadcrumbList","@id":"https://www.santjosep.net/ca/esdeveniment/vi-fira-de-la-sal/#breadcrumb","itemListElement":[{"@type":"ListItem","position":1,"name":"Eventos","item":"https://www.santjosep.net/agenda/"},{"@type":"ListItem","position":2,"name":"VI Fira de la Sal"}]},{"@type":"WebSite","@id":"https://www.santjosep.net/#website","url":"https://www.santjosep.net/","name":"Santjosep.net","description":"","potentialAction":[{"@type":"SearchAction","target":{"@type":"EntryPoint","urlTemplate":"https://www.santjosep.net/?s={search_term_string}"},"query-input":{"@type":"PropertyValueSpecification","valueRequired":true,"valueName":"search_term_string"}}],"inLanguage":"ca"}]}</script>
<!-- / Yoast SEO plugin. -->

ÁREA 5. SANT JORDI DE SES SALINES 17.00 a 20.00 h &#8211; Exposició patrimoni i naturalesa &#8216;Ormejos&#8217;. Sala d&#8217;actes de les dependencies municipals de Sant Jordi de ses Salines. 17.00 a 20.00 h &#8211; Exposició sobre praderies de posidonia &#8216;El [&hellip;]
