{"id":33045,"date":"2016-01-26T11:09:59","date_gmt":"2016-01-26T11:09:59","guid":{"rendered":"https:\/\/www.santjosep.net\/evento\/fiestas-de-sant-francesc-de-sestany\/"},"modified":"2016-01-26T11:09:59","modified_gmt":"2016-01-26T11:09:59","slug":"fiestas-de-sant-francesc-de-sestany","status":"publish","type":"tribe_events","link":"https:\/\/www.santjosep.net\/ca\/esdeveniment\/fiestas-de-sant-francesc-de-sestany\/","title":{"rendered":"Fiestas de Sant Francesc de S&#8217;Estany"},"content":{"rendered":"<p><span data-sheets-value=\"[null,2,&quot;El pueblo m\\u00e1s peque\\u00f1o de nuestro municipio tambi\\u00e9n celebra su patr\\u00f3n por todo lo alto, es por eso que el 2 de Abril toca visitar su bella iglesia para celebrar su d\\u00eda grande. La ubicaci\\u00f3n inigualable de este pueblo en pleno Parque Natural de Ses Salines, ser\\u00e1 el escenario ideal para no parar de disfrutar con los conciertos y actividades que se preparan especialmente para un d\\u00eda tan se\\u00f1alado como \\u00e9ste.&quot;]\" data-sheets-userformat=\"[null,null,15297,[null,0],null,null,null,null,null,1,1,4,0,null,[null,2,0],&quot;Arial&quot;,11]\">El pueblo m\u00e1s peque\u00f1o de nuestro municipio tambi\u00e9n celebra su patr\u00f3n por todo lo alto, es por eso que el 2 de Abril toca visitar su bella iglesia para celebrar su d\u00eda grande. La ubicaci\u00f3n inigualable de este pueblo en pleno Parque Natural de Ses Salines, ser\u00e1 el escenario ideal para no parar de disfrutar con los conciertos y actividades que se preparan especialmente para un d\u00eda tan se\u00f1alado como \u00e9ste.<\/span><\/p>\n","protected":false},"excerpt":{"rendered":"<p>El pueblo m\u00e1s peque\u00f1o de nuestro municipio tambi\u00e9n celebra su patr\u00f3n por todo lo alto, es por eso que el 2 de Abril toca visitar su bella iglesia para celebrar su d\u00eda grande. La ubicaci\u00f3n inigualable de este pueblo en [&hellip;]<\/p>\n","protected":false},"author":1,"featured_media":33046,"template":"","meta":{"_acf_changed":false,"inline_featured_image":false,"_tribe_events_status":"","_tribe_events_status_reason":"","footnotes":""},"tags":[],"tribe_events_cat":[],"class_list":["post-33045","tribe_events","type-tribe_events","status-publish","has-post-thumbnail","hentry"],"acf":[],"yoast_head":"<!-- This site is optimized with the Yoast SEO plugin v25.7 - https:\/\/yoast.com\/wordpress\/plugins\/seo\/ -->\n<title>Fiestas de Sant Francesc de S&#039;Estany - Santjosep.net<\/title>\n<meta name=\"robots\" content=\"index, follow, max-snippet:-1, max-image-preview:large, max-video-preview:-1\" \/>\n<link rel=\"canonical\" href=\"https:\/\/www.santjosep.net\/ca\/esdeveniment\/fiestas-de-sant-francesc-de-sestany\/\" \/>\n<meta property=\"og:locale\" content=\"ca_ES\" \/>\n<meta property=\"og:type\" content=\"article\" \/>\n<meta property=\"og:title\" content=\"Fiestas de Sant Francesc de S&#039;Estany - Santjosep.net\" \/>\n<meta property=\"og:description\" content=\"El pueblo m\u00e1s peque\u00f1o de nuestro municipio tambi\u00e9n celebra su patr\u00f3n por todo lo alto, es por eso que el 2 de Abril toca visitar su bella iglesia para celebrar su d\u00eda grande. La ubicaci\u00f3n inigualable de este pueblo en [&hellip;]\" \/>\n<meta property=\"og:url\" content=\"https:\/\/www.santjosep.net\/ca\/esdeveniment\/fiestas-de-sant-francesc-de-sestany\/\" \/>\n<meta property=\"og:site_name\" content=\"Santjosep.net\" \/>\n<meta property=\"og:image\" content=\"https:\/\/www.santjosep.net\/wp-content\/uploads\/2016\/01\/IMG_0049-1024x683.jpg\" \/>\n\t<meta property=\"og:image:width\" content=\"1024\" \/>\n\t<meta property=\"og:image:height\" content=\"683\" \/>\n\t<meta property=\"og:image:type\" content=\"image\/jpeg\" \/>\n<meta name=\"twitter:card\" content=\"summary_large_image\" \/>\n<script type=\"application\/ld+json\" class=\"yoast-schema-graph\">{\"@context\":\"https:\/\/schema.org\",\"@graph\":[{\"@type\":\"WebPage\",\"@id\":\"https:\/\/www.santjosep.net\/ca\/esdeveniment\/fiestas-de-sant-francesc-de-sestany\/\",\"url\":\"https:\/\/www.santjosep.net\/ca\/esdeveniment\/fiestas-de-sant-francesc-de-sestany\/\",\"name\":\"Fiestas de Sant Francesc de S'Estany - Santjosep.net\",\"isPartOf\":{\"@id\":\"https:\/\/www.santjosep.net\/#website\"},\"primaryImageOfPage\":{\"@id\":\"https:\/\/www.santjosep.net\/ca\/esdeveniment\/fiestas-de-sant-francesc-de-sestany\/#primaryimage\"},\"image\":{\"@id\":\"https:\/\/www.santjosep.net\/ca\/esdeveniment\/fiestas-de-sant-francesc-de-sestany\/#primaryimage\"},\"thumbnailUrl\":\"https:\/\/www.santjosep.net\/wp-content\/uploads\/2016\/01\/IMG_0049.jpg\",\"datePublished\":\"2016-01-26T11:09:59+00:00\",\"breadcrumb\":{\"@id\":\"https:\/\/www.santjosep.net\/ca\/esdeveniment\/fiestas-de-sant-francesc-de-sestany\/#breadcrumb\"},\"inLanguage\":\"ca\",\"potentialAction\":[{\"@type\":\"ReadAction\",\"target\":[\"https:\/\/www.santjosep.net\/ca\/esdeveniment\/fiestas-de-sant-francesc-de-sestany\/\"]}]},{\"@type\":\"ImageObject\",\"inLanguage\":\"ca\",\"@id\":\"https:\/\/www.santjosep.net\/ca\/esdeveniment\/fiestas-de-sant-francesc-de-sestany\/#primaryimage\",\"url\":\"https:\/\/www.santjosep.net\/wp-content\/uploads\/2016\/01\/IMG_0049.jpg\",\"contentUrl\":\"https:\/\/www.santjosep.net\/wp-content\/uploads\/2016\/01\/IMG_0049.jpg\",\"width\":3779,\"height\":2520},{\"@type\":\"BreadcrumbList\",\"@id\":\"https:\/\/www.santjosep.net\/ca\/esdeveniment\/fiestas-de-sant-francesc-de-sestany\/#breadcrumb\",\"itemListElement\":[{\"@type\":\"ListItem\",\"position\":1,\"name\":\"Eventos\",\"item\":\"https:\/\/www.santjosep.net\/agenda\/\"},{\"@type\":\"ListItem\",\"position\":2,\"name\":\"Fiestas de Sant Francesc de S&#8217;Estany\"}]},{\"@type\":\"WebSite\",\"@id\":\"https:\/\/www.santjosep.net\/#website\",\"url\":\"https:\/\/www.santjosep.net\/\",\"name\":\"Santjosep.net\",\"description\":\"\",\"potentialAction\":[{\"@type\":\"SearchAction\",\"target\":{\"@type\":\"EntryPoint\",\"urlTemplate\":\"https:\/\/www.santjosep.net\/?s={search_term_string}\"},\"query-input\":{\"@type\":\"PropertyValueSpecification\",\"valueRequired\":true,\"valueName\":\"search_term_string\"}}],\"inLanguage\":\"ca\"}]}<\/script>\n<!-- \/ Yoast SEO plugin. -->","yoast_head_json":{"title":"Fiestas de Sant Francesc de S'Estany - Santjosep.net","robots":{"index":"index","follow":"follow","max-snippet":"max-snippet:-1","max-image-preview":"max-image-preview:large","max-video-preview":"max-video-preview:-1"},"canonical":"https:\/\/www.santjosep.net\/ca\/esdeveniment\/fiestas-de-sant-francesc-de-sestany\/","og_locale":"ca_ES","og_type":"article","og_title":"Fiestas de Sant Francesc de S'Estany - Santjosep.net","og_description":"El pueblo m\u00e1s peque\u00f1o de nuestro municipio tambi\u00e9n celebra su patr\u00f3n por todo lo alto, es por eso que el 2 de Abril toca visitar su bella iglesia para celebrar su d\u00eda grande. La ubicaci\u00f3n inigualable de este pueblo en [&hellip;]","og_url":"https:\/\/www.santjosep.net\/ca\/esdeveniment\/fiestas-de-sant-francesc-de-sestany\/","og_site_name":"Santjosep.net","og_image":[{"width":1024,"height":683,"url":"https:\/\/www.santjosep.net\/wp-content\/uploads\/2016\/01\/IMG_0049-1024x683.jpg","type":"image\/jpeg"}],"twitter_card":"summary_large_image","schema":{"@context":"https:\/\/schema.org","@graph":[{"@type":"WebPage","@id":"https:\/\/www.santjosep.net\/ca\/esdeveniment\/fiestas-de-sant-francesc-de-sestany\/","url":"https:\/\/www.santjosep.net\/ca\/esdeveniment\/fiestas-de-sant-francesc-de-sestany\/","name":"Fiestas de Sant Francesc de S'Estany - Santjosep.net","isPartOf":{"@id":"https:\/\/www.santjosep.net\/#website"},"primaryImageOfPage":{"@id":"https:\/\/www.santjosep.net\/ca\/esdeveniment\/fiestas-de-sant-francesc-de-sestany\/#primaryimage"},"image":{"@id":"https:\/\/www.santjosep.net\/ca\/esdeveniment\/fiestas-de-sant-francesc-de-sestany\/#primaryimage"},"thumbnailUrl":"https:\/\/www.santjosep.net\/wp-content\/uploads\/2016\/01\/IMG_0049.jpg","datePublished":"2016-01-26T11:09:59+00:00","breadcrumb":{"@id":"https:\/\/www.santjosep.net\/ca\/esdeveniment\/fiestas-de-sant-francesc-de-sestany\/#breadcrumb"},"inLanguage":"ca","potentialAction":[{"@type":"ReadAction","target":["https:\/\/www.santjosep.net\/ca\/esdeveniment\/fiestas-de-sant-francesc-de-sestany\/"]}]},{"@type":"ImageObject","inLanguage":"ca","@id":"https:\/\/www.santjosep.net\/ca\/esdeveniment\/fiestas-de-sant-francesc-de-sestany\/#primaryimage","url":"https:\/\/www.santjosep.net\/wp-content\/uploads\/2016\/01\/IMG_0049.jpg","contentUrl":"https:\/\/www.santjosep.net\/wp-content\/uploads\/2016\/01\/IMG_0049.jpg","width":3779,"height":2520},{"@type":"BreadcrumbList","@id":"https:\/\/www.santjosep.net\/ca\/esdeveniment\/fiestas-de-sant-francesc-de-sestany\/#breadcrumb","itemListElement":[{"@type":"ListItem","position":1,"name":"Eventos","item":"https:\/\/www.santjosep.net\/agenda\/"},{"@type":"ListItem","position":2,"name":"Fiestas de Sant Francesc de S&#8217;Estany"}]},{"@type":"WebSite","@id":"https:\/\/www.santjosep.net\/#website","url":"https:\/\/www.santjosep.net\/","name":"Santjosep.net","description":"","potentialAction":[{"@type":"SearchAction","target":{"@type":"EntryPoint","urlTemplate":"https:\/\/www.santjosep.net\/?s={search_term_string}"},"query-input":{"@type":"PropertyValueSpecification","valueRequired":true,"valueName":"search_term_string"}}],"inLanguage":"ca"}]}},"_links":{"self":[{"href":"https:\/\/www.santjosep.net\/ca\/wp-json\/wp\/v2\/tribe_events\/33045","targetHints":{"allow":["GET"]}}],"collection":[{"href":"https:\/\/www.santjosep.net\/ca\/wp-json\/wp\/v2\/tribe_events"}],"about":[{"href":"https:\/\/www.santjosep.net\/ca\/wp-json\/wp\/v2\/types\/tribe_events"}],"author":[{"embeddable":true,"href":"https:\/\/www.santjosep.net\/ca\/wp-json\/wp\/v2\/users\/1"}],"version-history":[{"count":0,"href":"https:\/\/www.santjosep.net\/ca\/wp-json\/wp\/v2\/tribe_events\/33045\/revisions"}],"wp:featuredmedia":[{"embeddable":true,"href":"https:\/\/www.santjosep.net\/ca\/wp-json\/wp\/v2\/media\/33046"}],"wp:attachment":[{"href":"https:\/\/www.santjosep.net\/ca\/wp-json\/wp\/v2\/media?parent=33045"}],"wp:term":[{"taxonomy":"post_tag","embeddable":true,"href":"https:\/\/www.santjosep.net\/ca\/wp-json\/wp\/v2\/tags?post=33045"},{"taxonomy":"tribe_events_cat","embeddable":true,"href":"https:\/\/www.santjosep.net\/ca\/wp-json\/wp\/v2\/tribe_events_cat?post=33045"}],"curies":[{"name":"wp","href":"https:\/\/api.w.org\/{rel}","templated":true}]}}

<p><span data-sheets-value="[null,2,&quot;El pueblo m\u00e1s peque\u00f1o de nuestro municipio tambi\u00e9n celebra su patr\u00f3n por todo lo alto, es por eso que el 2 de Abril toca visitar su bella iglesia para celebrar su d\u00eda grande. La ubicaci\u00f3n inigualable de este pueblo en pleno Parque Natural de Ses Salines, ser\u00e1 el escenario ideal para no parar de disfrutar con los conciertos y actividades que se preparan especialmente para un d\u00eda tan se\u00f1alado como \u00e9ste.&quot;]" data-sheets-userformat="[null,null,15297,[null,0],null,null,null,null,null,1,1,4,0,null,[null,2,0],&quot;Arial&quot;,11]">El pueblo más pequeño de nuestro municipio también celebra su patrón por todo lo alto, es por eso que el 2 de Abril toca visitar su bella iglesia para celebrar su día grande. La ubicación inigualable de este pueblo en pleno Parque Natural de Ses Salines, será el escenario ideal para no parar de disfrutar con los conciertos y actividades que se preparan especialmente para un día tan señalado como éste.</span></p>

<p>El pueblo más pequeño de nuestro municipio también celebra su patrón por todo lo alto, es por eso que el 2 de Abril toca visitar su bella iglesia para celebrar su día grande. La ubicación inigualable de este pueblo en [&hellip;]</p>

<!-- This site is optimized with the Yoast SEO plugin v25.7 - https://yoast.com/wordpress/plugins/seo/ -->
<title>Fiestas de Sant Francesc de S&#039;Estany - Santjosep.net</title>
<meta name="robots" content="index, follow, max-snippet:-1, max-image-preview:large, max-video-preview:-1" />
<link rel="canonical" href="https://www.santjosep.net/ca/esdeveniment/fiestas-de-sant-francesc-de-sestany/" />
<meta property="og:locale" content="ca_ES" />
<meta property="og:type" content="article" />
<meta property="og:title" content="Fiestas de Sant Francesc de S&#039;Estany - Santjosep.net" />
<meta property="og:description" content="El pueblo más pequeño de nuestro municipio también celebra su patrón por todo lo alto, es por eso que el 2 de Abril toca visitar su bella iglesia para celebrar su día grande. La ubicación inigualable de este pueblo en [&hellip;]" />
<meta property="og:url" content="https://www.santjosep.net/ca/esdeveniment/fiestas-de-sant-francesc-de-sestany/" />
<meta property="og:site_name" content="Santjosep.net" />
<meta property="og:image" content="https://www.santjosep.net/wp-content/uploads/2016/01/IMG_0049-1024x683.jpg" />
	<meta property="og:image:width" content="1024" />
	<meta property="og:image:height" content="683" />
	<meta property="og:image:type" content="image/jpeg" />
<meta name="twitter:card" content="summary_large_image" />
<script type="application/ld+json" class="yoast-schema-graph">{"@context":"https://schema.org","@graph":[{"@type":"WebPage","@id":"https://www.santjosep.net/ca/esdeveniment/fiestas-de-sant-francesc-de-sestany/","url":"https://www.santjosep.net/ca/esdeveniment/fiestas-de-sant-francesc-de-sestany/","name":"Fiestas de Sant Francesc de S'Estany - Santjosep.net","isPartOf":{"@id":"https://www.santjosep.net/#website"},"primaryImageOfPage":{"@id":"https://www.santjosep.net/ca/esdeveniment/fiestas-de-sant-francesc-de-sestany/#primaryimage"},"image":{"@id":"https://www.santjosep.net/ca/esdeveniment/fiestas-de-sant-francesc-de-sestany/#primaryimage"},"thumbnailUrl":"https://www.santjosep.net/wp-content/uploads/2016/01/IMG_0049.jpg","datePublished":"2016-01-26T11:09:59+00:00","breadcrumb":{"@id":"https://www.santjosep.net/ca/esdeveniment/fiestas-de-sant-francesc-de-sestany/#breadcrumb"},"inLanguage":"ca","potentialAction":[{"@type":"ReadAction","target":["https://www.santjosep.net/ca/esdeveniment/fiestas-de-sant-francesc-de-sestany/"]}]},{"@type":"ImageObject","inLanguage":"ca","@id":"https://www.santjosep.net/ca/esdeveniment/fiestas-de-sant-francesc-de-sestany/#primaryimage","url":"https://www.santjosep.net/wp-content/uploads/2016/01/IMG_0049.jpg","contentUrl":"https://www.santjosep.net/wp-content/uploads/2016/01/IMG_0049.jpg","width":3779,"height":2520},{"@type":"BreadcrumbList","@id":"https://www.santjosep.net/ca/esdeveniment/fiestas-de-sant-francesc-de-sestany/#breadcrumb","itemListElement":[{"@type":"ListItem","position":1,"name":"Eventos","item":"https://www.santjosep.net/agenda/"},{"@type":"ListItem","position":2,"name":"Fiestas de Sant Francesc de S&#8217;Estany"}]},{"@type":"WebSite","@id":"https://www.santjosep.net/#website","url":"https://www.santjosep.net/","name":"Santjosep.net","description":"","potentialAction":[{"@type":"SearchAction","target":{"@type":"EntryPoint","urlTemplate":"https://www.santjosep.net/?s={search_term_string}"},"query-input":{"@type":"PropertyValueSpecification","valueRequired":true,"valueName":"search_term_string"}}],"inLanguage":"ca"}]}</script>
<!-- / Yoast SEO plugin. -->

El pueblo más pequeño de nuestro municipio también celebra su patrón por todo lo alto, es por eso que el 2 de Abril toca visitar su bella iglesia para celebrar su día grande. La ubicación inigualable de este pueblo en [&hellip;]
