{"id":32882,"date":"2022-09-14T14:31:45","date_gmt":"2022-09-14T12:31:45","guid":{"rendered":"https:\/\/www.santjosep.net\/?post_type=tribe_events&#038;p=32882"},"modified":"2022-09-15T11:21:21","modified_gmt":"2022-09-15T09:21:21","slug":"festival-territori-performance-art-el-antidoto","status":"publish","type":"tribe_events","link":"https:\/\/www.santjosep.net\/ca\/esdeveniment\/festival-territori-performance-art-el-antidoto\/","title":{"rendered":"Festival Territori &#8211; Performance Art &#8216;EL ANT\u00cdDOTO&#8217;"},"content":{"rendered":"<p><strong>PERFORMANCE ART &#8211; \u201cEL ANT\u00cdDOTO\u201d 15&#8242;<\/strong><br \/>\nVioleta Galera &#8211; Ibiza<\/p>\n<p>\u201cLa por no em deixa dormir, arriba de matinada a visitar-me mentre dormo\u201d, diu Violeta Galera. L\u2019artista reflexiona sobre la por i la desesperan\u00e7a; per\u00f2 tamb\u00e9 sobre l\u2019esperan\u00e7a i els somnis.<\/p>\n<p>Lloc: Can Jeorni<\/p>\n<p>Aqu\u00ed es pot consultar tot el <a href=\"https:\/\/www.santjosep.net\/wp-content\/uploads\/2022\/09\/Territori22programa.pdf\" target=\"_blank\" rel=\"noopener\">programa del Festival<\/a><\/p>\n","protected":false},"excerpt":{"rendered":"<p>PERFORMANCE ART &#8211; \u201cEL ANT\u00cdDOTO\u201d 15&#8242; Violeta Galera &#8211; Ibiza \u201cLa por no em deixa dormir, arriba de matinada a visitar-me mentre dormo\u201d, diu Violeta Galera. L\u2019artista reflexiona sobre la por i la desesperan\u00e7a; per\u00f2 tamb\u00e9 sobre l\u2019esperan\u00e7a i els [&hellip;]<\/p>\n","protected":false},"author":1,"featured_media":32888,"template":"","meta":{"_acf_changed":false,"inline_featured_image":false,"_tribe_events_status":"","_tribe_events_status_reason":"","footnotes":""},"tags":[],"tribe_events_cat":[396],"class_list":["post-32882","tribe_events","type-tribe_events","status-publish","has-post-thumbnail","hentry","tribe_events_cat-festival-territori-ca","cat_festival-territori-ca"],"acf":[],"yoast_head":"<!-- This site is optimized with the Yoast SEO plugin v25.7 - https:\/\/yoast.com\/wordpress\/plugins\/seo\/ -->\n<title>Festival Territori - Performance Art &#039;EL ANT\u00cdDOTO&#039; - Santjosep.net<\/title>\n<meta name=\"robots\" content=\"index, follow, max-snippet:-1, max-image-preview:large, max-video-preview:-1\" \/>\n<link rel=\"canonical\" href=\"https:\/\/www.santjosep.net\/ca\/esdeveniment\/festival-territori-performance-art-el-antidoto\/\" \/>\n<meta property=\"og:locale\" content=\"ca_ES\" \/>\n<meta property=\"og:type\" content=\"article\" \/>\n<meta property=\"og:title\" content=\"Festival Territori - Performance Art &#039;EL ANT\u00cdDOTO&#039; - Santjosep.net\" \/>\n<meta property=\"og:description\" content=\"PERFORMANCE ART &#8211; \u201cEL ANT\u00cdDOTO\u201d 15&#8242; Violeta Galera &#8211; Ibiza \u201cLa por no em deixa dormir, arriba de matinada a visitar-me mentre dormo\u201d, diu Violeta Galera. L\u2019artista reflexiona sobre la por i la desesperan\u00e7a; per\u00f2 tamb\u00e9 sobre l\u2019esperan\u00e7a i els [&hellip;]\" \/>\n<meta property=\"og:url\" content=\"https:\/\/www.santjosep.net\/ca\/esdeveniment\/festival-territori-performance-art-el-antidoto\/\" \/>\n<meta property=\"og:site_name\" content=\"Santjosep.net\" \/>\n<meta property=\"article:modified_time\" content=\"2022-09-15T09:21:21+00:00\" \/>\n<meta property=\"og:image\" content=\"https:\/\/www.santjosep.net\/wp-content\/uploads\/2022\/09\/portada-3.jpg\" \/>\n\t<meta property=\"og:image:width\" content=\"1080\" \/>\n\t<meta property=\"og:image:height\" content=\"1080\" \/>\n\t<meta property=\"og:image:type\" content=\"image\/jpeg\" \/>\n<meta name=\"twitter:card\" content=\"summary_large_image\" \/>\n<script type=\"application\/ld+json\" class=\"yoast-schema-graph\">{\"@context\":\"https:\/\/schema.org\",\"@graph\":[{\"@type\":\"WebPage\",\"@id\":\"https:\/\/www.santjosep.net\/ca\/esdeveniment\/festival-territori-performance-art-el-antidoto\/\",\"url\":\"https:\/\/www.santjosep.net\/ca\/esdeveniment\/festival-territori-performance-art-el-antidoto\/\",\"name\":\"Festival Territori - Performance Art 'EL ANT\u00cdDOTO' - Santjosep.net\",\"isPartOf\":{\"@id\":\"https:\/\/www.santjosep.net\/#website\"},\"primaryImageOfPage\":{\"@id\":\"https:\/\/www.santjosep.net\/ca\/esdeveniment\/festival-territori-performance-art-el-antidoto\/#primaryimage\"},\"image\":{\"@id\":\"https:\/\/www.santjosep.net\/ca\/esdeveniment\/festival-territori-performance-art-el-antidoto\/#primaryimage\"},\"thumbnailUrl\":\"https:\/\/www.santjosep.net\/wp-content\/uploads\/2022\/09\/portada-3.jpg\",\"datePublished\":\"2022-09-14T12:31:45+00:00\",\"dateModified\":\"2022-09-15T09:21:21+00:00\",\"breadcrumb\":{\"@id\":\"https:\/\/www.santjosep.net\/ca\/esdeveniment\/festival-territori-performance-art-el-antidoto\/#breadcrumb\"},\"inLanguage\":\"ca\",\"potentialAction\":[{\"@type\":\"ReadAction\",\"target\":[\"https:\/\/www.santjosep.net\/ca\/esdeveniment\/festival-territori-performance-art-el-antidoto\/\"]}]},{\"@type\":\"ImageObject\",\"inLanguage\":\"ca\",\"@id\":\"https:\/\/www.santjosep.net\/ca\/esdeveniment\/festival-territori-performance-art-el-antidoto\/#primaryimage\",\"url\":\"https:\/\/www.santjosep.net\/wp-content\/uploads\/2022\/09\/portada-3.jpg\",\"contentUrl\":\"https:\/\/www.santjosep.net\/wp-content\/uploads\/2022\/09\/portada-3.jpg\",\"width\":1080,\"height\":1080},{\"@type\":\"BreadcrumbList\",\"@id\":\"https:\/\/www.santjosep.net\/ca\/esdeveniment\/festival-territori-performance-art-el-antidoto\/#breadcrumb\",\"itemListElement\":[{\"@type\":\"ListItem\",\"position\":1,\"name\":\"Eventos\",\"item\":\"https:\/\/www.santjosep.net\/agenda\/\"},{\"@type\":\"ListItem\",\"position\":2,\"name\":\"Festival Territori &#8211; Performance Art &#8216;EL ANT\u00cdDOTO&#8217;\"}]},{\"@type\":\"WebSite\",\"@id\":\"https:\/\/www.santjosep.net\/#website\",\"url\":\"https:\/\/www.santjosep.net\/\",\"name\":\"Santjosep.net\",\"description\":\"\",\"potentialAction\":[{\"@type\":\"SearchAction\",\"target\":{\"@type\":\"EntryPoint\",\"urlTemplate\":\"https:\/\/www.santjosep.net\/?s={search_term_string}\"},\"query-input\":{\"@type\":\"PropertyValueSpecification\",\"valueRequired\":true,\"valueName\":\"search_term_string\"}}],\"inLanguage\":\"ca\"}]}<\/script>\n<!-- \/ Yoast SEO plugin. -->","yoast_head_json":{"title":"Festival Territori - Performance Art 'EL ANT\u00cdDOTO' - Santjosep.net","robots":{"index":"index","follow":"follow","max-snippet":"max-snippet:-1","max-image-preview":"max-image-preview:large","max-video-preview":"max-video-preview:-1"},"canonical":"https:\/\/www.santjosep.net\/ca\/esdeveniment\/festival-territori-performance-art-el-antidoto\/","og_locale":"ca_ES","og_type":"article","og_title":"Festival Territori - Performance Art 'EL ANT\u00cdDOTO' - Santjosep.net","og_description":"PERFORMANCE ART &#8211; \u201cEL ANT\u00cdDOTO\u201d 15&#8242; Violeta Galera &#8211; Ibiza \u201cLa por no em deixa dormir, arriba de matinada a visitar-me mentre dormo\u201d, diu Violeta Galera. L\u2019artista reflexiona sobre la por i la desesperan\u00e7a; per\u00f2 tamb\u00e9 sobre l\u2019esperan\u00e7a i els [&hellip;]","og_url":"https:\/\/www.santjosep.net\/ca\/esdeveniment\/festival-territori-performance-art-el-antidoto\/","og_site_name":"Santjosep.net","article_modified_time":"2022-09-15T09:21:21+00:00","og_image":[{"width":1080,"height":1080,"url":"https:\/\/www.santjosep.net\/wp-content\/uploads\/2022\/09\/portada-3.jpg","type":"image\/jpeg"}],"twitter_card":"summary_large_image","schema":{"@context":"https:\/\/schema.org","@graph":[{"@type":"WebPage","@id":"https:\/\/www.santjosep.net\/ca\/esdeveniment\/festival-territori-performance-art-el-antidoto\/","url":"https:\/\/www.santjosep.net\/ca\/esdeveniment\/festival-territori-performance-art-el-antidoto\/","name":"Festival Territori - Performance Art 'EL ANT\u00cdDOTO' - Santjosep.net","isPartOf":{"@id":"https:\/\/www.santjosep.net\/#website"},"primaryImageOfPage":{"@id":"https:\/\/www.santjosep.net\/ca\/esdeveniment\/festival-territori-performance-art-el-antidoto\/#primaryimage"},"image":{"@id":"https:\/\/www.santjosep.net\/ca\/esdeveniment\/festival-territori-performance-art-el-antidoto\/#primaryimage"},"thumbnailUrl":"https:\/\/www.santjosep.net\/wp-content\/uploads\/2022\/09\/portada-3.jpg","datePublished":"2022-09-14T12:31:45+00:00","dateModified":"2022-09-15T09:21:21+00:00","breadcrumb":{"@id":"https:\/\/www.santjosep.net\/ca\/esdeveniment\/festival-territori-performance-art-el-antidoto\/#breadcrumb"},"inLanguage":"ca","potentialAction":[{"@type":"ReadAction","target":["https:\/\/www.santjosep.net\/ca\/esdeveniment\/festival-territori-performance-art-el-antidoto\/"]}]},{"@type":"ImageObject","inLanguage":"ca","@id":"https:\/\/www.santjosep.net\/ca\/esdeveniment\/festival-territori-performance-art-el-antidoto\/#primaryimage","url":"https:\/\/www.santjosep.net\/wp-content\/uploads\/2022\/09\/portada-3.jpg","contentUrl":"https:\/\/www.santjosep.net\/wp-content\/uploads\/2022\/09\/portada-3.jpg","width":1080,"height":1080},{"@type":"BreadcrumbList","@id":"https:\/\/www.santjosep.net\/ca\/esdeveniment\/festival-territori-performance-art-el-antidoto\/#breadcrumb","itemListElement":[{"@type":"ListItem","position":1,"name":"Eventos","item":"https:\/\/www.santjosep.net\/agenda\/"},{"@type":"ListItem","position":2,"name":"Festival Territori &#8211; Performance Art &#8216;EL ANT\u00cdDOTO&#8217;"}]},{"@type":"WebSite","@id":"https:\/\/www.santjosep.net\/#website","url":"https:\/\/www.santjosep.net\/","name":"Santjosep.net","description":"","potentialAction":[{"@type":"SearchAction","target":{"@type":"EntryPoint","urlTemplate":"https:\/\/www.santjosep.net\/?s={search_term_string}"},"query-input":{"@type":"PropertyValueSpecification","valueRequired":true,"valueName":"search_term_string"}}],"inLanguage":"ca"}]}},"_links":{"self":[{"href":"https:\/\/www.santjosep.net\/ca\/wp-json\/wp\/v2\/tribe_events\/32882","targetHints":{"allow":["GET"]}}],"collection":[{"href":"https:\/\/www.santjosep.net\/ca\/wp-json\/wp\/v2\/tribe_events"}],"about":[{"href":"https:\/\/www.santjosep.net\/ca\/wp-json\/wp\/v2\/types\/tribe_events"}],"author":[{"embeddable":true,"href":"https:\/\/www.santjosep.net\/ca\/wp-json\/wp\/v2\/users\/1"}],"version-history":[{"count":0,"href":"https:\/\/www.santjosep.net\/ca\/wp-json\/wp\/v2\/tribe_events\/32882\/revisions"}],"wp:featuredmedia":[{"embeddable":true,"href":"https:\/\/www.santjosep.net\/ca\/wp-json\/wp\/v2\/media\/32888"}],"wp:attachment":[{"href":"https:\/\/www.santjosep.net\/ca\/wp-json\/wp\/v2\/media?parent=32882"}],"wp:term":[{"taxonomy":"post_tag","embeddable":true,"href":"https:\/\/www.santjosep.net\/ca\/wp-json\/wp\/v2\/tags?post=32882"},{"taxonomy":"tribe_events_cat","embeddable":true,"href":"https:\/\/www.santjosep.net\/ca\/wp-json\/wp\/v2\/tribe_events_cat?post=32882"}],"curies":[{"name":"wp","href":"https:\/\/api.w.org\/{rel}","templated":true}]}}

Festival Territori &#8211; Performance Art &#8216;EL ANTÍDOTO&#8217;

<p><strong>PERFORMANCE ART &#8211; “EL ANTÍDOTO” 15&#8242;</strong><br />
Violeta Galera &#8211; Ibiza</p>
<p>“La por no em deixa dormir, arriba de matinada a visitar-me mentre dormo”, diu Violeta Galera. L’artista reflexiona sobre la por i la desesperança; però també sobre l’esperança i els somnis.</p>
<p>Lloc: Can Jeorni</p>
<p>Aquí es pot consultar tot el <a href="https://www.santjosep.net/wp-content/uploads/2022/09/Territori22programa.pdf" target="_blank" rel="noopener">programa del Festival</a></p>

<p>PERFORMANCE ART &#8211; “EL ANTÍDOTO” 15&#8242; Violeta Galera &#8211; Ibiza “La por no em deixa dormir, arriba de matinada a visitar-me mentre dormo”, diu Violeta Galera. L’artista reflexiona sobre la por i la desesperança; però també sobre l’esperança i els [&hellip;]</p>

<!-- This site is optimized with the Yoast SEO plugin v25.7 - https://yoast.com/wordpress/plugins/seo/ -->
<title>Festival Territori - Performance Art &#039;EL ANTÍDOTO&#039; - Santjosep.net</title>
<meta name="robots" content="index, follow, max-snippet:-1, max-image-preview:large, max-video-preview:-1" />
<link rel="canonical" href="https://www.santjosep.net/ca/esdeveniment/festival-territori-performance-art-el-antidoto/" />
<meta property="og:locale" content="ca_ES" />
<meta property="og:type" content="article" />
<meta property="og:title" content="Festival Territori - Performance Art &#039;EL ANTÍDOTO&#039; - Santjosep.net" />
<meta property="og:description" content="PERFORMANCE ART &#8211; “EL ANTÍDOTO” 15&#8242; Violeta Galera &#8211; Ibiza “La por no em deixa dormir, arriba de matinada a visitar-me mentre dormo”, diu Violeta Galera. L’artista reflexiona sobre la por i la desesperança; però també sobre l’esperança i els [&hellip;]" />
<meta property="og:url" content="https://www.santjosep.net/ca/esdeveniment/festival-territori-performance-art-el-antidoto/" />
<meta property="og:site_name" content="Santjosep.net" />
<meta property="article:modified_time" content="2022-09-15T09:21:21+00:00" />
<meta property="og:image" content="https://www.santjosep.net/wp-content/uploads/2022/09/portada-3.jpg" />
	<meta property="og:image:width" content="1080" />
	<meta property="og:image:height" content="1080" />
	<meta property="og:image:type" content="image/jpeg" />
<meta name="twitter:card" content="summary_large_image" />
<script type="application/ld+json" class="yoast-schema-graph">{"@context":"https://schema.org","@graph":[{"@type":"WebPage","@id":"https://www.santjosep.net/ca/esdeveniment/festival-territori-performance-art-el-antidoto/","url":"https://www.santjosep.net/ca/esdeveniment/festival-territori-performance-art-el-antidoto/","name":"Festival Territori - Performance Art 'EL ANTÍDOTO' - Santjosep.net","isPartOf":{"@id":"https://www.santjosep.net/#website"},"primaryImageOfPage":{"@id":"https://www.santjosep.net/ca/esdeveniment/festival-territori-performance-art-el-antidoto/#primaryimage"},"image":{"@id":"https://www.santjosep.net/ca/esdeveniment/festival-territori-performance-art-el-antidoto/#primaryimage"},"thumbnailUrl":"https://www.santjosep.net/wp-content/uploads/2022/09/portada-3.jpg","datePublished":"2022-09-14T12:31:45+00:00","dateModified":"2022-09-15T09:21:21+00:00","breadcrumb":{"@id":"https://www.santjosep.net/ca/esdeveniment/festival-territori-performance-art-el-antidoto/#breadcrumb"},"inLanguage":"ca","potentialAction":[{"@type":"ReadAction","target":["https://www.santjosep.net/ca/esdeveniment/festival-territori-performance-art-el-antidoto/"]}]},{"@type":"ImageObject","inLanguage":"ca","@id":"https://www.santjosep.net/ca/esdeveniment/festival-territori-performance-art-el-antidoto/#primaryimage","url":"https://www.santjosep.net/wp-content/uploads/2022/09/portada-3.jpg","contentUrl":"https://www.santjosep.net/wp-content/uploads/2022/09/portada-3.jpg","width":1080,"height":1080},{"@type":"BreadcrumbList","@id":"https://www.santjosep.net/ca/esdeveniment/festival-territori-performance-art-el-antidoto/#breadcrumb","itemListElement":[{"@type":"ListItem","position":1,"name":"Eventos","item":"https://www.santjosep.net/agenda/"},{"@type":"ListItem","position":2,"name":"Festival Territori &#8211; Performance Art &#8216;EL ANTÍDOTO&#8217;"}]},{"@type":"WebSite","@id":"https://www.santjosep.net/#website","url":"https://www.santjosep.net/","name":"Santjosep.net","description":"","potentialAction":[{"@type":"SearchAction","target":{"@type":"EntryPoint","urlTemplate":"https://www.santjosep.net/?s={search_term_string}"},"query-input":{"@type":"PropertyValueSpecification","valueRequired":true,"valueName":"search_term_string"}}],"inLanguage":"ca"}]}</script>
<!-- / Yoast SEO plugin. -->

Festival Territori - Performance Art 'EL ANTÍDOTO' - Santjosep.net

PERFORMANCE ART &#8211; “EL ANTÍDOTO” 15&#8242; Violeta Galera &#8211; Ibiza “La por no em deixa dormir, arriba de matinada a visitar-me mentre dormo”, diu Violeta Galera. L’artista reflexiona sobre la por i la desesperança; però també sobre l’esperança i els [&hellip;]
