{"id":32399,"date":"2022-05-30T11:02:31","date_gmt":"2022-05-30T09:02:31","guid":{"rendered":"https:\/\/www.santjosep.net\/evento\/concert-orquestra-simfonica-ciutat-deivissa\/"},"modified":"2022-06-08T15:09:08","modified_gmt":"2022-06-08T13:09:08","slug":"concert-orquestra-simfonica-ciutat-deivissa","status":"publish","type":"tribe_events","link":"https:\/\/www.santjosep.net\/ca\/esdeveniment\/concert-orquestra-simfonica-ciutat-deivissa\/","title":{"rendered":"Concert Orquestra Simf\u00f2nica Ciutat d&#8217;Eivissa"},"content":{"rendered":"<p><strong>Concert Orquestra Simf\u00f2nica Ciutat d&#8217;Eivissa &#8211; Diumenge, 19 de juny 18 h &#8211; Auditori Cal\u00f3 de s&#8217;Oli<\/strong><\/p>\n<p><strong>CONCERT PER A CLARINET I ORQUESTRA EN LA MAJOR KV 622<\/strong><\/p>\n<ol>\n<li>A. Mozart<\/li>\n<\/ol>\n<p>Clarinet solista: Juan Jos\u00e9 Pardo<\/p>\n<p><strong>SIMFONIA N\u00daM 5 EN DO MENOR OP. 67<\/strong><\/p>\n<ol>\n<li>W. Beethoven<\/li>\n<\/ol>\n<p>Direcci\u00f3: Fernando Marina Miguel<\/p>\n<p>&nbsp;<\/p>\n<p><a href=\"https:\/\/cultura.santjosep.org\/es\/agenda\/concert-orquestra-simfonica-ciutat-deivissa\/\" target=\"_blank\" rel=\"noopener\">Reserva la teva entrada<\/a><\/p>\n","protected":false},"excerpt":{"rendered":"<p>Concert Orquestra Simf\u00f2nica Ciutat d&#8217;Eivissa &#8211; Diumenge, 19 de juny 18 h &#8211; Auditori Cal\u00f3 de s&#8217;Oli CONCERT PER A CLARINET I ORQUESTRA EN LA MAJOR KV 622 A. Mozart Clarinet solista: Juan Jos\u00e9 Pardo SIMFONIA N\u00daM 5 EN DO [&hellip;]<\/p>\n","protected":false},"author":1,"featured_media":32538,"template":"","meta":{"_acf_changed":false,"inline_featured_image":false,"_tribe_events_status":"","_tribe_events_status_reason":"","footnotes":""},"tags":[],"tribe_events_cat":[203],"class_list":["post-32399","tribe_events","type-tribe_events","status-publish","has-post-thumbnail","hentry","tribe_events_cat-oci","cat_oci"],"acf":[],"yoast_head":"<!-- This site is optimized with the Yoast SEO plugin v25.7 - https:\/\/yoast.com\/wordpress\/plugins\/seo\/ -->\n<title>Concert Orquestra Simf\u00f2nica Ciutat d&#039;Eivissa - Santjosep.net<\/title>\n<meta name=\"robots\" content=\"index, follow, max-snippet:-1, max-image-preview:large, max-video-preview:-1\" \/>\n<link rel=\"canonical\" href=\"https:\/\/www.santjosep.net\/ca\/esdeveniment\/concert-orquestra-simfonica-ciutat-deivissa\/\" \/>\n<meta property=\"og:locale\" content=\"ca_ES\" \/>\n<meta property=\"og:type\" content=\"article\" \/>\n<meta property=\"og:title\" content=\"Concert Orquestra Simf\u00f2nica Ciutat d&#039;Eivissa - Santjosep.net\" \/>\n<meta property=\"og:description\" content=\"Concert Orquestra Simf\u00f2nica Ciutat d&#8217;Eivissa &#8211; Diumenge, 19 de juny 18 h &#8211; Auditori Cal\u00f3 de s&#8217;Oli CONCERT PER A CLARINET I ORQUESTRA EN LA MAJOR KV 622 A. Mozart Clarinet solista: Juan Jos\u00e9 Pardo SIMFONIA N\u00daM 5 EN DO [&hellip;]\" \/>\n<meta property=\"og:url\" content=\"https:\/\/www.santjosep.net\/ca\/esdeveniment\/concert-orquestra-simfonica-ciutat-deivissa\/\" \/>\n<meta property=\"og:site_name\" content=\"Santjosep.net\" \/>\n<meta property=\"article:modified_time\" content=\"2022-06-08T13:09:08+00:00\" \/>\n<meta property=\"og:image\" content=\"https:\/\/www.santjosep.net\/wp-content\/uploads\/2022\/05\/Post-FB_IG_1350x1080_-Orquestra-juny-2022.jpg\" \/>\n\t<meta property=\"og:image:width\" content=\"1080\" \/>\n\t<meta property=\"og:image:height\" content=\"1350\" \/>\n\t<meta property=\"og:image:type\" content=\"image\/jpeg\" \/>\n<meta name=\"twitter:card\" content=\"summary_large_image\" \/>\n<meta name=\"twitter:label1\" content=\"Temps estimat de lectura\" \/>\n\t<meta name=\"twitter:data1\" content=\"1 minut\" \/>\n<script type=\"application\/ld+json\" class=\"yoast-schema-graph\">{\"@context\":\"https:\/\/schema.org\",\"@graph\":[{\"@type\":\"WebPage\",\"@id\":\"https:\/\/www.santjosep.net\/ca\/esdeveniment\/concert-orquestra-simfonica-ciutat-deivissa\/\",\"url\":\"https:\/\/www.santjosep.net\/ca\/esdeveniment\/concert-orquestra-simfonica-ciutat-deivissa\/\",\"name\":\"Concert Orquestra Simf\u00f2nica Ciutat d'Eivissa - Santjosep.net\",\"isPartOf\":{\"@id\":\"https:\/\/www.santjosep.net\/#website\"},\"primaryImageOfPage\":{\"@id\":\"https:\/\/www.santjosep.net\/ca\/esdeveniment\/concert-orquestra-simfonica-ciutat-deivissa\/#primaryimage\"},\"image\":{\"@id\":\"https:\/\/www.santjosep.net\/ca\/esdeveniment\/concert-orquestra-simfonica-ciutat-deivissa\/#primaryimage\"},\"thumbnailUrl\":\"https:\/\/www.santjosep.net\/wp-content\/uploads\/2022\/05\/Post-FB_IG_1350x1080_-Orquestra-juny-2022.jpg\",\"datePublished\":\"2022-05-30T09:02:31+00:00\",\"dateModified\":\"2022-06-08T13:09:08+00:00\",\"breadcrumb\":{\"@id\":\"https:\/\/www.santjosep.net\/ca\/esdeveniment\/concert-orquestra-simfonica-ciutat-deivissa\/#breadcrumb\"},\"inLanguage\":\"ca\",\"potentialAction\":[{\"@type\":\"ReadAction\",\"target\":[\"https:\/\/www.santjosep.net\/ca\/esdeveniment\/concert-orquestra-simfonica-ciutat-deivissa\/\"]}]},{\"@type\":\"ImageObject\",\"inLanguage\":\"ca\",\"@id\":\"https:\/\/www.santjosep.net\/ca\/esdeveniment\/concert-orquestra-simfonica-ciutat-deivissa\/#primaryimage\",\"url\":\"https:\/\/www.santjosep.net\/wp-content\/uploads\/2022\/05\/Post-FB_IG_1350x1080_-Orquestra-juny-2022.jpg\",\"contentUrl\":\"https:\/\/www.santjosep.net\/wp-content\/uploads\/2022\/05\/Post-FB_IG_1350x1080_-Orquestra-juny-2022.jpg\",\"width\":1080,\"height\":1350},{\"@type\":\"BreadcrumbList\",\"@id\":\"https:\/\/www.santjosep.net\/ca\/esdeveniment\/concert-orquestra-simfonica-ciutat-deivissa\/#breadcrumb\",\"itemListElement\":[{\"@type\":\"ListItem\",\"position\":1,\"name\":\"Eventos\",\"item\":\"https:\/\/www.santjosep.net\/agenda\/\"},{\"@type\":\"ListItem\",\"position\":2,\"name\":\"Concert Orquestra Simf\u00f2nica Ciutat d&#8217;Eivissa\"}]},{\"@type\":\"WebSite\",\"@id\":\"https:\/\/www.santjosep.net\/#website\",\"url\":\"https:\/\/www.santjosep.net\/\",\"name\":\"Santjosep.net\",\"description\":\"\",\"potentialAction\":[{\"@type\":\"SearchAction\",\"target\":{\"@type\":\"EntryPoint\",\"urlTemplate\":\"https:\/\/www.santjosep.net\/?s={search_term_string}\"},\"query-input\":{\"@type\":\"PropertyValueSpecification\",\"valueRequired\":true,\"valueName\":\"search_term_string\"}}],\"inLanguage\":\"ca\"}]}<\/script>\n<!-- \/ Yoast SEO plugin. -->","yoast_head_json":{"title":"Concert Orquestra Simf\u00f2nica Ciutat d'Eivissa - Santjosep.net","robots":{"index":"index","follow":"follow","max-snippet":"max-snippet:-1","max-image-preview":"max-image-preview:large","max-video-preview":"max-video-preview:-1"},"canonical":"https:\/\/www.santjosep.net\/ca\/esdeveniment\/concert-orquestra-simfonica-ciutat-deivissa\/","og_locale":"ca_ES","og_type":"article","og_title":"Concert Orquestra Simf\u00f2nica Ciutat d'Eivissa - Santjosep.net","og_description":"Concert Orquestra Simf\u00f2nica Ciutat d&#8217;Eivissa &#8211; Diumenge, 19 de juny 18 h &#8211; Auditori Cal\u00f3 de s&#8217;Oli CONCERT PER A CLARINET I ORQUESTRA EN LA MAJOR KV 622 A. Mozart Clarinet solista: Juan Jos\u00e9 Pardo SIMFONIA N\u00daM 5 EN DO [&hellip;]","og_url":"https:\/\/www.santjosep.net\/ca\/esdeveniment\/concert-orquestra-simfonica-ciutat-deivissa\/","og_site_name":"Santjosep.net","article_modified_time":"2022-06-08T13:09:08+00:00","og_image":[{"width":1080,"height":1350,"url":"https:\/\/www.santjosep.net\/wp-content\/uploads\/2022\/05\/Post-FB_IG_1350x1080_-Orquestra-juny-2022.jpg","type":"image\/jpeg"}],"twitter_card":"summary_large_image","twitter_misc":{"Temps estimat de lectura":"1 minut"},"schema":{"@context":"https:\/\/schema.org","@graph":[{"@type":"WebPage","@id":"https:\/\/www.santjosep.net\/ca\/esdeveniment\/concert-orquestra-simfonica-ciutat-deivissa\/","url":"https:\/\/www.santjosep.net\/ca\/esdeveniment\/concert-orquestra-simfonica-ciutat-deivissa\/","name":"Concert Orquestra Simf\u00f2nica Ciutat d'Eivissa - Santjosep.net","isPartOf":{"@id":"https:\/\/www.santjosep.net\/#website"},"primaryImageOfPage":{"@id":"https:\/\/www.santjosep.net\/ca\/esdeveniment\/concert-orquestra-simfonica-ciutat-deivissa\/#primaryimage"},"image":{"@id":"https:\/\/www.santjosep.net\/ca\/esdeveniment\/concert-orquestra-simfonica-ciutat-deivissa\/#primaryimage"},"thumbnailUrl":"https:\/\/www.santjosep.net\/wp-content\/uploads\/2022\/05\/Post-FB_IG_1350x1080_-Orquestra-juny-2022.jpg","datePublished":"2022-05-30T09:02:31+00:00","dateModified":"2022-06-08T13:09:08+00:00","breadcrumb":{"@id":"https:\/\/www.santjosep.net\/ca\/esdeveniment\/concert-orquestra-simfonica-ciutat-deivissa\/#breadcrumb"},"inLanguage":"ca","potentialAction":[{"@type":"ReadAction","target":["https:\/\/www.santjosep.net\/ca\/esdeveniment\/concert-orquestra-simfonica-ciutat-deivissa\/"]}]},{"@type":"ImageObject","inLanguage":"ca","@id":"https:\/\/www.santjosep.net\/ca\/esdeveniment\/concert-orquestra-simfonica-ciutat-deivissa\/#primaryimage","url":"https:\/\/www.santjosep.net\/wp-content\/uploads\/2022\/05\/Post-FB_IG_1350x1080_-Orquestra-juny-2022.jpg","contentUrl":"https:\/\/www.santjosep.net\/wp-content\/uploads\/2022\/05\/Post-FB_IG_1350x1080_-Orquestra-juny-2022.jpg","width":1080,"height":1350},{"@type":"BreadcrumbList","@id":"https:\/\/www.santjosep.net\/ca\/esdeveniment\/concert-orquestra-simfonica-ciutat-deivissa\/#breadcrumb","itemListElement":[{"@type":"ListItem","position":1,"name":"Eventos","item":"https:\/\/www.santjosep.net\/agenda\/"},{"@type":"ListItem","position":2,"name":"Concert Orquestra Simf\u00f2nica Ciutat d&#8217;Eivissa"}]},{"@type":"WebSite","@id":"https:\/\/www.santjosep.net\/#website","url":"https:\/\/www.santjosep.net\/","name":"Santjosep.net","description":"","potentialAction":[{"@type":"SearchAction","target":{"@type":"EntryPoint","urlTemplate":"https:\/\/www.santjosep.net\/?s={search_term_string}"},"query-input":{"@type":"PropertyValueSpecification","valueRequired":true,"valueName":"search_term_string"}}],"inLanguage":"ca"}]}},"_links":{"self":[{"href":"https:\/\/www.santjosep.net\/ca\/wp-json\/wp\/v2\/tribe_events\/32399","targetHints":{"allow":["GET"]}}],"collection":[{"href":"https:\/\/www.santjosep.net\/ca\/wp-json\/wp\/v2\/tribe_events"}],"about":[{"href":"https:\/\/www.santjosep.net\/ca\/wp-json\/wp\/v2\/types\/tribe_events"}],"author":[{"embeddable":true,"href":"https:\/\/www.santjosep.net\/ca\/wp-json\/wp\/v2\/users\/1"}],"version-history":[{"count":0,"href":"https:\/\/www.santjosep.net\/ca\/wp-json\/wp\/v2\/tribe_events\/32399\/revisions"}],"wp:featuredmedia":[{"embeddable":true,"href":"https:\/\/www.santjosep.net\/ca\/wp-json\/wp\/v2\/media\/32538"}],"wp:attachment":[{"href":"https:\/\/www.santjosep.net\/ca\/wp-json\/wp\/v2\/media?parent=32399"}],"wp:term":[{"taxonomy":"post_tag","embeddable":true,"href":"https:\/\/www.santjosep.net\/ca\/wp-json\/wp\/v2\/tags?post=32399"},{"taxonomy":"tribe_events_cat","embeddable":true,"href":"https:\/\/www.santjosep.net\/ca\/wp-json\/wp\/v2\/tribe_events_cat?post=32399"}],"curies":[{"name":"wp","href":"https:\/\/api.w.org\/{rel}","templated":true}]}}

Concert Orquestra Simfònica Ciutat d&#8217;Eivissa

<p><strong>Concert Orquestra Simfònica Ciutat d&#8217;Eivissa &#8211; Diumenge, 19 de juny 18 h &#8211; Auditori Caló de s&#8217;Oli</strong></p>
<p><strong>CONCERT PER A CLARINET I ORQUESTRA EN LA MAJOR KV 622</strong></p>
<ol>
<li>A. Mozart</li>
</ol>
<p>Clarinet solista: Juan José Pardo</p>
<p><strong>SIMFONIA NÚM 5 EN DO MENOR OP. 67</strong></p>
<ol>
<li>W. Beethoven</li>
</ol>
<p>Direcció: Fernando Marina Miguel</p>
<p>&nbsp;</p>
<p><a href="https://cultura.santjosep.org/es/agenda/concert-orquestra-simfonica-ciutat-deivissa/" target="_blank" rel="noopener">Reserva la teva entrada</a></p>

<p>Concert Orquestra Simfònica Ciutat d&#8217;Eivissa &#8211; Diumenge, 19 de juny 18 h &#8211; Auditori Caló de s&#8217;Oli CONCERT PER A CLARINET I ORQUESTRA EN LA MAJOR KV 622 A. Mozart Clarinet solista: Juan José Pardo SIMFONIA NÚM 5 EN DO [&hellip;]</p>

<!-- This site is optimized with the Yoast SEO plugin v25.7 - https://yoast.com/wordpress/plugins/seo/ -->
<title>Concert Orquestra Simfònica Ciutat d&#039;Eivissa - Santjosep.net</title>
<meta name="robots" content="index, follow, max-snippet:-1, max-image-preview:large, max-video-preview:-1" />
<link rel="canonical" href="https://www.santjosep.net/ca/esdeveniment/concert-orquestra-simfonica-ciutat-deivissa/" />
<meta property="og:locale" content="ca_ES" />
<meta property="og:type" content="article" />
<meta property="og:title" content="Concert Orquestra Simfònica Ciutat d&#039;Eivissa - Santjosep.net" />
<meta property="og:description" content="Concert Orquestra Simfònica Ciutat d&#8217;Eivissa &#8211; Diumenge, 19 de juny 18 h &#8211; Auditori Caló de s&#8217;Oli CONCERT PER A CLARINET I ORQUESTRA EN LA MAJOR KV 622 A. Mozart Clarinet solista: Juan José Pardo SIMFONIA NÚM 5 EN DO [&hellip;]" />
<meta property="og:url" content="https://www.santjosep.net/ca/esdeveniment/concert-orquestra-simfonica-ciutat-deivissa/" />
<meta property="og:site_name" content="Santjosep.net" />
<meta property="article:modified_time" content="2022-06-08T13:09:08+00:00" />
<meta property="og:image" content="https://www.santjosep.net/wp-content/uploads/2022/05/Post-FB_IG_1350x1080_-Orquestra-juny-2022.jpg" />
	<meta property="og:image:width" content="1080" />
	<meta property="og:image:height" content="1350" />
	<meta property="og:image:type" content="image/jpeg" />
<meta name="twitter:card" content="summary_large_image" />
<meta name="twitter:label1" content="Temps estimat de lectura" />
	<meta name="twitter:data1" content="1 minut" />
<script type="application/ld+json" class="yoast-schema-graph">{"@context":"https://schema.org","@graph":[{"@type":"WebPage","@id":"https://www.santjosep.net/ca/esdeveniment/concert-orquestra-simfonica-ciutat-deivissa/","url":"https://www.santjosep.net/ca/esdeveniment/concert-orquestra-simfonica-ciutat-deivissa/","name":"Concert Orquestra Simfònica Ciutat d'Eivissa - Santjosep.net","isPartOf":{"@id":"https://www.santjosep.net/#website"},"primaryImageOfPage":{"@id":"https://www.santjosep.net/ca/esdeveniment/concert-orquestra-simfonica-ciutat-deivissa/#primaryimage"},"image":{"@id":"https://www.santjosep.net/ca/esdeveniment/concert-orquestra-simfonica-ciutat-deivissa/#primaryimage"},"thumbnailUrl":"https://www.santjosep.net/wp-content/uploads/2022/05/Post-FB_IG_1350x1080_-Orquestra-juny-2022.jpg","datePublished":"2022-05-30T09:02:31+00:00","dateModified":"2022-06-08T13:09:08+00:00","breadcrumb":{"@id":"https://www.santjosep.net/ca/esdeveniment/concert-orquestra-simfonica-ciutat-deivissa/#breadcrumb"},"inLanguage":"ca","potentialAction":[{"@type":"ReadAction","target":["https://www.santjosep.net/ca/esdeveniment/concert-orquestra-simfonica-ciutat-deivissa/"]}]},{"@type":"ImageObject","inLanguage":"ca","@id":"https://www.santjosep.net/ca/esdeveniment/concert-orquestra-simfonica-ciutat-deivissa/#primaryimage","url":"https://www.santjosep.net/wp-content/uploads/2022/05/Post-FB_IG_1350x1080_-Orquestra-juny-2022.jpg","contentUrl":"https://www.santjosep.net/wp-content/uploads/2022/05/Post-FB_IG_1350x1080_-Orquestra-juny-2022.jpg","width":1080,"height":1350},{"@type":"BreadcrumbList","@id":"https://www.santjosep.net/ca/esdeveniment/concert-orquestra-simfonica-ciutat-deivissa/#breadcrumb","itemListElement":[{"@type":"ListItem","position":1,"name":"Eventos","item":"https://www.santjosep.net/agenda/"},{"@type":"ListItem","position":2,"name":"Concert Orquestra Simfònica Ciutat d&#8217;Eivissa"}]},{"@type":"WebSite","@id":"https://www.santjosep.net/#website","url":"https://www.santjosep.net/","name":"Santjosep.net","description":"","potentialAction":[{"@type":"SearchAction","target":{"@type":"EntryPoint","urlTemplate":"https://www.santjosep.net/?s={search_term_string}"},"query-input":{"@type":"PropertyValueSpecification","valueRequired":true,"valueName":"search_term_string"}}],"inLanguage":"ca"}]}</script>
<!-- / Yoast SEO plugin. -->

Concert Orquestra Simfònica Ciutat d'Eivissa - Santjosep.net

Concert Orquestra Simfònica Ciutat d&#8217;Eivissa &#8211; Diumenge, 19 de juny 18 h &#8211; Auditori Caló de s&#8217;Oli CONCERT PER A CLARINET I ORQUESTRA EN LA MAJOR KV 622 A. Mozart Clarinet solista: Juan José Pardo SIMFONIA NÚM 5 EN DO [&hellip;]
