{"id":32301,"date":"2022-05-23T15:19:24","date_gmt":"2022-05-23T13:19:24","guid":{"rendered":"https:\/\/www.santjosep.net\/?post_type=tribe_events&#038;p=32301"},"modified":"2022-05-23T15:19:24","modified_gmt":"2022-05-23T13:19:24","slug":"descrobrim-els-pol%c2%b7linitzadors-del-parc","status":"publish","type":"tribe_events","link":"https:\/\/www.santjosep.net\/ca\/esdeveniment\/descrobrim-els-pol%c2%b7linitzadors-del-parc\/","title":{"rendered":"Descrobrim els pol\u00b7linitzadors del parc"},"content":{"rendered":"<p>10 h | <strong>Descrobrim els pol\u00b7linitzadors del parc<\/strong><\/p>\n<p>Si voleu con\u00e8ixer a fons el m\u00f3n dels pol\u00b7linitzadors, teniu una cita el dissabte, dia 28 de maig, al Parc natural.De la m\u00e0 de Rafel Beltran, t\u00e8cnic del IMEDEA, del Projecte Life 4 Pollinators, descobrirem algun dels aspectes m\u00e9s rellevants d&#8217;aquests insectes.<\/p>\n<p>Al cartell hi torbareu tota la informaci\u00f3 i podeu fer la vostra reserva al formulari que trobareu a la web <a class=\"c-link\" tabindex=\"-1\" href=\"http:\/\/www.balearsnatura.com\/\" target=\"_blank\" rel=\"noopener noreferrer\" data-stringify-link=\"http:\/\/www.balearsnatura.com\" data-sk=\"tooltip_parent\" data-remove-tab-index=\"true\">www.balearsnatura.com<\/a>, Parc natural de ses Salines.<\/p>\n","protected":false},"excerpt":{"rendered":"<p>10 h | Descrobrim els pol\u00b7linitzadors del parc Si voleu con\u00e8ixer a fons el m\u00f3n dels pol\u00b7linitzadors, teniu una cita el dissabte, dia 28 de maig, al Parc natural.De la m\u00e0 de Rafel Beltran, t\u00e8cnic del IMEDEA, del Projecte Life [&hellip;]<\/p>\n","protected":false},"author":1,"featured_media":32302,"template":"","meta":{"_acf_changed":false,"inline_featured_image":false,"_tribe_events_status":"","_tribe_events_status_reason":"","footnotes":""},"tags":[],"tribe_events_cat":[214],"class_list":["post-32301","tribe_events","type-tribe_events","status-publish","has-post-thumbnail","hentry","tribe_events_cat-naturalesa","cat_naturalesa"],"acf":[],"yoast_head":"<!-- This site is optimized with the Yoast SEO plugin v25.7 - https:\/\/yoast.com\/wordpress\/plugins\/seo\/ -->\n<title>Descrobrim els pol\u00b7linitzadors del parc - Santjosep.net<\/title>\n<meta name=\"robots\" content=\"index, follow, max-snippet:-1, max-image-preview:large, max-video-preview:-1\" \/>\n<link rel=\"canonical\" href=\"https:\/\/www.santjosep.net\/ca\/esdeveniment\/descrobrim-els-pol\u00b7linitzadors-del-parc\/\" \/>\n<meta property=\"og:locale\" content=\"ca_ES\" \/>\n<meta property=\"og:type\" content=\"article\" \/>\n<meta property=\"og:title\" content=\"Descrobrim els pol\u00b7linitzadors del parc - Santjosep.net\" \/>\n<meta property=\"og:description\" content=\"10 h | Descrobrim els pol\u00b7linitzadors del parc Si voleu con\u00e8ixer a fons el m\u00f3n dels pol\u00b7linitzadors, teniu una cita el dissabte, dia 28 de maig, al Parc natural.De la m\u00e0 de Rafel Beltran, t\u00e8cnic del IMEDEA, del Projecte Life [&hellip;]\" \/>\n<meta property=\"og:url\" content=\"https:\/\/www.santjosep.net\/ca\/esdeveniment\/descrobrim-els-pol\u00b7linitzadors-del-parc\/\" \/>\n<meta property=\"og:site_name\" content=\"Santjosep.net\" \/>\n<meta property=\"og:image\" content=\"https:\/\/www.santjosep.net\/wp-content\/uploads\/2022\/05\/abejas.png\" \/>\n\t<meta property=\"og:image:width\" content=\"940\" \/>\n\t<meta property=\"og:image:height\" content=\"788\" \/>\n\t<meta property=\"og:image:type\" content=\"image\/png\" \/>\n<meta name=\"twitter:card\" content=\"summary_large_image\" \/>\n<meta name=\"twitter:label1\" content=\"Temps estimat de lectura\" \/>\n\t<meta name=\"twitter:data1\" content=\"1 minut\" \/>\n<script type=\"application\/ld+json\" class=\"yoast-schema-graph\">{\"@context\":\"https:\/\/schema.org\",\"@graph\":[{\"@type\":\"WebPage\",\"@id\":\"https:\/\/www.santjosep.net\/ca\/esdeveniment\/descrobrim-els-pol%c2%b7linitzadors-del-parc\/\",\"url\":\"https:\/\/www.santjosep.net\/ca\/esdeveniment\/descrobrim-els-pol%c2%b7linitzadors-del-parc\/\",\"name\":\"Descrobrim els pol\u00b7linitzadors del parc - Santjosep.net\",\"isPartOf\":{\"@id\":\"https:\/\/www.santjosep.net\/#website\"},\"primaryImageOfPage\":{\"@id\":\"https:\/\/www.santjosep.net\/ca\/esdeveniment\/descrobrim-els-pol%c2%b7linitzadors-del-parc\/#primaryimage\"},\"image\":{\"@id\":\"https:\/\/www.santjosep.net\/ca\/esdeveniment\/descrobrim-els-pol%c2%b7linitzadors-del-parc\/#primaryimage\"},\"thumbnailUrl\":\"https:\/\/www.santjosep.net\/wp-content\/uploads\/2022\/05\/abejas.png\",\"datePublished\":\"2022-05-23T13:19:24+00:00\",\"breadcrumb\":{\"@id\":\"https:\/\/www.santjosep.net\/ca\/esdeveniment\/descrobrim-els-pol%c2%b7linitzadors-del-parc\/#breadcrumb\"},\"inLanguage\":\"ca\",\"potentialAction\":[{\"@type\":\"ReadAction\",\"target\":[\"https:\/\/www.santjosep.net\/ca\/esdeveniment\/descrobrim-els-pol%c2%b7linitzadors-del-parc\/\"]}]},{\"@type\":\"ImageObject\",\"inLanguage\":\"ca\",\"@id\":\"https:\/\/www.santjosep.net\/ca\/esdeveniment\/descrobrim-els-pol%c2%b7linitzadors-del-parc\/#primaryimage\",\"url\":\"https:\/\/www.santjosep.net\/wp-content\/uploads\/2022\/05\/abejas.png\",\"contentUrl\":\"https:\/\/www.santjosep.net\/wp-content\/uploads\/2022\/05\/abejas.png\",\"width\":940,\"height\":788},{\"@type\":\"BreadcrumbList\",\"@id\":\"https:\/\/www.santjosep.net\/ca\/esdeveniment\/descrobrim-els-pol%c2%b7linitzadors-del-parc\/#breadcrumb\",\"itemListElement\":[{\"@type\":\"ListItem\",\"position\":1,\"name\":\"Eventos\",\"item\":\"https:\/\/www.santjosep.net\/agenda\/\"},{\"@type\":\"ListItem\",\"position\":2,\"name\":\"Descrobrim els pol\u00b7linitzadors del parc\"}]},{\"@type\":\"WebSite\",\"@id\":\"https:\/\/www.santjosep.net\/#website\",\"url\":\"https:\/\/www.santjosep.net\/\",\"name\":\"Santjosep.net\",\"description\":\"\",\"potentialAction\":[{\"@type\":\"SearchAction\",\"target\":{\"@type\":\"EntryPoint\",\"urlTemplate\":\"https:\/\/www.santjosep.net\/?s={search_term_string}\"},\"query-input\":{\"@type\":\"PropertyValueSpecification\",\"valueRequired\":true,\"valueName\":\"search_term_string\"}}],\"inLanguage\":\"ca\"}]}<\/script>\n<!-- \/ Yoast SEO plugin. -->","yoast_head_json":{"title":"Descrobrim els pol\u00b7linitzadors del parc - Santjosep.net","robots":{"index":"index","follow":"follow","max-snippet":"max-snippet:-1","max-image-preview":"max-image-preview:large","max-video-preview":"max-video-preview:-1"},"canonical":"https:\/\/www.santjosep.net\/ca\/esdeveniment\/descrobrim-els-pol\u00b7linitzadors-del-parc\/","og_locale":"ca_ES","og_type":"article","og_title":"Descrobrim els pol\u00b7linitzadors del parc - Santjosep.net","og_description":"10 h | Descrobrim els pol\u00b7linitzadors del parc Si voleu con\u00e8ixer a fons el m\u00f3n dels pol\u00b7linitzadors, teniu una cita el dissabte, dia 28 de maig, al Parc natural.De la m\u00e0 de Rafel Beltran, t\u00e8cnic del IMEDEA, del Projecte Life [&hellip;]","og_url":"https:\/\/www.santjosep.net\/ca\/esdeveniment\/descrobrim-els-pol\u00b7linitzadors-del-parc\/","og_site_name":"Santjosep.net","og_image":[{"width":940,"height":788,"url":"https:\/\/www.santjosep.net\/wp-content\/uploads\/2022\/05\/abejas.png","type":"image\/png"}],"twitter_card":"summary_large_image","twitter_misc":{"Temps estimat de lectura":"1 minut"},"schema":{"@context":"https:\/\/schema.org","@graph":[{"@type":"WebPage","@id":"https:\/\/www.santjosep.net\/ca\/esdeveniment\/descrobrim-els-pol%c2%b7linitzadors-del-parc\/","url":"https:\/\/www.santjosep.net\/ca\/esdeveniment\/descrobrim-els-pol%c2%b7linitzadors-del-parc\/","name":"Descrobrim els pol\u00b7linitzadors del parc - Santjosep.net","isPartOf":{"@id":"https:\/\/www.santjosep.net\/#website"},"primaryImageOfPage":{"@id":"https:\/\/www.santjosep.net\/ca\/esdeveniment\/descrobrim-els-pol%c2%b7linitzadors-del-parc\/#primaryimage"},"image":{"@id":"https:\/\/www.santjosep.net\/ca\/esdeveniment\/descrobrim-els-pol%c2%b7linitzadors-del-parc\/#primaryimage"},"thumbnailUrl":"https:\/\/www.santjosep.net\/wp-content\/uploads\/2022\/05\/abejas.png","datePublished":"2022-05-23T13:19:24+00:00","breadcrumb":{"@id":"https:\/\/www.santjosep.net\/ca\/esdeveniment\/descrobrim-els-pol%c2%b7linitzadors-del-parc\/#breadcrumb"},"inLanguage":"ca","potentialAction":[{"@type":"ReadAction","target":["https:\/\/www.santjosep.net\/ca\/esdeveniment\/descrobrim-els-pol%c2%b7linitzadors-del-parc\/"]}]},{"@type":"ImageObject","inLanguage":"ca","@id":"https:\/\/www.santjosep.net\/ca\/esdeveniment\/descrobrim-els-pol%c2%b7linitzadors-del-parc\/#primaryimage","url":"https:\/\/www.santjosep.net\/wp-content\/uploads\/2022\/05\/abejas.png","contentUrl":"https:\/\/www.santjosep.net\/wp-content\/uploads\/2022\/05\/abejas.png","width":940,"height":788},{"@type":"BreadcrumbList","@id":"https:\/\/www.santjosep.net\/ca\/esdeveniment\/descrobrim-els-pol%c2%b7linitzadors-del-parc\/#breadcrumb","itemListElement":[{"@type":"ListItem","position":1,"name":"Eventos","item":"https:\/\/www.santjosep.net\/agenda\/"},{"@type":"ListItem","position":2,"name":"Descrobrim els pol\u00b7linitzadors del parc"}]},{"@type":"WebSite","@id":"https:\/\/www.santjosep.net\/#website","url":"https:\/\/www.santjosep.net\/","name":"Santjosep.net","description":"","potentialAction":[{"@type":"SearchAction","target":{"@type":"EntryPoint","urlTemplate":"https:\/\/www.santjosep.net\/?s={search_term_string}"},"query-input":{"@type":"PropertyValueSpecification","valueRequired":true,"valueName":"search_term_string"}}],"inLanguage":"ca"}]}},"_links":{"self":[{"href":"https:\/\/www.santjosep.net\/ca\/wp-json\/wp\/v2\/tribe_events\/32301","targetHints":{"allow":["GET"]}}],"collection":[{"href":"https:\/\/www.santjosep.net\/ca\/wp-json\/wp\/v2\/tribe_events"}],"about":[{"href":"https:\/\/www.santjosep.net\/ca\/wp-json\/wp\/v2\/types\/tribe_events"}],"author":[{"embeddable":true,"href":"https:\/\/www.santjosep.net\/ca\/wp-json\/wp\/v2\/users\/1"}],"version-history":[{"count":0,"href":"https:\/\/www.santjosep.net\/ca\/wp-json\/wp\/v2\/tribe_events\/32301\/revisions"}],"wp:featuredmedia":[{"embeddable":true,"href":"https:\/\/www.santjosep.net\/ca\/wp-json\/wp\/v2\/media\/32302"}],"wp:attachment":[{"href":"https:\/\/www.santjosep.net\/ca\/wp-json\/wp\/v2\/media?parent=32301"}],"wp:term":[{"taxonomy":"post_tag","embeddable":true,"href":"https:\/\/www.santjosep.net\/ca\/wp-json\/wp\/v2\/tags?post=32301"},{"taxonomy":"tribe_events_cat","embeddable":true,"href":"https:\/\/www.santjosep.net\/ca\/wp-json\/wp\/v2\/tribe_events_cat?post=32301"}],"curies":[{"name":"wp","href":"https:\/\/api.w.org\/{rel}","templated":true}]}}

<p>10 h | <strong>Descrobrim els pol·linitzadors del parc</strong></p>
<p>Si voleu conèixer a fons el món dels pol·linitzadors, teniu una cita el dissabte, dia 28 de maig, al Parc natural.De la mà de Rafel Beltran, tècnic del IMEDEA, del Projecte Life 4 Pollinators, descobrirem algun dels aspectes més rellevants d&#8217;aquests insectes.</p>
<p>Al cartell hi torbareu tota la informació i podeu fer la vostra reserva al formulari que trobareu a la web <a class="c-link" tabindex="-1" href="http://www.balearsnatura.com/" target="_blank" rel="noopener noreferrer" data-stringify-link="http://www.balearsnatura.com" data-sk="tooltip_parent" data-remove-tab-index="true">www.balearsnatura.com</a>, Parc natural de ses Salines.</p>

<p>10 h | Descrobrim els pol·linitzadors del parc Si voleu conèixer a fons el món dels pol·linitzadors, teniu una cita el dissabte, dia 28 de maig, al Parc natural.De la mà de Rafel Beltran, tècnic del IMEDEA, del Projecte Life [&hellip;]</p>

<!-- This site is optimized with the Yoast SEO plugin v25.7 - https://yoast.com/wordpress/plugins/seo/ -->
<title>Descrobrim els pol·linitzadors del parc - Santjosep.net</title>
<meta name="robots" content="index, follow, max-snippet:-1, max-image-preview:large, max-video-preview:-1" />
<link rel="canonical" href="https://www.santjosep.net/ca/esdeveniment/descrobrim-els-pol·linitzadors-del-parc/" />
<meta property="og:locale" content="ca_ES" />
<meta property="og:type" content="article" />
<meta property="og:title" content="Descrobrim els pol·linitzadors del parc - Santjosep.net" />
<meta property="og:description" content="10 h | Descrobrim els pol·linitzadors del parc Si voleu conèixer a fons el món dels pol·linitzadors, teniu una cita el dissabte, dia 28 de maig, al Parc natural.De la mà de Rafel Beltran, tècnic del IMEDEA, del Projecte Life [&hellip;]" />
<meta property="og:url" content="https://www.santjosep.net/ca/esdeveniment/descrobrim-els-pol·linitzadors-del-parc/" />
<meta property="og:site_name" content="Santjosep.net" />
<meta property="og:image" content="https://www.santjosep.net/wp-content/uploads/2022/05/abejas.png" />
	<meta property="og:image:width" content="940" />
	<meta property="og:image:height" content="788" />
	<meta property="og:image:type" content="image/png" />
<meta name="twitter:card" content="summary_large_image" />
<meta name="twitter:label1" content="Temps estimat de lectura" />
	<meta name="twitter:data1" content="1 minut" />
<script type="application/ld+json" class="yoast-schema-graph">{"@context":"https://schema.org","@graph":[{"@type":"WebPage","@id":"https://www.santjosep.net/ca/esdeveniment/descrobrim-els-pol%c2%b7linitzadors-del-parc/","url":"https://www.santjosep.net/ca/esdeveniment/descrobrim-els-pol%c2%b7linitzadors-del-parc/","name":"Descrobrim els pol·linitzadors del parc - Santjosep.net","isPartOf":{"@id":"https://www.santjosep.net/#website"},"primaryImageOfPage":{"@id":"https://www.santjosep.net/ca/esdeveniment/descrobrim-els-pol%c2%b7linitzadors-del-parc/#primaryimage"},"image":{"@id":"https://www.santjosep.net/ca/esdeveniment/descrobrim-els-pol%c2%b7linitzadors-del-parc/#primaryimage"},"thumbnailUrl":"https://www.santjosep.net/wp-content/uploads/2022/05/abejas.png","datePublished":"2022-05-23T13:19:24+00:00","breadcrumb":{"@id":"https://www.santjosep.net/ca/esdeveniment/descrobrim-els-pol%c2%b7linitzadors-del-parc/#breadcrumb"},"inLanguage":"ca","potentialAction":[{"@type":"ReadAction","target":["https://www.santjosep.net/ca/esdeveniment/descrobrim-els-pol%c2%b7linitzadors-del-parc/"]}]},{"@type":"ImageObject","inLanguage":"ca","@id":"https://www.santjosep.net/ca/esdeveniment/descrobrim-els-pol%c2%b7linitzadors-del-parc/#primaryimage","url":"https://www.santjosep.net/wp-content/uploads/2022/05/abejas.png","contentUrl":"https://www.santjosep.net/wp-content/uploads/2022/05/abejas.png","width":940,"height":788},{"@type":"BreadcrumbList","@id":"https://www.santjosep.net/ca/esdeveniment/descrobrim-els-pol%c2%b7linitzadors-del-parc/#breadcrumb","itemListElement":[{"@type":"ListItem","position":1,"name":"Eventos","item":"https://www.santjosep.net/agenda/"},{"@type":"ListItem","position":2,"name":"Descrobrim els pol·linitzadors del parc"}]},{"@type":"WebSite","@id":"https://www.santjosep.net/#website","url":"https://www.santjosep.net/","name":"Santjosep.net","description":"","potentialAction":[{"@type":"SearchAction","target":{"@type":"EntryPoint","urlTemplate":"https://www.santjosep.net/?s={search_term_string}"},"query-input":{"@type":"PropertyValueSpecification","valueRequired":true,"valueName":"search_term_string"}}],"inLanguage":"ca"}]}</script>
<!-- / Yoast SEO plugin. -->

10 h | Descrobrim els pol·linitzadors del parc Si voleu conèixer a fons el món dels pol·linitzadors, teniu una cita el dissabte, dia 28 de maig, al Parc natural.De la mà de Rafel Beltran, tècnic del IMEDEA, del Projecte Life [&hellip;]
