{"id":32175,"date":"2022-04-22T13:59:30","date_gmt":"2022-04-22T11:59:30","guid":{"rendered":"https:\/\/www.santjosep.net\/evento\/la-uom-arreu-deivissa-sant-josep\/"},"modified":"2022-04-22T14:29:33","modified_gmt":"2022-04-22T12:29:33","slug":"la-uom-arreu-deivissa-sant-josep","status":"publish","type":"tribe_events","link":"https:\/\/www.santjosep.net\/ca\/esdeveniment\/la-uom-arreu-deivissa-sant-josep\/","title":{"rendered":"La UOM arreu d&#8217;Eivissa &#8211; Sant Josep"},"content":{"rendered":"<h3>La OUM arreu d&#8217;Evissa<\/h3>\n<h3>Sant Josep de sa Talaia<\/h3>\n<p><strong>Dimarts, 26 d&#8217;abril de 2022<\/strong><\/p>\n<p>&#8211; El festeig a Eivissa : al camp i a Vila<\/p>\n<p>Senyora Lina Sansano, directora de l&#8217;Arxiu d&#8217;imatge i so i del Museu Etnogr\u00e0fic del Consell insulart d&#8217;Eivissa.<\/p>\n<p><strong>Dimarts, 3 de maig de 2022<\/strong><\/p>\n<p>&#8211; Modistes, cosidores i brodadores a Eivissa i Formentera, 1860-2020<\/p>\n<p>Doctora Neus Escandell, prodessora de l&#8217;Escola Universit\u00e0ria de Tursime d&#8217;Eivissa i Formentera.<\/p>\n<p><strong>Dimarts, 10 de maig de 2022<\/strong><\/p>\n<p>&#8211; Con\u00e8ixer m\u00e9s Eivissa: l&#8217;organitzaci\u00f3 territorial<\/p>\n<p>Senyor Josep Antoni Prats, professor associat del Departament de Geograf\u00eca<\/p>\n<p><strong>Dimarts, 17 de maig de 2022<\/strong><\/p>\n<p>&#8211; Actualitzaci\u00f3 sobre el naixement i desenvolupament de la medicina fetal. Qu\u00e8 hem apr\u00e8s aquest anys?<\/p>\n<p>Doctora Raquel Gasc\u00f3n, coordinadora obst\u00e8trica de l&#8217;\u00c0rea de Salut d&#8217;Eivissa i Formentera.<\/p>\n<p><strong>Dimarts, 24 de maig de 2022<\/strong><\/p>\n<p>&#8211; Del costum de les fuites a Eivissa i Formentera<\/p>\n<p>Senyora Fanny Tur, directora de l&#8217;Arxiu Hist\u00f2ric d&#8217;Eivissa i Formentera.<\/p>\n","protected":false},"excerpt":{"rendered":"<p>La OUM arreu d&#8217;Evissa Sant Josep de sa Talaia Dimarts, 26 d&#8217;abril de 2022 &#8211; El festeig a Eivissa : al camp i a Vila Senyora Lina Sansano, directora de l&#8217;Arxiu d&#8217;imatge i so i del Museu Etnogr\u00e0fic del Consell [&hellip;]<\/p>\n","protected":false},"author":1,"featured_media":32170,"template":"","meta":{"_acf_changed":false,"inline_featured_image":false,"_tribe_events_status":"","_tribe_events_status_reason":"","footnotes":""},"tags":[],"tribe_events_cat":[187],"class_list":["post-32175","tribe_events","type-tribe_events","status-publish","has-post-thumbnail","hentry","tribe_events_cat-cultura","cat_cultura"],"acf":[],"yoast_head":"<!-- This site is optimized with the Yoast SEO plugin v25.7 - https:\/\/yoast.com\/wordpress\/plugins\/seo\/ -->\n<title>La UOM arreu d&#039;Eivissa - Sant Josep - Santjosep.net<\/title>\n<meta name=\"robots\" content=\"index, follow, max-snippet:-1, max-image-preview:large, max-video-preview:-1\" \/>\n<link rel=\"canonical\" href=\"https:\/\/www.santjosep.net\/evento\/la-uom-arreu-deivissa-sant-josep\/2022-04-26\/\" \/>\n<meta property=\"og:locale\" content=\"ca_ES\" \/>\n<meta property=\"og:type\" content=\"article\" \/>\n<meta property=\"og:title\" content=\"La UOM arreu d&#039;Eivissa - Sant Josep - Santjosep.net\" \/>\n<meta property=\"og:description\" content=\"La OUM arreu d&#8217;Evissa Sant Josep de sa Talaia Dimarts, 26 d&#8217;abril de 2022 &#8211; El festeig a Eivissa : al camp i a Vila Senyora Lina Sansano, directora de l&#8217;Arxiu d&#8217;imatge i so i del Museu Etnogr\u00e0fic del Consell [&hellip;]\" \/>\n<meta property=\"og:url\" content=\"https:\/\/www.santjosep.net\/evento\/la-uom-arreu-deivissa-sant-josep\/2022-04-26\/\" \/>\n<meta property=\"og:site_name\" content=\"Santjosep.net\" \/>\n<meta property=\"article:modified_time\" content=\"2022-04-22T12:29:33+00:00\" \/>\n<meta property=\"og:image\" content=\"https:\/\/www.santjosep.net\/wp-content\/uploads\/2022\/04\/UOM-SANT-JOSEP.jpg\" \/>\n\t<meta property=\"og:image:width\" content=\"1064\" \/>\n\t<meta property=\"og:image:height\" content=\"1083\" \/>\n\t<meta property=\"og:image:type\" content=\"image\/jpeg\" \/>\n<meta name=\"twitter:card\" content=\"summary_large_image\" \/>\n<meta name=\"twitter:label1\" content=\"Temps estimat de lectura\" \/>\n\t<meta name=\"twitter:data1\" content=\"1 minut\" \/>\n<script type=\"application\/ld+json\" class=\"yoast-schema-graph\">{\"@context\":\"https:\/\/schema.org\",\"@graph\":[{\"@type\":\"WebPage\",\"@id\":\"https:\/\/www.santjosep.net\/evento\/la-uom-arreu-deivissa-sant-josep\/2022-04-26\/\",\"url\":\"https:\/\/www.santjosep.net\/evento\/la-uom-arreu-deivissa-sant-josep\/2022-04-26\/\",\"name\":\"La UOM arreu d'Eivissa - Sant Josep - Santjosep.net\",\"isPartOf\":{\"@id\":\"https:\/\/www.santjosep.net\/#website\"},\"primaryImageOfPage\":{\"@id\":\"https:\/\/www.santjosep.net\/evento\/la-uom-arreu-deivissa-sant-josep\/2022-04-26\/#primaryimage\"},\"image\":{\"@id\":\"https:\/\/www.santjosep.net\/evento\/la-uom-arreu-deivissa-sant-josep\/2022-04-26\/#primaryimage\"},\"thumbnailUrl\":\"https:\/\/www.santjosep.net\/wp-content\/uploads\/2022\/04\/UOM-SANT-JOSEP.jpg\",\"datePublished\":\"2022-04-22T11:59:30+00:00\",\"dateModified\":\"2022-04-22T12:29:33+00:00\",\"breadcrumb\":{\"@id\":\"https:\/\/www.santjosep.net\/evento\/la-uom-arreu-deivissa-sant-josep\/2022-04-26\/#breadcrumb\"},\"inLanguage\":\"ca\",\"potentialAction\":[{\"@type\":\"ReadAction\",\"target\":[\"https:\/\/www.santjosep.net\/evento\/la-uom-arreu-deivissa-sant-josep\/2022-04-26\/\"]}]},{\"@type\":\"ImageObject\",\"inLanguage\":\"ca\",\"@id\":\"https:\/\/www.santjosep.net\/evento\/la-uom-arreu-deivissa-sant-josep\/2022-04-26\/#primaryimage\",\"url\":\"https:\/\/www.santjosep.net\/wp-content\/uploads\/2022\/04\/UOM-SANT-JOSEP.jpg\",\"contentUrl\":\"https:\/\/www.santjosep.net\/wp-content\/uploads\/2022\/04\/UOM-SANT-JOSEP.jpg\",\"width\":1064,\"height\":1083},{\"@type\":\"BreadcrumbList\",\"@id\":\"https:\/\/www.santjosep.net\/evento\/la-uom-arreu-deivissa-sant-josep\/2022-04-26\/#breadcrumb\",\"itemListElement\":[{\"@type\":\"ListItem\",\"position\":1,\"name\":\"Eventos\",\"item\":\"https:\/\/www.santjosep.net\/agenda\/\"},{\"@type\":\"ListItem\",\"position\":2,\"name\":\"La UOM arreu d&#8217;Eivissa &#8211; Sant Josep\"}]},{\"@type\":\"WebSite\",\"@id\":\"https:\/\/www.santjosep.net\/#website\",\"url\":\"https:\/\/www.santjosep.net\/\",\"name\":\"Santjosep.net\",\"description\":\"\",\"potentialAction\":[{\"@type\":\"SearchAction\",\"target\":{\"@type\":\"EntryPoint\",\"urlTemplate\":\"https:\/\/www.santjosep.net\/?s={search_term_string}\"},\"query-input\":{\"@type\":\"PropertyValueSpecification\",\"valueRequired\":true,\"valueName\":\"search_term_string\"}}],\"inLanguage\":\"ca\"}]}<\/script>\n<!-- \/ Yoast SEO plugin. -->","yoast_head_json":{"title":"La UOM arreu d'Eivissa - Sant Josep - Santjosep.net","robots":{"index":"index","follow":"follow","max-snippet":"max-snippet:-1","max-image-preview":"max-image-preview:large","max-video-preview":"max-video-preview:-1"},"canonical":"https:\/\/www.santjosep.net\/evento\/la-uom-arreu-deivissa-sant-josep\/2022-04-26\/","og_locale":"ca_ES","og_type":"article","og_title":"La UOM arreu d'Eivissa - Sant Josep - Santjosep.net","og_description":"La OUM arreu d&#8217;Evissa Sant Josep de sa Talaia Dimarts, 26 d&#8217;abril de 2022 &#8211; El festeig a Eivissa : al camp i a Vila Senyora Lina Sansano, directora de l&#8217;Arxiu d&#8217;imatge i so i del Museu Etnogr\u00e0fic del Consell [&hellip;]","og_url":"https:\/\/www.santjosep.net\/evento\/la-uom-arreu-deivissa-sant-josep\/2022-04-26\/","og_site_name":"Santjosep.net","article_modified_time":"2022-04-22T12:29:33+00:00","og_image":[{"width":1064,"height":1083,"url":"https:\/\/www.santjosep.net\/wp-content\/uploads\/2022\/04\/UOM-SANT-JOSEP.jpg","type":"image\/jpeg"}],"twitter_card":"summary_large_image","twitter_misc":{"Temps estimat de lectura":"1 minut"},"schema":{"@context":"https:\/\/schema.org","@graph":[{"@type":"WebPage","@id":"https:\/\/www.santjosep.net\/evento\/la-uom-arreu-deivissa-sant-josep\/2022-04-26\/","url":"https:\/\/www.santjosep.net\/evento\/la-uom-arreu-deivissa-sant-josep\/2022-04-26\/","name":"La UOM arreu d'Eivissa - Sant Josep - Santjosep.net","isPartOf":{"@id":"https:\/\/www.santjosep.net\/#website"},"primaryImageOfPage":{"@id":"https:\/\/www.santjosep.net\/evento\/la-uom-arreu-deivissa-sant-josep\/2022-04-26\/#primaryimage"},"image":{"@id":"https:\/\/www.santjosep.net\/evento\/la-uom-arreu-deivissa-sant-josep\/2022-04-26\/#primaryimage"},"thumbnailUrl":"https:\/\/www.santjosep.net\/wp-content\/uploads\/2022\/04\/UOM-SANT-JOSEP.jpg","datePublished":"2022-04-22T11:59:30+00:00","dateModified":"2022-04-22T12:29:33+00:00","breadcrumb":{"@id":"https:\/\/www.santjosep.net\/evento\/la-uom-arreu-deivissa-sant-josep\/2022-04-26\/#breadcrumb"},"inLanguage":"ca","potentialAction":[{"@type":"ReadAction","target":["https:\/\/www.santjosep.net\/evento\/la-uom-arreu-deivissa-sant-josep\/2022-04-26\/"]}]},{"@type":"ImageObject","inLanguage":"ca","@id":"https:\/\/www.santjosep.net\/evento\/la-uom-arreu-deivissa-sant-josep\/2022-04-26\/#primaryimage","url":"https:\/\/www.santjosep.net\/wp-content\/uploads\/2022\/04\/UOM-SANT-JOSEP.jpg","contentUrl":"https:\/\/www.santjosep.net\/wp-content\/uploads\/2022\/04\/UOM-SANT-JOSEP.jpg","width":1064,"height":1083},{"@type":"BreadcrumbList","@id":"https:\/\/www.santjosep.net\/evento\/la-uom-arreu-deivissa-sant-josep\/2022-04-26\/#breadcrumb","itemListElement":[{"@type":"ListItem","position":1,"name":"Eventos","item":"https:\/\/www.santjosep.net\/agenda\/"},{"@type":"ListItem","position":2,"name":"La UOM arreu d&#8217;Eivissa &#8211; Sant Josep"}]},{"@type":"WebSite","@id":"https:\/\/www.santjosep.net\/#website","url":"https:\/\/www.santjosep.net\/","name":"Santjosep.net","description":"","potentialAction":[{"@type":"SearchAction","target":{"@type":"EntryPoint","urlTemplate":"https:\/\/www.santjosep.net\/?s={search_term_string}"},"query-input":{"@type":"PropertyValueSpecification","valueRequired":true,"valueName":"search_term_string"}}],"inLanguage":"ca"}]}},"_links":{"self":[{"href":"https:\/\/www.santjosep.net\/ca\/wp-json\/wp\/v2\/tribe_events\/32175","targetHints":{"allow":["GET"]}}],"collection":[{"href":"https:\/\/www.santjosep.net\/ca\/wp-json\/wp\/v2\/tribe_events"}],"about":[{"href":"https:\/\/www.santjosep.net\/ca\/wp-json\/wp\/v2\/types\/tribe_events"}],"author":[{"embeddable":true,"href":"https:\/\/www.santjosep.net\/ca\/wp-json\/wp\/v2\/users\/1"}],"version-history":[{"count":0,"href":"https:\/\/www.santjosep.net\/ca\/wp-json\/wp\/v2\/tribe_events\/32175\/revisions"}],"wp:featuredmedia":[{"embeddable":true,"href":"https:\/\/www.santjosep.net\/ca\/wp-json\/wp\/v2\/media\/32170"}],"wp:attachment":[{"href":"https:\/\/www.santjosep.net\/ca\/wp-json\/wp\/v2\/media?parent=32175"}],"wp:term":[{"taxonomy":"post_tag","embeddable":true,"href":"https:\/\/www.santjosep.net\/ca\/wp-json\/wp\/v2\/tags?post=32175"},{"taxonomy":"tribe_events_cat","embeddable":true,"href":"https:\/\/www.santjosep.net\/ca\/wp-json\/wp\/v2\/tribe_events_cat?post=32175"}],"curies":[{"name":"wp","href":"https:\/\/api.w.org\/{rel}","templated":true}]}}

<h3>La OUM arreu d&#8217;Evissa</h3>
<h3>Sant Josep de sa Talaia</h3>
<p><strong>Dimarts, 26 d&#8217;abril de 2022</strong></p>
<p>&#8211; El festeig a Eivissa : al camp i a Vila</p>
<p>Senyora Lina Sansano, directora de l&#8217;Arxiu d&#8217;imatge i so i del Museu Etnogràfic del Consell insulart d&#8217;Eivissa.</p>
<p><strong>Dimarts, 3 de maig de 2022</strong></p>
<p>&#8211; Modistes, cosidores i brodadores a Eivissa i Formentera, 1860-2020</p>
<p>Doctora Neus Escandell, prodessora de l&#8217;Escola Universitària de Tursime d&#8217;Eivissa i Formentera.</p>
<p><strong>Dimarts, 10 de maig de 2022</strong></p>
<p>&#8211; Conèixer més Eivissa: l&#8217;organització territorial</p>
<p>Senyor Josep Antoni Prats, professor associat del Departament de Geografìa</p>
<p><strong>Dimarts, 17 de maig de 2022</strong></p>
<p>&#8211; Actualització sobre el naixement i desenvolupament de la medicina fetal. Què hem après aquest anys?</p>
<p>Doctora Raquel Gascón, coordinadora obstètrica de l&#8217;Àrea de Salut d&#8217;Eivissa i Formentera.</p>
<p><strong>Dimarts, 24 de maig de 2022</strong></p>
<p>&#8211; Del costum de les fuites a Eivissa i Formentera</p>
<p>Senyora Fanny Tur, directora de l&#8217;Arxiu Històric d&#8217;Eivissa i Formentera.</p>

<p>La OUM arreu d&#8217;Evissa Sant Josep de sa Talaia Dimarts, 26 d&#8217;abril de 2022 &#8211; El festeig a Eivissa : al camp i a Vila Senyora Lina Sansano, directora de l&#8217;Arxiu d&#8217;imatge i so i del Museu Etnogràfic del Consell [&hellip;]</p>

<!-- This site is optimized with the Yoast SEO plugin v25.7 - https://yoast.com/wordpress/plugins/seo/ -->
<title>La UOM arreu d&#039;Eivissa - Sant Josep - Santjosep.net</title>
<meta name="robots" content="index, follow, max-snippet:-1, max-image-preview:large, max-video-preview:-1" />
<link rel="canonical" href="https://www.santjosep.net/evento/la-uom-arreu-deivissa-sant-josep/2022-04-26/" />
<meta property="og:locale" content="ca_ES" />
<meta property="og:type" content="article" />
<meta property="og:title" content="La UOM arreu d&#039;Eivissa - Sant Josep - Santjosep.net" />
<meta property="og:description" content="La OUM arreu d&#8217;Evissa Sant Josep de sa Talaia Dimarts, 26 d&#8217;abril de 2022 &#8211; El festeig a Eivissa : al camp i a Vila Senyora Lina Sansano, directora de l&#8217;Arxiu d&#8217;imatge i so i del Museu Etnogràfic del Consell [&hellip;]" />
<meta property="og:url" content="https://www.santjosep.net/evento/la-uom-arreu-deivissa-sant-josep/2022-04-26/" />
<meta property="og:site_name" content="Santjosep.net" />
<meta property="article:modified_time" content="2022-04-22T12:29:33+00:00" />
<meta property="og:image" content="https://www.santjosep.net/wp-content/uploads/2022/04/UOM-SANT-JOSEP.jpg" />
	<meta property="og:image:width" content="1064" />
	<meta property="og:image:height" content="1083" />
	<meta property="og:image:type" content="image/jpeg" />
<meta name="twitter:card" content="summary_large_image" />
<meta name="twitter:label1" content="Temps estimat de lectura" />
	<meta name="twitter:data1" content="1 minut" />
<script type="application/ld+json" class="yoast-schema-graph">{"@context":"https://schema.org","@graph":[{"@type":"WebPage","@id":"https://www.santjosep.net/evento/la-uom-arreu-deivissa-sant-josep/2022-04-26/","url":"https://www.santjosep.net/evento/la-uom-arreu-deivissa-sant-josep/2022-04-26/","name":"La UOM arreu d'Eivissa - Sant Josep - Santjosep.net","isPartOf":{"@id":"https://www.santjosep.net/#website"},"primaryImageOfPage":{"@id":"https://www.santjosep.net/evento/la-uom-arreu-deivissa-sant-josep/2022-04-26/#primaryimage"},"image":{"@id":"https://www.santjosep.net/evento/la-uom-arreu-deivissa-sant-josep/2022-04-26/#primaryimage"},"thumbnailUrl":"https://www.santjosep.net/wp-content/uploads/2022/04/UOM-SANT-JOSEP.jpg","datePublished":"2022-04-22T11:59:30+00:00","dateModified":"2022-04-22T12:29:33+00:00","breadcrumb":{"@id":"https://www.santjosep.net/evento/la-uom-arreu-deivissa-sant-josep/2022-04-26/#breadcrumb"},"inLanguage":"ca","potentialAction":[{"@type":"ReadAction","target":["https://www.santjosep.net/evento/la-uom-arreu-deivissa-sant-josep/2022-04-26/"]}]},{"@type":"ImageObject","inLanguage":"ca","@id":"https://www.santjosep.net/evento/la-uom-arreu-deivissa-sant-josep/2022-04-26/#primaryimage","url":"https://www.santjosep.net/wp-content/uploads/2022/04/UOM-SANT-JOSEP.jpg","contentUrl":"https://www.santjosep.net/wp-content/uploads/2022/04/UOM-SANT-JOSEP.jpg","width":1064,"height":1083},{"@type":"BreadcrumbList","@id":"https://www.santjosep.net/evento/la-uom-arreu-deivissa-sant-josep/2022-04-26/#breadcrumb","itemListElement":[{"@type":"ListItem","position":1,"name":"Eventos","item":"https://www.santjosep.net/agenda/"},{"@type":"ListItem","position":2,"name":"La UOM arreu d&#8217;Eivissa &#8211; Sant Josep"}]},{"@type":"WebSite","@id":"https://www.santjosep.net/#website","url":"https://www.santjosep.net/","name":"Santjosep.net","description":"","potentialAction":[{"@type":"SearchAction","target":{"@type":"EntryPoint","urlTemplate":"https://www.santjosep.net/?s={search_term_string}"},"query-input":{"@type":"PropertyValueSpecification","valueRequired":true,"valueName":"search_term_string"}}],"inLanguage":"ca"}]}</script>
<!-- / Yoast SEO plugin. -->

La OUM arreu d&#8217;Evissa Sant Josep de sa Talaia Dimarts, 26 d&#8217;abril de 2022 &#8211; El festeig a Eivissa : al camp i a Vila Senyora Lina Sansano, directora de l&#8217;Arxiu d&#8217;imatge i so i del Museu Etnogràfic del Consell [&hellip;]
