{"id":31592,"date":"2022-02-03T15:21:25","date_gmt":"2022-02-03T14:21:25","guid":{"rendered":"https:\/\/www.santjosep.net\/?post_type=tribe_events&#038;p=31592"},"modified":"2022-02-22T15:39:09","modified_gmt":"2022-02-22T14:39:09","slug":"teatre-infantil-alma-de-labu-teatre","status":"publish","type":"tribe_events","link":"https:\/\/www.santjosep.net\/ca\/esdeveniment\/teatre-infantil-alma-de-labu-teatre\/","title":{"rendered":"Teatre infantil \u2018Alma\u2019 de Lab\u00fa Teatre"},"content":{"rendered":"<div class=\"tribe-events-single-event-description tribe-events-content\">\n<p>17 h | Teatre infantil \u2018Alma\u2018 a c\u00e0rrec de Lab\u00fa Teatre, en catal\u00e0, al Centre de Cultura Can Jeroni.<\/p>\n<p><strong><br \/>\nEntrada lliure fins a completar aforament.<\/strong><\/p>\n<p><img loading=\"lazy\" decoding=\"async\" class=\"alignnone wp-image-31673 size-full\" src=\"https:\/\/www.santjosep.net\/wp-content\/uploads\/2022\/02\/Cartel-teatre-ALMA-27feb2022-v4.jpg\" alt=\"\" width=\"1200\" height=\"1697\" srcset=\"https:\/\/www.santjosep.net\/wp-content\/uploads\/2022\/02\/Cartel-teatre-ALMA-27feb2022-v4.jpg 1200w, https:\/\/www.santjosep.net\/wp-content\/uploads\/2022\/02\/Cartel-teatre-ALMA-27feb2022-v4-212x300.jpg 212w, https:\/\/www.santjosep.net\/wp-content\/uploads\/2022\/02\/Cartel-teatre-ALMA-27feb2022-v4-724x1024.jpg 724w, https:\/\/www.santjosep.net\/wp-content\/uploads\/2022\/02\/Cartel-teatre-ALMA-27feb2022-v4-768x1086.jpg 768w, https:\/\/www.santjosep.net\/wp-content\/uploads\/2022\/02\/Cartel-teatre-ALMA-27feb2022-v4-1086x1536.jpg 1086w\" sizes=\"auto, (max-width: 1200px) 100vw, 1200px\" \/><\/p>\n<\/div>\n","protected":false},"excerpt":{"rendered":"<p>17 h | Teatre infantil \u2018Alma\u2018 a c\u00e0rrec de Lab\u00fa Teatre, en catal\u00e0, al Centre de Cultura Can Jeroni. Entrada lliure fins a completar aforament.<\/p>\n","protected":false},"author":1,"featured_media":31593,"template":"","meta":{"_acf_changed":false,"inline_featured_image":false,"_tribe_events_status":"","_tribe_events_status_reason":"","footnotes":""},"tags":[],"tribe_events_cat":[203],"class_list":["post-31592","tribe_events","type-tribe_events","status-publish","has-post-thumbnail","hentry","tribe_events_cat-oci","cat_oci"],"acf":[],"yoast_head":"<!-- This site is optimized with the Yoast SEO plugin v25.7 - https:\/\/yoast.com\/wordpress\/plugins\/seo\/ -->\n<title>Teatre infantil \u2018Alma\u2019 de Lab\u00fa Teatre - Santjosep.net<\/title>\n<meta name=\"robots\" content=\"index, follow, max-snippet:-1, max-image-preview:large, max-video-preview:-1\" \/>\n<link rel=\"canonical\" href=\"https:\/\/www.santjosep.net\/ca\/esdeveniment\/teatre-infantil-alma-de-labu-teatre\/\" \/>\n<meta property=\"og:locale\" content=\"ca_ES\" \/>\n<meta property=\"og:type\" content=\"article\" \/>\n<meta property=\"og:title\" content=\"Teatre infantil \u2018Alma\u2019 de Lab\u00fa Teatre - Santjosep.net\" \/>\n<meta property=\"og:description\" content=\"17 h | Teatre infantil \u2018Alma\u2018 a c\u00e0rrec de Lab\u00fa Teatre, en catal\u00e0, al Centre de Cultura Can Jeroni. Entrada lliure fins a completar aforament.\" \/>\n<meta property=\"og:url\" content=\"https:\/\/www.santjosep.net\/ca\/esdeveniment\/teatre-infantil-alma-de-labu-teatre\/\" \/>\n<meta property=\"og:site_name\" content=\"Santjosep.net\" \/>\n<meta property=\"article:modified_time\" content=\"2022-02-22T14:39:09+00:00\" \/>\n<meta property=\"og:image\" content=\"https:\/\/www.santjosep.net\/wp-content\/uploads\/2022\/02\/Alma_3.jpg\" \/>\n\t<meta property=\"og:image:width\" content=\"1074\" \/>\n\t<meta property=\"og:image:height\" content=\"716\" \/>\n\t<meta property=\"og:image:type\" content=\"image\/jpeg\" \/>\n<meta name=\"twitter:card\" content=\"summary_large_image\" \/>\n<meta name=\"twitter:label1\" content=\"Temps estimat de lectura\" \/>\n\t<meta name=\"twitter:data1\" content=\"1 minut\" \/>\n<script type=\"application\/ld+json\" class=\"yoast-schema-graph\">{\"@context\":\"https:\/\/schema.org\",\"@graph\":[{\"@type\":\"WebPage\",\"@id\":\"https:\/\/www.santjosep.net\/ca\/esdeveniment\/teatre-infantil-alma-de-labu-teatre\/\",\"url\":\"https:\/\/www.santjosep.net\/ca\/esdeveniment\/teatre-infantil-alma-de-labu-teatre\/\",\"name\":\"Teatre infantil \u2018Alma\u2019 de Lab\u00fa Teatre - Santjosep.net\",\"isPartOf\":{\"@id\":\"https:\/\/www.santjosep.net\/#website\"},\"primaryImageOfPage\":{\"@id\":\"https:\/\/www.santjosep.net\/ca\/esdeveniment\/teatre-infantil-alma-de-labu-teatre\/#primaryimage\"},\"image\":{\"@id\":\"https:\/\/www.santjosep.net\/ca\/esdeveniment\/teatre-infantil-alma-de-labu-teatre\/#primaryimage\"},\"thumbnailUrl\":\"https:\/\/www.santjosep.net\/wp-content\/uploads\/2022\/02\/Alma_3.jpg\",\"datePublished\":\"2022-02-03T14:21:25+00:00\",\"dateModified\":\"2022-02-22T14:39:09+00:00\",\"breadcrumb\":{\"@id\":\"https:\/\/www.santjosep.net\/ca\/esdeveniment\/teatre-infantil-alma-de-labu-teatre\/#breadcrumb\"},\"inLanguage\":\"ca\",\"potentialAction\":[{\"@type\":\"ReadAction\",\"target\":[\"https:\/\/www.santjosep.net\/ca\/esdeveniment\/teatre-infantil-alma-de-labu-teatre\/\"]}]},{\"@type\":\"ImageObject\",\"inLanguage\":\"ca\",\"@id\":\"https:\/\/www.santjosep.net\/ca\/esdeveniment\/teatre-infantil-alma-de-labu-teatre\/#primaryimage\",\"url\":\"https:\/\/www.santjosep.net\/wp-content\/uploads\/2022\/02\/Alma_3.jpg\",\"contentUrl\":\"https:\/\/www.santjosep.net\/wp-content\/uploads\/2022\/02\/Alma_3.jpg\",\"width\":1074,\"height\":716},{\"@type\":\"BreadcrumbList\",\"@id\":\"https:\/\/www.santjosep.net\/ca\/esdeveniment\/teatre-infantil-alma-de-labu-teatre\/#breadcrumb\",\"itemListElement\":[{\"@type\":\"ListItem\",\"position\":1,\"name\":\"Eventos\",\"item\":\"https:\/\/www.santjosep.net\/agenda\/\"},{\"@type\":\"ListItem\",\"position\":2,\"name\":\"Teatre infantil \u2018Alma\u2019 de Lab\u00fa Teatre\"}]},{\"@type\":\"WebSite\",\"@id\":\"https:\/\/www.santjosep.net\/#website\",\"url\":\"https:\/\/www.santjosep.net\/\",\"name\":\"Santjosep.net\",\"description\":\"\",\"potentialAction\":[{\"@type\":\"SearchAction\",\"target\":{\"@type\":\"EntryPoint\",\"urlTemplate\":\"https:\/\/www.santjosep.net\/?s={search_term_string}\"},\"query-input\":{\"@type\":\"PropertyValueSpecification\",\"valueRequired\":true,\"valueName\":\"search_term_string\"}}],\"inLanguage\":\"ca\"}]}<\/script>\n<!-- \/ Yoast SEO plugin. -->","yoast_head_json":{"title":"Teatre infantil \u2018Alma\u2019 de Lab\u00fa Teatre - Santjosep.net","robots":{"index":"index","follow":"follow","max-snippet":"max-snippet:-1","max-image-preview":"max-image-preview:large","max-video-preview":"max-video-preview:-1"},"canonical":"https:\/\/www.santjosep.net\/ca\/esdeveniment\/teatre-infantil-alma-de-labu-teatre\/","og_locale":"ca_ES","og_type":"article","og_title":"Teatre infantil \u2018Alma\u2019 de Lab\u00fa Teatre - Santjosep.net","og_description":"17 h | Teatre infantil \u2018Alma\u2018 a c\u00e0rrec de Lab\u00fa Teatre, en catal\u00e0, al Centre de Cultura Can Jeroni. Entrada lliure fins a completar aforament.","og_url":"https:\/\/www.santjosep.net\/ca\/esdeveniment\/teatre-infantil-alma-de-labu-teatre\/","og_site_name":"Santjosep.net","article_modified_time":"2022-02-22T14:39:09+00:00","og_image":[{"width":1074,"height":716,"url":"https:\/\/www.santjosep.net\/wp-content\/uploads\/2022\/02\/Alma_3.jpg","type":"image\/jpeg"}],"twitter_card":"summary_large_image","twitter_misc":{"Temps estimat de lectura":"1 minut"},"schema":{"@context":"https:\/\/schema.org","@graph":[{"@type":"WebPage","@id":"https:\/\/www.santjosep.net\/ca\/esdeveniment\/teatre-infantil-alma-de-labu-teatre\/","url":"https:\/\/www.santjosep.net\/ca\/esdeveniment\/teatre-infantil-alma-de-labu-teatre\/","name":"Teatre infantil \u2018Alma\u2019 de Lab\u00fa Teatre - Santjosep.net","isPartOf":{"@id":"https:\/\/www.santjosep.net\/#website"},"primaryImageOfPage":{"@id":"https:\/\/www.santjosep.net\/ca\/esdeveniment\/teatre-infantil-alma-de-labu-teatre\/#primaryimage"},"image":{"@id":"https:\/\/www.santjosep.net\/ca\/esdeveniment\/teatre-infantil-alma-de-labu-teatre\/#primaryimage"},"thumbnailUrl":"https:\/\/www.santjosep.net\/wp-content\/uploads\/2022\/02\/Alma_3.jpg","datePublished":"2022-02-03T14:21:25+00:00","dateModified":"2022-02-22T14:39:09+00:00","breadcrumb":{"@id":"https:\/\/www.santjosep.net\/ca\/esdeveniment\/teatre-infantil-alma-de-labu-teatre\/#breadcrumb"},"inLanguage":"ca","potentialAction":[{"@type":"ReadAction","target":["https:\/\/www.santjosep.net\/ca\/esdeveniment\/teatre-infantil-alma-de-labu-teatre\/"]}]},{"@type":"ImageObject","inLanguage":"ca","@id":"https:\/\/www.santjosep.net\/ca\/esdeveniment\/teatre-infantil-alma-de-labu-teatre\/#primaryimage","url":"https:\/\/www.santjosep.net\/wp-content\/uploads\/2022\/02\/Alma_3.jpg","contentUrl":"https:\/\/www.santjosep.net\/wp-content\/uploads\/2022\/02\/Alma_3.jpg","width":1074,"height":716},{"@type":"BreadcrumbList","@id":"https:\/\/www.santjosep.net\/ca\/esdeveniment\/teatre-infantil-alma-de-labu-teatre\/#breadcrumb","itemListElement":[{"@type":"ListItem","position":1,"name":"Eventos","item":"https:\/\/www.santjosep.net\/agenda\/"},{"@type":"ListItem","position":2,"name":"Teatre infantil \u2018Alma\u2019 de Lab\u00fa Teatre"}]},{"@type":"WebSite","@id":"https:\/\/www.santjosep.net\/#website","url":"https:\/\/www.santjosep.net\/","name":"Santjosep.net","description":"","potentialAction":[{"@type":"SearchAction","target":{"@type":"EntryPoint","urlTemplate":"https:\/\/www.santjosep.net\/?s={search_term_string}"},"query-input":{"@type":"PropertyValueSpecification","valueRequired":true,"valueName":"search_term_string"}}],"inLanguage":"ca"}]}},"_links":{"self":[{"href":"https:\/\/www.santjosep.net\/ca\/wp-json\/wp\/v2\/tribe_events\/31592","targetHints":{"allow":["GET"]}}],"collection":[{"href":"https:\/\/www.santjosep.net\/ca\/wp-json\/wp\/v2\/tribe_events"}],"about":[{"href":"https:\/\/www.santjosep.net\/ca\/wp-json\/wp\/v2\/types\/tribe_events"}],"author":[{"embeddable":true,"href":"https:\/\/www.santjosep.net\/ca\/wp-json\/wp\/v2\/users\/1"}],"version-history":[{"count":0,"href":"https:\/\/www.santjosep.net\/ca\/wp-json\/wp\/v2\/tribe_events\/31592\/revisions"}],"wp:featuredmedia":[{"embeddable":true,"href":"https:\/\/www.santjosep.net\/ca\/wp-json\/wp\/v2\/media\/31593"}],"wp:attachment":[{"href":"https:\/\/www.santjosep.net\/ca\/wp-json\/wp\/v2\/media?parent=31592"}],"wp:term":[{"taxonomy":"post_tag","embeddable":true,"href":"https:\/\/www.santjosep.net\/ca\/wp-json\/wp\/v2\/tags?post=31592"},{"taxonomy":"tribe_events_cat","embeddable":true,"href":"https:\/\/www.santjosep.net\/ca\/wp-json\/wp\/v2\/tribe_events_cat?post=31592"}],"curies":[{"name":"wp","href":"https:\/\/api.w.org\/{rel}","templated":true}]}}

Teatre infantil ‘Alma’ de Labú Teatre

<div class="tribe-events-single-event-description tribe-events-content">
<p>17 h | Teatre infantil ‘Alma‘ a càrrec de Labú Teatre, en català, al Centre de Cultura Can Jeroni.</p>
<p><strong><br />
Entrada lliure fins a completar aforament.</strong></p>
<p><img loading="lazy" decoding="async" class="alignnone wp-image-31673 size-full" src="https://www.santjosep.net/wp-content/uploads/2022/02/Cartel-teatre-ALMA-27feb2022-v4.jpg" alt="" width="1200" height="1697" srcset="https://www.santjosep.net/wp-content/uploads/2022/02/Cartel-teatre-ALMA-27feb2022-v4.jpg 1200w, https://www.santjosep.net/wp-content/uploads/2022/02/Cartel-teatre-ALMA-27feb2022-v4-212x300.jpg 212w, https://www.santjosep.net/wp-content/uploads/2022/02/Cartel-teatre-ALMA-27feb2022-v4-724x1024.jpg 724w, https://www.santjosep.net/wp-content/uploads/2022/02/Cartel-teatre-ALMA-27feb2022-v4-768x1086.jpg 768w, https://www.santjosep.net/wp-content/uploads/2022/02/Cartel-teatre-ALMA-27feb2022-v4-1086x1536.jpg 1086w" sizes="auto, (max-width: 1200px) 100vw, 1200px" /></p>
</div>

<p>17 h | Teatre infantil ‘Alma‘ a càrrec de Labú Teatre, en català, al Centre de Cultura Can Jeroni. Entrada lliure fins a completar aforament.</p>

<!-- This site is optimized with the Yoast SEO plugin v25.7 - https://yoast.com/wordpress/plugins/seo/ -->
<title>Teatre infantil ‘Alma’ de Labú Teatre - Santjosep.net</title>
<meta name="robots" content="index, follow, max-snippet:-1, max-image-preview:large, max-video-preview:-1" />
<link rel="canonical" href="https://www.santjosep.net/ca/esdeveniment/teatre-infantil-alma-de-labu-teatre/" />
<meta property="og:locale" content="ca_ES" />
<meta property="og:type" content="article" />
<meta property="og:title" content="Teatre infantil ‘Alma’ de Labú Teatre - Santjosep.net" />
<meta property="og:description" content="17 h | Teatre infantil ‘Alma‘ a càrrec de Labú Teatre, en català, al Centre de Cultura Can Jeroni. Entrada lliure fins a completar aforament." />
<meta property="og:url" content="https://www.santjosep.net/ca/esdeveniment/teatre-infantil-alma-de-labu-teatre/" />
<meta property="og:site_name" content="Santjosep.net" />
<meta property="article:modified_time" content="2022-02-22T14:39:09+00:00" />
<meta property="og:image" content="https://www.santjosep.net/wp-content/uploads/2022/02/Alma_3.jpg" />
	<meta property="og:image:width" content="1074" />
	<meta property="og:image:height" content="716" />
	<meta property="og:image:type" content="image/jpeg" />
<meta name="twitter:card" content="summary_large_image" />
<meta name="twitter:label1" content="Temps estimat de lectura" />
	<meta name="twitter:data1" content="1 minut" />
<script type="application/ld+json" class="yoast-schema-graph">{"@context":"https://schema.org","@graph":[{"@type":"WebPage","@id":"https://www.santjosep.net/ca/esdeveniment/teatre-infantil-alma-de-labu-teatre/","url":"https://www.santjosep.net/ca/esdeveniment/teatre-infantil-alma-de-labu-teatre/","name":"Teatre infantil ‘Alma’ de Labú Teatre - Santjosep.net","isPartOf":{"@id":"https://www.santjosep.net/#website"},"primaryImageOfPage":{"@id":"https://www.santjosep.net/ca/esdeveniment/teatre-infantil-alma-de-labu-teatre/#primaryimage"},"image":{"@id":"https://www.santjosep.net/ca/esdeveniment/teatre-infantil-alma-de-labu-teatre/#primaryimage"},"thumbnailUrl":"https://www.santjosep.net/wp-content/uploads/2022/02/Alma_3.jpg","datePublished":"2022-02-03T14:21:25+00:00","dateModified":"2022-02-22T14:39:09+00:00","breadcrumb":{"@id":"https://www.santjosep.net/ca/esdeveniment/teatre-infantil-alma-de-labu-teatre/#breadcrumb"},"inLanguage":"ca","potentialAction":[{"@type":"ReadAction","target":["https://www.santjosep.net/ca/esdeveniment/teatre-infantil-alma-de-labu-teatre/"]}]},{"@type":"ImageObject","inLanguage":"ca","@id":"https://www.santjosep.net/ca/esdeveniment/teatre-infantil-alma-de-labu-teatre/#primaryimage","url":"https://www.santjosep.net/wp-content/uploads/2022/02/Alma_3.jpg","contentUrl":"https://www.santjosep.net/wp-content/uploads/2022/02/Alma_3.jpg","width":1074,"height":716},{"@type":"BreadcrumbList","@id":"https://www.santjosep.net/ca/esdeveniment/teatre-infantil-alma-de-labu-teatre/#breadcrumb","itemListElement":[{"@type":"ListItem","position":1,"name":"Eventos","item":"https://www.santjosep.net/agenda/"},{"@type":"ListItem","position":2,"name":"Teatre infantil ‘Alma’ de Labú Teatre"}]},{"@type":"WebSite","@id":"https://www.santjosep.net/#website","url":"https://www.santjosep.net/","name":"Santjosep.net","description":"","potentialAction":[{"@type":"SearchAction","target":{"@type":"EntryPoint","urlTemplate":"https://www.santjosep.net/?s={search_term_string}"},"query-input":{"@type":"PropertyValueSpecification","valueRequired":true,"valueName":"search_term_string"}}],"inLanguage":"ca"}]}</script>
<!-- / Yoast SEO plugin. -->

Teatre infantil ‘Alma’ de Labú Teatre - Santjosep.net

17 h | Teatre infantil ‘Alma‘ a càrrec de Labú Teatre, en català, al Centre de Cultura Can Jeroni. Entrada lliure fins a completar aforament.
