{"id":31562,"date":"2022-02-03T15:16:21","date_gmt":"2022-02-03T14:16:21","guid":{"rendered":"https:\/\/www.santjosep.net\/?post_type=tribe_events&#038;p=31562"},"modified":"2022-02-03T15:16:21","modified_gmt":"2022-02-03T14:16:21","slug":"monoleg-magallanes","status":"publish","type":"tribe_events","link":"https:\/\/www.santjosep.net\/ca\/esdeveniment\/monoleg-magallanes\/","title":{"rendered":"Mon\u00f2leg \u2018Magallanes\u2019"},"content":{"rendered":"<div class=\"tribe-events-single-event-description tribe-events-content\">\n<p>20 h | \u2018Magallanes\u2019, mon\u00f2leg teatral en castell\u00e0 que commemora els 500 anys de la 1a Volta al M\u00f3n, al Centre de Cultura Can Jeroni<\/p>\n<p><strong><br \/>\nEntrada lliure fins a completar aforament.<\/strong><\/p>\n<\/div>\n","protected":false},"excerpt":{"rendered":"<p>20 h | \u2018Magallanes\u2019, mon\u00f2leg teatral en castell\u00e0 que commemora els 500 anys de la 1a Volta al M\u00f3n, al Centre de Cultura Can Jeroni Entrada lliure fins a completar aforament.<\/p>\n","protected":false},"author":1,"featured_media":31563,"template":"","meta":{"_acf_changed":false,"inline_featured_image":false,"_tribe_events_status":"","_tribe_events_status_reason":"","footnotes":""},"tags":[],"tribe_events_cat":[203],"class_list":["post-31562","tribe_events","type-tribe_events","status-publish","has-post-thumbnail","hentry","tribe_events_cat-oci","cat_oci"],"acf":[],"yoast_head":"<!-- This site is optimized with the Yoast SEO plugin v25.7 - https:\/\/yoast.com\/wordpress\/plugins\/seo\/ -->\n<title>Mon\u00f2leg \u2018Magallanes\u2019 - Santjosep.net<\/title>\n<meta name=\"robots\" content=\"index, follow, max-snippet:-1, max-image-preview:large, max-video-preview:-1\" \/>\n<link rel=\"canonical\" href=\"https:\/\/www.santjosep.net\/ca\/esdeveniment\/monoleg-magallanes\/\" \/>\n<meta property=\"og:locale\" content=\"ca_ES\" \/>\n<meta property=\"og:type\" content=\"article\" \/>\n<meta property=\"og:title\" content=\"Mon\u00f2leg \u2018Magallanes\u2019 - Santjosep.net\" \/>\n<meta property=\"og:description\" content=\"20 h | \u2018Magallanes\u2019, mon\u00f2leg teatral en castell\u00e0 que commemora els 500 anys de la 1a Volta al M\u00f3n, al Centre de Cultura Can Jeroni Entrada lliure fins a completar aforament.\" \/>\n<meta property=\"og:url\" content=\"https:\/\/www.santjosep.net\/ca\/esdeveniment\/monoleg-magallanes\/\" \/>\n<meta property=\"og:site_name\" content=\"Santjosep.net\" \/>\n<meta property=\"og:image\" content=\"https:\/\/www.santjosep.net\/wp-content\/uploads\/2022\/02\/cartell-magallanes-nou.jpeg\" \/>\n\t<meta property=\"og:image:width\" content=\"853\" \/>\n\t<meta property=\"og:image:height\" content=\"1280\" \/>\n\t<meta property=\"og:image:type\" content=\"image\/jpeg\" \/>\n<meta name=\"twitter:card\" content=\"summary_large_image\" \/>\n<script type=\"application\/ld+json\" class=\"yoast-schema-graph\">{\"@context\":\"https:\/\/schema.org\",\"@graph\":[{\"@type\":\"WebPage\",\"@id\":\"https:\/\/www.santjosep.net\/ca\/esdeveniment\/monoleg-magallanes\/\",\"url\":\"https:\/\/www.santjosep.net\/ca\/esdeveniment\/monoleg-magallanes\/\",\"name\":\"Mon\u00f2leg \u2018Magallanes\u2019 - Santjosep.net\",\"isPartOf\":{\"@id\":\"https:\/\/www.santjosep.net\/#website\"},\"primaryImageOfPage\":{\"@id\":\"https:\/\/www.santjosep.net\/ca\/esdeveniment\/monoleg-magallanes\/#primaryimage\"},\"image\":{\"@id\":\"https:\/\/www.santjosep.net\/ca\/esdeveniment\/monoleg-magallanes\/#primaryimage\"},\"thumbnailUrl\":\"https:\/\/www.santjosep.net\/wp-content\/uploads\/2022\/02\/cartell-magallanes-nou.jpeg\",\"datePublished\":\"2022-02-03T14:16:21+00:00\",\"breadcrumb\":{\"@id\":\"https:\/\/www.santjosep.net\/ca\/esdeveniment\/monoleg-magallanes\/#breadcrumb\"},\"inLanguage\":\"ca\",\"potentialAction\":[{\"@type\":\"ReadAction\",\"target\":[\"https:\/\/www.santjosep.net\/ca\/esdeveniment\/monoleg-magallanes\/\"]}]},{\"@type\":\"ImageObject\",\"inLanguage\":\"ca\",\"@id\":\"https:\/\/www.santjosep.net\/ca\/esdeveniment\/monoleg-magallanes\/#primaryimage\",\"url\":\"https:\/\/www.santjosep.net\/wp-content\/uploads\/2022\/02\/cartell-magallanes-nou.jpeg\",\"contentUrl\":\"https:\/\/www.santjosep.net\/wp-content\/uploads\/2022\/02\/cartell-magallanes-nou.jpeg\",\"width\":853,\"height\":1280},{\"@type\":\"BreadcrumbList\",\"@id\":\"https:\/\/www.santjosep.net\/ca\/esdeveniment\/monoleg-magallanes\/#breadcrumb\",\"itemListElement\":[{\"@type\":\"ListItem\",\"position\":1,\"name\":\"Eventos\",\"item\":\"https:\/\/www.santjosep.net\/agenda\/\"},{\"@type\":\"ListItem\",\"position\":2,\"name\":\"Mon\u00f2leg \u2018Magallanes\u2019\"}]},{\"@type\":\"WebSite\",\"@id\":\"https:\/\/www.santjosep.net\/#website\",\"url\":\"https:\/\/www.santjosep.net\/\",\"name\":\"Santjosep.net\",\"description\":\"\",\"potentialAction\":[{\"@type\":\"SearchAction\",\"target\":{\"@type\":\"EntryPoint\",\"urlTemplate\":\"https:\/\/www.santjosep.net\/?s={search_term_string}\"},\"query-input\":{\"@type\":\"PropertyValueSpecification\",\"valueRequired\":true,\"valueName\":\"search_term_string\"}}],\"inLanguage\":\"ca\"}]}<\/script>\n<!-- \/ Yoast SEO plugin. -->","yoast_head_json":{"title":"Mon\u00f2leg \u2018Magallanes\u2019 - Santjosep.net","robots":{"index":"index","follow":"follow","max-snippet":"max-snippet:-1","max-image-preview":"max-image-preview:large","max-video-preview":"max-video-preview:-1"},"canonical":"https:\/\/www.santjosep.net\/ca\/esdeveniment\/monoleg-magallanes\/","og_locale":"ca_ES","og_type":"article","og_title":"Mon\u00f2leg \u2018Magallanes\u2019 - Santjosep.net","og_description":"20 h | \u2018Magallanes\u2019, mon\u00f2leg teatral en castell\u00e0 que commemora els 500 anys de la 1a Volta al M\u00f3n, al Centre de Cultura Can Jeroni Entrada lliure fins a completar aforament.","og_url":"https:\/\/www.santjosep.net\/ca\/esdeveniment\/monoleg-magallanes\/","og_site_name":"Santjosep.net","og_image":[{"width":853,"height":1280,"url":"https:\/\/www.santjosep.net\/wp-content\/uploads\/2022\/02\/cartell-magallanes-nou.jpeg","type":"image\/jpeg"}],"twitter_card":"summary_large_image","schema":{"@context":"https:\/\/schema.org","@graph":[{"@type":"WebPage","@id":"https:\/\/www.santjosep.net\/ca\/esdeveniment\/monoleg-magallanes\/","url":"https:\/\/www.santjosep.net\/ca\/esdeveniment\/monoleg-magallanes\/","name":"Mon\u00f2leg \u2018Magallanes\u2019 - Santjosep.net","isPartOf":{"@id":"https:\/\/www.santjosep.net\/#website"},"primaryImageOfPage":{"@id":"https:\/\/www.santjosep.net\/ca\/esdeveniment\/monoleg-magallanes\/#primaryimage"},"image":{"@id":"https:\/\/www.santjosep.net\/ca\/esdeveniment\/monoleg-magallanes\/#primaryimage"},"thumbnailUrl":"https:\/\/www.santjosep.net\/wp-content\/uploads\/2022\/02\/cartell-magallanes-nou.jpeg","datePublished":"2022-02-03T14:16:21+00:00","breadcrumb":{"@id":"https:\/\/www.santjosep.net\/ca\/esdeveniment\/monoleg-magallanes\/#breadcrumb"},"inLanguage":"ca","potentialAction":[{"@type":"ReadAction","target":["https:\/\/www.santjosep.net\/ca\/esdeveniment\/monoleg-magallanes\/"]}]},{"@type":"ImageObject","inLanguage":"ca","@id":"https:\/\/www.santjosep.net\/ca\/esdeveniment\/monoleg-magallanes\/#primaryimage","url":"https:\/\/www.santjosep.net\/wp-content\/uploads\/2022\/02\/cartell-magallanes-nou.jpeg","contentUrl":"https:\/\/www.santjosep.net\/wp-content\/uploads\/2022\/02\/cartell-magallanes-nou.jpeg","width":853,"height":1280},{"@type":"BreadcrumbList","@id":"https:\/\/www.santjosep.net\/ca\/esdeveniment\/monoleg-magallanes\/#breadcrumb","itemListElement":[{"@type":"ListItem","position":1,"name":"Eventos","item":"https:\/\/www.santjosep.net\/agenda\/"},{"@type":"ListItem","position":2,"name":"Mon\u00f2leg \u2018Magallanes\u2019"}]},{"@type":"WebSite","@id":"https:\/\/www.santjosep.net\/#website","url":"https:\/\/www.santjosep.net\/","name":"Santjosep.net","description":"","potentialAction":[{"@type":"SearchAction","target":{"@type":"EntryPoint","urlTemplate":"https:\/\/www.santjosep.net\/?s={search_term_string}"},"query-input":{"@type":"PropertyValueSpecification","valueRequired":true,"valueName":"search_term_string"}}],"inLanguage":"ca"}]}},"_links":{"self":[{"href":"https:\/\/www.santjosep.net\/ca\/wp-json\/wp\/v2\/tribe_events\/31562","targetHints":{"allow":["GET"]}}],"collection":[{"href":"https:\/\/www.santjosep.net\/ca\/wp-json\/wp\/v2\/tribe_events"}],"about":[{"href":"https:\/\/www.santjosep.net\/ca\/wp-json\/wp\/v2\/types\/tribe_events"}],"author":[{"embeddable":true,"href":"https:\/\/www.santjosep.net\/ca\/wp-json\/wp\/v2\/users\/1"}],"version-history":[{"count":0,"href":"https:\/\/www.santjosep.net\/ca\/wp-json\/wp\/v2\/tribe_events\/31562\/revisions"}],"wp:featuredmedia":[{"embeddable":true,"href":"https:\/\/www.santjosep.net\/ca\/wp-json\/wp\/v2\/media\/31563"}],"wp:attachment":[{"href":"https:\/\/www.santjosep.net\/ca\/wp-json\/wp\/v2\/media?parent=31562"}],"wp:term":[{"taxonomy":"post_tag","embeddable":true,"href":"https:\/\/www.santjosep.net\/ca\/wp-json\/wp\/v2\/tags?post=31562"},{"taxonomy":"tribe_events_cat","embeddable":true,"href":"https:\/\/www.santjosep.net\/ca\/wp-json\/wp\/v2\/tribe_events_cat?post=31562"}],"curies":[{"name":"wp","href":"https:\/\/api.w.org\/{rel}","templated":true}]}}

Monòleg ‘Magallanes’

<div class="tribe-events-single-event-description tribe-events-content">
<p>20 h | ‘Magallanes’, monòleg teatral en castellà que commemora els 500 anys de la 1a Volta al Món, al Centre de Cultura Can Jeroni</p>
<p><strong><br />
Entrada lliure fins a completar aforament.</strong></p>
</div>

<p>20 h | ‘Magallanes’, monòleg teatral en castellà que commemora els 500 anys de la 1a Volta al Món, al Centre de Cultura Can Jeroni Entrada lliure fins a completar aforament.</p>

<!-- This site is optimized with the Yoast SEO plugin v25.7 - https://yoast.com/wordpress/plugins/seo/ -->
<title>Monòleg ‘Magallanes’ - Santjosep.net</title>
<meta name="robots" content="index, follow, max-snippet:-1, max-image-preview:large, max-video-preview:-1" />
<link rel="canonical" href="https://www.santjosep.net/ca/esdeveniment/monoleg-magallanes/" />
<meta property="og:locale" content="ca_ES" />
<meta property="og:type" content="article" />
<meta property="og:title" content="Monòleg ‘Magallanes’ - Santjosep.net" />
<meta property="og:description" content="20 h | ‘Magallanes’, monòleg teatral en castellà que commemora els 500 anys de la 1a Volta al Món, al Centre de Cultura Can Jeroni Entrada lliure fins a completar aforament." />
<meta property="og:url" content="https://www.santjosep.net/ca/esdeveniment/monoleg-magallanes/" />
<meta property="og:site_name" content="Santjosep.net" />
<meta property="og:image" content="https://www.santjosep.net/wp-content/uploads/2022/02/cartell-magallanes-nou.jpeg" />
	<meta property="og:image:width" content="853" />
	<meta property="og:image:height" content="1280" />
	<meta property="og:image:type" content="image/jpeg" />
<meta name="twitter:card" content="summary_large_image" />
<script type="application/ld+json" class="yoast-schema-graph">{"@context":"https://schema.org","@graph":[{"@type":"WebPage","@id":"https://www.santjosep.net/ca/esdeveniment/monoleg-magallanes/","url":"https://www.santjosep.net/ca/esdeveniment/monoleg-magallanes/","name":"Monòleg ‘Magallanes’ - Santjosep.net","isPartOf":{"@id":"https://www.santjosep.net/#website"},"primaryImageOfPage":{"@id":"https://www.santjosep.net/ca/esdeveniment/monoleg-magallanes/#primaryimage"},"image":{"@id":"https://www.santjosep.net/ca/esdeveniment/monoleg-magallanes/#primaryimage"},"thumbnailUrl":"https://www.santjosep.net/wp-content/uploads/2022/02/cartell-magallanes-nou.jpeg","datePublished":"2022-02-03T14:16:21+00:00","breadcrumb":{"@id":"https://www.santjosep.net/ca/esdeveniment/monoleg-magallanes/#breadcrumb"},"inLanguage":"ca","potentialAction":[{"@type":"ReadAction","target":["https://www.santjosep.net/ca/esdeveniment/monoleg-magallanes/"]}]},{"@type":"ImageObject","inLanguage":"ca","@id":"https://www.santjosep.net/ca/esdeveniment/monoleg-magallanes/#primaryimage","url":"https://www.santjosep.net/wp-content/uploads/2022/02/cartell-magallanes-nou.jpeg","contentUrl":"https://www.santjosep.net/wp-content/uploads/2022/02/cartell-magallanes-nou.jpeg","width":853,"height":1280},{"@type":"BreadcrumbList","@id":"https://www.santjosep.net/ca/esdeveniment/monoleg-magallanes/#breadcrumb","itemListElement":[{"@type":"ListItem","position":1,"name":"Eventos","item":"https://www.santjosep.net/agenda/"},{"@type":"ListItem","position":2,"name":"Monòleg ‘Magallanes’"}]},{"@type":"WebSite","@id":"https://www.santjosep.net/#website","url":"https://www.santjosep.net/","name":"Santjosep.net","description":"","potentialAction":[{"@type":"SearchAction","target":{"@type":"EntryPoint","urlTemplate":"https://www.santjosep.net/?s={search_term_string}"},"query-input":{"@type":"PropertyValueSpecification","valueRequired":true,"valueName":"search_term_string"}}],"inLanguage":"ca"}]}</script>
<!-- / Yoast SEO plugin. -->

Monòleg ‘Magallanes’ - Santjosep.net

20 h | ‘Magallanes’, monòleg teatral en castellà que commemora els 500 anys de la 1a Volta al Món, al Centre de Cultura Can Jeroni Entrada lliure fins a completar aforament.
