{"id":31543,"date":"2022-01-28T09:11:18","date_gmt":"2022-01-28T08:11:18","guid":{"rendered":"https:\/\/www.santjosep.net\/evento\/sant-josep-contra-el-cancer\/"},"modified":"2022-01-28T09:13:47","modified_gmt":"2022-01-28T08:13:47","slug":"sant-josep-contra-el-cancer","status":"publish","type":"tribe_events","link":"https:\/\/www.santjosep.net\/ca\/esdeveniment\/sant-josep-contra-el-cancer\/","title":{"rendered":"Sant Josep contra el c\u00e0ncer"},"content":{"rendered":"<p>L&#8217;Ajuntament de Sant Josep de sa Talaia presenta una nova edici\u00f3 de <strong>Sant Jos\u00e9p Contra el C\u00e0ncer<\/strong>, el programa d&#8217;activitats que promou la divulgaci\u00f3 entorn d&#8217;aquesta malaltia i les accions per a prevenir-les i millorar la qualitat de vida els que les sofreixen. Com en edicions anteriors, <strong>Sant Josep Contra el C\u00e0ncer<\/strong> reuneix les associacions que treballen en aquest \u00e0mbit a les Piti\u00fcses, que contribueixen en l&#8217;organitzaci\u00f3 dels actes previstos i aix\u00ed, tamb\u00e9, donen a con\u00e8ixer la seva activitat.<\/p>\n<p><a href=\"https:\/\/www.santjosep.net\/wp-content\/uploads\/2022\/01\/Sant-Josep-contra-l-ca\u0300ncer.pdf\" target=\"_blank\" rel=\"noopener\">Desc\u00e0rrega el programa<\/a><\/p>\n","protected":false},"excerpt":{"rendered":"<p>L&#8217;Ajuntament de Sant Josep de sa Talaia presenta una nova edici\u00f3 de Sant Jos\u00e9p Contra el C\u00e0ncer, el programa d&#8217;activitats que promou la divulgaci\u00f3 entorn d&#8217;aquesta malaltia i les accions per a prevenir-les i millorar la qualitat de vida els [&hellip;]<\/p>\n","protected":false},"author":1,"featured_media":31537,"template":"","meta":{"_acf_changed":false,"inline_featured_image":false,"_tribe_events_status":"","_tribe_events_status_reason":"","footnotes":""},"tags":[],"tribe_events_cat":[],"class_list":["post-31543","tribe_events","type-tribe_events","status-publish","has-post-thumbnail","hentry"],"acf":[],"yoast_head":"<!-- This site is optimized with the Yoast SEO plugin v25.7 - https:\/\/yoast.com\/wordpress\/plugins\/seo\/ -->\n<title>Sant Josep contra el c\u00e0ncer - Santjosep.net<\/title>\n<meta name=\"robots\" content=\"index, follow, max-snippet:-1, max-image-preview:large, max-video-preview:-1\" \/>\n<link rel=\"canonical\" href=\"https:\/\/www.santjosep.net\/ca\/esdeveniment\/sant-josep-contra-el-cancer\/\" \/>\n<meta property=\"og:locale\" content=\"ca_ES\" \/>\n<meta property=\"og:type\" content=\"article\" \/>\n<meta property=\"og:title\" content=\"Sant Josep contra el c\u00e0ncer - Santjosep.net\" \/>\n<meta property=\"og:description\" content=\"L&#8217;Ajuntament de Sant Josep de sa Talaia presenta una nova edici\u00f3 de Sant Jos\u00e9p Contra el C\u00e0ncer, el programa d&#8217;activitats que promou la divulgaci\u00f3 entorn d&#8217;aquesta malaltia i les accions per a prevenir-les i millorar la qualitat de vida els [&hellip;]\" \/>\n<meta property=\"og:url\" content=\"https:\/\/www.santjosep.net\/ca\/esdeveniment\/sant-josep-contra-el-cancer\/\" \/>\n<meta property=\"og:site_name\" content=\"Santjosep.net\" \/>\n<meta property=\"article:modified_time\" content=\"2022-01-28T08:13:47+00:00\" \/>\n<meta property=\"og:image\" content=\"https:\/\/www.santjosep.net\/wp-content\/uploads\/2022\/01\/santjosep_contracancer.png\" \/>\n\t<meta property=\"og:image:width\" content=\"1200\" \/>\n\t<meta property=\"og:image:height\" content=\"1000\" \/>\n\t<meta property=\"og:image:type\" content=\"image\/png\" \/>\n<meta name=\"twitter:card\" content=\"summary_large_image\" \/>\n<script type=\"application\/ld+json\" class=\"yoast-schema-graph\">{\"@context\":\"https:\/\/schema.org\",\"@graph\":[{\"@type\":\"WebPage\",\"@id\":\"https:\/\/www.santjosep.net\/ca\/esdeveniment\/sant-josep-contra-el-cancer\/\",\"url\":\"https:\/\/www.santjosep.net\/ca\/esdeveniment\/sant-josep-contra-el-cancer\/\",\"name\":\"Sant Josep contra el c\u00e0ncer - Santjosep.net\",\"isPartOf\":{\"@id\":\"https:\/\/www.santjosep.net\/#website\"},\"primaryImageOfPage\":{\"@id\":\"https:\/\/www.santjosep.net\/ca\/esdeveniment\/sant-josep-contra-el-cancer\/#primaryimage\"},\"image\":{\"@id\":\"https:\/\/www.santjosep.net\/ca\/esdeveniment\/sant-josep-contra-el-cancer\/#primaryimage\"},\"thumbnailUrl\":\"https:\/\/www.santjosep.net\/wp-content\/uploads\/2022\/01\/santjosep_contracancer.png\",\"datePublished\":\"2022-01-28T08:11:18+00:00\",\"dateModified\":\"2022-01-28T08:13:47+00:00\",\"breadcrumb\":{\"@id\":\"https:\/\/www.santjosep.net\/ca\/esdeveniment\/sant-josep-contra-el-cancer\/#breadcrumb\"},\"inLanguage\":\"ca\",\"potentialAction\":[{\"@type\":\"ReadAction\",\"target\":[\"https:\/\/www.santjosep.net\/ca\/esdeveniment\/sant-josep-contra-el-cancer\/\"]}]},{\"@type\":\"ImageObject\",\"inLanguage\":\"ca\",\"@id\":\"https:\/\/www.santjosep.net\/ca\/esdeveniment\/sant-josep-contra-el-cancer\/#primaryimage\",\"url\":\"https:\/\/www.santjosep.net\/wp-content\/uploads\/2022\/01\/santjosep_contracancer.png\",\"contentUrl\":\"https:\/\/www.santjosep.net\/wp-content\/uploads\/2022\/01\/santjosep_contracancer.png\",\"width\":1200,\"height\":1000},{\"@type\":\"BreadcrumbList\",\"@id\":\"https:\/\/www.santjosep.net\/ca\/esdeveniment\/sant-josep-contra-el-cancer\/#breadcrumb\",\"itemListElement\":[{\"@type\":\"ListItem\",\"position\":1,\"name\":\"Eventos\",\"item\":\"https:\/\/www.santjosep.net\/agenda\/\"},{\"@type\":\"ListItem\",\"position\":2,\"name\":\"Sant Josep contra el c\u00e0ncer\"}]},{\"@type\":\"WebSite\",\"@id\":\"https:\/\/www.santjosep.net\/#website\",\"url\":\"https:\/\/www.santjosep.net\/\",\"name\":\"Santjosep.net\",\"description\":\"\",\"potentialAction\":[{\"@type\":\"SearchAction\",\"target\":{\"@type\":\"EntryPoint\",\"urlTemplate\":\"https:\/\/www.santjosep.net\/?s={search_term_string}\"},\"query-input\":{\"@type\":\"PropertyValueSpecification\",\"valueRequired\":true,\"valueName\":\"search_term_string\"}}],\"inLanguage\":\"ca\"}]}<\/script>\n<!-- \/ Yoast SEO plugin. -->","yoast_head_json":{"title":"Sant Josep contra el c\u00e0ncer - Santjosep.net","robots":{"index":"index","follow":"follow","max-snippet":"max-snippet:-1","max-image-preview":"max-image-preview:large","max-video-preview":"max-video-preview:-1"},"canonical":"https:\/\/www.santjosep.net\/ca\/esdeveniment\/sant-josep-contra-el-cancer\/","og_locale":"ca_ES","og_type":"article","og_title":"Sant Josep contra el c\u00e0ncer - Santjosep.net","og_description":"L&#8217;Ajuntament de Sant Josep de sa Talaia presenta una nova edici\u00f3 de Sant Jos\u00e9p Contra el C\u00e0ncer, el programa d&#8217;activitats que promou la divulgaci\u00f3 entorn d&#8217;aquesta malaltia i les accions per a prevenir-les i millorar la qualitat de vida els [&hellip;]","og_url":"https:\/\/www.santjosep.net\/ca\/esdeveniment\/sant-josep-contra-el-cancer\/","og_site_name":"Santjosep.net","article_modified_time":"2022-01-28T08:13:47+00:00","og_image":[{"width":1200,"height":1000,"url":"https:\/\/www.santjosep.net\/wp-content\/uploads\/2022\/01\/santjosep_contracancer.png","type":"image\/png"}],"twitter_card":"summary_large_image","schema":{"@context":"https:\/\/schema.org","@graph":[{"@type":"WebPage","@id":"https:\/\/www.santjosep.net\/ca\/esdeveniment\/sant-josep-contra-el-cancer\/","url":"https:\/\/www.santjosep.net\/ca\/esdeveniment\/sant-josep-contra-el-cancer\/","name":"Sant Josep contra el c\u00e0ncer - Santjosep.net","isPartOf":{"@id":"https:\/\/www.santjosep.net\/#website"},"primaryImageOfPage":{"@id":"https:\/\/www.santjosep.net\/ca\/esdeveniment\/sant-josep-contra-el-cancer\/#primaryimage"},"image":{"@id":"https:\/\/www.santjosep.net\/ca\/esdeveniment\/sant-josep-contra-el-cancer\/#primaryimage"},"thumbnailUrl":"https:\/\/www.santjosep.net\/wp-content\/uploads\/2022\/01\/santjosep_contracancer.png","datePublished":"2022-01-28T08:11:18+00:00","dateModified":"2022-01-28T08:13:47+00:00","breadcrumb":{"@id":"https:\/\/www.santjosep.net\/ca\/esdeveniment\/sant-josep-contra-el-cancer\/#breadcrumb"},"inLanguage":"ca","potentialAction":[{"@type":"ReadAction","target":["https:\/\/www.santjosep.net\/ca\/esdeveniment\/sant-josep-contra-el-cancer\/"]}]},{"@type":"ImageObject","inLanguage":"ca","@id":"https:\/\/www.santjosep.net\/ca\/esdeveniment\/sant-josep-contra-el-cancer\/#primaryimage","url":"https:\/\/www.santjosep.net\/wp-content\/uploads\/2022\/01\/santjosep_contracancer.png","contentUrl":"https:\/\/www.santjosep.net\/wp-content\/uploads\/2022\/01\/santjosep_contracancer.png","width":1200,"height":1000},{"@type":"BreadcrumbList","@id":"https:\/\/www.santjosep.net\/ca\/esdeveniment\/sant-josep-contra-el-cancer\/#breadcrumb","itemListElement":[{"@type":"ListItem","position":1,"name":"Eventos","item":"https:\/\/www.santjosep.net\/agenda\/"},{"@type":"ListItem","position":2,"name":"Sant Josep contra el c\u00e0ncer"}]},{"@type":"WebSite","@id":"https:\/\/www.santjosep.net\/#website","url":"https:\/\/www.santjosep.net\/","name":"Santjosep.net","description":"","potentialAction":[{"@type":"SearchAction","target":{"@type":"EntryPoint","urlTemplate":"https:\/\/www.santjosep.net\/?s={search_term_string}"},"query-input":{"@type":"PropertyValueSpecification","valueRequired":true,"valueName":"search_term_string"}}],"inLanguage":"ca"}]}},"_links":{"self":[{"href":"https:\/\/www.santjosep.net\/ca\/wp-json\/wp\/v2\/tribe_events\/31543","targetHints":{"allow":["GET"]}}],"collection":[{"href":"https:\/\/www.santjosep.net\/ca\/wp-json\/wp\/v2\/tribe_events"}],"about":[{"href":"https:\/\/www.santjosep.net\/ca\/wp-json\/wp\/v2\/types\/tribe_events"}],"author":[{"embeddable":true,"href":"https:\/\/www.santjosep.net\/ca\/wp-json\/wp\/v2\/users\/1"}],"version-history":[{"count":0,"href":"https:\/\/www.santjosep.net\/ca\/wp-json\/wp\/v2\/tribe_events\/31543\/revisions"}],"wp:featuredmedia":[{"embeddable":true,"href":"https:\/\/www.santjosep.net\/ca\/wp-json\/wp\/v2\/media\/31537"}],"wp:attachment":[{"href":"https:\/\/www.santjosep.net\/ca\/wp-json\/wp\/v2\/media?parent=31543"}],"wp:term":[{"taxonomy":"post_tag","embeddable":true,"href":"https:\/\/www.santjosep.net\/ca\/wp-json\/wp\/v2\/tags?post=31543"},{"taxonomy":"tribe_events_cat","embeddable":true,"href":"https:\/\/www.santjosep.net\/ca\/wp-json\/wp\/v2\/tribe_events_cat?post=31543"}],"curies":[{"name":"wp","href":"https:\/\/api.w.org\/{rel}","templated":true}]}}

Sant Josep contra el càncer

<p>L&#8217;Ajuntament de Sant Josep de sa Talaia presenta una nova edició de <strong>Sant Josép Contra el Càncer</strong>, el programa d&#8217;activitats que promou la divulgació entorn d&#8217;aquesta malaltia i les accions per a prevenir-les i millorar la qualitat de vida els que les sofreixen. Com en edicions anteriors, <strong>Sant Josep Contra el Càncer</strong> reuneix les associacions que treballen en aquest àmbit a les Pitiüses, que contribueixen en l&#8217;organització dels actes previstos i així, també, donen a conèixer la seva activitat.</p>
<p><a href="https://www.santjosep.net/wp-content/uploads/2022/01/Sant-Josep-contra-l-càncer.pdf" target="_blank" rel="noopener">Descàrrega el programa</a></p>

<p>L&#8217;Ajuntament de Sant Josep de sa Talaia presenta una nova edició de Sant Josép Contra el Càncer, el programa d&#8217;activitats que promou la divulgació entorn d&#8217;aquesta malaltia i les accions per a prevenir-les i millorar la qualitat de vida els [&hellip;]</p>

<!-- This site is optimized with the Yoast SEO plugin v25.7 - https://yoast.com/wordpress/plugins/seo/ -->
<title>Sant Josep contra el càncer - Santjosep.net</title>
<meta name="robots" content="index, follow, max-snippet:-1, max-image-preview:large, max-video-preview:-1" />
<link rel="canonical" href="https://www.santjosep.net/ca/esdeveniment/sant-josep-contra-el-cancer/" />
<meta property="og:locale" content="ca_ES" />
<meta property="og:type" content="article" />
<meta property="og:title" content="Sant Josep contra el càncer - Santjosep.net" />
<meta property="og:description" content="L&#8217;Ajuntament de Sant Josep de sa Talaia presenta una nova edició de Sant Josép Contra el Càncer, el programa d&#8217;activitats que promou la divulgació entorn d&#8217;aquesta malaltia i les accions per a prevenir-les i millorar la qualitat de vida els [&hellip;]" />
<meta property="og:url" content="https://www.santjosep.net/ca/esdeveniment/sant-josep-contra-el-cancer/" />
<meta property="og:site_name" content="Santjosep.net" />
<meta property="article:modified_time" content="2022-01-28T08:13:47+00:00" />
<meta property="og:image" content="https://www.santjosep.net/wp-content/uploads/2022/01/santjosep_contracancer.png" />
	<meta property="og:image:width" content="1200" />
	<meta property="og:image:height" content="1000" />
	<meta property="og:image:type" content="image/png" />
<meta name="twitter:card" content="summary_large_image" />
<script type="application/ld+json" class="yoast-schema-graph">{"@context":"https://schema.org","@graph":[{"@type":"WebPage","@id":"https://www.santjosep.net/ca/esdeveniment/sant-josep-contra-el-cancer/","url":"https://www.santjosep.net/ca/esdeveniment/sant-josep-contra-el-cancer/","name":"Sant Josep contra el càncer - Santjosep.net","isPartOf":{"@id":"https://www.santjosep.net/#website"},"primaryImageOfPage":{"@id":"https://www.santjosep.net/ca/esdeveniment/sant-josep-contra-el-cancer/#primaryimage"},"image":{"@id":"https://www.santjosep.net/ca/esdeveniment/sant-josep-contra-el-cancer/#primaryimage"},"thumbnailUrl":"https://www.santjosep.net/wp-content/uploads/2022/01/santjosep_contracancer.png","datePublished":"2022-01-28T08:11:18+00:00","dateModified":"2022-01-28T08:13:47+00:00","breadcrumb":{"@id":"https://www.santjosep.net/ca/esdeveniment/sant-josep-contra-el-cancer/#breadcrumb"},"inLanguage":"ca","potentialAction":[{"@type":"ReadAction","target":["https://www.santjosep.net/ca/esdeveniment/sant-josep-contra-el-cancer/"]}]},{"@type":"ImageObject","inLanguage":"ca","@id":"https://www.santjosep.net/ca/esdeveniment/sant-josep-contra-el-cancer/#primaryimage","url":"https://www.santjosep.net/wp-content/uploads/2022/01/santjosep_contracancer.png","contentUrl":"https://www.santjosep.net/wp-content/uploads/2022/01/santjosep_contracancer.png","width":1200,"height":1000},{"@type":"BreadcrumbList","@id":"https://www.santjosep.net/ca/esdeveniment/sant-josep-contra-el-cancer/#breadcrumb","itemListElement":[{"@type":"ListItem","position":1,"name":"Eventos","item":"https://www.santjosep.net/agenda/"},{"@type":"ListItem","position":2,"name":"Sant Josep contra el càncer"}]},{"@type":"WebSite","@id":"https://www.santjosep.net/#website","url":"https://www.santjosep.net/","name":"Santjosep.net","description":"","potentialAction":[{"@type":"SearchAction","target":{"@type":"EntryPoint","urlTemplate":"https://www.santjosep.net/?s={search_term_string}"},"query-input":{"@type":"PropertyValueSpecification","valueRequired":true,"valueName":"search_term_string"}}],"inLanguage":"ca"}]}</script>
<!-- / Yoast SEO plugin. -->

Sant Josep contra el càncer - Santjosep.net

L&#8217;Ajuntament de Sant Josep de sa Talaia presenta una nova edició de Sant Josép Contra el Càncer, el programa d&#8217;activitats que promou la divulgació entorn d&#8217;aquesta malaltia i les accions per a prevenir-les i millorar la qualitat de vida els [&hellip;]
