{"id":29950,"date":"2022-01-13T09:20:08","date_gmt":"2022-01-13T08:20:08","guid":{"rendered":"https:\/\/www.santjosep.net\/evento\/concert-de-miquel-gil-de-gira-amb-el-disc-geometries\/"},"modified":"2022-01-17T10:33:55","modified_gmt":"2022-01-17T09:33:55","slug":"concert-de-miquel-gil-20-anys-dorganic","status":"publish","type":"tribe_events","link":"https:\/\/www.santjosep.net\/ca\/esdeveniment\/concert-de-miquel-gil-20-anys-dorganic\/","title":{"rendered":"Concert de Miquel Gil &#8211; 20 Anys d&#8217;Org\u00e0nic"},"content":{"rendered":"<p><strong>Concert de Miquel Gil &#8211; 20 Anys d&#8217;Org\u00e0nic<\/strong><br \/>\n<strong>Lloc:<\/strong> Auditori de Cal\u00f3 de s&#8217;Oli<br \/>\n<strong>Data:<\/strong> 22 gener 2022<br \/>\n<strong>Hora:<\/strong> 19:00 hrs<\/p>\n<p><a href=\"https:\/\/entrades.santjosep.org\/par-public\/rest\/evento\/id\/3389521\" target=\"_blank\" rel=\"noopener\">Reserva d&#8217;entrades<\/a><\/p>\n<p>\u00c9s considerat una de les grans veus del panorama musical mediterrani. Grata la terra amb un cantar profund i emocionant i, de fet, el seu cant amortitza el llegat de les m\u00fasiques de tradici\u00f3 oral que ha aixecat des que formava part d\u2019Al Tall.<br \/>\nMiquel Gil, el m\u00e9s modern dels cantadors, s\u2019agita i es deixa agitar com correspon a un artista que viu la tradici\u00f3 des del present i amb la mirada clavada al futur.<\/p>\n<p><strong>20 ANYS D\u2019ORG\u00c0NIC<\/strong><\/p>\n<p>La pand\u00e8mia no va deixar celebrar els 20 anys de la edici\u00f3 d\u2019un treball que va suposar un abans i un despr\u00e9s en la carrera professional de Miquel Gil.<br \/>\nUn reconeixement, dins i fora del Pa\u00eds, quasi in\u00e8dit per a un artista de l\u2019escena folk del Pa\u00efsos Catalans, amb Org\u00e0nic es van trencar molts sostres de vidre.<br \/>\nAra que, poc a poc, torna la activitat als teatres es bon moment per a gaudir, junt amb Miquel Gil i la seva banda, d\u2019un espectacle preparat expressament per a la celebraci\u00f3 dels 20 anys d\u2019un treball que ha deixat empremta i ha esdevingut referencial per a les noves generacions.<\/p>\n<p style=\"color: red;\">La reserva d\u2019invitacions es podr\u00e0 dur a terme 7 dies abans de la realitzaci\u00f3 de l\u2019esdeveniment.<\/p>\n","protected":false},"excerpt":{"rendered":"<p>Concert de Miquel Gil &#8211; 20 Anys d&#8217;Org\u00e0nic Lloc: Auditori de Cal\u00f3 de s&#8217;Oli Data: 22 gener 2022 Hora: 19:00 hrs Reserva d&#8217;entrades \u00c9s considerat una de les grans veus del panorama musical mediterrani. Grata la terra amb un cantar [&hellip;]<\/p>\n","protected":false},"author":1,"featured_media":29945,"template":"","meta":{"_acf_changed":false,"inline_featured_image":false,"_tribe_events_status":"","_tribe_events_status_reason":"","footnotes":""},"tags":[],"tribe_events_cat":[187],"class_list":["post-29950","tribe_events","type-tribe_events","status-publish","has-post-thumbnail","hentry","tribe_events_cat-cultura","cat_cultura"],"acf":[],"yoast_head":"<!-- This site is optimized with the Yoast SEO plugin v25.7 - https:\/\/yoast.com\/wordpress\/plugins\/seo\/ -->\n<title>Concert de Miquel Gil - 20 Anys d&#039;Org\u00e0nic - Santjosep.net<\/title>\n<meta name=\"robots\" content=\"index, follow, max-snippet:-1, max-image-preview:large, max-video-preview:-1\" \/>\n<link rel=\"canonical\" href=\"https:\/\/www.santjosep.net\/ca\/esdeveniment\/concert-de-miquel-gil-20-anys-dorganic\/\" \/>\n<meta property=\"og:locale\" content=\"ca_ES\" \/>\n<meta property=\"og:type\" content=\"article\" \/>\n<meta property=\"og:title\" content=\"Concert de Miquel Gil - 20 Anys d&#039;Org\u00e0nic - Santjosep.net\" \/>\n<meta property=\"og:description\" content=\"Concert de Miquel Gil &#8211; 20 Anys d&#8217;Org\u00e0nic Lloc: Auditori de Cal\u00f3 de s&#8217;Oli Data: 22 gener 2022 Hora: 19:00 hrs Reserva d&#8217;entrades \u00c9s considerat una de les grans veus del panorama musical mediterrani. Grata la terra amb un cantar [&hellip;]\" \/>\n<meta property=\"og:url\" content=\"https:\/\/www.santjosep.net\/ca\/esdeveniment\/concert-de-miquel-gil-20-anys-dorganic\/\" \/>\n<meta property=\"og:site_name\" content=\"Santjosep.net\" \/>\n<meta property=\"article:modified_time\" content=\"2022-01-17T09:33:55+00:00\" \/>\n<meta property=\"og:image\" content=\"https:\/\/www.santjosep.net\/wp-content\/uploads\/2022\/01\/MIQUELGIL-ESTUDI1.jpg\" \/>\n\t<meta property=\"og:image:width\" content=\"1800\" \/>\n\t<meta property=\"og:image:height\" content=\"1200\" \/>\n\t<meta property=\"og:image:type\" content=\"image\/jpeg\" \/>\n<meta name=\"twitter:card\" content=\"summary_large_image\" \/>\n<meta name=\"twitter:label1\" content=\"Temps estimat de lectura\" \/>\n\t<meta name=\"twitter:data1\" content=\"1 minut\" \/>\n<script type=\"application\/ld+json\" class=\"yoast-schema-graph\">{\"@context\":\"https:\/\/schema.org\",\"@graph\":[{\"@type\":\"WebPage\",\"@id\":\"https:\/\/www.santjosep.net\/ca\/esdeveniment\/concert-de-miquel-gil-20-anys-dorganic\/\",\"url\":\"https:\/\/www.santjosep.net\/ca\/esdeveniment\/concert-de-miquel-gil-20-anys-dorganic\/\",\"name\":\"Concert de Miquel Gil - 20 Anys d'Org\u00e0nic - Santjosep.net\",\"isPartOf\":{\"@id\":\"https:\/\/www.santjosep.net\/#website\"},\"primaryImageOfPage\":{\"@id\":\"https:\/\/www.santjosep.net\/ca\/esdeveniment\/concert-de-miquel-gil-20-anys-dorganic\/#primaryimage\"},\"image\":{\"@id\":\"https:\/\/www.santjosep.net\/ca\/esdeveniment\/concert-de-miquel-gil-20-anys-dorganic\/#primaryimage\"},\"thumbnailUrl\":\"https:\/\/www.santjosep.net\/wp-content\/uploads\/2022\/01\/MIQUELGIL-ESTUDI1.jpg\",\"datePublished\":\"2022-01-13T08:20:08+00:00\",\"dateModified\":\"2022-01-17T09:33:55+00:00\",\"breadcrumb\":{\"@id\":\"https:\/\/www.santjosep.net\/ca\/esdeveniment\/concert-de-miquel-gil-20-anys-dorganic\/#breadcrumb\"},\"inLanguage\":\"ca\",\"potentialAction\":[{\"@type\":\"ReadAction\",\"target\":[\"https:\/\/www.santjosep.net\/ca\/esdeveniment\/concert-de-miquel-gil-20-anys-dorganic\/\"]}]},{\"@type\":\"ImageObject\",\"inLanguage\":\"ca\",\"@id\":\"https:\/\/www.santjosep.net\/ca\/esdeveniment\/concert-de-miquel-gil-20-anys-dorganic\/#primaryimage\",\"url\":\"https:\/\/www.santjosep.net\/wp-content\/uploads\/2022\/01\/MIQUELGIL-ESTUDI1.jpg\",\"contentUrl\":\"https:\/\/www.santjosep.net\/wp-content\/uploads\/2022\/01\/MIQUELGIL-ESTUDI1.jpg\",\"width\":1800,\"height\":1200},{\"@type\":\"BreadcrumbList\",\"@id\":\"https:\/\/www.santjosep.net\/ca\/esdeveniment\/concert-de-miquel-gil-20-anys-dorganic\/#breadcrumb\",\"itemListElement\":[{\"@type\":\"ListItem\",\"position\":1,\"name\":\"Eventos\",\"item\":\"https:\/\/www.santjosep.net\/agenda\/\"},{\"@type\":\"ListItem\",\"position\":2,\"name\":\"Concert de Miquel Gil &#8211; 20 Anys d&#8217;Org\u00e0nic\"}]},{\"@type\":\"WebSite\",\"@id\":\"https:\/\/www.santjosep.net\/#website\",\"url\":\"https:\/\/www.santjosep.net\/\",\"name\":\"Santjosep.net\",\"description\":\"\",\"potentialAction\":[{\"@type\":\"SearchAction\",\"target\":{\"@type\":\"EntryPoint\",\"urlTemplate\":\"https:\/\/www.santjosep.net\/?s={search_term_string}\"},\"query-input\":{\"@type\":\"PropertyValueSpecification\",\"valueRequired\":true,\"valueName\":\"search_term_string\"}}],\"inLanguage\":\"ca\"}]}<\/script>\n<!-- \/ Yoast SEO plugin. -->","yoast_head_json":{"title":"Concert de Miquel Gil - 20 Anys d'Org\u00e0nic - Santjosep.net","robots":{"index":"index","follow":"follow","max-snippet":"max-snippet:-1","max-image-preview":"max-image-preview:large","max-video-preview":"max-video-preview:-1"},"canonical":"https:\/\/www.santjosep.net\/ca\/esdeveniment\/concert-de-miquel-gil-20-anys-dorganic\/","og_locale":"ca_ES","og_type":"article","og_title":"Concert de Miquel Gil - 20 Anys d'Org\u00e0nic - Santjosep.net","og_description":"Concert de Miquel Gil &#8211; 20 Anys d&#8217;Org\u00e0nic Lloc: Auditori de Cal\u00f3 de s&#8217;Oli Data: 22 gener 2022 Hora: 19:00 hrs Reserva d&#8217;entrades \u00c9s considerat una de les grans veus del panorama musical mediterrani. Grata la terra amb un cantar [&hellip;]","og_url":"https:\/\/www.santjosep.net\/ca\/esdeveniment\/concert-de-miquel-gil-20-anys-dorganic\/","og_site_name":"Santjosep.net","article_modified_time":"2022-01-17T09:33:55+00:00","og_image":[{"width":1800,"height":1200,"url":"https:\/\/www.santjosep.net\/wp-content\/uploads\/2022\/01\/MIQUELGIL-ESTUDI1.jpg","type":"image\/jpeg"}],"twitter_card":"summary_large_image","twitter_misc":{"Temps estimat de lectura":"1 minut"},"schema":{"@context":"https:\/\/schema.org","@graph":[{"@type":"WebPage","@id":"https:\/\/www.santjosep.net\/ca\/esdeveniment\/concert-de-miquel-gil-20-anys-dorganic\/","url":"https:\/\/www.santjosep.net\/ca\/esdeveniment\/concert-de-miquel-gil-20-anys-dorganic\/","name":"Concert de Miquel Gil - 20 Anys d'Org\u00e0nic - Santjosep.net","isPartOf":{"@id":"https:\/\/www.santjosep.net\/#website"},"primaryImageOfPage":{"@id":"https:\/\/www.santjosep.net\/ca\/esdeveniment\/concert-de-miquel-gil-20-anys-dorganic\/#primaryimage"},"image":{"@id":"https:\/\/www.santjosep.net\/ca\/esdeveniment\/concert-de-miquel-gil-20-anys-dorganic\/#primaryimage"},"thumbnailUrl":"https:\/\/www.santjosep.net\/wp-content\/uploads\/2022\/01\/MIQUELGIL-ESTUDI1.jpg","datePublished":"2022-01-13T08:20:08+00:00","dateModified":"2022-01-17T09:33:55+00:00","breadcrumb":{"@id":"https:\/\/www.santjosep.net\/ca\/esdeveniment\/concert-de-miquel-gil-20-anys-dorganic\/#breadcrumb"},"inLanguage":"ca","potentialAction":[{"@type":"ReadAction","target":["https:\/\/www.santjosep.net\/ca\/esdeveniment\/concert-de-miquel-gil-20-anys-dorganic\/"]}]},{"@type":"ImageObject","inLanguage":"ca","@id":"https:\/\/www.santjosep.net\/ca\/esdeveniment\/concert-de-miquel-gil-20-anys-dorganic\/#primaryimage","url":"https:\/\/www.santjosep.net\/wp-content\/uploads\/2022\/01\/MIQUELGIL-ESTUDI1.jpg","contentUrl":"https:\/\/www.santjosep.net\/wp-content\/uploads\/2022\/01\/MIQUELGIL-ESTUDI1.jpg","width":1800,"height":1200},{"@type":"BreadcrumbList","@id":"https:\/\/www.santjosep.net\/ca\/esdeveniment\/concert-de-miquel-gil-20-anys-dorganic\/#breadcrumb","itemListElement":[{"@type":"ListItem","position":1,"name":"Eventos","item":"https:\/\/www.santjosep.net\/agenda\/"},{"@type":"ListItem","position":2,"name":"Concert de Miquel Gil &#8211; 20 Anys d&#8217;Org\u00e0nic"}]},{"@type":"WebSite","@id":"https:\/\/www.santjosep.net\/#website","url":"https:\/\/www.santjosep.net\/","name":"Santjosep.net","description":"","potentialAction":[{"@type":"SearchAction","target":{"@type":"EntryPoint","urlTemplate":"https:\/\/www.santjosep.net\/?s={search_term_string}"},"query-input":{"@type":"PropertyValueSpecification","valueRequired":true,"valueName":"search_term_string"}}],"inLanguage":"ca"}]}},"_links":{"self":[{"href":"https:\/\/www.santjosep.net\/ca\/wp-json\/wp\/v2\/tribe_events\/29950","targetHints":{"allow":["GET"]}}],"collection":[{"href":"https:\/\/www.santjosep.net\/ca\/wp-json\/wp\/v2\/tribe_events"}],"about":[{"href":"https:\/\/www.santjosep.net\/ca\/wp-json\/wp\/v2\/types\/tribe_events"}],"author":[{"embeddable":true,"href":"https:\/\/www.santjosep.net\/ca\/wp-json\/wp\/v2\/users\/1"}],"version-history":[{"count":0,"href":"https:\/\/www.santjosep.net\/ca\/wp-json\/wp\/v2\/tribe_events\/29950\/revisions"}],"wp:featuredmedia":[{"embeddable":true,"href":"https:\/\/www.santjosep.net\/ca\/wp-json\/wp\/v2\/media\/29945"}],"wp:attachment":[{"href":"https:\/\/www.santjosep.net\/ca\/wp-json\/wp\/v2\/media?parent=29950"}],"wp:term":[{"taxonomy":"post_tag","embeddable":true,"href":"https:\/\/www.santjosep.net\/ca\/wp-json\/wp\/v2\/tags?post=29950"},{"taxonomy":"tribe_events_cat","embeddable":true,"href":"https:\/\/www.santjosep.net\/ca\/wp-json\/wp\/v2\/tribe_events_cat?post=29950"}],"curies":[{"name":"wp","href":"https:\/\/api.w.org\/{rel}","templated":true}]}}

Concert de Miquel Gil &#8211; 20 Anys d&#8217;Orgànic

<p><strong>Concert de Miquel Gil &#8211; 20 Anys d&#8217;Orgànic</strong><br />
<strong>Lloc:</strong> Auditori de Caló de s&#8217;Oli<br />
<strong>Data:</strong> 22 gener 2022<br />
<strong>Hora:</strong> 19:00 hrs</p>
<p><a href="https://entrades.santjosep.org/par-public/rest/evento/id/3389521" target="_blank" rel="noopener">Reserva d&#8217;entrades</a></p>
<p>És considerat una de les grans veus del panorama musical mediterrani. Grata la terra amb un cantar profund i emocionant i, de fet, el seu cant amortitza el llegat de les músiques de tradició oral que ha aixecat des que formava part d’Al Tall.<br />
Miquel Gil, el més modern dels cantadors, s’agita i es deixa agitar com correspon a un artista que viu la tradició des del present i amb la mirada clavada al futur.</p>
<p><strong>20 ANYS D’ORGÀNIC</strong></p>
<p>La pandèmia no va deixar celebrar els 20 anys de la edició d’un treball que va suposar un abans i un després en la carrera professional de Miquel Gil.<br />
Un reconeixement, dins i fora del País, quasi inèdit per a un artista de l’escena folk del Països Catalans, amb Orgànic es van trencar molts sostres de vidre.<br />
Ara que, poc a poc, torna la activitat als teatres es bon moment per a gaudir, junt amb Miquel Gil i la seva banda, d’un espectacle preparat expressament per a la celebració dels 20 anys d’un treball que ha deixat empremta i ha esdevingut referencial per a les noves generacions.</p>
<p style="color: red;">La reserva d’invitacions es podrà dur a terme 7 dies abans de la realització de l’esdeveniment.</p>

<p>Concert de Miquel Gil &#8211; 20 Anys d&#8217;Orgànic Lloc: Auditori de Caló de s&#8217;Oli Data: 22 gener 2022 Hora: 19:00 hrs Reserva d&#8217;entrades És considerat una de les grans veus del panorama musical mediterrani. Grata la terra amb un cantar [&hellip;]</p>

<!-- This site is optimized with the Yoast SEO plugin v25.7 - https://yoast.com/wordpress/plugins/seo/ -->
<title>Concert de Miquel Gil - 20 Anys d&#039;Orgànic - Santjosep.net</title>
<meta name="robots" content="index, follow, max-snippet:-1, max-image-preview:large, max-video-preview:-1" />
<link rel="canonical" href="https://www.santjosep.net/ca/esdeveniment/concert-de-miquel-gil-20-anys-dorganic/" />
<meta property="og:locale" content="ca_ES" />
<meta property="og:type" content="article" />
<meta property="og:title" content="Concert de Miquel Gil - 20 Anys d&#039;Orgànic - Santjosep.net" />
<meta property="og:description" content="Concert de Miquel Gil &#8211; 20 Anys d&#8217;Orgànic Lloc: Auditori de Caló de s&#8217;Oli Data: 22 gener 2022 Hora: 19:00 hrs Reserva d&#8217;entrades És considerat una de les grans veus del panorama musical mediterrani. Grata la terra amb un cantar [&hellip;]" />
<meta property="og:url" content="https://www.santjosep.net/ca/esdeveniment/concert-de-miquel-gil-20-anys-dorganic/" />
<meta property="og:site_name" content="Santjosep.net" />
<meta property="article:modified_time" content="2022-01-17T09:33:55+00:00" />
<meta property="og:image" content="https://www.santjosep.net/wp-content/uploads/2022/01/MIQUELGIL-ESTUDI1.jpg" />
	<meta property="og:image:width" content="1800" />
	<meta property="og:image:height" content="1200" />
	<meta property="og:image:type" content="image/jpeg" />
<meta name="twitter:card" content="summary_large_image" />
<meta name="twitter:label1" content="Temps estimat de lectura" />
	<meta name="twitter:data1" content="1 minut" />
<script type="application/ld+json" class="yoast-schema-graph">{"@context":"https://schema.org","@graph":[{"@type":"WebPage","@id":"https://www.santjosep.net/ca/esdeveniment/concert-de-miquel-gil-20-anys-dorganic/","url":"https://www.santjosep.net/ca/esdeveniment/concert-de-miquel-gil-20-anys-dorganic/","name":"Concert de Miquel Gil - 20 Anys d'Orgànic - Santjosep.net","isPartOf":{"@id":"https://www.santjosep.net/#website"},"primaryImageOfPage":{"@id":"https://www.santjosep.net/ca/esdeveniment/concert-de-miquel-gil-20-anys-dorganic/#primaryimage"},"image":{"@id":"https://www.santjosep.net/ca/esdeveniment/concert-de-miquel-gil-20-anys-dorganic/#primaryimage"},"thumbnailUrl":"https://www.santjosep.net/wp-content/uploads/2022/01/MIQUELGIL-ESTUDI1.jpg","datePublished":"2022-01-13T08:20:08+00:00","dateModified":"2022-01-17T09:33:55+00:00","breadcrumb":{"@id":"https://www.santjosep.net/ca/esdeveniment/concert-de-miquel-gil-20-anys-dorganic/#breadcrumb"},"inLanguage":"ca","potentialAction":[{"@type":"ReadAction","target":["https://www.santjosep.net/ca/esdeveniment/concert-de-miquel-gil-20-anys-dorganic/"]}]},{"@type":"ImageObject","inLanguage":"ca","@id":"https://www.santjosep.net/ca/esdeveniment/concert-de-miquel-gil-20-anys-dorganic/#primaryimage","url":"https://www.santjosep.net/wp-content/uploads/2022/01/MIQUELGIL-ESTUDI1.jpg","contentUrl":"https://www.santjosep.net/wp-content/uploads/2022/01/MIQUELGIL-ESTUDI1.jpg","width":1800,"height":1200},{"@type":"BreadcrumbList","@id":"https://www.santjosep.net/ca/esdeveniment/concert-de-miquel-gil-20-anys-dorganic/#breadcrumb","itemListElement":[{"@type":"ListItem","position":1,"name":"Eventos","item":"https://www.santjosep.net/agenda/"},{"@type":"ListItem","position":2,"name":"Concert de Miquel Gil &#8211; 20 Anys d&#8217;Orgànic"}]},{"@type":"WebSite","@id":"https://www.santjosep.net/#website","url":"https://www.santjosep.net/","name":"Santjosep.net","description":"","potentialAction":[{"@type":"SearchAction","target":{"@type":"EntryPoint","urlTemplate":"https://www.santjosep.net/?s={search_term_string}"},"query-input":{"@type":"PropertyValueSpecification","valueRequired":true,"valueName":"search_term_string"}}],"inLanguage":"ca"}]}</script>
<!-- / Yoast SEO plugin. -->

Concert de Miquel Gil - 20 Anys d'Orgànic - Santjosep.net

Concert de Miquel Gil &#8211; 20 Anys d&#8217;Orgànic Lloc: Auditori de Caló de s&#8217;Oli Data: 22 gener 2022 Hora: 19:00 hrs Reserva d&#8217;entrades És considerat una de les grans veus del panorama musical mediterrani. Grata la terra amb un cantar [&hellip;]
