{"id":26747,"date":"2021-11-22T16:07:23","date_gmt":"2021-11-22T15:07:23","guid":{"rendered":"https:\/\/www.santjosep.net\/evento\/canas-n-roll-documental-amy-la-chica-detras-del-nombre\/"},"modified":"2021-11-22T16:08:21","modified_gmt":"2021-11-22T15:08:21","slug":"canas-n-roll-documental-amy-la-chica-detras-del-nombre","status":"publish","type":"tribe_events","link":"https:\/\/www.santjosep.net\/ca\/esdeveniment\/canas-n-roll-documental-amy-la-chica-detras-del-nombre\/","title":{"rendered":"Ca\u00f1as n Roll \u2013 Documental \u00abAmy: La chica detr\u00e1s del nombre\u00bb"},"content":{"rendered":"<p><strong>Divendres, 3 de Desembre | Can Jeroni | 20:00H<\/strong><\/p>\n<p>Documental sobre la famosa cantant brit\u00e0nica Amy Winehouse, que compta amb imatges in\u00e8dites d\u2019arxiu i entrevistes amb la malmesa estrella, que va morir al juliol del 2011 als 27 anys d\u2019edat per parada card\u00edaca conseq\u00fc\u00e8ncia dels seus excessos amb les drogues i l\u2019alcohol, addiccions agreujades per la seva bul\u00edmia. Amy Winehouse, guanyadora de 6 Premis Grammys, es va veure des de molt jove afectada pel divorci dels seus pares. Tenia un talent natural per al jazz i el soul i una veu prodigiosa que aviat la va fer una estrella mundial malgrat llan\u00e7ar nom\u00e9s dos discos, per\u00f2 la fama, la premsa sensacionalista, els interessos de la ind\u00fastria -i del seu entorn- i el seu turbulent amor amb el qual va ser la seva parella Blake Fielder-Civil la van conduir finalment al seu tr\u00e0gic dest\u00ed en el seu pis de Camden, Londres.<\/p>\n<p><strong>Any:<\/strong> 2015<br \/>\n<strong>Durada:<\/strong> 128 min.<br \/>\n<strong>Adre\u00e7a:<\/strong> Asif Kapadia<br \/>\n<strong>M\u00fasica:<\/strong> Antonio Pinto<\/p>\n","protected":false},"excerpt":{"rendered":"<p>Divendres, 3 de Desembre | Can Jeroni | 20:00H Documental sobre la famosa cantant brit\u00e0nica Amy Winehouse, que compta amb imatges in\u00e8dites d\u2019arxiu i entrevistes amb la malmesa estrella, que va morir al juliol del 2011 als 27 anys d\u2019edat [&hellip;]<\/p>\n","protected":false},"author":1,"featured_media":26741,"template":"","meta":{"_acf_changed":false,"inline_featured_image":false,"_tribe_events_status":"","_tribe_events_status_reason":"","footnotes":""},"tags":[],"tribe_events_cat":[379],"class_list":["post-26747","tribe_events","type-tribe_events","status-publish","has-post-thumbnail","hentry","tribe_events_cat-canas-n-roll-ca","cat_canas-n-roll-ca"],"acf":[],"yoast_head":"<!-- This site is optimized with the Yoast SEO plugin v25.7 - https:\/\/yoast.com\/wordpress\/plugins\/seo\/ -->\n<title>Ca\u00f1as n Roll \u2013 Documental \u00abAmy: La chica detr\u00e1s del nombre\u00bb - Santjosep.net<\/title>\n<meta name=\"robots\" content=\"index, follow, max-snippet:-1, max-image-preview:large, max-video-preview:-1\" \/>\n<link rel=\"canonical\" href=\"https:\/\/www.santjosep.net\/ca\/esdeveniment\/canas-n-roll-documental-amy-la-chica-detras-del-nombre\/\" \/>\n<meta property=\"og:locale\" content=\"ca_ES\" \/>\n<meta property=\"og:type\" content=\"article\" \/>\n<meta property=\"og:title\" content=\"Ca\u00f1as n Roll \u2013 Documental \u00abAmy: La chica detr\u00e1s del nombre\u00bb - Santjosep.net\" \/>\n<meta property=\"og:description\" content=\"Divendres, 3 de Desembre | Can Jeroni | 20:00H Documental sobre la famosa cantant brit\u00e0nica Amy Winehouse, que compta amb imatges in\u00e8dites d\u2019arxiu i entrevistes amb la malmesa estrella, que va morir al juliol del 2011 als 27 anys d\u2019edat [&hellip;]\" \/>\n<meta property=\"og:url\" content=\"https:\/\/www.santjosep.net\/ca\/esdeveniment\/canas-n-roll-documental-amy-la-chica-detras-del-nombre\/\" \/>\n<meta property=\"og:site_name\" content=\"Santjosep.net\" \/>\n<meta property=\"article:modified_time\" content=\"2021-11-22T15:08:21+00:00\" \/>\n<meta property=\"og:image\" content=\"https:\/\/www.santjosep.net\/wp-content\/uploads\/2021\/11\/amy-796388910-large.jpg\" \/>\n\t<meta property=\"og:image:width\" content=\"600\" \/>\n\t<meta property=\"og:image:height\" content=\"890\" \/>\n\t<meta property=\"og:image:type\" content=\"image\/jpeg\" \/>\n<meta name=\"twitter:card\" content=\"summary_large_image\" \/>\n<meta name=\"twitter:label1\" content=\"Temps estimat de lectura\" \/>\n\t<meta name=\"twitter:data1\" content=\"1 minut\" \/>\n<script type=\"application\/ld+json\" class=\"yoast-schema-graph\">{\"@context\":\"https:\/\/schema.org\",\"@graph\":[{\"@type\":\"WebPage\",\"@id\":\"https:\/\/www.santjosep.net\/ca\/esdeveniment\/canas-n-roll-documental-amy-la-chica-detras-del-nombre\/\",\"url\":\"https:\/\/www.santjosep.net\/ca\/esdeveniment\/canas-n-roll-documental-amy-la-chica-detras-del-nombre\/\",\"name\":\"Ca\u00f1as n Roll \u2013 Documental \u00abAmy: La chica detr\u00e1s del nombre\u00bb - Santjosep.net\",\"isPartOf\":{\"@id\":\"https:\/\/www.santjosep.net\/#website\"},\"primaryImageOfPage\":{\"@id\":\"https:\/\/www.santjosep.net\/ca\/esdeveniment\/canas-n-roll-documental-amy-la-chica-detras-del-nombre\/#primaryimage\"},\"image\":{\"@id\":\"https:\/\/www.santjosep.net\/ca\/esdeveniment\/canas-n-roll-documental-amy-la-chica-detras-del-nombre\/#primaryimage\"},\"thumbnailUrl\":\"https:\/\/www.santjosep.net\/wp-content\/uploads\/2021\/11\/amy-796388910-large.jpg\",\"datePublished\":\"2021-11-22T15:07:23+00:00\",\"dateModified\":\"2021-11-22T15:08:21+00:00\",\"breadcrumb\":{\"@id\":\"https:\/\/www.santjosep.net\/ca\/esdeveniment\/canas-n-roll-documental-amy-la-chica-detras-del-nombre\/#breadcrumb\"},\"inLanguage\":\"ca\",\"potentialAction\":[{\"@type\":\"ReadAction\",\"target\":[\"https:\/\/www.santjosep.net\/ca\/esdeveniment\/canas-n-roll-documental-amy-la-chica-detras-del-nombre\/\"]}]},{\"@type\":\"ImageObject\",\"inLanguage\":\"ca\",\"@id\":\"https:\/\/www.santjosep.net\/ca\/esdeveniment\/canas-n-roll-documental-amy-la-chica-detras-del-nombre\/#primaryimage\",\"url\":\"https:\/\/www.santjosep.net\/wp-content\/uploads\/2021\/11\/amy-796388910-large.jpg\",\"contentUrl\":\"https:\/\/www.santjosep.net\/wp-content\/uploads\/2021\/11\/amy-796388910-large.jpg\",\"width\":600,\"height\":890},{\"@type\":\"BreadcrumbList\",\"@id\":\"https:\/\/www.santjosep.net\/ca\/esdeveniment\/canas-n-roll-documental-amy-la-chica-detras-del-nombre\/#breadcrumb\",\"itemListElement\":[{\"@type\":\"ListItem\",\"position\":1,\"name\":\"Eventos\",\"item\":\"https:\/\/www.santjosep.net\/agenda\/\"},{\"@type\":\"ListItem\",\"position\":2,\"name\":\"Ca\u00f1as n Roll \u2013 Documental \u00abAmy: La chica detr\u00e1s del nombre\u00bb\"}]},{\"@type\":\"WebSite\",\"@id\":\"https:\/\/www.santjosep.net\/#website\",\"url\":\"https:\/\/www.santjosep.net\/\",\"name\":\"Santjosep.net\",\"description\":\"\",\"potentialAction\":[{\"@type\":\"SearchAction\",\"target\":{\"@type\":\"EntryPoint\",\"urlTemplate\":\"https:\/\/www.santjosep.net\/?s={search_term_string}\"},\"query-input\":{\"@type\":\"PropertyValueSpecification\",\"valueRequired\":true,\"valueName\":\"search_term_string\"}}],\"inLanguage\":\"ca\"}]}<\/script>\n<!-- \/ Yoast SEO plugin. -->","yoast_head_json":{"title":"Ca\u00f1as n Roll \u2013 Documental \u00abAmy: La chica detr\u00e1s del nombre\u00bb - Santjosep.net","robots":{"index":"index","follow":"follow","max-snippet":"max-snippet:-1","max-image-preview":"max-image-preview:large","max-video-preview":"max-video-preview:-1"},"canonical":"https:\/\/www.santjosep.net\/ca\/esdeveniment\/canas-n-roll-documental-amy-la-chica-detras-del-nombre\/","og_locale":"ca_ES","og_type":"article","og_title":"Ca\u00f1as n Roll \u2013 Documental \u00abAmy: La chica detr\u00e1s del nombre\u00bb - Santjosep.net","og_description":"Divendres, 3 de Desembre | Can Jeroni | 20:00H Documental sobre la famosa cantant brit\u00e0nica Amy Winehouse, que compta amb imatges in\u00e8dites d\u2019arxiu i entrevistes amb la malmesa estrella, que va morir al juliol del 2011 als 27 anys d\u2019edat [&hellip;]","og_url":"https:\/\/www.santjosep.net\/ca\/esdeveniment\/canas-n-roll-documental-amy-la-chica-detras-del-nombre\/","og_site_name":"Santjosep.net","article_modified_time":"2021-11-22T15:08:21+00:00","og_image":[{"width":600,"height":890,"url":"https:\/\/www.santjosep.net\/wp-content\/uploads\/2021\/11\/amy-796388910-large.jpg","type":"image\/jpeg"}],"twitter_card":"summary_large_image","twitter_misc":{"Temps estimat de lectura":"1 minut"},"schema":{"@context":"https:\/\/schema.org","@graph":[{"@type":"WebPage","@id":"https:\/\/www.santjosep.net\/ca\/esdeveniment\/canas-n-roll-documental-amy-la-chica-detras-del-nombre\/","url":"https:\/\/www.santjosep.net\/ca\/esdeveniment\/canas-n-roll-documental-amy-la-chica-detras-del-nombre\/","name":"Ca\u00f1as n Roll \u2013 Documental \u00abAmy: La chica detr\u00e1s del nombre\u00bb - Santjosep.net","isPartOf":{"@id":"https:\/\/www.santjosep.net\/#website"},"primaryImageOfPage":{"@id":"https:\/\/www.santjosep.net\/ca\/esdeveniment\/canas-n-roll-documental-amy-la-chica-detras-del-nombre\/#primaryimage"},"image":{"@id":"https:\/\/www.santjosep.net\/ca\/esdeveniment\/canas-n-roll-documental-amy-la-chica-detras-del-nombre\/#primaryimage"},"thumbnailUrl":"https:\/\/www.santjosep.net\/wp-content\/uploads\/2021\/11\/amy-796388910-large.jpg","datePublished":"2021-11-22T15:07:23+00:00","dateModified":"2021-11-22T15:08:21+00:00","breadcrumb":{"@id":"https:\/\/www.santjosep.net\/ca\/esdeveniment\/canas-n-roll-documental-amy-la-chica-detras-del-nombre\/#breadcrumb"},"inLanguage":"ca","potentialAction":[{"@type":"ReadAction","target":["https:\/\/www.santjosep.net\/ca\/esdeveniment\/canas-n-roll-documental-amy-la-chica-detras-del-nombre\/"]}]},{"@type":"ImageObject","inLanguage":"ca","@id":"https:\/\/www.santjosep.net\/ca\/esdeveniment\/canas-n-roll-documental-amy-la-chica-detras-del-nombre\/#primaryimage","url":"https:\/\/www.santjosep.net\/wp-content\/uploads\/2021\/11\/amy-796388910-large.jpg","contentUrl":"https:\/\/www.santjosep.net\/wp-content\/uploads\/2021\/11\/amy-796388910-large.jpg","width":600,"height":890},{"@type":"BreadcrumbList","@id":"https:\/\/www.santjosep.net\/ca\/esdeveniment\/canas-n-roll-documental-amy-la-chica-detras-del-nombre\/#breadcrumb","itemListElement":[{"@type":"ListItem","position":1,"name":"Eventos","item":"https:\/\/www.santjosep.net\/agenda\/"},{"@type":"ListItem","position":2,"name":"Ca\u00f1as n Roll \u2013 Documental \u00abAmy: La chica detr\u00e1s del nombre\u00bb"}]},{"@type":"WebSite","@id":"https:\/\/www.santjosep.net\/#website","url":"https:\/\/www.santjosep.net\/","name":"Santjosep.net","description":"","potentialAction":[{"@type":"SearchAction","target":{"@type":"EntryPoint","urlTemplate":"https:\/\/www.santjosep.net\/?s={search_term_string}"},"query-input":{"@type":"PropertyValueSpecification","valueRequired":true,"valueName":"search_term_string"}}],"inLanguage":"ca"}]}},"_links":{"self":[{"href":"https:\/\/www.santjosep.net\/ca\/wp-json\/wp\/v2\/tribe_events\/26747","targetHints":{"allow":["GET"]}}],"collection":[{"href":"https:\/\/www.santjosep.net\/ca\/wp-json\/wp\/v2\/tribe_events"}],"about":[{"href":"https:\/\/www.santjosep.net\/ca\/wp-json\/wp\/v2\/types\/tribe_events"}],"author":[{"embeddable":true,"href":"https:\/\/www.santjosep.net\/ca\/wp-json\/wp\/v2\/users\/1"}],"version-history":[{"count":0,"href":"https:\/\/www.santjosep.net\/ca\/wp-json\/wp\/v2\/tribe_events\/26747\/revisions"}],"wp:featuredmedia":[{"embeddable":true,"href":"https:\/\/www.santjosep.net\/ca\/wp-json\/wp\/v2\/media\/26741"}],"wp:attachment":[{"href":"https:\/\/www.santjosep.net\/ca\/wp-json\/wp\/v2\/media?parent=26747"}],"wp:term":[{"taxonomy":"post_tag","embeddable":true,"href":"https:\/\/www.santjosep.net\/ca\/wp-json\/wp\/v2\/tags?post=26747"},{"taxonomy":"tribe_events_cat","embeddable":true,"href":"https:\/\/www.santjosep.net\/ca\/wp-json\/wp\/v2\/tribe_events_cat?post=26747"}],"curies":[{"name":"wp","href":"https:\/\/api.w.org\/{rel}","templated":true}]}}

Cañas n Roll – Documental «Amy: La chica detrás del nombre»

<p><strong>Divendres, 3 de Desembre | Can Jeroni | 20:00H</strong></p>
<p>Documental sobre la famosa cantant britànica Amy Winehouse, que compta amb imatges inèdites d’arxiu i entrevistes amb la malmesa estrella, que va morir al juliol del 2011 als 27 anys d’edat per parada cardíaca conseqüència dels seus excessos amb les drogues i l’alcohol, addiccions agreujades per la seva bulímia. Amy Winehouse, guanyadora de 6 Premis Grammys, es va veure des de molt jove afectada pel divorci dels seus pares. Tenia un talent natural per al jazz i el soul i una veu prodigiosa que aviat la va fer una estrella mundial malgrat llançar només dos discos, però la fama, la premsa sensacionalista, els interessos de la indústria -i del seu entorn- i el seu turbulent amor amb el qual va ser la seva parella Blake Fielder-Civil la van conduir finalment al seu tràgic destí en el seu pis de Camden, Londres.</p>
<p><strong>Any:</strong> 2015<br />
<strong>Durada:</strong> 128 min.<br />
<strong>Adreça:</strong> Asif Kapadia<br />
<strong>Música:</strong> Antonio Pinto</p>

<p>Divendres, 3 de Desembre | Can Jeroni | 20:00H Documental sobre la famosa cantant britànica Amy Winehouse, que compta amb imatges inèdites d’arxiu i entrevistes amb la malmesa estrella, que va morir al juliol del 2011 als 27 anys d’edat [&hellip;]</p>

<!-- This site is optimized with the Yoast SEO plugin v25.7 - https://yoast.com/wordpress/plugins/seo/ -->
<title>Cañas n Roll – Documental «Amy: La chica detrás del nombre» - Santjosep.net</title>
<meta name="robots" content="index, follow, max-snippet:-1, max-image-preview:large, max-video-preview:-1" />
<link rel="canonical" href="https://www.santjosep.net/ca/esdeveniment/canas-n-roll-documental-amy-la-chica-detras-del-nombre/" />
<meta property="og:locale" content="ca_ES" />
<meta property="og:type" content="article" />
<meta property="og:title" content="Cañas n Roll – Documental «Amy: La chica detrás del nombre» - Santjosep.net" />
<meta property="og:description" content="Divendres, 3 de Desembre | Can Jeroni | 20:00H Documental sobre la famosa cantant britànica Amy Winehouse, que compta amb imatges inèdites d’arxiu i entrevistes amb la malmesa estrella, que va morir al juliol del 2011 als 27 anys d’edat [&hellip;]" />
<meta property="og:url" content="https://www.santjosep.net/ca/esdeveniment/canas-n-roll-documental-amy-la-chica-detras-del-nombre/" />
<meta property="og:site_name" content="Santjosep.net" />
<meta property="article:modified_time" content="2021-11-22T15:08:21+00:00" />
<meta property="og:image" content="https://www.santjosep.net/wp-content/uploads/2021/11/amy-796388910-large.jpg" />
	<meta property="og:image:width" content="600" />
	<meta property="og:image:height" content="890" />
	<meta property="og:image:type" content="image/jpeg" />
<meta name="twitter:card" content="summary_large_image" />
<meta name="twitter:label1" content="Temps estimat de lectura" />
	<meta name="twitter:data1" content="1 minut" />
<script type="application/ld+json" class="yoast-schema-graph">{"@context":"https://schema.org","@graph":[{"@type":"WebPage","@id":"https://www.santjosep.net/ca/esdeveniment/canas-n-roll-documental-amy-la-chica-detras-del-nombre/","url":"https://www.santjosep.net/ca/esdeveniment/canas-n-roll-documental-amy-la-chica-detras-del-nombre/","name":"Cañas n Roll – Documental «Amy: La chica detrás del nombre» - Santjosep.net","isPartOf":{"@id":"https://www.santjosep.net/#website"},"primaryImageOfPage":{"@id":"https://www.santjosep.net/ca/esdeveniment/canas-n-roll-documental-amy-la-chica-detras-del-nombre/#primaryimage"},"image":{"@id":"https://www.santjosep.net/ca/esdeveniment/canas-n-roll-documental-amy-la-chica-detras-del-nombre/#primaryimage"},"thumbnailUrl":"https://www.santjosep.net/wp-content/uploads/2021/11/amy-796388910-large.jpg","datePublished":"2021-11-22T15:07:23+00:00","dateModified":"2021-11-22T15:08:21+00:00","breadcrumb":{"@id":"https://www.santjosep.net/ca/esdeveniment/canas-n-roll-documental-amy-la-chica-detras-del-nombre/#breadcrumb"},"inLanguage":"ca","potentialAction":[{"@type":"ReadAction","target":["https://www.santjosep.net/ca/esdeveniment/canas-n-roll-documental-amy-la-chica-detras-del-nombre/"]}]},{"@type":"ImageObject","inLanguage":"ca","@id":"https://www.santjosep.net/ca/esdeveniment/canas-n-roll-documental-amy-la-chica-detras-del-nombre/#primaryimage","url":"https://www.santjosep.net/wp-content/uploads/2021/11/amy-796388910-large.jpg","contentUrl":"https://www.santjosep.net/wp-content/uploads/2021/11/amy-796388910-large.jpg","width":600,"height":890},{"@type":"BreadcrumbList","@id":"https://www.santjosep.net/ca/esdeveniment/canas-n-roll-documental-amy-la-chica-detras-del-nombre/#breadcrumb","itemListElement":[{"@type":"ListItem","position":1,"name":"Eventos","item":"https://www.santjosep.net/agenda/"},{"@type":"ListItem","position":2,"name":"Cañas n Roll – Documental «Amy: La chica detrás del nombre»"}]},{"@type":"WebSite","@id":"https://www.santjosep.net/#website","url":"https://www.santjosep.net/","name":"Santjosep.net","description":"","potentialAction":[{"@type":"SearchAction","target":{"@type":"EntryPoint","urlTemplate":"https://www.santjosep.net/?s={search_term_string}"},"query-input":{"@type":"PropertyValueSpecification","valueRequired":true,"valueName":"search_term_string"}}],"inLanguage":"ca"}]}</script>
<!-- / Yoast SEO plugin. -->

Cañas n Roll – Documental «Amy: La chica detrás del nombre» - Santjosep.net

Divendres, 3 de Desembre | Can Jeroni | 20:00H Documental sobre la famosa cantant britànica Amy Winehouse, que compta amb imatges inèdites d’arxiu i entrevistes amb la malmesa estrella, que va morir al juliol del 2011 als 27 anys d’edat [&hellip;]
