{"id":26638,"date":"2021-11-09T12:22:23","date_gmt":"2021-11-09T11:22:23","guid":{"rendered":"https:\/\/www.santjosep.net\/?post_type=tribe_events&#038;p=26638"},"modified":"2021-11-09T12:27:51","modified_gmt":"2021-11-09T11:27:51","slug":"excursio-la-geologia-dels-illots-es-vedra-i-es-vedranell","status":"publish","type":"tribe_events","link":"https:\/\/www.santjosep.net\/ca\/esdeveniment\/excursio-la-geologia-dels-illots-es-vedra-i-es-vedranell\/","title":{"rendered":"Excursi\u00f3: &#8220;La Geologia dels illots: Es Vedr\u00e0 i Es Vedranell&#8221;"},"content":{"rendered":"<p><strong>Itinerari guiat pels voltants de Cala d&#8217;Hort, <\/strong>el qual descobrirem l&#8217;origen i la formaci\u00f3 ge\u00f2logica dels illots d&#8217;es Vedr\u00e0 i es Vedranell, que li confereixen aquesta estructura tan peculiar.<strong><br \/>\n<\/strong><\/p>\n<p>Coneix la vida del petit picaplatges camanegre al Parc natural i perqu\u00e8 troba aqu\u00ed un bon lloc per reproduir-se. Te&#8217;n podr\u00e0s emportar un record d&#8217;aquest ocellet fet per tu!<\/p>\n<p>Per a p\u00fablic general, majors de 12 anys. \u00c9s necess\u00e0ria la inscripci\u00f3 pr\u00e8via en l\u00ednia. Activitat gratu\u00efta.<\/p>\n<p><a href=\"https:\/\/docs.google.com\/forms\/d\/1hy4GHcekNYsWCZOUWYQ25oQTOtcyAXFYrjmd0Tf9XN8\/closedform\" target=\"_blank\" rel=\"noopener\">Formulari d&#8217;inscripci\u00f3<\/a><\/p>\n","protected":false},"excerpt":{"rendered":"<p>Itinerari guiat pels voltants de Cala d&#8217;Hort, el qual descobrirem l&#8217;origen i la formaci\u00f3 ge\u00f2logica dels illots d&#8217;es Vedr\u00e0 i es Vedranell, que li confereixen aquesta estructura tan peculiar. Coneix la vida del petit picaplatges camanegre al Parc natural i [&hellip;]<\/p>\n","protected":false},"author":1,"featured_media":26639,"template":"","meta":{"_acf_changed":false,"inline_featured_image":false,"_tribe_events_status":"","_tribe_events_status_reason":"","footnotes":""},"tags":[],"tribe_events_cat":[214],"class_list":["post-26638","tribe_events","type-tribe_events","status-publish","has-post-thumbnail","hentry","tribe_events_cat-naturalesa","cat_naturalesa"],"acf":[],"yoast_head":"<!-- This site is optimized with the Yoast SEO plugin v25.7 - https:\/\/yoast.com\/wordpress\/plugins\/seo\/ -->\n<title>Excursi\u00f3: &quot;La Geologia dels illots: Es Vedr\u00e0 i Es Vedranell&quot; - Santjosep.net<\/title>\n<meta name=\"robots\" content=\"index, follow, max-snippet:-1, max-image-preview:large, max-video-preview:-1\" \/>\n<link rel=\"canonical\" href=\"https:\/\/www.santjosep.net\/ca\/esdeveniment\/excursio-la-geologia-dels-illots-es-vedra-i-es-vedranell\/\" \/>\n<meta property=\"og:locale\" content=\"ca_ES\" \/>\n<meta property=\"og:type\" content=\"article\" \/>\n<meta property=\"og:title\" content=\"Excursi\u00f3: &quot;La Geologia dels illots: Es Vedr\u00e0 i Es Vedranell&quot; - Santjosep.net\" \/>\n<meta property=\"og:description\" content=\"Itinerari guiat pels voltants de Cala d&#8217;Hort, el qual descobrirem l&#8217;origen i la formaci\u00f3 ge\u00f2logica dels illots d&#8217;es Vedr\u00e0 i es Vedranell, que li confereixen aquesta estructura tan peculiar. Coneix la vida del petit picaplatges camanegre al Parc natural i [&hellip;]\" \/>\n<meta property=\"og:url\" content=\"https:\/\/www.santjosep.net\/ca\/esdeveniment\/excursio-la-geologia-dels-illots-es-vedra-i-es-vedranell\/\" \/>\n<meta property=\"og:site_name\" content=\"Santjosep.net\" \/>\n<meta property=\"article:modified_time\" content=\"2021-11-09T11:27:51+00:00\" \/>\n<meta property=\"og:image\" content=\"https:\/\/www.santjosep.net\/wp-content\/uploads\/2021\/11\/geologia.png\" \/>\n\t<meta property=\"og:image:width\" content=\"940\" \/>\n\t<meta property=\"og:image:height\" content=\"788\" \/>\n\t<meta property=\"og:image:type\" content=\"image\/png\" \/>\n<meta name=\"twitter:card\" content=\"summary_large_image\" \/>\n<script type=\"application\/ld+json\" class=\"yoast-schema-graph\">{\"@context\":\"https:\/\/schema.org\",\"@graph\":[{\"@type\":\"WebPage\",\"@id\":\"https:\/\/www.santjosep.net\/ca\/esdeveniment\/excursio-la-geologia-dels-illots-es-vedra-i-es-vedranell\/\",\"url\":\"https:\/\/www.santjosep.net\/ca\/esdeveniment\/excursio-la-geologia-dels-illots-es-vedra-i-es-vedranell\/\",\"name\":\"Excursi\u00f3: \\\"La Geologia dels illots: Es Vedr\u00e0 i Es Vedranell\\\" - Santjosep.net\",\"isPartOf\":{\"@id\":\"https:\/\/www.santjosep.net\/#website\"},\"primaryImageOfPage\":{\"@id\":\"https:\/\/www.santjosep.net\/ca\/esdeveniment\/excursio-la-geologia-dels-illots-es-vedra-i-es-vedranell\/#primaryimage\"},\"image\":{\"@id\":\"https:\/\/www.santjosep.net\/ca\/esdeveniment\/excursio-la-geologia-dels-illots-es-vedra-i-es-vedranell\/#primaryimage\"},\"thumbnailUrl\":\"https:\/\/www.santjosep.net\/wp-content\/uploads\/2021\/11\/geologia.png\",\"datePublished\":\"2021-11-09T11:22:23+00:00\",\"dateModified\":\"2021-11-09T11:27:51+00:00\",\"breadcrumb\":{\"@id\":\"https:\/\/www.santjosep.net\/ca\/esdeveniment\/excursio-la-geologia-dels-illots-es-vedra-i-es-vedranell\/#breadcrumb\"},\"inLanguage\":\"ca\",\"potentialAction\":[{\"@type\":\"ReadAction\",\"target\":[\"https:\/\/www.santjosep.net\/ca\/esdeveniment\/excursio-la-geologia-dels-illots-es-vedra-i-es-vedranell\/\"]}]},{\"@type\":\"ImageObject\",\"inLanguage\":\"ca\",\"@id\":\"https:\/\/www.santjosep.net\/ca\/esdeveniment\/excursio-la-geologia-dels-illots-es-vedra-i-es-vedranell\/#primaryimage\",\"url\":\"https:\/\/www.santjosep.net\/wp-content\/uploads\/2021\/11\/geologia.png\",\"contentUrl\":\"https:\/\/www.santjosep.net\/wp-content\/uploads\/2021\/11\/geologia.png\",\"width\":940,\"height\":788},{\"@type\":\"BreadcrumbList\",\"@id\":\"https:\/\/www.santjosep.net\/ca\/esdeveniment\/excursio-la-geologia-dels-illots-es-vedra-i-es-vedranell\/#breadcrumb\",\"itemListElement\":[{\"@type\":\"ListItem\",\"position\":1,\"name\":\"Eventos\",\"item\":\"https:\/\/www.santjosep.net\/agenda\/\"},{\"@type\":\"ListItem\",\"position\":2,\"name\":\"Excursi\u00f3: \u00abLa Geologia dels illots: Es Vedr\u00e0 i Es Vedranell\u00bb\"}]},{\"@type\":\"WebSite\",\"@id\":\"https:\/\/www.santjosep.net\/#website\",\"url\":\"https:\/\/www.santjosep.net\/\",\"name\":\"Santjosep.net\",\"description\":\"\",\"potentialAction\":[{\"@type\":\"SearchAction\",\"target\":{\"@type\":\"EntryPoint\",\"urlTemplate\":\"https:\/\/www.santjosep.net\/?s={search_term_string}\"},\"query-input\":{\"@type\":\"PropertyValueSpecification\",\"valueRequired\":true,\"valueName\":\"search_term_string\"}}],\"inLanguage\":\"ca\"}]}<\/script>\n<!-- \/ Yoast SEO plugin. -->","yoast_head_json":{"title":"Excursi\u00f3: \"La Geologia dels illots: Es Vedr\u00e0 i Es Vedranell\" - Santjosep.net","robots":{"index":"index","follow":"follow","max-snippet":"max-snippet:-1","max-image-preview":"max-image-preview:large","max-video-preview":"max-video-preview:-1"},"canonical":"https:\/\/www.santjosep.net\/ca\/esdeveniment\/excursio-la-geologia-dels-illots-es-vedra-i-es-vedranell\/","og_locale":"ca_ES","og_type":"article","og_title":"Excursi\u00f3: \"La Geologia dels illots: Es Vedr\u00e0 i Es Vedranell\" - Santjosep.net","og_description":"Itinerari guiat pels voltants de Cala d&#8217;Hort, el qual descobrirem l&#8217;origen i la formaci\u00f3 ge\u00f2logica dels illots d&#8217;es Vedr\u00e0 i es Vedranell, que li confereixen aquesta estructura tan peculiar. Coneix la vida del petit picaplatges camanegre al Parc natural i [&hellip;]","og_url":"https:\/\/www.santjosep.net\/ca\/esdeveniment\/excursio-la-geologia-dels-illots-es-vedra-i-es-vedranell\/","og_site_name":"Santjosep.net","article_modified_time":"2021-11-09T11:27:51+00:00","og_image":[{"width":940,"height":788,"url":"https:\/\/www.santjosep.net\/wp-content\/uploads\/2021\/11\/geologia.png","type":"image\/png"}],"twitter_card":"summary_large_image","schema":{"@context":"https:\/\/schema.org","@graph":[{"@type":"WebPage","@id":"https:\/\/www.santjosep.net\/ca\/esdeveniment\/excursio-la-geologia-dels-illots-es-vedra-i-es-vedranell\/","url":"https:\/\/www.santjosep.net\/ca\/esdeveniment\/excursio-la-geologia-dels-illots-es-vedra-i-es-vedranell\/","name":"Excursi\u00f3: \"La Geologia dels illots: Es Vedr\u00e0 i Es Vedranell\" - Santjosep.net","isPartOf":{"@id":"https:\/\/www.santjosep.net\/#website"},"primaryImageOfPage":{"@id":"https:\/\/www.santjosep.net\/ca\/esdeveniment\/excursio-la-geologia-dels-illots-es-vedra-i-es-vedranell\/#primaryimage"},"image":{"@id":"https:\/\/www.santjosep.net\/ca\/esdeveniment\/excursio-la-geologia-dels-illots-es-vedra-i-es-vedranell\/#primaryimage"},"thumbnailUrl":"https:\/\/www.santjosep.net\/wp-content\/uploads\/2021\/11\/geologia.png","datePublished":"2021-11-09T11:22:23+00:00","dateModified":"2021-11-09T11:27:51+00:00","breadcrumb":{"@id":"https:\/\/www.santjosep.net\/ca\/esdeveniment\/excursio-la-geologia-dels-illots-es-vedra-i-es-vedranell\/#breadcrumb"},"inLanguage":"ca","potentialAction":[{"@type":"ReadAction","target":["https:\/\/www.santjosep.net\/ca\/esdeveniment\/excursio-la-geologia-dels-illots-es-vedra-i-es-vedranell\/"]}]},{"@type":"ImageObject","inLanguage":"ca","@id":"https:\/\/www.santjosep.net\/ca\/esdeveniment\/excursio-la-geologia-dels-illots-es-vedra-i-es-vedranell\/#primaryimage","url":"https:\/\/www.santjosep.net\/wp-content\/uploads\/2021\/11\/geologia.png","contentUrl":"https:\/\/www.santjosep.net\/wp-content\/uploads\/2021\/11\/geologia.png","width":940,"height":788},{"@type":"BreadcrumbList","@id":"https:\/\/www.santjosep.net\/ca\/esdeveniment\/excursio-la-geologia-dels-illots-es-vedra-i-es-vedranell\/#breadcrumb","itemListElement":[{"@type":"ListItem","position":1,"name":"Eventos","item":"https:\/\/www.santjosep.net\/agenda\/"},{"@type":"ListItem","position":2,"name":"Excursi\u00f3: \u00abLa Geologia dels illots: Es Vedr\u00e0 i Es Vedranell\u00bb"}]},{"@type":"WebSite","@id":"https:\/\/www.santjosep.net\/#website","url":"https:\/\/www.santjosep.net\/","name":"Santjosep.net","description":"","potentialAction":[{"@type":"SearchAction","target":{"@type":"EntryPoint","urlTemplate":"https:\/\/www.santjosep.net\/?s={search_term_string}"},"query-input":{"@type":"PropertyValueSpecification","valueRequired":true,"valueName":"search_term_string"}}],"inLanguage":"ca"}]}},"_links":{"self":[{"href":"https:\/\/www.santjosep.net\/ca\/wp-json\/wp\/v2\/tribe_events\/26638","targetHints":{"allow":["GET"]}}],"collection":[{"href":"https:\/\/www.santjosep.net\/ca\/wp-json\/wp\/v2\/tribe_events"}],"about":[{"href":"https:\/\/www.santjosep.net\/ca\/wp-json\/wp\/v2\/types\/tribe_events"}],"author":[{"embeddable":true,"href":"https:\/\/www.santjosep.net\/ca\/wp-json\/wp\/v2\/users\/1"}],"version-history":[{"count":0,"href":"https:\/\/www.santjosep.net\/ca\/wp-json\/wp\/v2\/tribe_events\/26638\/revisions"}],"wp:featuredmedia":[{"embeddable":true,"href":"https:\/\/www.santjosep.net\/ca\/wp-json\/wp\/v2\/media\/26639"}],"wp:attachment":[{"href":"https:\/\/www.santjosep.net\/ca\/wp-json\/wp\/v2\/media?parent=26638"}],"wp:term":[{"taxonomy":"post_tag","embeddable":true,"href":"https:\/\/www.santjosep.net\/ca\/wp-json\/wp\/v2\/tags?post=26638"},{"taxonomy":"tribe_events_cat","embeddable":true,"href":"https:\/\/www.santjosep.net\/ca\/wp-json\/wp\/v2\/tribe_events_cat?post=26638"}],"curies":[{"name":"wp","href":"https:\/\/api.w.org\/{rel}","templated":true}]}}

Excursió: &#8220;La Geologia dels illots: Es Vedrà i Es Vedranell&#8221;

<p><strong>Itinerari guiat pels voltants de Cala d&#8217;Hort, </strong>el qual descobrirem l&#8217;origen i la formació geòlogica dels illots d&#8217;es Vedrà i es Vedranell, que li confereixen aquesta estructura tan peculiar.<strong><br />
</strong></p>
<p>Coneix la vida del petit picaplatges camanegre al Parc natural i perquè troba aquí un bon lloc per reproduir-se. Te&#8217;n podràs emportar un record d&#8217;aquest ocellet fet per tu!</p>
<p>Per a públic general, majors de 12 anys. És necessària la inscripció prèvia en línia. Activitat gratuïta.</p>
<p><a href="https://docs.google.com/forms/d/1hy4GHcekNYsWCZOUWYQ25oQTOtcyAXFYrjmd0Tf9XN8/closedform" target="_blank" rel="noopener">Formulari d&#8217;inscripció</a></p>

<p>Itinerari guiat pels voltants de Cala d&#8217;Hort, el qual descobrirem l&#8217;origen i la formació geòlogica dels illots d&#8217;es Vedrà i es Vedranell, que li confereixen aquesta estructura tan peculiar. Coneix la vida del petit picaplatges camanegre al Parc natural i [&hellip;]</p>

<!-- This site is optimized with the Yoast SEO plugin v25.7 - https://yoast.com/wordpress/plugins/seo/ -->
<title>Excursió: &quot;La Geologia dels illots: Es Vedrà i Es Vedranell&quot; - Santjosep.net</title>
<meta name="robots" content="index, follow, max-snippet:-1, max-image-preview:large, max-video-preview:-1" />
<link rel="canonical" href="https://www.santjosep.net/ca/esdeveniment/excursio-la-geologia-dels-illots-es-vedra-i-es-vedranell/" />
<meta property="og:locale" content="ca_ES" />
<meta property="og:type" content="article" />
<meta property="og:title" content="Excursió: &quot;La Geologia dels illots: Es Vedrà i Es Vedranell&quot; - Santjosep.net" />
<meta property="og:description" content="Itinerari guiat pels voltants de Cala d&#8217;Hort, el qual descobrirem l&#8217;origen i la formació geòlogica dels illots d&#8217;es Vedrà i es Vedranell, que li confereixen aquesta estructura tan peculiar. Coneix la vida del petit picaplatges camanegre al Parc natural i [&hellip;]" />
<meta property="og:url" content="https://www.santjosep.net/ca/esdeveniment/excursio-la-geologia-dels-illots-es-vedra-i-es-vedranell/" />
<meta property="og:site_name" content="Santjosep.net" />
<meta property="article:modified_time" content="2021-11-09T11:27:51+00:00" />
<meta property="og:image" content="https://www.santjosep.net/wp-content/uploads/2021/11/geologia.png" />
	<meta property="og:image:width" content="940" />
	<meta property="og:image:height" content="788" />
	<meta property="og:image:type" content="image/png" />
<meta name="twitter:card" content="summary_large_image" />
<script type="application/ld+json" class="yoast-schema-graph">{"@context":"https://schema.org","@graph":[{"@type":"WebPage","@id":"https://www.santjosep.net/ca/esdeveniment/excursio-la-geologia-dels-illots-es-vedra-i-es-vedranell/","url":"https://www.santjosep.net/ca/esdeveniment/excursio-la-geologia-dels-illots-es-vedra-i-es-vedranell/","name":"Excursió: \"La Geologia dels illots: Es Vedrà i Es Vedranell\" - Santjosep.net","isPartOf":{"@id":"https://www.santjosep.net/#website"},"primaryImageOfPage":{"@id":"https://www.santjosep.net/ca/esdeveniment/excursio-la-geologia-dels-illots-es-vedra-i-es-vedranell/#primaryimage"},"image":{"@id":"https://www.santjosep.net/ca/esdeveniment/excursio-la-geologia-dels-illots-es-vedra-i-es-vedranell/#primaryimage"},"thumbnailUrl":"https://www.santjosep.net/wp-content/uploads/2021/11/geologia.png","datePublished":"2021-11-09T11:22:23+00:00","dateModified":"2021-11-09T11:27:51+00:00","breadcrumb":{"@id":"https://www.santjosep.net/ca/esdeveniment/excursio-la-geologia-dels-illots-es-vedra-i-es-vedranell/#breadcrumb"},"inLanguage":"ca","potentialAction":[{"@type":"ReadAction","target":["https://www.santjosep.net/ca/esdeveniment/excursio-la-geologia-dels-illots-es-vedra-i-es-vedranell/"]}]},{"@type":"ImageObject","inLanguage":"ca","@id":"https://www.santjosep.net/ca/esdeveniment/excursio-la-geologia-dels-illots-es-vedra-i-es-vedranell/#primaryimage","url":"https://www.santjosep.net/wp-content/uploads/2021/11/geologia.png","contentUrl":"https://www.santjosep.net/wp-content/uploads/2021/11/geologia.png","width":940,"height":788},{"@type":"BreadcrumbList","@id":"https://www.santjosep.net/ca/esdeveniment/excursio-la-geologia-dels-illots-es-vedra-i-es-vedranell/#breadcrumb","itemListElement":[{"@type":"ListItem","position":1,"name":"Eventos","item":"https://www.santjosep.net/agenda/"},{"@type":"ListItem","position":2,"name":"Excursió: «La Geologia dels illots: Es Vedrà i Es Vedranell»"}]},{"@type":"WebSite","@id":"https://www.santjosep.net/#website","url":"https://www.santjosep.net/","name":"Santjosep.net","description":"","potentialAction":[{"@type":"SearchAction","target":{"@type":"EntryPoint","urlTemplate":"https://www.santjosep.net/?s={search_term_string}"},"query-input":{"@type":"PropertyValueSpecification","valueRequired":true,"valueName":"search_term_string"}}],"inLanguage":"ca"}]}</script>
<!-- / Yoast SEO plugin. -->

Excursió: "La Geologia dels illots: Es Vedrà i Es Vedranell" - Santjosep.net

Itinerari guiat pels voltants de Cala d&#8217;Hort, el qual descobrirem l&#8217;origen i la formació geòlogica dels illots d&#8217;es Vedrà i es Vedranell, que li confereixen aquesta estructura tan peculiar. Coneix la vida del petit picaplatges camanegre al Parc natural i [&hellip;]

Excursió: «La Geologia dels illots: Es Vedrà i Es Vedranell»
