{"id":25282,"date":"2021-09-07T13:08:13","date_gmt":"2021-09-07T11:08:13","guid":{"rendered":"https:\/\/www.santjosep.net\/evento\/dia-del-turista-2021\/"},"modified":"2021-10-27T11:00:15","modified_gmt":"2021-10-27T09:00:15","slug":"dia-del-turista-2021","status":"publish","type":"tribe_events","link":"https:\/\/www.santjosep.net\/ca\/esdeveniment\/dia-del-turista-2021\/","title":{"rendered":"Dia del Turista 2021"},"content":{"rendered":"<p>L\u2019Ajuntament de Sant Josep de sa Talaia vol donar a con\u00e8ixer el seu important patrimoni natural i cultural als visitants del municipi a trav\u00e9s de les diverses iniciatives que s\u2019estan preparant per la propera celebraci\u00f3 del Dia del Turista el proper 16 de setembre. Per aquesta ocasi\u00f3, la Oficina d\u2019Informaci\u00f3 Tur\u00edstica de Platja d\u2019en Bossa ser\u00e0 el punt de trobada pel major nombre d\u2019activitats, que s\u2019estendran per diversos indrets del municipi.<\/p>\n<p>&#8211; <strong>RECEPCI\u00d3 I BENVINGUDA A LES OFICINES D\u2019INFORMACI\u00d3 TUR\u00cdSTIQUES DEL MUNICIPI<\/strong> per part del regidor i personal del departament de turisme<br \/>\nOIT Platja Sant Josep Horari: de 11.30 a 12.30h<br \/>\nOIT Platja Cala de Bou Horari: de 16.00 a 17.00h<br \/>\nOIT Platja d\u2019en Bossa Horari: de. 17.30 a 21.00h.<\/p>\n<p>&#8211; <strong>CLASSE DE IOGA(*)<\/strong> per comen\u00e7ar el dia fent exercici en la nostra costa amb els primers raigs de sol<br \/>\nHorari: de 10.30 a 11.45 h<br \/>\nLloc: Port des Torrent<br \/>\nAforament limitat. Cal inscripci\u00f3 pr\u00e8via: <a href=\"mailto: turisme@santjosep.org\">turisme@santjosep.org<\/a><br \/>\nTel. +34 971 801 627<\/p>\n<p>&#8211; <strong>EXCURSI\u00d3 GUIADA(*)<\/strong> pels indrets m\u00e9s emblem\u00e0tics del municipi: es Vedr\u00e0, torres de defensa, pobles, parc natural de Ses Salines.<br \/>\nHorari: de 10.00 a 13.00 h<br \/>\nLloc: recollida dels inscrits en els oficines d\u2019informaci\u00f3 tur\u00edstica del municipi.<br \/>\nCal inscripci\u00f3 pr\u00e8via: <a href=\"mailto: turisme@santjosep.org\">turisme@santjosep.org<\/a><br \/>\nTel. +34 971 801 627<\/p>\n<p>&#8211; <strong>OBSERVACI\u00d3 D\u2019AUS I TAULA INFORMATIVA<\/strong> per con\u00e8ixer els valors naturals i culturals del Parc Natural de ses Salines.<br \/>\nHorari: de 10.00 a 14.00 h<br \/>\nLloc: Centre d\u2019Interpretaci\u00f3 de Sant Francesc de s&#8217;Estany,<br \/>\nCol\u00b7labora: Parc Natural de ses Salines.<\/p>\n<p>&#8211; <strong>PASSEIG(*)<\/strong> pels indrets del Parc Natural de ses Salines, visitant Torre<br \/>\nd\u2019es Carregador &#8211; Cova de Rafael Alberti &#8211; Munt Sal &#8211; Sa Xanga \u2013 Estanys &#8211; Sant<br \/>\nFrancesc de Ses Salines.<br \/>\nHorari: de 10.00 a 13.00 h<br \/>\nSortida: OIT Platja d\u2019en Bossa<br \/>\nPlaces limitades. Cal inscripci\u00f3 pr\u00e8via: <a href=\"mailto: turisme@santjosep.org\">turisme@santjosep.org<\/a><br \/>\nTel. +34 971 801 627<\/p>\n<p>&#8211; <strong>LA RUTA DE LA SAL EN BICI(*).<\/strong> Excursi\u00f3 en bici pels indrets del Parc Natural de<br \/>\nses Salines.<br \/>\nHorari: de 10.30 a 13.30 h<br \/>\nSortida: OIT Platja d\u2019en Bossa<br \/>\nPlaces limitades. Cal inscripci\u00f3 pr\u00e8via: <a href=\"mailto: turisme@santjosep.org\">turisme@santjosep.org<\/a><br \/>\nTel. +34 971 801 627<\/p>\n<p>&#8211; <strong>EXPOSICI\u00d3 \u201cTEMPS DE BRODATS\u201d<\/strong><br \/>\nHorari: de 11.00 a 13.30h i de 19.00 a 21.30h<br \/>\nLloc: Can Jeroni<br \/>\nCol\u00b7labora: AAVV Sa Raval<\/p>\n<p><strong>&#8211; EXPOSICI\u00d3 D\u2019ARTESANIA TRADICIONAL<\/strong><br \/>\nHorari: de 18.00 a 21.00h.<br \/>\nLloc: Al voltant OIT de Platja d\u2019en Bossa<\/p>\n<p><strong>&#8211; AMBIENTACI\u00d3 MUSICAL EN VIU<\/strong> amb piano de cua de la ma del director musical i<br \/>\nart\u00edstic d\u2019orquestra, Bartomeu Tur Mari<br \/>\nHorari: de 19.00 a 21.00h.<br \/>\nLloc: Al voltant OIT de Platja d\u2019en Bossa<\/p>\n<p><strong>&#8211; MERCAT HIPPY PLATJA D\u2019EN BOSSA<\/strong><br \/>\nHorari: de 18.00 a 00.00<br \/>\nLloc: Carrer Ruda i Bruc \u2013 Platja d\u2019en Bossa<\/p>\n<p><strong>-MOSTRA DE BALL PAG\u00c8S<\/strong><br \/>\nHorari: 21.00<br \/>\nLloc: Sortida OIT Platja d\u2019en Bossa a Mercat Hippy Platja d\u2019en Bossa<br \/>\nCol\u00b7laboren: Grup Folkl\u00f2ric Sant Jordi de ses Salines, Grup Folkl\u00f2ric Colla d\u2019es<br \/>\nVedra, Grup Folkl\u00f2ric Sant Josep de sa Talaia.<\/p>\n<p><img loading=\"lazy\" decoding=\"async\" class=\"alignnone wp-image-7757 size-full\" src=\"https:\/\/cultura.santjosep.org\/wp-content\/uploads\/2021\/09\/Tourist-Day.png\" alt=\"\" width=\"1125\" height=\"1587\" \/><\/p>\n","protected":false},"excerpt":{"rendered":"<p>L\u2019Ajuntament de Sant Josep de sa Talaia vol donar a con\u00e8ixer el seu important patrimoni natural i cultural als visitants del municipi a trav\u00e9s de les diverses iniciatives que s\u2019estan preparant per la propera celebraci\u00f3 del Dia del Turista el [&hellip;]<\/p>\n","protected":false},"author":1,"featured_media":25276,"template":"","meta":{"_acf_changed":false,"inline_featured_image":false,"_tribe_events_status":"","_tribe_events_status_reason":"","footnotes":""},"tags":[],"tribe_events_cat":[187,203],"class_list":["post-25282","tribe_events","type-tribe_events","status-publish","has-post-thumbnail","hentry","tribe_events_cat-cultura","tribe_events_cat-oci","cat_cultura","cat_oci"],"acf":[],"yoast_head":"<!-- This site is optimized with the Yoast SEO plugin v25.7 - https:\/\/yoast.com\/wordpress\/plugins\/seo\/ -->\n<title>Dia del Turista 2021 - Santjosep.net<\/title>\n<meta name=\"robots\" content=\"index, follow, max-snippet:-1, max-image-preview:large, max-video-preview:-1\" \/>\n<link rel=\"canonical\" href=\"https:\/\/www.santjosep.net\/ca\/esdeveniment\/dia-del-turista-2021\/\" \/>\n<meta property=\"og:locale\" content=\"ca_ES\" \/>\n<meta property=\"og:type\" content=\"article\" \/>\n<meta property=\"og:title\" content=\"Dia del Turista 2021 - Santjosep.net\" \/>\n<meta property=\"og:description\" content=\"L\u2019Ajuntament de Sant Josep de sa Talaia vol donar a con\u00e8ixer el seu important patrimoni natural i cultural als visitants del municipi a trav\u00e9s de les diverses iniciatives que s\u2019estan preparant per la propera celebraci\u00f3 del Dia del Turista el [&hellip;]\" \/>\n<meta property=\"og:url\" content=\"https:\/\/www.santjosep.net\/ca\/esdeveniment\/dia-del-turista-2021\/\" \/>\n<meta property=\"og:site_name\" content=\"Santjosep.net\" \/>\n<meta property=\"article:modified_time\" content=\"2021-10-27T09:00:15+00:00\" \/>\n<meta property=\"og:image\" content=\"https:\/\/www.santjosep.net\/wp-content\/uploads\/2021\/09\/diadelurista_santjosep.png\" \/>\n\t<meta property=\"og:image:width\" content=\"1178\" \/>\n\t<meta property=\"og:image:height\" content=\"783\" \/>\n\t<meta property=\"og:image:type\" content=\"image\/png\" \/>\n<meta name=\"twitter:card\" content=\"summary_large_image\" \/>\n<meta name=\"twitter:label1\" content=\"Temps estimat de lectura\" \/>\n\t<meta name=\"twitter:data1\" content=\"2 minuts\" \/>\n<script type=\"application\/ld+json\" class=\"yoast-schema-graph\">{\"@context\":\"https:\/\/schema.org\",\"@graph\":[{\"@type\":\"WebPage\",\"@id\":\"https:\/\/www.santjosep.net\/ca\/esdeveniment\/dia-del-turista-2021\/\",\"url\":\"https:\/\/www.santjosep.net\/ca\/esdeveniment\/dia-del-turista-2021\/\",\"name\":\"Dia del Turista 2021 - Santjosep.net\",\"isPartOf\":{\"@id\":\"https:\/\/www.santjosep.net\/#website\"},\"primaryImageOfPage\":{\"@id\":\"https:\/\/www.santjosep.net\/ca\/esdeveniment\/dia-del-turista-2021\/#primaryimage\"},\"image\":{\"@id\":\"https:\/\/www.santjosep.net\/ca\/esdeveniment\/dia-del-turista-2021\/#primaryimage\"},\"thumbnailUrl\":\"https:\/\/www.santjosep.net\/wp-content\/uploads\/2021\/09\/diadelurista_santjosep.png\",\"datePublished\":\"2021-09-07T11:08:13+00:00\",\"dateModified\":\"2021-10-27T09:00:15+00:00\",\"breadcrumb\":{\"@id\":\"https:\/\/www.santjosep.net\/ca\/esdeveniment\/dia-del-turista-2021\/#breadcrumb\"},\"inLanguage\":\"ca\",\"potentialAction\":[{\"@type\":\"ReadAction\",\"target\":[\"https:\/\/www.santjosep.net\/ca\/esdeveniment\/dia-del-turista-2021\/\"]}]},{\"@type\":\"ImageObject\",\"inLanguage\":\"ca\",\"@id\":\"https:\/\/www.santjosep.net\/ca\/esdeveniment\/dia-del-turista-2021\/#primaryimage\",\"url\":\"https:\/\/www.santjosep.net\/wp-content\/uploads\/2021\/09\/diadelurista_santjosep.png\",\"contentUrl\":\"https:\/\/www.santjosep.net\/wp-content\/uploads\/2021\/09\/diadelurista_santjosep.png\",\"width\":1178,\"height\":783},{\"@type\":\"BreadcrumbList\",\"@id\":\"https:\/\/www.santjosep.net\/ca\/esdeveniment\/dia-del-turista-2021\/#breadcrumb\",\"itemListElement\":[{\"@type\":\"ListItem\",\"position\":1,\"name\":\"Eventos\",\"item\":\"https:\/\/www.santjosep.net\/agenda\/\"},{\"@type\":\"ListItem\",\"position\":2,\"name\":\"Dia del Turista 2021\"}]},{\"@type\":\"WebSite\",\"@id\":\"https:\/\/www.santjosep.net\/#website\",\"url\":\"https:\/\/www.santjosep.net\/\",\"name\":\"Santjosep.net\",\"description\":\"\",\"potentialAction\":[{\"@type\":\"SearchAction\",\"target\":{\"@type\":\"EntryPoint\",\"urlTemplate\":\"https:\/\/www.santjosep.net\/?s={search_term_string}\"},\"query-input\":{\"@type\":\"PropertyValueSpecification\",\"valueRequired\":true,\"valueName\":\"search_term_string\"}}],\"inLanguage\":\"ca\"}]}<\/script>\n<!-- \/ Yoast SEO plugin. -->","yoast_head_json":{"title":"Dia del Turista 2021 - Santjosep.net","robots":{"index":"index","follow":"follow","max-snippet":"max-snippet:-1","max-image-preview":"max-image-preview:large","max-video-preview":"max-video-preview:-1"},"canonical":"https:\/\/www.santjosep.net\/ca\/esdeveniment\/dia-del-turista-2021\/","og_locale":"ca_ES","og_type":"article","og_title":"Dia del Turista 2021 - Santjosep.net","og_description":"L\u2019Ajuntament de Sant Josep de sa Talaia vol donar a con\u00e8ixer el seu important patrimoni natural i cultural als visitants del municipi a trav\u00e9s de les diverses iniciatives que s\u2019estan preparant per la propera celebraci\u00f3 del Dia del Turista el [&hellip;]","og_url":"https:\/\/www.santjosep.net\/ca\/esdeveniment\/dia-del-turista-2021\/","og_site_name":"Santjosep.net","article_modified_time":"2021-10-27T09:00:15+00:00","og_image":[{"width":1178,"height":783,"url":"https:\/\/www.santjosep.net\/wp-content\/uploads\/2021\/09\/diadelurista_santjosep.png","type":"image\/png"}],"twitter_card":"summary_large_image","twitter_misc":{"Temps estimat de lectura":"2 minuts"},"schema":{"@context":"https:\/\/schema.org","@graph":[{"@type":"WebPage","@id":"https:\/\/www.santjosep.net\/ca\/esdeveniment\/dia-del-turista-2021\/","url":"https:\/\/www.santjosep.net\/ca\/esdeveniment\/dia-del-turista-2021\/","name":"Dia del Turista 2021 - Santjosep.net","isPartOf":{"@id":"https:\/\/www.santjosep.net\/#website"},"primaryImageOfPage":{"@id":"https:\/\/www.santjosep.net\/ca\/esdeveniment\/dia-del-turista-2021\/#primaryimage"},"image":{"@id":"https:\/\/www.santjosep.net\/ca\/esdeveniment\/dia-del-turista-2021\/#primaryimage"},"thumbnailUrl":"https:\/\/www.santjosep.net\/wp-content\/uploads\/2021\/09\/diadelurista_santjosep.png","datePublished":"2021-09-07T11:08:13+00:00","dateModified":"2021-10-27T09:00:15+00:00","breadcrumb":{"@id":"https:\/\/www.santjosep.net\/ca\/esdeveniment\/dia-del-turista-2021\/#breadcrumb"},"inLanguage":"ca","potentialAction":[{"@type":"ReadAction","target":["https:\/\/www.santjosep.net\/ca\/esdeveniment\/dia-del-turista-2021\/"]}]},{"@type":"ImageObject","inLanguage":"ca","@id":"https:\/\/www.santjosep.net\/ca\/esdeveniment\/dia-del-turista-2021\/#primaryimage","url":"https:\/\/www.santjosep.net\/wp-content\/uploads\/2021\/09\/diadelurista_santjosep.png","contentUrl":"https:\/\/www.santjosep.net\/wp-content\/uploads\/2021\/09\/diadelurista_santjosep.png","width":1178,"height":783},{"@type":"BreadcrumbList","@id":"https:\/\/www.santjosep.net\/ca\/esdeveniment\/dia-del-turista-2021\/#breadcrumb","itemListElement":[{"@type":"ListItem","position":1,"name":"Eventos","item":"https:\/\/www.santjosep.net\/agenda\/"},{"@type":"ListItem","position":2,"name":"Dia del Turista 2021"}]},{"@type":"WebSite","@id":"https:\/\/www.santjosep.net\/#website","url":"https:\/\/www.santjosep.net\/","name":"Santjosep.net","description":"","potentialAction":[{"@type":"SearchAction","target":{"@type":"EntryPoint","urlTemplate":"https:\/\/www.santjosep.net\/?s={search_term_string}"},"query-input":{"@type":"PropertyValueSpecification","valueRequired":true,"valueName":"search_term_string"}}],"inLanguage":"ca"}]}},"_links":{"self":[{"href":"https:\/\/www.santjosep.net\/ca\/wp-json\/wp\/v2\/tribe_events\/25282","targetHints":{"allow":["GET"]}}],"collection":[{"href":"https:\/\/www.santjosep.net\/ca\/wp-json\/wp\/v2\/tribe_events"}],"about":[{"href":"https:\/\/www.santjosep.net\/ca\/wp-json\/wp\/v2\/types\/tribe_events"}],"author":[{"embeddable":true,"href":"https:\/\/www.santjosep.net\/ca\/wp-json\/wp\/v2\/users\/1"}],"version-history":[{"count":0,"href":"https:\/\/www.santjosep.net\/ca\/wp-json\/wp\/v2\/tribe_events\/25282\/revisions"}],"wp:featuredmedia":[{"embeddable":true,"href":"https:\/\/www.santjosep.net\/ca\/wp-json\/wp\/v2\/media\/25276"}],"wp:attachment":[{"href":"https:\/\/www.santjosep.net\/ca\/wp-json\/wp\/v2\/media?parent=25282"}],"wp:term":[{"taxonomy":"post_tag","embeddable":true,"href":"https:\/\/www.santjosep.net\/ca\/wp-json\/wp\/v2\/tags?post=25282"},{"taxonomy":"tribe_events_cat","embeddable":true,"href":"https:\/\/www.santjosep.net\/ca\/wp-json\/wp\/v2\/tribe_events_cat?post=25282"}],"curies":[{"name":"wp","href":"https:\/\/api.w.org\/{rel}","templated":true}]}}

<p>L’Ajuntament de Sant Josep de sa Talaia vol donar a conèixer el seu important patrimoni natural i cultural als visitants del municipi a través de les diverses iniciatives que s’estan preparant per la propera celebració del Dia del Turista el proper 16 de setembre. Per aquesta ocasió, la Oficina d’Informació Turística de Platja d’en Bossa serà el punt de trobada pel major nombre d’activitats, que s’estendran per diversos indrets del municipi.</p>
<p>&#8211; <strong>RECEPCIÓ I BENVINGUDA A LES OFICINES D’INFORMACIÓ TURÍSTIQUES DEL MUNICIPI</strong> per part del regidor i personal del departament de turisme<br />
OIT Platja Sant Josep Horari: de 11.30 a 12.30h<br />
OIT Platja Cala de Bou Horari: de 16.00 a 17.00h<br />
OIT Platja d’en Bossa Horari: de. 17.30 a 21.00h.</p>
<p>&#8211; <strong>CLASSE DE IOGA(*)</strong> per començar el dia fent exercici en la nostra costa amb els primers raigs de sol<br />
Horari: de 10.30 a 11.45 h<br />
Lloc: Port des Torrent<br />
Aforament limitat. Cal inscripció prèvia: <a href="mailto: turisme@santjosep.org">turisme@santjosep.org</a><br />
Tel. +34 971 801 627</p>
<p>&#8211; <strong>EXCURSIÓ GUIADA(*)</strong> pels indrets més emblemàtics del municipi: es Vedrà, torres de defensa, pobles, parc natural de Ses Salines.<br />
Horari: de 10.00 a 13.00 h<br />
Lloc: recollida dels inscrits en els oficines d’informació turística del municipi.<br />
Cal inscripció prèvia: <a href="mailto: turisme@santjosep.org">turisme@santjosep.org</a><br />
Tel. +34 971 801 627</p>
<p>&#8211; <strong>OBSERVACIÓ D’AUS I TAULA INFORMATIVA</strong> per conèixer els valors naturals i culturals del Parc Natural de ses Salines.<br />
Horari: de 10.00 a 14.00 h<br />
Lloc: Centre d’Interpretació de Sant Francesc de s&#8217;Estany,<br />
Col·labora: Parc Natural de ses Salines.</p>
<p>&#8211; <strong>PASSEIG(*)</strong> pels indrets del Parc Natural de ses Salines, visitant Torre<br />
d’es Carregador &#8211; Cova de Rafael Alberti &#8211; Munt Sal &#8211; Sa Xanga – Estanys &#8211; Sant<br />
Francesc de Ses Salines.<br />
Horari: de 10.00 a 13.00 h<br />
Sortida: OIT Platja d’en Bossa<br />
Places limitades. Cal inscripció prèvia: <a href="mailto: turisme@santjosep.org">turisme@santjosep.org</a><br />
Tel. +34 971 801 627</p>
<p>&#8211; <strong>LA RUTA DE LA SAL EN BICI(*).</strong> Excursió en bici pels indrets del Parc Natural de<br />
ses Salines.<br />
Horari: de 10.30 a 13.30 h<br />
Sortida: OIT Platja d’en Bossa<br />
Places limitades. Cal inscripció prèvia: <a href="mailto: turisme@santjosep.org">turisme@santjosep.org</a><br />
Tel. +34 971 801 627</p>
<p>&#8211; <strong>EXPOSICIÓ “TEMPS DE BRODATS”</strong><br />
Horari: de 11.00 a 13.30h i de 19.00 a 21.30h<br />
Lloc: Can Jeroni<br />
Col·labora: AAVV Sa Raval</p>
<p><strong>&#8211; EXPOSICIÓ D’ARTESANIA TRADICIONAL</strong><br />
Horari: de 18.00 a 21.00h.<br />
Lloc: Al voltant OIT de Platja d’en Bossa</p>
<p><strong>&#8211; AMBIENTACIÓ MUSICAL EN VIU</strong> amb piano de cua de la ma del director musical i<br />
artístic d’orquestra, Bartomeu Tur Mari<br />
Horari: de 19.00 a 21.00h.<br />
Lloc: Al voltant OIT de Platja d’en Bossa</p>
<p><strong>&#8211; MERCAT HIPPY PLATJA D’EN BOSSA</strong><br />
Horari: de 18.00 a 00.00<br />
Lloc: Carrer Ruda i Bruc – Platja d’en Bossa</p>
<p><strong>-MOSTRA DE BALL PAGÈS</strong><br />
Horari: 21.00<br />
Lloc: Sortida OIT Platja d’en Bossa a Mercat Hippy Platja d’en Bossa<br />
Col·laboren: Grup Folklòric Sant Jordi de ses Salines, Grup Folklòric Colla d’es<br />
Vedra, Grup Folklòric Sant Josep de sa Talaia.</p>
<p><img loading="lazy" decoding="async" class="alignnone wp-image-7757 size-full" src="https://cultura.santjosep.org/wp-content/uploads/2021/09/Tourist-Day.png" alt="" width="1125" height="1587" /></p>

<p>L’Ajuntament de Sant Josep de sa Talaia vol donar a conèixer el seu important patrimoni natural i cultural als visitants del municipi a través de les diverses iniciatives que s’estan preparant per la propera celebració del Dia del Turista el [&hellip;]</p>

<!-- This site is optimized with the Yoast SEO plugin v25.7 - https://yoast.com/wordpress/plugins/seo/ -->
<title>Dia del Turista 2021 - Santjosep.net</title>
<meta name="robots" content="index, follow, max-snippet:-1, max-image-preview:large, max-video-preview:-1" />
<link rel="canonical" href="https://www.santjosep.net/ca/esdeveniment/dia-del-turista-2021/" />
<meta property="og:locale" content="ca_ES" />
<meta property="og:type" content="article" />
<meta property="og:title" content="Dia del Turista 2021 - Santjosep.net" />
<meta property="og:description" content="L’Ajuntament de Sant Josep de sa Talaia vol donar a conèixer el seu important patrimoni natural i cultural als visitants del municipi a través de les diverses iniciatives que s’estan preparant per la propera celebració del Dia del Turista el [&hellip;]" />
<meta property="og:url" content="https://www.santjosep.net/ca/esdeveniment/dia-del-turista-2021/" />
<meta property="og:site_name" content="Santjosep.net" />
<meta property="article:modified_time" content="2021-10-27T09:00:15+00:00" />
<meta property="og:image" content="https://www.santjosep.net/wp-content/uploads/2021/09/diadelurista_santjosep.png" />
	<meta property="og:image:width" content="1178" />
	<meta property="og:image:height" content="783" />
	<meta property="og:image:type" content="image/png" />
<meta name="twitter:card" content="summary_large_image" />
<meta name="twitter:label1" content="Temps estimat de lectura" />
	<meta name="twitter:data1" content="2 minuts" />
<script type="application/ld+json" class="yoast-schema-graph">{"@context":"https://schema.org","@graph":[{"@type":"WebPage","@id":"https://www.santjosep.net/ca/esdeveniment/dia-del-turista-2021/","url":"https://www.santjosep.net/ca/esdeveniment/dia-del-turista-2021/","name":"Dia del Turista 2021 - Santjosep.net","isPartOf":{"@id":"https://www.santjosep.net/#website"},"primaryImageOfPage":{"@id":"https://www.santjosep.net/ca/esdeveniment/dia-del-turista-2021/#primaryimage"},"image":{"@id":"https://www.santjosep.net/ca/esdeveniment/dia-del-turista-2021/#primaryimage"},"thumbnailUrl":"https://www.santjosep.net/wp-content/uploads/2021/09/diadelurista_santjosep.png","datePublished":"2021-09-07T11:08:13+00:00","dateModified":"2021-10-27T09:00:15+00:00","breadcrumb":{"@id":"https://www.santjosep.net/ca/esdeveniment/dia-del-turista-2021/#breadcrumb"},"inLanguage":"ca","potentialAction":[{"@type":"ReadAction","target":["https://www.santjosep.net/ca/esdeveniment/dia-del-turista-2021/"]}]},{"@type":"ImageObject","inLanguage":"ca","@id":"https://www.santjosep.net/ca/esdeveniment/dia-del-turista-2021/#primaryimage","url":"https://www.santjosep.net/wp-content/uploads/2021/09/diadelurista_santjosep.png","contentUrl":"https://www.santjosep.net/wp-content/uploads/2021/09/diadelurista_santjosep.png","width":1178,"height":783},{"@type":"BreadcrumbList","@id":"https://www.santjosep.net/ca/esdeveniment/dia-del-turista-2021/#breadcrumb","itemListElement":[{"@type":"ListItem","position":1,"name":"Eventos","item":"https://www.santjosep.net/agenda/"},{"@type":"ListItem","position":2,"name":"Dia del Turista 2021"}]},{"@type":"WebSite","@id":"https://www.santjosep.net/#website","url":"https://www.santjosep.net/","name":"Santjosep.net","description":"","potentialAction":[{"@type":"SearchAction","target":{"@type":"EntryPoint","urlTemplate":"https://www.santjosep.net/?s={search_term_string}"},"query-input":{"@type":"PropertyValueSpecification","valueRequired":true,"valueName":"search_term_string"}}],"inLanguage":"ca"}]}</script>
<!-- / Yoast SEO plugin. -->

L’Ajuntament de Sant Josep de sa Talaia vol donar a conèixer el seu important patrimoni natural i cultural als visitants del municipi a través de les diverses iniciatives que s’estan preparant per la propera celebració del Dia del Turista el [&hellip;]
