{"id":25236,"date":"2021-08-18T09:12:46","date_gmt":"2021-08-18T07:12:46","guid":{"rendered":"https:\/\/www.santjosep.net\/evento\/cine-a-la-fresca-en-sant-josep-photograph\/"},"modified":"2021-10-27T11:00:16","modified_gmt":"2021-10-27T09:00:16","slug":"cine-a-la-fresca-en-sant-josep-photograph","status":"publish","type":"tribe_events","link":"https:\/\/www.santjosep.net\/ca\/esdeveniment\/cine-a-la-fresca-en-sant-josep-photograph\/","title":{"rendered":"Cine a la fresca en Sant Josep \u2013 \u00abPhotograph\u00bb"},"content":{"rendered":"<p><strong>\u201cPhotograph\u201d | VOSE | 2019 |<\/strong><\/p>\n<p><strong>Duraci\u00f3:<\/strong>\u00a0110 min. Alemania<br \/>\n<strong>Direcci\u00f3:<\/strong>\u00a0Ritesh Batra<br \/>\n<strong>Sinopsi:\u00a0<\/strong>Un fot\u00f2graf al qual la seva \u00e0via pressiona perqu\u00e8 contregui matrimoni al m\u00e9s aviat possible conven\u00e7 a una estranya perqu\u00e8 es faci passar per la seva promesa. La parella acaba desenvolupant una uni\u00f3 que cap dels dos esperava i que canvia la seva vida inesperadament.<\/p>\n<p>&nbsp;<\/p>\n<p><img loading=\"lazy\" decoding=\"async\" class=\"alignnone size-full wp-image-25230\" src=\"https:\/\/www.santjosep.net\/wp-content\/uploads\/2021\/08\/photograph-207935264-large-690x1024-1.jpeg\" alt=\"\" width=\"690\" height=\"1024\" srcset=\"https:\/\/www.santjosep.net\/wp-content\/uploads\/2021\/08\/photograph-207935264-large-690x1024-1.jpeg 690w, https:\/\/www.santjosep.net\/wp-content\/uploads\/2021\/08\/photograph-207935264-large-690x1024-1-202x300.jpeg 202w\" sizes=\"auto, (max-width: 690px) 100vw, 690px\" \/><\/p>\n","protected":false},"excerpt":{"rendered":"<p>\u201cPhotograph\u201d | VOSE | 2019 | Duraci\u00f3:\u00a0110 min. Alemania Direcci\u00f3:\u00a0Ritesh Batra Sinopsi:\u00a0Un fot\u00f2graf al qual la seva \u00e0via pressiona perqu\u00e8 contregui matrimoni al m\u00e9s aviat possible conven\u00e7 a una estranya perqu\u00e8 es faci passar per la seva promesa. La parella [&hellip;]<\/p>\n","protected":false},"author":1,"featured_media":25225,"template":"","meta":{"_acf_changed":false,"inline_featured_image":false,"_tribe_events_status":"","_tribe_events_status_reason":"","footnotes":""},"tags":[],"tribe_events_cat":[187],"class_list":["post-25236","tribe_events","type-tribe_events","status-publish","has-post-thumbnail","hentry","tribe_events_cat-cultura","cat_cultura"],"acf":[],"yoast_head":"<!-- This site is optimized with the Yoast SEO plugin v25.7 - https:\/\/yoast.com\/wordpress\/plugins\/seo\/ -->\n<title>Cine a la fresca en Sant Josep \u2013 \u00abPhotograph\u00bb - Santjosep.net<\/title>\n<meta name=\"robots\" content=\"index, follow, max-snippet:-1, max-image-preview:large, max-video-preview:-1\" \/>\n<link rel=\"canonical\" href=\"https:\/\/www.santjosep.net\/ca\/esdeveniment\/cine-a-la-fresca-en-sant-josep-photograph\/\" \/>\n<meta property=\"og:locale\" content=\"ca_ES\" \/>\n<meta property=\"og:type\" content=\"article\" \/>\n<meta property=\"og:title\" content=\"Cine a la fresca en Sant Josep \u2013 \u00abPhotograph\u00bb - Santjosep.net\" \/>\n<meta property=\"og:description\" content=\"\u201cPhotograph\u201d | VOSE | 2019 | Duraci\u00f3:\u00a0110 min. Alemania Direcci\u00f3:\u00a0Ritesh Batra Sinopsi:\u00a0Un fot\u00f2graf al qual la seva \u00e0via pressiona perqu\u00e8 contregui matrimoni al m\u00e9s aviat possible conven\u00e7 a una estranya perqu\u00e8 es faci passar per la seva promesa. La parella [&hellip;]\" \/>\n<meta property=\"og:url\" content=\"https:\/\/www.santjosep.net\/ca\/esdeveniment\/cine-a-la-fresca-en-sant-josep-photograph\/\" \/>\n<meta property=\"og:site_name\" content=\"Santjosep.net\" \/>\n<meta property=\"article:modified_time\" content=\"2021-10-27T09:00:16+00:00\" \/>\n<meta property=\"og:image\" content=\"https:\/\/www.santjosep.net\/wp-content\/uploads\/2021\/08\/nawazuddin-siddiqui-and-sanya-malhotra-in-photograph.jpeg\" \/>\n\t<meta property=\"og:image:width\" content=\"816\" \/>\n\t<meta property=\"og:image:height\" content=\"544\" \/>\n\t<meta property=\"og:image:type\" content=\"image\/jpeg\" \/>\n<meta name=\"twitter:card\" content=\"summary_large_image\" \/>\n<script type=\"application\/ld+json\" class=\"yoast-schema-graph\">{\"@context\":\"https:\/\/schema.org\",\"@graph\":[{\"@type\":\"WebPage\",\"@id\":\"https:\/\/www.santjosep.net\/ca\/esdeveniment\/cine-a-la-fresca-en-sant-josep-photograph\/\",\"url\":\"https:\/\/www.santjosep.net\/ca\/esdeveniment\/cine-a-la-fresca-en-sant-josep-photograph\/\",\"name\":\"Cine a la fresca en Sant Josep \u2013 \u00abPhotograph\u00bb - Santjosep.net\",\"isPartOf\":{\"@id\":\"https:\/\/www.santjosep.net\/#website\"},\"primaryImageOfPage\":{\"@id\":\"https:\/\/www.santjosep.net\/ca\/esdeveniment\/cine-a-la-fresca-en-sant-josep-photograph\/#primaryimage\"},\"image\":{\"@id\":\"https:\/\/www.santjosep.net\/ca\/esdeveniment\/cine-a-la-fresca-en-sant-josep-photograph\/#primaryimage\"},\"thumbnailUrl\":\"https:\/\/www.santjosep.net\/wp-content\/uploads\/2021\/08\/nawazuddin-siddiqui-and-sanya-malhotra-in-photograph.jpeg\",\"datePublished\":\"2021-08-18T07:12:46+00:00\",\"dateModified\":\"2021-10-27T09:00:16+00:00\",\"breadcrumb\":{\"@id\":\"https:\/\/www.santjosep.net\/ca\/esdeveniment\/cine-a-la-fresca-en-sant-josep-photograph\/#breadcrumb\"},\"inLanguage\":\"ca\",\"potentialAction\":[{\"@type\":\"ReadAction\",\"target\":[\"https:\/\/www.santjosep.net\/ca\/esdeveniment\/cine-a-la-fresca-en-sant-josep-photograph\/\"]}]},{\"@type\":\"ImageObject\",\"inLanguage\":\"ca\",\"@id\":\"https:\/\/www.santjosep.net\/ca\/esdeveniment\/cine-a-la-fresca-en-sant-josep-photograph\/#primaryimage\",\"url\":\"https:\/\/www.santjosep.net\/wp-content\/uploads\/2021\/08\/nawazuddin-siddiqui-and-sanya-malhotra-in-photograph.jpeg\",\"contentUrl\":\"https:\/\/www.santjosep.net\/wp-content\/uploads\/2021\/08\/nawazuddin-siddiqui-and-sanya-malhotra-in-photograph.jpeg\",\"width\":816,\"height\":544},{\"@type\":\"BreadcrumbList\",\"@id\":\"https:\/\/www.santjosep.net\/ca\/esdeveniment\/cine-a-la-fresca-en-sant-josep-photograph\/#breadcrumb\",\"itemListElement\":[{\"@type\":\"ListItem\",\"position\":1,\"name\":\"Eventos\",\"item\":\"https:\/\/www.santjosep.net\/agenda\/\"},{\"@type\":\"ListItem\",\"position\":2,\"name\":\"Cine a la fresca en Sant Josep \u2013 \u00abPhotograph\u00bb\"}]},{\"@type\":\"WebSite\",\"@id\":\"https:\/\/www.santjosep.net\/#website\",\"url\":\"https:\/\/www.santjosep.net\/\",\"name\":\"Santjosep.net\",\"description\":\"\",\"potentialAction\":[{\"@type\":\"SearchAction\",\"target\":{\"@type\":\"EntryPoint\",\"urlTemplate\":\"https:\/\/www.santjosep.net\/?s={search_term_string}\"},\"query-input\":{\"@type\":\"PropertyValueSpecification\",\"valueRequired\":true,\"valueName\":\"search_term_string\"}}],\"inLanguage\":\"ca\"}]}<\/script>\n<!-- \/ Yoast SEO plugin. -->","yoast_head_json":{"title":"Cine a la fresca en Sant Josep \u2013 \u00abPhotograph\u00bb - Santjosep.net","robots":{"index":"index","follow":"follow","max-snippet":"max-snippet:-1","max-image-preview":"max-image-preview:large","max-video-preview":"max-video-preview:-1"},"canonical":"https:\/\/www.santjosep.net\/ca\/esdeveniment\/cine-a-la-fresca-en-sant-josep-photograph\/","og_locale":"ca_ES","og_type":"article","og_title":"Cine a la fresca en Sant Josep \u2013 \u00abPhotograph\u00bb - Santjosep.net","og_description":"\u201cPhotograph\u201d | VOSE | 2019 | Duraci\u00f3:\u00a0110 min. Alemania Direcci\u00f3:\u00a0Ritesh Batra Sinopsi:\u00a0Un fot\u00f2graf al qual la seva \u00e0via pressiona perqu\u00e8 contregui matrimoni al m\u00e9s aviat possible conven\u00e7 a una estranya perqu\u00e8 es faci passar per la seva promesa. La parella [&hellip;]","og_url":"https:\/\/www.santjosep.net\/ca\/esdeveniment\/cine-a-la-fresca-en-sant-josep-photograph\/","og_site_name":"Santjosep.net","article_modified_time":"2021-10-27T09:00:16+00:00","og_image":[{"width":816,"height":544,"url":"https:\/\/www.santjosep.net\/wp-content\/uploads\/2021\/08\/nawazuddin-siddiqui-and-sanya-malhotra-in-photograph.jpeg","type":"image\/jpeg"}],"twitter_card":"summary_large_image","schema":{"@context":"https:\/\/schema.org","@graph":[{"@type":"WebPage","@id":"https:\/\/www.santjosep.net\/ca\/esdeveniment\/cine-a-la-fresca-en-sant-josep-photograph\/","url":"https:\/\/www.santjosep.net\/ca\/esdeveniment\/cine-a-la-fresca-en-sant-josep-photograph\/","name":"Cine a la fresca en Sant Josep \u2013 \u00abPhotograph\u00bb - Santjosep.net","isPartOf":{"@id":"https:\/\/www.santjosep.net\/#website"},"primaryImageOfPage":{"@id":"https:\/\/www.santjosep.net\/ca\/esdeveniment\/cine-a-la-fresca-en-sant-josep-photograph\/#primaryimage"},"image":{"@id":"https:\/\/www.santjosep.net\/ca\/esdeveniment\/cine-a-la-fresca-en-sant-josep-photograph\/#primaryimage"},"thumbnailUrl":"https:\/\/www.santjosep.net\/wp-content\/uploads\/2021\/08\/nawazuddin-siddiqui-and-sanya-malhotra-in-photograph.jpeg","datePublished":"2021-08-18T07:12:46+00:00","dateModified":"2021-10-27T09:00:16+00:00","breadcrumb":{"@id":"https:\/\/www.santjosep.net\/ca\/esdeveniment\/cine-a-la-fresca-en-sant-josep-photograph\/#breadcrumb"},"inLanguage":"ca","potentialAction":[{"@type":"ReadAction","target":["https:\/\/www.santjosep.net\/ca\/esdeveniment\/cine-a-la-fresca-en-sant-josep-photograph\/"]}]},{"@type":"ImageObject","inLanguage":"ca","@id":"https:\/\/www.santjosep.net\/ca\/esdeveniment\/cine-a-la-fresca-en-sant-josep-photograph\/#primaryimage","url":"https:\/\/www.santjosep.net\/wp-content\/uploads\/2021\/08\/nawazuddin-siddiqui-and-sanya-malhotra-in-photograph.jpeg","contentUrl":"https:\/\/www.santjosep.net\/wp-content\/uploads\/2021\/08\/nawazuddin-siddiqui-and-sanya-malhotra-in-photograph.jpeg","width":816,"height":544},{"@type":"BreadcrumbList","@id":"https:\/\/www.santjosep.net\/ca\/esdeveniment\/cine-a-la-fresca-en-sant-josep-photograph\/#breadcrumb","itemListElement":[{"@type":"ListItem","position":1,"name":"Eventos","item":"https:\/\/www.santjosep.net\/agenda\/"},{"@type":"ListItem","position":2,"name":"Cine a la fresca en Sant Josep \u2013 \u00abPhotograph\u00bb"}]},{"@type":"WebSite","@id":"https:\/\/www.santjosep.net\/#website","url":"https:\/\/www.santjosep.net\/","name":"Santjosep.net","description":"","potentialAction":[{"@type":"SearchAction","target":{"@type":"EntryPoint","urlTemplate":"https:\/\/www.santjosep.net\/?s={search_term_string}"},"query-input":{"@type":"PropertyValueSpecification","valueRequired":true,"valueName":"search_term_string"}}],"inLanguage":"ca"}]}},"_links":{"self":[{"href":"https:\/\/www.santjosep.net\/ca\/wp-json\/wp\/v2\/tribe_events\/25236","targetHints":{"allow":["GET"]}}],"collection":[{"href":"https:\/\/www.santjosep.net\/ca\/wp-json\/wp\/v2\/tribe_events"}],"about":[{"href":"https:\/\/www.santjosep.net\/ca\/wp-json\/wp\/v2\/types\/tribe_events"}],"author":[{"embeddable":true,"href":"https:\/\/www.santjosep.net\/ca\/wp-json\/wp\/v2\/users\/1"}],"version-history":[{"count":0,"href":"https:\/\/www.santjosep.net\/ca\/wp-json\/wp\/v2\/tribe_events\/25236\/revisions"}],"wp:featuredmedia":[{"embeddable":true,"href":"https:\/\/www.santjosep.net\/ca\/wp-json\/wp\/v2\/media\/25225"}],"wp:attachment":[{"href":"https:\/\/www.santjosep.net\/ca\/wp-json\/wp\/v2\/media?parent=25236"}],"wp:term":[{"taxonomy":"post_tag","embeddable":true,"href":"https:\/\/www.santjosep.net\/ca\/wp-json\/wp\/v2\/tags?post=25236"},{"taxonomy":"tribe_events_cat","embeddable":true,"href":"https:\/\/www.santjosep.net\/ca\/wp-json\/wp\/v2\/tribe_events_cat?post=25236"}],"curies":[{"name":"wp","href":"https:\/\/api.w.org\/{rel}","templated":true}]}}

<p><strong>“Photograph” | VOSE | 2019 |</strong></p>
<p><strong>Duració:</strong> 110 min. Alemania<br />
<strong>Direcció:</strong> Ritesh Batra<br />
<strong>Sinopsi: </strong>Un fotògraf al qual la seva àvia pressiona perquè contregui matrimoni al més aviat possible convenç a una estranya perquè es faci passar per la seva promesa. La parella acaba desenvolupant una unió que cap dels dos esperava i que canvia la seva vida inesperadament.</p>
<p>&nbsp;</p>
<p><img loading="lazy" decoding="async" class="alignnone size-full wp-image-25230" src="https://www.santjosep.net/wp-content/uploads/2021/08/photograph-207935264-large-690x1024-1.jpeg" alt="" width="690" height="1024" srcset="https://www.santjosep.net/wp-content/uploads/2021/08/photograph-207935264-large-690x1024-1.jpeg 690w, https://www.santjosep.net/wp-content/uploads/2021/08/photograph-207935264-large-690x1024-1-202x300.jpeg 202w" sizes="auto, (max-width: 690px) 100vw, 690px" /></p>

<p>“Photograph” | VOSE | 2019 | Duració: 110 min. Alemania Direcció: Ritesh Batra Sinopsi: Un fotògraf al qual la seva àvia pressiona perquè contregui matrimoni al més aviat possible convenç a una estranya perquè es faci passar per la seva promesa. La parella [&hellip;]</p>

<!-- This site is optimized with the Yoast SEO plugin v25.7 - https://yoast.com/wordpress/plugins/seo/ -->
<title>Cine a la fresca en Sant Josep – «Photograph» - Santjosep.net</title>
<meta name="robots" content="index, follow, max-snippet:-1, max-image-preview:large, max-video-preview:-1" />
<link rel="canonical" href="https://www.santjosep.net/ca/esdeveniment/cine-a-la-fresca-en-sant-josep-photograph/" />
<meta property="og:locale" content="ca_ES" />
<meta property="og:type" content="article" />
<meta property="og:title" content="Cine a la fresca en Sant Josep – «Photograph» - Santjosep.net" />
<meta property="og:description" content="“Photograph” | VOSE | 2019 | Duració: 110 min. Alemania Direcció: Ritesh Batra Sinopsi: Un fotògraf al qual la seva àvia pressiona perquè contregui matrimoni al més aviat possible convenç a una estranya perquè es faci passar per la seva promesa. La parella [&hellip;]" />
<meta property="og:url" content="https://www.santjosep.net/ca/esdeveniment/cine-a-la-fresca-en-sant-josep-photograph/" />
<meta property="og:site_name" content="Santjosep.net" />
<meta property="article:modified_time" content="2021-10-27T09:00:16+00:00" />
<meta property="og:image" content="https://www.santjosep.net/wp-content/uploads/2021/08/nawazuddin-siddiqui-and-sanya-malhotra-in-photograph.jpeg" />
	<meta property="og:image:width" content="816" />
	<meta property="og:image:height" content="544" />
	<meta property="og:image:type" content="image/jpeg" />
<meta name="twitter:card" content="summary_large_image" />
<script type="application/ld+json" class="yoast-schema-graph">{"@context":"https://schema.org","@graph":[{"@type":"WebPage","@id":"https://www.santjosep.net/ca/esdeveniment/cine-a-la-fresca-en-sant-josep-photograph/","url":"https://www.santjosep.net/ca/esdeveniment/cine-a-la-fresca-en-sant-josep-photograph/","name":"Cine a la fresca en Sant Josep – «Photograph» - Santjosep.net","isPartOf":{"@id":"https://www.santjosep.net/#website"},"primaryImageOfPage":{"@id":"https://www.santjosep.net/ca/esdeveniment/cine-a-la-fresca-en-sant-josep-photograph/#primaryimage"},"image":{"@id":"https://www.santjosep.net/ca/esdeveniment/cine-a-la-fresca-en-sant-josep-photograph/#primaryimage"},"thumbnailUrl":"https://www.santjosep.net/wp-content/uploads/2021/08/nawazuddin-siddiqui-and-sanya-malhotra-in-photograph.jpeg","datePublished":"2021-08-18T07:12:46+00:00","dateModified":"2021-10-27T09:00:16+00:00","breadcrumb":{"@id":"https://www.santjosep.net/ca/esdeveniment/cine-a-la-fresca-en-sant-josep-photograph/#breadcrumb"},"inLanguage":"ca","potentialAction":[{"@type":"ReadAction","target":["https://www.santjosep.net/ca/esdeveniment/cine-a-la-fresca-en-sant-josep-photograph/"]}]},{"@type":"ImageObject","inLanguage":"ca","@id":"https://www.santjosep.net/ca/esdeveniment/cine-a-la-fresca-en-sant-josep-photograph/#primaryimage","url":"https://www.santjosep.net/wp-content/uploads/2021/08/nawazuddin-siddiqui-and-sanya-malhotra-in-photograph.jpeg","contentUrl":"https://www.santjosep.net/wp-content/uploads/2021/08/nawazuddin-siddiqui-and-sanya-malhotra-in-photograph.jpeg","width":816,"height":544},{"@type":"BreadcrumbList","@id":"https://www.santjosep.net/ca/esdeveniment/cine-a-la-fresca-en-sant-josep-photograph/#breadcrumb","itemListElement":[{"@type":"ListItem","position":1,"name":"Eventos","item":"https://www.santjosep.net/agenda/"},{"@type":"ListItem","position":2,"name":"Cine a la fresca en Sant Josep – «Photograph»"}]},{"@type":"WebSite","@id":"https://www.santjosep.net/#website","url":"https://www.santjosep.net/","name":"Santjosep.net","description":"","potentialAction":[{"@type":"SearchAction","target":{"@type":"EntryPoint","urlTemplate":"https://www.santjosep.net/?s={search_term_string}"},"query-input":{"@type":"PropertyValueSpecification","valueRequired":true,"valueName":"search_term_string"}}],"inLanguage":"ca"}]}</script>
<!-- / Yoast SEO plugin. -->

“Photograph” | VOSE | 2019 | Duració: 110 min. Alemania Direcció: Ritesh Batra Sinopsi: Un fotògraf al qual la seva àvia pressiona perquè contregui matrimoni al més aviat possible convenç a una estranya perquè es faci passar per la seva promesa. La parella [&hellip;]
