{"id":23719,"date":"2020-12-02T11:30:13","date_gmt":"2020-12-02T10:30:13","guid":{"rendered":"https:\/\/www.santjosep.net\/evento\/fiestas-de-navidad-sant-josep-2020\/"},"modified":"2020-12-02T11:32:24","modified_gmt":"2020-12-02T10:32:24","slug":"fiestas-de-navidad-sant-josep-2020","status":"publish","type":"tribe_events","link":"https:\/\/www.santjosep.net\/ca\/esdeveniment\/fiestas-de-navidad-sant-josep-2020\/","title":{"rendered":"Fiestas de Navidad Sant Josep 2020"},"content":{"rendered":"<p>Aquestes festes de Nadal i Cap d\u2019Any seran diferents. No hi haur\u00e0 grans trobades ni la festa d\u2019altres anys, perqu\u00e8 mai com ara no ens hem hagut de prendre tan seriosament que la salut ha de ser el m\u00e9s important. El que no faltar\u00e0 \u00e9s la il\u00b7lusi\u00f3 pel retrobament i el desig que ens retrobem com sempre, com m\u00e9s aviat millor. I tenim motius per ser optimistes.<\/p>\n<p>Haurem d\u2019ajornar tamb\u00e9 en aquesta ocasi\u00f3 les reunions familiars, com ens ha tocat fer ja al llarg d\u2019aquest any tan agitat, per\u00f2 cada dia som m\u00e9s prop de poder tancar aquest par\u00e8ntesi en el contacte amb la gent que ens estimam.<\/p>\n<p>Des de l\u2019Ajuntament volem que aquestes dates siguin tan entranyables com es pugui. Amb tot el seny i tota la precauci\u00f3 necess\u00e0ria per\u00f2 tamb\u00e9 amb totes les ganes de fer poble i celebrar unes dates que s\u00f3n molt espe-cials per a tots nosaltres.<\/p>\n<p>Aquest programa que teniu entre mans ha implicat molta feina i superar alguna por per atrevir-nos a imaginar unes festes diferents, \u00edntimes per\u00f2 animades. Hi ha molta ambici\u00f3, perqu\u00e8 volem seguir donant suport als nostres artistes i programadors culturals en uns moments complicats tam-b\u00e9 especialment per a tots ells.<\/p>\n<p>La male\u00efda pand\u00e8mia ha estat ben prop de paralitzar-nos, per\u00f2 junts ho hem evitat. Hem superat dificultats impensables fa uns mesos, gr\u00e0cies a la vostra responsabilitat i bon seny, tamb\u00e9 amb imaginaci\u00f3 i esfor\u00e7. V\u00e0rem obrir en nom\u00e9s uns dies un refugi d\u2019emerg\u00e8ncia. Repart\u00edrem centenars de menjars a qui no podia sortir de casa, gr\u00e0cies als voluntaris de Protecci\u00f3 Civil. Hem abaixat impostos per ajudar els negocis a resistir aquesta crisi i ens hem bolcat amb els m\u00e9s vulnerables sense parar cap de les inver-sions que ten\u00edem en marxa. I seguirem.<\/p>\n<p>Com a alcalde no em queda m\u00e9s que desitjar-vos el millor per al 2021. Recuperarem la normalitat que tant trobam a faltar. I ho farem junts i amb il\u00b7lusi\u00f3.<\/p>\n","protected":false},"excerpt":{"rendered":"<p>Aquestes festes de Nadal i Cap d\u2019Any seran diferents. No hi haur\u00e0 grans trobades ni la festa d\u2019altres anys, perqu\u00e8 mai com ara no ens hem hagut de prendre tan seriosament que la salut ha de ser el m\u00e9s important. [&hellip;]<\/p>\n","protected":false},"author":1,"featured_media":23720,"template":"","meta":{"_acf_changed":false,"inline_featured_image":false,"_tribe_events_status":"","_tribe_events_status_reason":"","footnotes":""},"tags":[],"tribe_events_cat":[187,188,203],"class_list":["post-23719","tribe_events","type-tribe_events","status-publish","has-post-thumbnail","hentry","tribe_events_cat-cultura","tribe_events_cat-festes-patronals","tribe_events_cat-oci","cat_cultura","cat_festes-patronals","cat_oci"],"acf":[],"yoast_head":"<!-- This site is optimized with the Yoast SEO plugin v25.7 - https:\/\/yoast.com\/wordpress\/plugins\/seo\/ -->\n<title>Fiestas de Navidad Sant Josep 2020 - Santjosep.net<\/title>\n<meta name=\"robots\" content=\"index, follow, max-snippet:-1, max-image-preview:large, max-video-preview:-1\" \/>\n<link rel=\"canonical\" href=\"https:\/\/www.santjosep.net\/ca\/esdeveniment\/fiestas-de-navidad-sant-josep-2020\/\" \/>\n<meta property=\"og:locale\" content=\"ca_ES\" \/>\n<meta property=\"og:type\" content=\"article\" \/>\n<meta property=\"og:title\" content=\"Fiestas de Navidad Sant Josep 2020 - Santjosep.net\" \/>\n<meta property=\"og:description\" content=\"Aquestes festes de Nadal i Cap d\u2019Any seran diferents. No hi haur\u00e0 grans trobades ni la festa d\u2019altres anys, perqu\u00e8 mai com ara no ens hem hagut de prendre tan seriosament que la salut ha de ser el m\u00e9s important. [&hellip;]\" \/>\n<meta property=\"og:url\" content=\"https:\/\/www.santjosep.net\/ca\/esdeveniment\/fiestas-de-navidad-sant-josep-2020\/\" \/>\n<meta property=\"og:site_name\" content=\"Santjosep.net\" \/>\n<meta property=\"article:modified_time\" content=\"2020-12-02T10:32:24+00:00\" \/>\n<meta property=\"og:image\" content=\"https:\/\/www.santjosep.net\/wp-content\/uploads\/2020\/12\/Festes-Nadal-SantJosep-2020.png\" \/>\n\t<meta property=\"og:image:width\" content=\"981\" \/>\n\t<meta property=\"og:image:height\" content=\"775\" \/>\n\t<meta property=\"og:image:type\" content=\"image\/png\" \/>\n<meta name=\"twitter:card\" content=\"summary_large_image\" \/>\n<meta name=\"twitter:label1\" content=\"Temps estimat de lectura\" \/>\n\t<meta name=\"twitter:data1\" content=\"2 minuts\" \/>\n<script type=\"application\/ld+json\" class=\"yoast-schema-graph\">{\"@context\":\"https:\/\/schema.org\",\"@graph\":[{\"@type\":\"WebPage\",\"@id\":\"https:\/\/www.santjosep.net\/ca\/esdeveniment\/fiestas-de-navidad-sant-josep-2020\/\",\"url\":\"https:\/\/www.santjosep.net\/ca\/esdeveniment\/fiestas-de-navidad-sant-josep-2020\/\",\"name\":\"Fiestas de Navidad Sant Josep 2020 - Santjosep.net\",\"isPartOf\":{\"@id\":\"https:\/\/www.santjosep.net\/#website\"},\"primaryImageOfPage\":{\"@id\":\"https:\/\/www.santjosep.net\/ca\/esdeveniment\/fiestas-de-navidad-sant-josep-2020\/#primaryimage\"},\"image\":{\"@id\":\"https:\/\/www.santjosep.net\/ca\/esdeveniment\/fiestas-de-navidad-sant-josep-2020\/#primaryimage\"},\"thumbnailUrl\":\"https:\/\/www.santjosep.net\/wp-content\/uploads\/2020\/12\/Festes-Nadal-SantJosep-2020.png\",\"datePublished\":\"2020-12-02T10:30:13+00:00\",\"dateModified\":\"2020-12-02T10:32:24+00:00\",\"breadcrumb\":{\"@id\":\"https:\/\/www.santjosep.net\/ca\/esdeveniment\/fiestas-de-navidad-sant-josep-2020\/#breadcrumb\"},\"inLanguage\":\"ca\",\"potentialAction\":[{\"@type\":\"ReadAction\",\"target\":[\"https:\/\/www.santjosep.net\/ca\/esdeveniment\/fiestas-de-navidad-sant-josep-2020\/\"]}]},{\"@type\":\"ImageObject\",\"inLanguage\":\"ca\",\"@id\":\"https:\/\/www.santjosep.net\/ca\/esdeveniment\/fiestas-de-navidad-sant-josep-2020\/#primaryimage\",\"url\":\"https:\/\/www.santjosep.net\/wp-content\/uploads\/2020\/12\/Festes-Nadal-SantJosep-2020.png\",\"contentUrl\":\"https:\/\/www.santjosep.net\/wp-content\/uploads\/2020\/12\/Festes-Nadal-SantJosep-2020.png\",\"width\":981,\"height\":775},{\"@type\":\"BreadcrumbList\",\"@id\":\"https:\/\/www.santjosep.net\/ca\/esdeveniment\/fiestas-de-navidad-sant-josep-2020\/#breadcrumb\",\"itemListElement\":[{\"@type\":\"ListItem\",\"position\":1,\"name\":\"Eventos\",\"item\":\"https:\/\/www.santjosep.net\/agenda\/\"},{\"@type\":\"ListItem\",\"position\":2,\"name\":\"Fiestas de Navidad Sant Josep 2020\"}]},{\"@type\":\"WebSite\",\"@id\":\"https:\/\/www.santjosep.net\/#website\",\"url\":\"https:\/\/www.santjosep.net\/\",\"name\":\"Santjosep.net\",\"description\":\"\",\"potentialAction\":[{\"@type\":\"SearchAction\",\"target\":{\"@type\":\"EntryPoint\",\"urlTemplate\":\"https:\/\/www.santjosep.net\/?s={search_term_string}\"},\"query-input\":{\"@type\":\"PropertyValueSpecification\",\"valueRequired\":true,\"valueName\":\"search_term_string\"}}],\"inLanguage\":\"ca\"}]}<\/script>\n<!-- \/ Yoast SEO plugin. -->","yoast_head_json":{"title":"Fiestas de Navidad Sant Josep 2020 - Santjosep.net","robots":{"index":"index","follow":"follow","max-snippet":"max-snippet:-1","max-image-preview":"max-image-preview:large","max-video-preview":"max-video-preview:-1"},"canonical":"https:\/\/www.santjosep.net\/ca\/esdeveniment\/fiestas-de-navidad-sant-josep-2020\/","og_locale":"ca_ES","og_type":"article","og_title":"Fiestas de Navidad Sant Josep 2020 - Santjosep.net","og_description":"Aquestes festes de Nadal i Cap d\u2019Any seran diferents. No hi haur\u00e0 grans trobades ni la festa d\u2019altres anys, perqu\u00e8 mai com ara no ens hem hagut de prendre tan seriosament que la salut ha de ser el m\u00e9s important. [&hellip;]","og_url":"https:\/\/www.santjosep.net\/ca\/esdeveniment\/fiestas-de-navidad-sant-josep-2020\/","og_site_name":"Santjosep.net","article_modified_time":"2020-12-02T10:32:24+00:00","og_image":[{"width":981,"height":775,"url":"https:\/\/www.santjosep.net\/wp-content\/uploads\/2020\/12\/Festes-Nadal-SantJosep-2020.png","type":"image\/png"}],"twitter_card":"summary_large_image","twitter_misc":{"Temps estimat de lectura":"2 minuts"},"schema":{"@context":"https:\/\/schema.org","@graph":[{"@type":"WebPage","@id":"https:\/\/www.santjosep.net\/ca\/esdeveniment\/fiestas-de-navidad-sant-josep-2020\/","url":"https:\/\/www.santjosep.net\/ca\/esdeveniment\/fiestas-de-navidad-sant-josep-2020\/","name":"Fiestas de Navidad Sant Josep 2020 - Santjosep.net","isPartOf":{"@id":"https:\/\/www.santjosep.net\/#website"},"primaryImageOfPage":{"@id":"https:\/\/www.santjosep.net\/ca\/esdeveniment\/fiestas-de-navidad-sant-josep-2020\/#primaryimage"},"image":{"@id":"https:\/\/www.santjosep.net\/ca\/esdeveniment\/fiestas-de-navidad-sant-josep-2020\/#primaryimage"},"thumbnailUrl":"https:\/\/www.santjosep.net\/wp-content\/uploads\/2020\/12\/Festes-Nadal-SantJosep-2020.png","datePublished":"2020-12-02T10:30:13+00:00","dateModified":"2020-12-02T10:32:24+00:00","breadcrumb":{"@id":"https:\/\/www.santjosep.net\/ca\/esdeveniment\/fiestas-de-navidad-sant-josep-2020\/#breadcrumb"},"inLanguage":"ca","potentialAction":[{"@type":"ReadAction","target":["https:\/\/www.santjosep.net\/ca\/esdeveniment\/fiestas-de-navidad-sant-josep-2020\/"]}]},{"@type":"ImageObject","inLanguage":"ca","@id":"https:\/\/www.santjosep.net\/ca\/esdeveniment\/fiestas-de-navidad-sant-josep-2020\/#primaryimage","url":"https:\/\/www.santjosep.net\/wp-content\/uploads\/2020\/12\/Festes-Nadal-SantJosep-2020.png","contentUrl":"https:\/\/www.santjosep.net\/wp-content\/uploads\/2020\/12\/Festes-Nadal-SantJosep-2020.png","width":981,"height":775},{"@type":"BreadcrumbList","@id":"https:\/\/www.santjosep.net\/ca\/esdeveniment\/fiestas-de-navidad-sant-josep-2020\/#breadcrumb","itemListElement":[{"@type":"ListItem","position":1,"name":"Eventos","item":"https:\/\/www.santjosep.net\/agenda\/"},{"@type":"ListItem","position":2,"name":"Fiestas de Navidad Sant Josep 2020"}]},{"@type":"WebSite","@id":"https:\/\/www.santjosep.net\/#website","url":"https:\/\/www.santjosep.net\/","name":"Santjosep.net","description":"","potentialAction":[{"@type":"SearchAction","target":{"@type":"EntryPoint","urlTemplate":"https:\/\/www.santjosep.net\/?s={search_term_string}"},"query-input":{"@type":"PropertyValueSpecification","valueRequired":true,"valueName":"search_term_string"}}],"inLanguage":"ca"}]}},"_links":{"self":[{"href":"https:\/\/www.santjosep.net\/ca\/wp-json\/wp\/v2\/tribe_events\/23719","targetHints":{"allow":["GET"]}}],"collection":[{"href":"https:\/\/www.santjosep.net\/ca\/wp-json\/wp\/v2\/tribe_events"}],"about":[{"href":"https:\/\/www.santjosep.net\/ca\/wp-json\/wp\/v2\/types\/tribe_events"}],"author":[{"embeddable":true,"href":"https:\/\/www.santjosep.net\/ca\/wp-json\/wp\/v2\/users\/1"}],"version-history":[{"count":0,"href":"https:\/\/www.santjosep.net\/ca\/wp-json\/wp\/v2\/tribe_events\/23719\/revisions"}],"wp:featuredmedia":[{"embeddable":true,"href":"https:\/\/www.santjosep.net\/ca\/wp-json\/wp\/v2\/media\/23720"}],"wp:attachment":[{"href":"https:\/\/www.santjosep.net\/ca\/wp-json\/wp\/v2\/media?parent=23719"}],"wp:term":[{"taxonomy":"post_tag","embeddable":true,"href":"https:\/\/www.santjosep.net\/ca\/wp-json\/wp\/v2\/tags?post=23719"},{"taxonomy":"tribe_events_cat","embeddable":true,"href":"https:\/\/www.santjosep.net\/ca\/wp-json\/wp\/v2\/tribe_events_cat?post=23719"}],"curies":[{"name":"wp","href":"https:\/\/api.w.org\/{rel}","templated":true}]}}

<p>Aquestes festes de Nadal i Cap d’Any seran diferents. No hi haurà grans trobades ni la festa d’altres anys, perquè mai com ara no ens hem hagut de prendre tan seriosament que la salut ha de ser el més important. El que no faltarà és la il·lusió pel retrobament i el desig que ens retrobem com sempre, com més aviat millor. I tenim motius per ser optimistes.</p>
<p>Haurem d’ajornar també en aquesta ocasió les reunions familiars, com ens ha tocat fer ja al llarg d’aquest any tan agitat, però cada dia som més prop de poder tancar aquest parèntesi en el contacte amb la gent que ens estimam.</p>
<p>Des de l’Ajuntament volem que aquestes dates siguin tan entranyables com es pugui. Amb tot el seny i tota la precaució necessària però també amb totes les ganes de fer poble i celebrar unes dates que són molt espe-cials per a tots nosaltres.</p>
<p>Aquest programa que teniu entre mans ha implicat molta feina i superar alguna por per atrevir-nos a imaginar unes festes diferents, íntimes però animades. Hi ha molta ambició, perquè volem seguir donant suport als nostres artistes i programadors culturals en uns moments complicats tam-bé especialment per a tots ells.</p>
<p>La maleïda pandèmia ha estat ben prop de paralitzar-nos, però junts ho hem evitat. Hem superat dificultats impensables fa uns mesos, gràcies a la vostra responsabilitat i bon seny, també amb imaginació i esforç. Vàrem obrir en només uns dies un refugi d’emergència. Repartírem centenars de menjars a qui no podia sortir de casa, gràcies als voluntaris de Protecció Civil. Hem abaixat impostos per ajudar els negocis a resistir aquesta crisi i ens hem bolcat amb els més vulnerables sense parar cap de les inver-sions que teníem en marxa. I seguirem.</p>
<p>Com a alcalde no em queda més que desitjar-vos el millor per al 2021. Recuperarem la normalitat que tant trobam a faltar. I ho farem junts i amb il·lusió.</p>

<p>Aquestes festes de Nadal i Cap d’Any seran diferents. No hi haurà grans trobades ni la festa d’altres anys, perquè mai com ara no ens hem hagut de prendre tan seriosament que la salut ha de ser el més important. [&hellip;]</p>

<!-- This site is optimized with the Yoast SEO plugin v25.7 - https://yoast.com/wordpress/plugins/seo/ -->
<title>Fiestas de Navidad Sant Josep 2020 - Santjosep.net</title>
<meta name="robots" content="index, follow, max-snippet:-1, max-image-preview:large, max-video-preview:-1" />
<link rel="canonical" href="https://www.santjosep.net/ca/esdeveniment/fiestas-de-navidad-sant-josep-2020/" />
<meta property="og:locale" content="ca_ES" />
<meta property="og:type" content="article" />
<meta property="og:title" content="Fiestas de Navidad Sant Josep 2020 - Santjosep.net" />
<meta property="og:description" content="Aquestes festes de Nadal i Cap d’Any seran diferents. No hi haurà grans trobades ni la festa d’altres anys, perquè mai com ara no ens hem hagut de prendre tan seriosament que la salut ha de ser el més important. [&hellip;]" />
<meta property="og:url" content="https://www.santjosep.net/ca/esdeveniment/fiestas-de-navidad-sant-josep-2020/" />
<meta property="og:site_name" content="Santjosep.net" />
<meta property="article:modified_time" content="2020-12-02T10:32:24+00:00" />
<meta property="og:image" content="https://www.santjosep.net/wp-content/uploads/2020/12/Festes-Nadal-SantJosep-2020.png" />
	<meta property="og:image:width" content="981" />
	<meta property="og:image:height" content="775" />
	<meta property="og:image:type" content="image/png" />
<meta name="twitter:card" content="summary_large_image" />
<meta name="twitter:label1" content="Temps estimat de lectura" />
	<meta name="twitter:data1" content="2 minuts" />
<script type="application/ld+json" class="yoast-schema-graph">{"@context":"https://schema.org","@graph":[{"@type":"WebPage","@id":"https://www.santjosep.net/ca/esdeveniment/fiestas-de-navidad-sant-josep-2020/","url":"https://www.santjosep.net/ca/esdeveniment/fiestas-de-navidad-sant-josep-2020/","name":"Fiestas de Navidad Sant Josep 2020 - Santjosep.net","isPartOf":{"@id":"https://www.santjosep.net/#website"},"primaryImageOfPage":{"@id":"https://www.santjosep.net/ca/esdeveniment/fiestas-de-navidad-sant-josep-2020/#primaryimage"},"image":{"@id":"https://www.santjosep.net/ca/esdeveniment/fiestas-de-navidad-sant-josep-2020/#primaryimage"},"thumbnailUrl":"https://www.santjosep.net/wp-content/uploads/2020/12/Festes-Nadal-SantJosep-2020.png","datePublished":"2020-12-02T10:30:13+00:00","dateModified":"2020-12-02T10:32:24+00:00","breadcrumb":{"@id":"https://www.santjosep.net/ca/esdeveniment/fiestas-de-navidad-sant-josep-2020/#breadcrumb"},"inLanguage":"ca","potentialAction":[{"@type":"ReadAction","target":["https://www.santjosep.net/ca/esdeveniment/fiestas-de-navidad-sant-josep-2020/"]}]},{"@type":"ImageObject","inLanguage":"ca","@id":"https://www.santjosep.net/ca/esdeveniment/fiestas-de-navidad-sant-josep-2020/#primaryimage","url":"https://www.santjosep.net/wp-content/uploads/2020/12/Festes-Nadal-SantJosep-2020.png","contentUrl":"https://www.santjosep.net/wp-content/uploads/2020/12/Festes-Nadal-SantJosep-2020.png","width":981,"height":775},{"@type":"BreadcrumbList","@id":"https://www.santjosep.net/ca/esdeveniment/fiestas-de-navidad-sant-josep-2020/#breadcrumb","itemListElement":[{"@type":"ListItem","position":1,"name":"Eventos","item":"https://www.santjosep.net/agenda/"},{"@type":"ListItem","position":2,"name":"Fiestas de Navidad Sant Josep 2020"}]},{"@type":"WebSite","@id":"https://www.santjosep.net/#website","url":"https://www.santjosep.net/","name":"Santjosep.net","description":"","potentialAction":[{"@type":"SearchAction","target":{"@type":"EntryPoint","urlTemplate":"https://www.santjosep.net/?s={search_term_string}"},"query-input":{"@type":"PropertyValueSpecification","valueRequired":true,"valueName":"search_term_string"}}],"inLanguage":"ca"}]}</script>
<!-- / Yoast SEO plugin. -->

Aquestes festes de Nadal i Cap d’Any seran diferents. No hi haurà grans trobades ni la festa d’altres anys, perquè mai com ara no ens hem hagut de prendre tan seriosament que la salut ha de ser el més important. [&hellip;]
