{"id":23624,"date":"2020-11-16T12:17:06","date_gmt":"2020-11-16T11:17:06","guid":{"rendered":"https:\/\/www.santjosep.net\/evento\/concierto-de-la-tiraloca-musical-el-llaut-herramienta-y-restauracion\/"},"modified":"2020-11-16T12:18:08","modified_gmt":"2020-11-16T11:18:08","slug":"https-cultura-santjosep-org-agenda-concert-de-la-tiraloca-musical-el-llaut-eina-i-restauracio","status":"publish","type":"tribe_events","link":"https:\/\/www.santjosep.net\/ca\/esdeveniment\/https-cultura-santjosep-org-agenda-concert-de-la-tiraloca-musical-el-llaut-eina-i-restauracio\/","title":{"rendered":"https:\/\/cultura.santjosep.org\/agenda\/concert-de-la-tiraloca-musical-el-llaut-eina-i-restauracio\/"},"content":{"rendered":"<p>Concert de La Tiraloca musical \u2013 \u201cEl lla\u00fct, eina i restauraci\u00f3\u201d<br \/>\nM\u00fasica al carrer amb xerrada tem\u00e0tica.<br \/>\nDiumenge, 29 de Novembre a les 12.30 h<br \/>\nPla\u00e7a d\u2019Es Cubells<\/p>\n","protected":false},"excerpt":{"rendered":"<p>Concert de La Tiraloca musical \u2013 \u201cEl lla\u00fct, eina i restauraci\u00f3\u201d M\u00fasica al carrer amb xerrada tem\u00e0tica. Diumenge, 29 de Novembre a les 12.30 h Pla\u00e7a d\u2019Es Cubells<\/p>\n","protected":false},"author":1,"featured_media":23619,"template":"","meta":{"_acf_changed":false,"inline_featured_image":false,"_tribe_events_status":"","_tribe_events_status_reason":"","footnotes":""},"tags":[364,362],"tribe_events_cat":[187],"class_list":["post-23624","tribe_events","type-tribe_events","status-publish","has-post-thumbnail","hentry","tag-es-cubells-ca","tag-musica-ca","tribe_events_cat-cultura","cat_cultura"],"acf":[],"yoast_head":"<!-- This site is optimized with the Yoast SEO plugin v25.7 - https:\/\/yoast.com\/wordpress\/plugins\/seo\/ -->\n<title>https:\/\/cultura.santjosep.org\/agenda\/concert-de-la-tiraloca-musical-el-llaut-eina-i-restauracio\/ - Santjosep.net<\/title>\n<meta name=\"robots\" content=\"index, follow, max-snippet:-1, max-image-preview:large, max-video-preview:-1\" \/>\n<link rel=\"canonical\" href=\"https:\/\/www.santjosep.net\/ca\/esdeveniment\/https-cultura-santjosep-org-agenda-concert-de-la-tiraloca-musical-el-llaut-eina-i-restauracio\/\" \/>\n<meta property=\"og:locale\" content=\"ca_ES\" \/>\n<meta property=\"og:type\" content=\"article\" \/>\n<meta property=\"og:title\" content=\"https:\/\/cultura.santjosep.org\/agenda\/concert-de-la-tiraloca-musical-el-llaut-eina-i-restauracio\/ - Santjosep.net\" \/>\n<meta property=\"og:description\" content=\"Concert de La Tiraloca musical \u2013 \u201cEl lla\u00fct, eina i restauraci\u00f3\u201d M\u00fasica al carrer amb xerrada tem\u00e0tica. Diumenge, 29 de Novembre a les 12.30 h Pla\u00e7a d\u2019Es Cubells\" \/>\n<meta property=\"og:url\" content=\"https:\/\/www.santjosep.net\/ca\/esdeveniment\/https-cultura-santjosep-org-agenda-concert-de-la-tiraloca-musical-el-llaut-eina-i-restauracio\/\" \/>\n<meta property=\"og:site_name\" content=\"Santjosep.net\" \/>\n<meta property=\"article:modified_time\" content=\"2020-11-16T11:18:08+00:00\" \/>\n<meta property=\"og:image\" content=\"https:\/\/www.santjosep.net\/wp-content\/uploads\/2020\/11\/DJI_0031-1.jpg\" \/>\n\t<meta property=\"og:image:width\" content=\"1900\" \/>\n\t<meta property=\"og:image:height\" content=\"1425\" \/>\n\t<meta property=\"og:image:type\" content=\"image\/jpeg\" \/>\n<meta name=\"twitter:card\" content=\"summary_large_image\" \/>\n<script type=\"application\/ld+json\" class=\"yoast-schema-graph\">{\"@context\":\"https:\/\/schema.org\",\"@graph\":[{\"@type\":\"WebPage\",\"@id\":\"https:\/\/www.santjosep.net\/ca\/esdeveniment\/https-cultura-santjosep-org-agenda-concert-de-la-tiraloca-musical-el-llaut-eina-i-restauracio\/\",\"url\":\"https:\/\/www.santjosep.net\/ca\/esdeveniment\/https-cultura-santjosep-org-agenda-concert-de-la-tiraloca-musical-el-llaut-eina-i-restauracio\/\",\"name\":\"https:\/\/cultura.santjosep.org\/agenda\/concert-de-la-tiraloca-musical-el-llaut-eina-i-restauracio\/ - Santjosep.net\",\"isPartOf\":{\"@id\":\"https:\/\/www.santjosep.net\/#website\"},\"primaryImageOfPage\":{\"@id\":\"https:\/\/www.santjosep.net\/ca\/esdeveniment\/https-cultura-santjosep-org-agenda-concert-de-la-tiraloca-musical-el-llaut-eina-i-restauracio\/#primaryimage\"},\"image\":{\"@id\":\"https:\/\/www.santjosep.net\/ca\/esdeveniment\/https-cultura-santjosep-org-agenda-concert-de-la-tiraloca-musical-el-llaut-eina-i-restauracio\/#primaryimage\"},\"thumbnailUrl\":\"https:\/\/www.santjosep.net\/wp-content\/uploads\/2020\/11\/DJI_0031-1.jpg\",\"datePublished\":\"2020-11-16T11:17:06+00:00\",\"dateModified\":\"2020-11-16T11:18:08+00:00\",\"breadcrumb\":{\"@id\":\"https:\/\/www.santjosep.net\/ca\/esdeveniment\/https-cultura-santjosep-org-agenda-concert-de-la-tiraloca-musical-el-llaut-eina-i-restauracio\/#breadcrumb\"},\"inLanguage\":\"ca\",\"potentialAction\":[{\"@type\":\"ReadAction\",\"target\":[\"https:\/\/www.santjosep.net\/ca\/esdeveniment\/https-cultura-santjosep-org-agenda-concert-de-la-tiraloca-musical-el-llaut-eina-i-restauracio\/\"]}]},{\"@type\":\"ImageObject\",\"inLanguage\":\"ca\",\"@id\":\"https:\/\/www.santjosep.net\/ca\/esdeveniment\/https-cultura-santjosep-org-agenda-concert-de-la-tiraloca-musical-el-llaut-eina-i-restauracio\/#primaryimage\",\"url\":\"https:\/\/www.santjosep.net\/wp-content\/uploads\/2020\/11\/DJI_0031-1.jpg\",\"contentUrl\":\"https:\/\/www.santjosep.net\/wp-content\/uploads\/2020\/11\/DJI_0031-1.jpg\",\"width\":1900,\"height\":1425,\"caption\":\"DCIM100MEDIADJI_0031.JPG\"},{\"@type\":\"BreadcrumbList\",\"@id\":\"https:\/\/www.santjosep.net\/ca\/esdeveniment\/https-cultura-santjosep-org-agenda-concert-de-la-tiraloca-musical-el-llaut-eina-i-restauracio\/#breadcrumb\",\"itemListElement\":[{\"@type\":\"ListItem\",\"position\":1,\"name\":\"Eventos\",\"item\":\"https:\/\/www.santjosep.net\/agenda\/\"},{\"@type\":\"ListItem\",\"position\":2,\"name\":\"https:\/\/cultura.santjosep.org\/agenda\/concert-de-la-tiraloca-musical-el-llaut-eina-i-restauracio\/\"}]},{\"@type\":\"WebSite\",\"@id\":\"https:\/\/www.santjosep.net\/#website\",\"url\":\"https:\/\/www.santjosep.net\/\",\"name\":\"Santjosep.net\",\"description\":\"\",\"potentialAction\":[{\"@type\":\"SearchAction\",\"target\":{\"@type\":\"EntryPoint\",\"urlTemplate\":\"https:\/\/www.santjosep.net\/?s={search_term_string}\"},\"query-input\":{\"@type\":\"PropertyValueSpecification\",\"valueRequired\":true,\"valueName\":\"search_term_string\"}}],\"inLanguage\":\"ca\"}]}<\/script>\n<!-- \/ Yoast SEO plugin. -->","yoast_head_json":{"title":"https:\/\/cultura.santjosep.org\/agenda\/concert-de-la-tiraloca-musical-el-llaut-eina-i-restauracio\/ - Santjosep.net","robots":{"index":"index","follow":"follow","max-snippet":"max-snippet:-1","max-image-preview":"max-image-preview:large","max-video-preview":"max-video-preview:-1"},"canonical":"https:\/\/www.santjosep.net\/ca\/esdeveniment\/https-cultura-santjosep-org-agenda-concert-de-la-tiraloca-musical-el-llaut-eina-i-restauracio\/","og_locale":"ca_ES","og_type":"article","og_title":"https:\/\/cultura.santjosep.org\/agenda\/concert-de-la-tiraloca-musical-el-llaut-eina-i-restauracio\/ - Santjosep.net","og_description":"Concert de La Tiraloca musical \u2013 \u201cEl lla\u00fct, eina i restauraci\u00f3\u201d M\u00fasica al carrer amb xerrada tem\u00e0tica. Diumenge, 29 de Novembre a les 12.30 h Pla\u00e7a d\u2019Es Cubells","og_url":"https:\/\/www.santjosep.net\/ca\/esdeveniment\/https-cultura-santjosep-org-agenda-concert-de-la-tiraloca-musical-el-llaut-eina-i-restauracio\/","og_site_name":"Santjosep.net","article_modified_time":"2020-11-16T11:18:08+00:00","og_image":[{"width":1900,"height":1425,"url":"https:\/\/www.santjosep.net\/wp-content\/uploads\/2020\/11\/DJI_0031-1.jpg","type":"image\/jpeg"}],"twitter_card":"summary_large_image","schema":{"@context":"https:\/\/schema.org","@graph":[{"@type":"WebPage","@id":"https:\/\/www.santjosep.net\/ca\/esdeveniment\/https-cultura-santjosep-org-agenda-concert-de-la-tiraloca-musical-el-llaut-eina-i-restauracio\/","url":"https:\/\/www.santjosep.net\/ca\/esdeveniment\/https-cultura-santjosep-org-agenda-concert-de-la-tiraloca-musical-el-llaut-eina-i-restauracio\/","name":"https:\/\/cultura.santjosep.org\/agenda\/concert-de-la-tiraloca-musical-el-llaut-eina-i-restauracio\/ - Santjosep.net","isPartOf":{"@id":"https:\/\/www.santjosep.net\/#website"},"primaryImageOfPage":{"@id":"https:\/\/www.santjosep.net\/ca\/esdeveniment\/https-cultura-santjosep-org-agenda-concert-de-la-tiraloca-musical-el-llaut-eina-i-restauracio\/#primaryimage"},"image":{"@id":"https:\/\/www.santjosep.net\/ca\/esdeveniment\/https-cultura-santjosep-org-agenda-concert-de-la-tiraloca-musical-el-llaut-eina-i-restauracio\/#primaryimage"},"thumbnailUrl":"https:\/\/www.santjosep.net\/wp-content\/uploads\/2020\/11\/DJI_0031-1.jpg","datePublished":"2020-11-16T11:17:06+00:00","dateModified":"2020-11-16T11:18:08+00:00","breadcrumb":{"@id":"https:\/\/www.santjosep.net\/ca\/esdeveniment\/https-cultura-santjosep-org-agenda-concert-de-la-tiraloca-musical-el-llaut-eina-i-restauracio\/#breadcrumb"},"inLanguage":"ca","potentialAction":[{"@type":"ReadAction","target":["https:\/\/www.santjosep.net\/ca\/esdeveniment\/https-cultura-santjosep-org-agenda-concert-de-la-tiraloca-musical-el-llaut-eina-i-restauracio\/"]}]},{"@type":"ImageObject","inLanguage":"ca","@id":"https:\/\/www.santjosep.net\/ca\/esdeveniment\/https-cultura-santjosep-org-agenda-concert-de-la-tiraloca-musical-el-llaut-eina-i-restauracio\/#primaryimage","url":"https:\/\/www.santjosep.net\/wp-content\/uploads\/2020\/11\/DJI_0031-1.jpg","contentUrl":"https:\/\/www.santjosep.net\/wp-content\/uploads\/2020\/11\/DJI_0031-1.jpg","width":1900,"height":1425,"caption":"DCIM100MEDIADJI_0031.JPG"},{"@type":"BreadcrumbList","@id":"https:\/\/www.santjosep.net\/ca\/esdeveniment\/https-cultura-santjosep-org-agenda-concert-de-la-tiraloca-musical-el-llaut-eina-i-restauracio\/#breadcrumb","itemListElement":[{"@type":"ListItem","position":1,"name":"Eventos","item":"https:\/\/www.santjosep.net\/agenda\/"},{"@type":"ListItem","position":2,"name":"https:\/\/cultura.santjosep.org\/agenda\/concert-de-la-tiraloca-musical-el-llaut-eina-i-restauracio\/"}]},{"@type":"WebSite","@id":"https:\/\/www.santjosep.net\/#website","url":"https:\/\/www.santjosep.net\/","name":"Santjosep.net","description":"","potentialAction":[{"@type":"SearchAction","target":{"@type":"EntryPoint","urlTemplate":"https:\/\/www.santjosep.net\/?s={search_term_string}"},"query-input":{"@type":"PropertyValueSpecification","valueRequired":true,"valueName":"search_term_string"}}],"inLanguage":"ca"}]}},"_links":{"self":[{"href":"https:\/\/www.santjosep.net\/ca\/wp-json\/wp\/v2\/tribe_events\/23624","targetHints":{"allow":["GET"]}}],"collection":[{"href":"https:\/\/www.santjosep.net\/ca\/wp-json\/wp\/v2\/tribe_events"}],"about":[{"href":"https:\/\/www.santjosep.net\/ca\/wp-json\/wp\/v2\/types\/tribe_events"}],"author":[{"embeddable":true,"href":"https:\/\/www.santjosep.net\/ca\/wp-json\/wp\/v2\/users\/1"}],"version-history":[{"count":0,"href":"https:\/\/www.santjosep.net\/ca\/wp-json\/wp\/v2\/tribe_events\/23624\/revisions"}],"wp:featuredmedia":[{"embeddable":true,"href":"https:\/\/www.santjosep.net\/ca\/wp-json\/wp\/v2\/media\/23619"}],"wp:attachment":[{"href":"https:\/\/www.santjosep.net\/ca\/wp-json\/wp\/v2\/media?parent=23624"}],"wp:term":[{"taxonomy":"post_tag","embeddable":true,"href":"https:\/\/www.santjosep.net\/ca\/wp-json\/wp\/v2\/tags?post=23624"},{"taxonomy":"tribe_events_cat","embeddable":true,"href":"https:\/\/www.santjosep.net\/ca\/wp-json\/wp\/v2\/tribe_events_cat?post=23624"}],"curies":[{"name":"wp","href":"https:\/\/api.w.org\/{rel}","templated":true}]}}

<p>Concert de La Tiraloca musical – “El llaüt, eina i restauració”<br />
Música al carrer amb xerrada temàtica.<br />
Diumenge, 29 de Novembre a les 12.30 h<br />
Plaça d’Es Cubells</p>

<p>Concert de La Tiraloca musical – “El llaüt, eina i restauració” Música al carrer amb xerrada temàtica. Diumenge, 29 de Novembre a les 12.30 h Plaça d’Es Cubells</p>

<!-- This site is optimized with the Yoast SEO plugin v25.7 - https://yoast.com/wordpress/plugins/seo/ -->
<title>https://cultura.santjosep.org/agenda/concert-de-la-tiraloca-musical-el-llaut-eina-i-restauracio/ - Santjosep.net</title>
<meta name="robots" content="index, follow, max-snippet:-1, max-image-preview:large, max-video-preview:-1" />
<link rel="canonical" href="https://www.santjosep.net/ca/esdeveniment/https-cultura-santjosep-org-agenda-concert-de-la-tiraloca-musical-el-llaut-eina-i-restauracio/" />
<meta property="og:locale" content="ca_ES" />
<meta property="og:type" content="article" />
<meta property="og:title" content="https://cultura.santjosep.org/agenda/concert-de-la-tiraloca-musical-el-llaut-eina-i-restauracio/ - Santjosep.net" />
<meta property="og:description" content="Concert de La Tiraloca musical – “El llaüt, eina i restauració” Música al carrer amb xerrada temàtica. Diumenge, 29 de Novembre a les 12.30 h Plaça d’Es Cubells" />
<meta property="og:url" content="https://www.santjosep.net/ca/esdeveniment/https-cultura-santjosep-org-agenda-concert-de-la-tiraloca-musical-el-llaut-eina-i-restauracio/" />
<meta property="og:site_name" content="Santjosep.net" />
<meta property="article:modified_time" content="2020-11-16T11:18:08+00:00" />
<meta property="og:image" content="https://www.santjosep.net/wp-content/uploads/2020/11/DJI_0031-1.jpg" />
	<meta property="og:image:width" content="1900" />
	<meta property="og:image:height" content="1425" />
	<meta property="og:image:type" content="image/jpeg" />
<meta name="twitter:card" content="summary_large_image" />
<script type="application/ld+json" class="yoast-schema-graph">{"@context":"https://schema.org","@graph":[{"@type":"WebPage","@id":"https://www.santjosep.net/ca/esdeveniment/https-cultura-santjosep-org-agenda-concert-de-la-tiraloca-musical-el-llaut-eina-i-restauracio/","url":"https://www.santjosep.net/ca/esdeveniment/https-cultura-santjosep-org-agenda-concert-de-la-tiraloca-musical-el-llaut-eina-i-restauracio/","name":"https://cultura.santjosep.org/agenda/concert-de-la-tiraloca-musical-el-llaut-eina-i-restauracio/ - Santjosep.net","isPartOf":{"@id":"https://www.santjosep.net/#website"},"primaryImageOfPage":{"@id":"https://www.santjosep.net/ca/esdeveniment/https-cultura-santjosep-org-agenda-concert-de-la-tiraloca-musical-el-llaut-eina-i-restauracio/#primaryimage"},"image":{"@id":"https://www.santjosep.net/ca/esdeveniment/https-cultura-santjosep-org-agenda-concert-de-la-tiraloca-musical-el-llaut-eina-i-restauracio/#primaryimage"},"thumbnailUrl":"https://www.santjosep.net/wp-content/uploads/2020/11/DJI_0031-1.jpg","datePublished":"2020-11-16T11:17:06+00:00","dateModified":"2020-11-16T11:18:08+00:00","breadcrumb":{"@id":"https://www.santjosep.net/ca/esdeveniment/https-cultura-santjosep-org-agenda-concert-de-la-tiraloca-musical-el-llaut-eina-i-restauracio/#breadcrumb"},"inLanguage":"ca","potentialAction":[{"@type":"ReadAction","target":["https://www.santjosep.net/ca/esdeveniment/https-cultura-santjosep-org-agenda-concert-de-la-tiraloca-musical-el-llaut-eina-i-restauracio/"]}]},{"@type":"ImageObject","inLanguage":"ca","@id":"https://www.santjosep.net/ca/esdeveniment/https-cultura-santjosep-org-agenda-concert-de-la-tiraloca-musical-el-llaut-eina-i-restauracio/#primaryimage","url":"https://www.santjosep.net/wp-content/uploads/2020/11/DJI_0031-1.jpg","contentUrl":"https://www.santjosep.net/wp-content/uploads/2020/11/DJI_0031-1.jpg","width":1900,"height":1425,"caption":"DCIM100MEDIADJI_0031.JPG"},{"@type":"BreadcrumbList","@id":"https://www.santjosep.net/ca/esdeveniment/https-cultura-santjosep-org-agenda-concert-de-la-tiraloca-musical-el-llaut-eina-i-restauracio/#breadcrumb","itemListElement":[{"@type":"ListItem","position":1,"name":"Eventos","item":"https://www.santjosep.net/agenda/"},{"@type":"ListItem","position":2,"name":"https://cultura.santjosep.org/agenda/concert-de-la-tiraloca-musical-el-llaut-eina-i-restauracio/"}]},{"@type":"WebSite","@id":"https://www.santjosep.net/#website","url":"https://www.santjosep.net/","name":"Santjosep.net","description":"","potentialAction":[{"@type":"SearchAction","target":{"@type":"EntryPoint","urlTemplate":"https://www.santjosep.net/?s={search_term_string}"},"query-input":{"@type":"PropertyValueSpecification","valueRequired":true,"valueName":"search_term_string"}}],"inLanguage":"ca"}]}</script>
<!-- / Yoast SEO plugin. -->

Concert de La Tiraloca musical – “El llaüt, eina i restauració” Música al carrer amb xerrada temàtica. Diumenge, 29 de Novembre a les 12.30 h Plaça d’Es Cubells
