{"id":23538,"date":"2020-10-08T12:44:02","date_gmt":"2020-10-08T10:44:02","guid":{"rendered":"https:\/\/www.santjosep.net\/evento\/recital-lirico\/"},"modified":"2020-10-08T12:46:23","modified_gmt":"2020-10-08T10:46:23","slug":"recital-lirico","status":"publish","type":"tribe_events","link":"https:\/\/www.santjosep.net\/ca\/esdeveniment\/recital-lirico\/","title":{"rendered":"Recital L\u00edrico"},"content":{"rendered":"<p>Recital L\u00edric amb Elvira Ram\u00f3n (piano) i Carlos Tur (tenor) en el Centre de Cultura de Ca Jeroni<\/p>\n<p>&nbsp;<\/p>\n<p><em>Sobre la base de la normativa que amb motiu de la COVID-19 regula la realitzaci\u00f3 d\u2019activitats culturals en espais tancats i a l\u2019aire lliure, s\u2019aplicaran les normes oportunes de control d\u2019assist\u00e8ncia i de seguretat i higiene vigents a la data de l\u2019activitat.<\/em><\/p>\n","protected":false},"excerpt":{"rendered":"<p>Recital L\u00edric amb Elvira Ram\u00f3n (piano) i Carlos Tur (tenor) en el Centre de Cultura de Ca Jeroni &nbsp; Sobre la base de la normativa que amb motiu de la COVID-19 regula la realitzaci\u00f3 d\u2019activitats culturals en espais tancats i [&hellip;]<\/p>\n","protected":false},"author":1,"featured_media":23532,"template":"","meta":{"_acf_changed":false,"inline_featured_image":false,"_tribe_events_status":"","_tribe_events_status_reason":"","footnotes":""},"tags":[],"tribe_events_cat":[187],"class_list":["post-23538","tribe_events","type-tribe_events","status-publish","has-post-thumbnail","hentry","tribe_events_cat-cultura","cat_cultura"],"acf":[],"yoast_head":"<!-- This site is optimized with the Yoast SEO plugin v25.7 - https:\/\/yoast.com\/wordpress\/plugins\/seo\/ -->\n<title>Recital L\u00edrico - Santjosep.net<\/title>\n<meta name=\"robots\" content=\"index, follow, max-snippet:-1, max-image-preview:large, max-video-preview:-1\" \/>\n<link rel=\"canonical\" href=\"https:\/\/www.santjosep.net\/ca\/esdeveniment\/recital-lirico\/\" \/>\n<meta property=\"og:locale\" content=\"ca_ES\" \/>\n<meta property=\"og:type\" content=\"article\" \/>\n<meta property=\"og:title\" content=\"Recital L\u00edrico - Santjosep.net\" \/>\n<meta property=\"og:description\" content=\"Recital L\u00edric amb Elvira Ram\u00f3n (piano) i Carlos Tur (tenor) en el Centre de Cultura de Ca Jeroni &nbsp; Sobre la base de la normativa que amb motiu de la COVID-19 regula la realitzaci\u00f3 d\u2019activitats culturals en espais tancats i [&hellip;]\" \/>\n<meta property=\"og:url\" content=\"https:\/\/www.santjosep.net\/ca\/esdeveniment\/recital-lirico\/\" \/>\n<meta property=\"og:site_name\" content=\"Santjosep.net\" \/>\n<meta property=\"article:modified_time\" content=\"2020-10-08T10:46:23+00:00\" \/>\n<meta property=\"og:image\" content=\"https:\/\/www.santjosep.net\/wp-content\/uploads\/2020\/10\/775805.jpg\" \/>\n\t<meta property=\"og:image:width\" content=\"1024\" \/>\n\t<meta property=\"og:image:height\" content=\"652\" \/>\n\t<meta property=\"og:image:type\" content=\"image\/jpeg\" \/>\n<meta name=\"twitter:card\" content=\"summary_large_image\" \/>\n<script type=\"application\/ld+json\" class=\"yoast-schema-graph\">{\"@context\":\"https:\/\/schema.org\",\"@graph\":[{\"@type\":\"WebPage\",\"@id\":\"https:\/\/www.santjosep.net\/ca\/esdeveniment\/recital-lirico\/\",\"url\":\"https:\/\/www.santjosep.net\/ca\/esdeveniment\/recital-lirico\/\",\"name\":\"Recital L\u00edrico - Santjosep.net\",\"isPartOf\":{\"@id\":\"https:\/\/www.santjosep.net\/#website\"},\"primaryImageOfPage\":{\"@id\":\"https:\/\/www.santjosep.net\/ca\/esdeveniment\/recital-lirico\/#primaryimage\"},\"image\":{\"@id\":\"https:\/\/www.santjosep.net\/ca\/esdeveniment\/recital-lirico\/#primaryimage\"},\"thumbnailUrl\":\"https:\/\/www.santjosep.net\/wp-content\/uploads\/2020\/10\/775805.jpg\",\"datePublished\":\"2020-10-08T10:44:02+00:00\",\"dateModified\":\"2020-10-08T10:46:23+00:00\",\"breadcrumb\":{\"@id\":\"https:\/\/www.santjosep.net\/ca\/esdeveniment\/recital-lirico\/#breadcrumb\"},\"inLanguage\":\"ca\",\"potentialAction\":[{\"@type\":\"ReadAction\",\"target\":[\"https:\/\/www.santjosep.net\/ca\/esdeveniment\/recital-lirico\/\"]}]},{\"@type\":\"ImageObject\",\"inLanguage\":\"ca\",\"@id\":\"https:\/\/www.santjosep.net\/ca\/esdeveniment\/recital-lirico\/#primaryimage\",\"url\":\"https:\/\/www.santjosep.net\/wp-content\/uploads\/2020\/10\/775805.jpg\",\"contentUrl\":\"https:\/\/www.santjosep.net\/wp-content\/uploads\/2020\/10\/775805.jpg\",\"width\":1024,\"height\":652},{\"@type\":\"BreadcrumbList\",\"@id\":\"https:\/\/www.santjosep.net\/ca\/esdeveniment\/recital-lirico\/#breadcrumb\",\"itemListElement\":[{\"@type\":\"ListItem\",\"position\":1,\"name\":\"Eventos\",\"item\":\"https:\/\/www.santjosep.net\/agenda\/\"},{\"@type\":\"ListItem\",\"position\":2,\"name\":\"Recital L\u00edrico\"}]},{\"@type\":\"WebSite\",\"@id\":\"https:\/\/www.santjosep.net\/#website\",\"url\":\"https:\/\/www.santjosep.net\/\",\"name\":\"Santjosep.net\",\"description\":\"\",\"potentialAction\":[{\"@type\":\"SearchAction\",\"target\":{\"@type\":\"EntryPoint\",\"urlTemplate\":\"https:\/\/www.santjosep.net\/?s={search_term_string}\"},\"query-input\":{\"@type\":\"PropertyValueSpecification\",\"valueRequired\":true,\"valueName\":\"search_term_string\"}}],\"inLanguage\":\"ca\"}]}<\/script>\n<!-- \/ Yoast SEO plugin. -->","yoast_head_json":{"title":"Recital L\u00edrico - Santjosep.net","robots":{"index":"index","follow":"follow","max-snippet":"max-snippet:-1","max-image-preview":"max-image-preview:large","max-video-preview":"max-video-preview:-1"},"canonical":"https:\/\/www.santjosep.net\/ca\/esdeveniment\/recital-lirico\/","og_locale":"ca_ES","og_type":"article","og_title":"Recital L\u00edrico - Santjosep.net","og_description":"Recital L\u00edric amb Elvira Ram\u00f3n (piano) i Carlos Tur (tenor) en el Centre de Cultura de Ca Jeroni &nbsp; Sobre la base de la normativa que amb motiu de la COVID-19 regula la realitzaci\u00f3 d\u2019activitats culturals en espais tancats i [&hellip;]","og_url":"https:\/\/www.santjosep.net\/ca\/esdeveniment\/recital-lirico\/","og_site_name":"Santjosep.net","article_modified_time":"2020-10-08T10:46:23+00:00","og_image":[{"width":1024,"height":652,"url":"https:\/\/www.santjosep.net\/wp-content\/uploads\/2020\/10\/775805.jpg","type":"image\/jpeg"}],"twitter_card":"summary_large_image","schema":{"@context":"https:\/\/schema.org","@graph":[{"@type":"WebPage","@id":"https:\/\/www.santjosep.net\/ca\/esdeveniment\/recital-lirico\/","url":"https:\/\/www.santjosep.net\/ca\/esdeveniment\/recital-lirico\/","name":"Recital L\u00edrico - Santjosep.net","isPartOf":{"@id":"https:\/\/www.santjosep.net\/#website"},"primaryImageOfPage":{"@id":"https:\/\/www.santjosep.net\/ca\/esdeveniment\/recital-lirico\/#primaryimage"},"image":{"@id":"https:\/\/www.santjosep.net\/ca\/esdeveniment\/recital-lirico\/#primaryimage"},"thumbnailUrl":"https:\/\/www.santjosep.net\/wp-content\/uploads\/2020\/10\/775805.jpg","datePublished":"2020-10-08T10:44:02+00:00","dateModified":"2020-10-08T10:46:23+00:00","breadcrumb":{"@id":"https:\/\/www.santjosep.net\/ca\/esdeveniment\/recital-lirico\/#breadcrumb"},"inLanguage":"ca","potentialAction":[{"@type":"ReadAction","target":["https:\/\/www.santjosep.net\/ca\/esdeveniment\/recital-lirico\/"]}]},{"@type":"ImageObject","inLanguage":"ca","@id":"https:\/\/www.santjosep.net\/ca\/esdeveniment\/recital-lirico\/#primaryimage","url":"https:\/\/www.santjosep.net\/wp-content\/uploads\/2020\/10\/775805.jpg","contentUrl":"https:\/\/www.santjosep.net\/wp-content\/uploads\/2020\/10\/775805.jpg","width":1024,"height":652},{"@type":"BreadcrumbList","@id":"https:\/\/www.santjosep.net\/ca\/esdeveniment\/recital-lirico\/#breadcrumb","itemListElement":[{"@type":"ListItem","position":1,"name":"Eventos","item":"https:\/\/www.santjosep.net\/agenda\/"},{"@type":"ListItem","position":2,"name":"Recital L\u00edrico"}]},{"@type":"WebSite","@id":"https:\/\/www.santjosep.net\/#website","url":"https:\/\/www.santjosep.net\/","name":"Santjosep.net","description":"","potentialAction":[{"@type":"SearchAction","target":{"@type":"EntryPoint","urlTemplate":"https:\/\/www.santjosep.net\/?s={search_term_string}"},"query-input":{"@type":"PropertyValueSpecification","valueRequired":true,"valueName":"search_term_string"}}],"inLanguage":"ca"}]}},"_links":{"self":[{"href":"https:\/\/www.santjosep.net\/ca\/wp-json\/wp\/v2\/tribe_events\/23538","targetHints":{"allow":["GET"]}}],"collection":[{"href":"https:\/\/www.santjosep.net\/ca\/wp-json\/wp\/v2\/tribe_events"}],"about":[{"href":"https:\/\/www.santjosep.net\/ca\/wp-json\/wp\/v2\/types\/tribe_events"}],"author":[{"embeddable":true,"href":"https:\/\/www.santjosep.net\/ca\/wp-json\/wp\/v2\/users\/1"}],"version-history":[{"count":0,"href":"https:\/\/www.santjosep.net\/ca\/wp-json\/wp\/v2\/tribe_events\/23538\/revisions"}],"wp:featuredmedia":[{"embeddable":true,"href":"https:\/\/www.santjosep.net\/ca\/wp-json\/wp\/v2\/media\/23532"}],"wp:attachment":[{"href":"https:\/\/www.santjosep.net\/ca\/wp-json\/wp\/v2\/media?parent=23538"}],"wp:term":[{"taxonomy":"post_tag","embeddable":true,"href":"https:\/\/www.santjosep.net\/ca\/wp-json\/wp\/v2\/tags?post=23538"},{"taxonomy":"tribe_events_cat","embeddable":true,"href":"https:\/\/www.santjosep.net\/ca\/wp-json\/wp\/v2\/tribe_events_cat?post=23538"}],"curies":[{"name":"wp","href":"https:\/\/api.w.org\/{rel}","templated":true}]}}

Recital Lírico

<p>Recital Líric amb Elvira Ramón (piano) i Carlos Tur (tenor) en el Centre de Cultura de Ca Jeroni</p>
<p>&nbsp;</p>
<p><em>Sobre la base de la normativa que amb motiu de la COVID-19 regula la realització d’activitats culturals en espais tancats i a l’aire lliure, s’aplicaran les normes oportunes de control d’assistència i de seguretat i higiene vigents a la data de l’activitat.</em></p>

<p>Recital Líric amb Elvira Ramón (piano) i Carlos Tur (tenor) en el Centre de Cultura de Ca Jeroni &nbsp; Sobre la base de la normativa que amb motiu de la COVID-19 regula la realització d’activitats culturals en espais tancats i [&hellip;]</p>

<!-- This site is optimized with the Yoast SEO plugin v25.7 - https://yoast.com/wordpress/plugins/seo/ -->
<title>Recital Lírico - Santjosep.net</title>
<meta name="robots" content="index, follow, max-snippet:-1, max-image-preview:large, max-video-preview:-1" />
<link rel="canonical" href="https://www.santjosep.net/ca/esdeveniment/recital-lirico/" />
<meta property="og:locale" content="ca_ES" />
<meta property="og:type" content="article" />
<meta property="og:title" content="Recital Lírico - Santjosep.net" />
<meta property="og:description" content="Recital Líric amb Elvira Ramón (piano) i Carlos Tur (tenor) en el Centre de Cultura de Ca Jeroni &nbsp; Sobre la base de la normativa que amb motiu de la COVID-19 regula la realització d’activitats culturals en espais tancats i [&hellip;]" />
<meta property="og:url" content="https://www.santjosep.net/ca/esdeveniment/recital-lirico/" />
<meta property="og:site_name" content="Santjosep.net" />
<meta property="article:modified_time" content="2020-10-08T10:46:23+00:00" />
<meta property="og:image" content="https://www.santjosep.net/wp-content/uploads/2020/10/775805.jpg" />
	<meta property="og:image:width" content="1024" />
	<meta property="og:image:height" content="652" />
	<meta property="og:image:type" content="image/jpeg" />
<meta name="twitter:card" content="summary_large_image" />
<script type="application/ld+json" class="yoast-schema-graph">{"@context":"https://schema.org","@graph":[{"@type":"WebPage","@id":"https://www.santjosep.net/ca/esdeveniment/recital-lirico/","url":"https://www.santjosep.net/ca/esdeveniment/recital-lirico/","name":"Recital Lírico - Santjosep.net","isPartOf":{"@id":"https://www.santjosep.net/#website"},"primaryImageOfPage":{"@id":"https://www.santjosep.net/ca/esdeveniment/recital-lirico/#primaryimage"},"image":{"@id":"https://www.santjosep.net/ca/esdeveniment/recital-lirico/#primaryimage"},"thumbnailUrl":"https://www.santjosep.net/wp-content/uploads/2020/10/775805.jpg","datePublished":"2020-10-08T10:44:02+00:00","dateModified":"2020-10-08T10:46:23+00:00","breadcrumb":{"@id":"https://www.santjosep.net/ca/esdeveniment/recital-lirico/#breadcrumb"},"inLanguage":"ca","potentialAction":[{"@type":"ReadAction","target":["https://www.santjosep.net/ca/esdeveniment/recital-lirico/"]}]},{"@type":"ImageObject","inLanguage":"ca","@id":"https://www.santjosep.net/ca/esdeveniment/recital-lirico/#primaryimage","url":"https://www.santjosep.net/wp-content/uploads/2020/10/775805.jpg","contentUrl":"https://www.santjosep.net/wp-content/uploads/2020/10/775805.jpg","width":1024,"height":652},{"@type":"BreadcrumbList","@id":"https://www.santjosep.net/ca/esdeveniment/recital-lirico/#breadcrumb","itemListElement":[{"@type":"ListItem","position":1,"name":"Eventos","item":"https://www.santjosep.net/agenda/"},{"@type":"ListItem","position":2,"name":"Recital Lírico"}]},{"@type":"WebSite","@id":"https://www.santjosep.net/#website","url":"https://www.santjosep.net/","name":"Santjosep.net","description":"","potentialAction":[{"@type":"SearchAction","target":{"@type":"EntryPoint","urlTemplate":"https://www.santjosep.net/?s={search_term_string}"},"query-input":{"@type":"PropertyValueSpecification","valueRequired":true,"valueName":"search_term_string"}}],"inLanguage":"ca"}]}</script>
<!-- / Yoast SEO plugin. -->

Recital Lírico - Santjosep.net

Recital Líric amb Elvira Ramón (piano) i Carlos Tur (tenor) en el Centre de Cultura de Ca Jeroni &nbsp; Sobre la base de la normativa que amb motiu de la COVID-19 regula la realització d’activitats culturals en espais tancats i [&hellip;]
