{"id":22838,"date":"2020-07-07T08:59:26","date_gmt":"2020-07-07T06:59:26","guid":{"rendered":"https:\/\/www.santjosep.net\/evento\/nit-del-curt-en-sant-agusti-festival-internacional-de-cortometrajes-mecal\/"},"modified":"2020-07-07T09:00:25","modified_gmt":"2020-07-07T07:00:25","slug":"nit-del-curt-a-sant-agusti-festival-internacional-de-curtmetratges-mecal","status":"publish","type":"tribe_events","link":"https:\/\/www.santjosep.net\/ca\/esdeveniment\/nit-del-curt-a-sant-agusti-festival-internacional-de-curtmetratges-mecal\/","title":{"rendered":"Nit del Curt a Sant Agust\u00ed \u2013 Festival Internacional de curtmetratges MECAL"},"content":{"rendered":"<p>A partir del dissabte 11 de juliol i durant els dissabtes del mes d\u2019agost, fins al 22, es podr\u00e0 veure a la pla\u00e7a de Sant Agust\u00ed aquesta mostra de curtmetratges que l\u2019Ajuntament de Sant Josep proposa en col\u00b7laboraci\u00f3 amb el Festival Internacional de Curtmetratges MECAL. Seran 7 sessions.<br \/>\n11 DE JULIOL: Sessi\u00f3 inaugural<br \/>\n18 DE JULIOL: Sessi\u00f3 Comedia<br \/>\n25 DE JULIOL: Sessi\u00f3 Terror<\/p>\n","protected":false},"excerpt":{"rendered":"<p>A partir del dissabte 11 de juliol i durant els dissabtes del mes d\u2019agost, fins al 22, es podr\u00e0 veure a la pla\u00e7a de Sant Agust\u00ed aquesta mostra de curtmetratges que l\u2019Ajuntament de Sant Josep proposa en col\u00b7laboraci\u00f3 amb el [&hellip;]<\/p>\n","protected":false},"author":1,"featured_media":22940,"template":"","meta":{"_acf_changed":false,"inline_featured_image":false,"_tribe_events_status":"","_tribe_events_status_reason":"","footnotes":""},"tags":[],"tribe_events_cat":[187],"class_list":["post-22838","tribe_events","type-tribe_events","status-publish","has-post-thumbnail","hentry","tribe_events_cat-cultura","cat_cultura"],"acf":[],"yoast_head":"<!-- This site is optimized with the Yoast SEO plugin v25.7 - https:\/\/yoast.com\/wordpress\/plugins\/seo\/ -->\n<title>Nit del Curt a Sant Agust\u00ed \u2013 Festival Internacional de curtmetratges MECAL - Santjosep.net<\/title>\n<meta name=\"robots\" content=\"index, follow, max-snippet:-1, max-image-preview:large, max-video-preview:-1\" \/>\n<link rel=\"canonical\" href=\"https:\/\/www.santjosep.net\/evento\/nit-del-curt-a-sant-agusti-festival-internacional-de-curtmetratges-mecal\/2020-07-11\/\" \/>\n<meta property=\"og:locale\" content=\"ca_ES\" \/>\n<meta property=\"og:type\" content=\"article\" \/>\n<meta property=\"og:title\" content=\"Nit del Curt a Sant Agust\u00ed \u2013 Festival Internacional de curtmetratges MECAL - Santjosep.net\" \/>\n<meta property=\"og:description\" content=\"A partir del dissabte 11 de juliol i durant els dissabtes del mes d\u2019agost, fins al 22, es podr\u00e0 veure a la pla\u00e7a de Sant Agust\u00ed aquesta mostra de curtmetratges que l\u2019Ajuntament de Sant Josep proposa en col\u00b7laboraci\u00f3 amb el [&hellip;]\" \/>\n<meta property=\"og:url\" content=\"https:\/\/www.santjosep.net\/evento\/nit-del-curt-a-sant-agusti-festival-internacional-de-curtmetratges-mecal\/2020-07-11\/\" \/>\n<meta property=\"og:site_name\" content=\"Santjosep.net\" \/>\n<meta property=\"article:modified_time\" content=\"2020-07-07T07:00:25+00:00\" \/>\n<meta property=\"og:image\" content=\"https:\/\/www.santjosep.net\/wp-content\/uploads\/2020\/07\/nit-del-curt-2020.jpg\" \/>\n\t<meta property=\"og:image:width\" content=\"1418\" \/>\n\t<meta property=\"og:image:height\" content=\"2440\" \/>\n\t<meta property=\"og:image:type\" content=\"image\/jpeg\" \/>\n<meta name=\"twitter:card\" content=\"summary_large_image\" \/>\n<script type=\"application\/ld+json\" class=\"yoast-schema-graph\">{\"@context\":\"https:\/\/schema.org\",\"@graph\":[{\"@type\":\"WebPage\",\"@id\":\"https:\/\/www.santjosep.net\/evento\/nit-del-curt-a-sant-agusti-festival-internacional-de-curtmetratges-mecal\/2020-07-11\/\",\"url\":\"https:\/\/www.santjosep.net\/evento\/nit-del-curt-a-sant-agusti-festival-internacional-de-curtmetratges-mecal\/2020-07-11\/\",\"name\":\"Nit del Curt a Sant Agust\u00ed \u2013 Festival Internacional de curtmetratges MECAL - Santjosep.net\",\"isPartOf\":{\"@id\":\"https:\/\/www.santjosep.net\/#website\"},\"primaryImageOfPage\":{\"@id\":\"https:\/\/www.santjosep.net\/evento\/nit-del-curt-a-sant-agusti-festival-internacional-de-curtmetratges-mecal\/2020-07-11\/#primaryimage\"},\"image\":{\"@id\":\"https:\/\/www.santjosep.net\/evento\/nit-del-curt-a-sant-agusti-festival-internacional-de-curtmetratges-mecal\/2020-07-11\/#primaryimage\"},\"thumbnailUrl\":\"https:\/\/www.santjosep.net\/wp-content\/uploads\/2020\/07\/nit-del-curt-2020.jpg\",\"datePublished\":\"2020-07-07T06:59:26+00:00\",\"dateModified\":\"2020-07-07T07:00:25+00:00\",\"breadcrumb\":{\"@id\":\"https:\/\/www.santjosep.net\/evento\/nit-del-curt-a-sant-agusti-festival-internacional-de-curtmetratges-mecal\/2020-07-11\/#breadcrumb\"},\"inLanguage\":\"ca\",\"potentialAction\":[{\"@type\":\"ReadAction\",\"target\":[\"https:\/\/www.santjosep.net\/evento\/nit-del-curt-a-sant-agusti-festival-internacional-de-curtmetratges-mecal\/2020-07-11\/\"]}]},{\"@type\":\"ImageObject\",\"inLanguage\":\"ca\",\"@id\":\"https:\/\/www.santjosep.net\/evento\/nit-del-curt-a-sant-agusti-festival-internacional-de-curtmetratges-mecal\/2020-07-11\/#primaryimage\",\"url\":\"https:\/\/www.santjosep.net\/wp-content\/uploads\/2020\/07\/nit-del-curt-2020.jpg\",\"contentUrl\":\"https:\/\/www.santjosep.net\/wp-content\/uploads\/2020\/07\/nit-del-curt-2020.jpg\",\"width\":1418,\"height\":2440},{\"@type\":\"BreadcrumbList\",\"@id\":\"https:\/\/www.santjosep.net\/evento\/nit-del-curt-a-sant-agusti-festival-internacional-de-curtmetratges-mecal\/2020-07-11\/#breadcrumb\",\"itemListElement\":[{\"@type\":\"ListItem\",\"position\":1,\"name\":\"Eventos\",\"item\":\"https:\/\/www.santjosep.net\/agenda\/\"},{\"@type\":\"ListItem\",\"position\":2,\"name\":\"Nit del Curt a Sant Agust\u00ed \u2013 Festival Internacional de curtmetratges MECAL\"}]},{\"@type\":\"WebSite\",\"@id\":\"https:\/\/www.santjosep.net\/#website\",\"url\":\"https:\/\/www.santjosep.net\/\",\"name\":\"Santjosep.net\",\"description\":\"\",\"potentialAction\":[{\"@type\":\"SearchAction\",\"target\":{\"@type\":\"EntryPoint\",\"urlTemplate\":\"https:\/\/www.santjosep.net\/?s={search_term_string}\"},\"query-input\":{\"@type\":\"PropertyValueSpecification\",\"valueRequired\":true,\"valueName\":\"search_term_string\"}}],\"inLanguage\":\"ca\"}]}<\/script>\n<!-- \/ Yoast SEO plugin. -->","yoast_head_json":{"title":"Nit del Curt a Sant Agust\u00ed \u2013 Festival Internacional de curtmetratges MECAL - Santjosep.net","robots":{"index":"index","follow":"follow","max-snippet":"max-snippet:-1","max-image-preview":"max-image-preview:large","max-video-preview":"max-video-preview:-1"},"canonical":"https:\/\/www.santjosep.net\/evento\/nit-del-curt-a-sant-agusti-festival-internacional-de-curtmetratges-mecal\/2020-07-11\/","og_locale":"ca_ES","og_type":"article","og_title":"Nit del Curt a Sant Agust\u00ed \u2013 Festival Internacional de curtmetratges MECAL - Santjosep.net","og_description":"A partir del dissabte 11 de juliol i durant els dissabtes del mes d\u2019agost, fins al 22, es podr\u00e0 veure a la pla\u00e7a de Sant Agust\u00ed aquesta mostra de curtmetratges que l\u2019Ajuntament de Sant Josep proposa en col\u00b7laboraci\u00f3 amb el [&hellip;]","og_url":"https:\/\/www.santjosep.net\/evento\/nit-del-curt-a-sant-agusti-festival-internacional-de-curtmetratges-mecal\/2020-07-11\/","og_site_name":"Santjosep.net","article_modified_time":"2020-07-07T07:00:25+00:00","og_image":[{"width":1418,"height":2440,"url":"https:\/\/www.santjosep.net\/wp-content\/uploads\/2020\/07\/nit-del-curt-2020.jpg","type":"image\/jpeg"}],"twitter_card":"summary_large_image","schema":{"@context":"https:\/\/schema.org","@graph":[{"@type":"WebPage","@id":"https:\/\/www.santjosep.net\/evento\/nit-del-curt-a-sant-agusti-festival-internacional-de-curtmetratges-mecal\/2020-07-11\/","url":"https:\/\/www.santjosep.net\/evento\/nit-del-curt-a-sant-agusti-festival-internacional-de-curtmetratges-mecal\/2020-07-11\/","name":"Nit del Curt a Sant Agust\u00ed \u2013 Festival Internacional de curtmetratges MECAL - Santjosep.net","isPartOf":{"@id":"https:\/\/www.santjosep.net\/#website"},"primaryImageOfPage":{"@id":"https:\/\/www.santjosep.net\/evento\/nit-del-curt-a-sant-agusti-festival-internacional-de-curtmetratges-mecal\/2020-07-11\/#primaryimage"},"image":{"@id":"https:\/\/www.santjosep.net\/evento\/nit-del-curt-a-sant-agusti-festival-internacional-de-curtmetratges-mecal\/2020-07-11\/#primaryimage"},"thumbnailUrl":"https:\/\/www.santjosep.net\/wp-content\/uploads\/2020\/07\/nit-del-curt-2020.jpg","datePublished":"2020-07-07T06:59:26+00:00","dateModified":"2020-07-07T07:00:25+00:00","breadcrumb":{"@id":"https:\/\/www.santjosep.net\/evento\/nit-del-curt-a-sant-agusti-festival-internacional-de-curtmetratges-mecal\/2020-07-11\/#breadcrumb"},"inLanguage":"ca","potentialAction":[{"@type":"ReadAction","target":["https:\/\/www.santjosep.net\/evento\/nit-del-curt-a-sant-agusti-festival-internacional-de-curtmetratges-mecal\/2020-07-11\/"]}]},{"@type":"ImageObject","inLanguage":"ca","@id":"https:\/\/www.santjosep.net\/evento\/nit-del-curt-a-sant-agusti-festival-internacional-de-curtmetratges-mecal\/2020-07-11\/#primaryimage","url":"https:\/\/www.santjosep.net\/wp-content\/uploads\/2020\/07\/nit-del-curt-2020.jpg","contentUrl":"https:\/\/www.santjosep.net\/wp-content\/uploads\/2020\/07\/nit-del-curt-2020.jpg","width":1418,"height":2440},{"@type":"BreadcrumbList","@id":"https:\/\/www.santjosep.net\/evento\/nit-del-curt-a-sant-agusti-festival-internacional-de-curtmetratges-mecal\/2020-07-11\/#breadcrumb","itemListElement":[{"@type":"ListItem","position":1,"name":"Eventos","item":"https:\/\/www.santjosep.net\/agenda\/"},{"@type":"ListItem","position":2,"name":"Nit del Curt a Sant Agust\u00ed \u2013 Festival Internacional de curtmetratges MECAL"}]},{"@type":"WebSite","@id":"https:\/\/www.santjosep.net\/#website","url":"https:\/\/www.santjosep.net\/","name":"Santjosep.net","description":"","potentialAction":[{"@type":"SearchAction","target":{"@type":"EntryPoint","urlTemplate":"https:\/\/www.santjosep.net\/?s={search_term_string}"},"query-input":{"@type":"PropertyValueSpecification","valueRequired":true,"valueName":"search_term_string"}}],"inLanguage":"ca"}]}},"_links":{"self":[{"href":"https:\/\/www.santjosep.net\/ca\/wp-json\/wp\/v2\/tribe_events\/22838","targetHints":{"allow":["GET"]}}],"collection":[{"href":"https:\/\/www.santjosep.net\/ca\/wp-json\/wp\/v2\/tribe_events"}],"about":[{"href":"https:\/\/www.santjosep.net\/ca\/wp-json\/wp\/v2\/types\/tribe_events"}],"author":[{"embeddable":true,"href":"https:\/\/www.santjosep.net\/ca\/wp-json\/wp\/v2\/users\/1"}],"version-history":[{"count":0,"href":"https:\/\/www.santjosep.net\/ca\/wp-json\/wp\/v2\/tribe_events\/22838\/revisions"}],"wp:featuredmedia":[{"embeddable":true,"href":"https:\/\/www.santjosep.net\/ca\/wp-json\/wp\/v2\/media\/22940"}],"wp:attachment":[{"href":"https:\/\/www.santjosep.net\/ca\/wp-json\/wp\/v2\/media?parent=22838"}],"wp:term":[{"taxonomy":"post_tag","embeddable":true,"href":"https:\/\/www.santjosep.net\/ca\/wp-json\/wp\/v2\/tags?post=22838"},{"taxonomy":"tribe_events_cat","embeddable":true,"href":"https:\/\/www.santjosep.net\/ca\/wp-json\/wp\/v2\/tribe_events_cat?post=22838"}],"curies":[{"name":"wp","href":"https:\/\/api.w.org\/{rel}","templated":true}]}}

Nit del Curt a Sant Agustí – Festival Internacional de curtmetratges MECAL

<p>A partir del dissabte 11 de juliol i durant els dissabtes del mes d’agost, fins al 22, es podrà veure a la plaça de Sant Agustí aquesta mostra de curtmetratges que l’Ajuntament de Sant Josep proposa en col·laboració amb el Festival Internacional de Curtmetratges MECAL. Seran 7 sessions.<br />
11 DE JULIOL: Sessió inaugural<br />
18 DE JULIOL: Sessió Comedia<br />
25 DE JULIOL: Sessió Terror</p>

<p>A partir del dissabte 11 de juliol i durant els dissabtes del mes d’agost, fins al 22, es podrà veure a la plaça de Sant Agustí aquesta mostra de curtmetratges que l’Ajuntament de Sant Josep proposa en col·laboració amb el [&hellip;]</p>

<!-- This site is optimized with the Yoast SEO plugin v25.7 - https://yoast.com/wordpress/plugins/seo/ -->
<title>Nit del Curt a Sant Agustí – Festival Internacional de curtmetratges MECAL - Santjosep.net</title>
<meta name="robots" content="index, follow, max-snippet:-1, max-image-preview:large, max-video-preview:-1" />
<link rel="canonical" href="https://www.santjosep.net/evento/nit-del-curt-a-sant-agusti-festival-internacional-de-curtmetratges-mecal/2020-07-11/" />
<meta property="og:locale" content="ca_ES" />
<meta property="og:type" content="article" />
<meta property="og:title" content="Nit del Curt a Sant Agustí – Festival Internacional de curtmetratges MECAL - Santjosep.net" />
<meta property="og:description" content="A partir del dissabte 11 de juliol i durant els dissabtes del mes d’agost, fins al 22, es podrà veure a la plaça de Sant Agustí aquesta mostra de curtmetratges que l’Ajuntament de Sant Josep proposa en col·laboració amb el [&hellip;]" />
<meta property="og:url" content="https://www.santjosep.net/evento/nit-del-curt-a-sant-agusti-festival-internacional-de-curtmetratges-mecal/2020-07-11/" />
<meta property="og:site_name" content="Santjosep.net" />
<meta property="article:modified_time" content="2020-07-07T07:00:25+00:00" />
<meta property="og:image" content="https://www.santjosep.net/wp-content/uploads/2020/07/nit-del-curt-2020.jpg" />
	<meta property="og:image:width" content="1418" />
	<meta property="og:image:height" content="2440" />
	<meta property="og:image:type" content="image/jpeg" />
<meta name="twitter:card" content="summary_large_image" />
<script type="application/ld+json" class="yoast-schema-graph">{"@context":"https://schema.org","@graph":[{"@type":"WebPage","@id":"https://www.santjosep.net/evento/nit-del-curt-a-sant-agusti-festival-internacional-de-curtmetratges-mecal/2020-07-11/","url":"https://www.santjosep.net/evento/nit-del-curt-a-sant-agusti-festival-internacional-de-curtmetratges-mecal/2020-07-11/","name":"Nit del Curt a Sant Agustí – Festival Internacional de curtmetratges MECAL - Santjosep.net","isPartOf":{"@id":"https://www.santjosep.net/#website"},"primaryImageOfPage":{"@id":"https://www.santjosep.net/evento/nit-del-curt-a-sant-agusti-festival-internacional-de-curtmetratges-mecal/2020-07-11/#primaryimage"},"image":{"@id":"https://www.santjosep.net/evento/nit-del-curt-a-sant-agusti-festival-internacional-de-curtmetratges-mecal/2020-07-11/#primaryimage"},"thumbnailUrl":"https://www.santjosep.net/wp-content/uploads/2020/07/nit-del-curt-2020.jpg","datePublished":"2020-07-07T06:59:26+00:00","dateModified":"2020-07-07T07:00:25+00:00","breadcrumb":{"@id":"https://www.santjosep.net/evento/nit-del-curt-a-sant-agusti-festival-internacional-de-curtmetratges-mecal/2020-07-11/#breadcrumb"},"inLanguage":"ca","potentialAction":[{"@type":"ReadAction","target":["https://www.santjosep.net/evento/nit-del-curt-a-sant-agusti-festival-internacional-de-curtmetratges-mecal/2020-07-11/"]}]},{"@type":"ImageObject","inLanguage":"ca","@id":"https://www.santjosep.net/evento/nit-del-curt-a-sant-agusti-festival-internacional-de-curtmetratges-mecal/2020-07-11/#primaryimage","url":"https://www.santjosep.net/wp-content/uploads/2020/07/nit-del-curt-2020.jpg","contentUrl":"https://www.santjosep.net/wp-content/uploads/2020/07/nit-del-curt-2020.jpg","width":1418,"height":2440},{"@type":"BreadcrumbList","@id":"https://www.santjosep.net/evento/nit-del-curt-a-sant-agusti-festival-internacional-de-curtmetratges-mecal/2020-07-11/#breadcrumb","itemListElement":[{"@type":"ListItem","position":1,"name":"Eventos","item":"https://www.santjosep.net/agenda/"},{"@type":"ListItem","position":2,"name":"Nit del Curt a Sant Agustí – Festival Internacional de curtmetratges MECAL"}]},{"@type":"WebSite","@id":"https://www.santjosep.net/#website","url":"https://www.santjosep.net/","name":"Santjosep.net","description":"","potentialAction":[{"@type":"SearchAction","target":{"@type":"EntryPoint","urlTemplate":"https://www.santjosep.net/?s={search_term_string}"},"query-input":{"@type":"PropertyValueSpecification","valueRequired":true,"valueName":"search_term_string"}}],"inLanguage":"ca"}]}</script>
<!-- / Yoast SEO plugin. -->

Nit del Curt a Sant Agustí – Festival Internacional de curtmetratges MECAL - Santjosep.net

A partir del dissabte 11 de juliol i durant els dissabtes del mes d’agost, fins al 22, es podrà veure a la plaça de Sant Agustí aquesta mostra de curtmetratges que l’Ajuntament de Sant Josep proposa en col·laboració amb el [&hellip;]
