{"id":22412,"date":"2020-06-05T08:28:27","date_gmt":"2020-06-05T06:28:27","guid":{"rendered":"https:\/\/www.santjosep.net\/evento\/concierto-en-la-plaza-de-la-iglesia-de-sant-jordi\/"},"modified":"2020-06-05T08:31:16","modified_gmt":"2020-06-05T06:31:16","slug":"concierto-en-la-plaza-de-la-iglesia-de-sant-jordi","status":"publish","type":"tribe_events","link":"https:\/\/www.santjosep.net\/ca\/esdeveniment\/concierto-en-la-plaza-de-la-iglesia-de-sant-jordi\/","title":{"rendered":"Concert A la pla\u00e7a de l\u2019Esgl\u00e8sia de Sant Jordi"},"content":{"rendered":"<p>A c\u00e0rrec de Ziggy Walrus. Agrupaci\u00f3 de l\u2019Orquestra Simf\u00f2nica de les Illes Balears.<\/p>\n<p>Int\u00e8rprets:<br \/>\nPhilip Dawson, veu<br \/>\nGuillem Fullana, guitarra<br \/>\nArmando Lorente, percussi\u00f3<br \/>\nWojciech Sobolevski, contrabaix, baix el\u00e8ctric, mandolina<\/p>\n<p>Programa:<\/p>\n<p>ACROSS THE UNIVERSE<br \/>\nTHE BEATLES \/ D. BOWIE<\/p>\n<p>CAN\u2019T BUY ME LOVE<br \/>\nTHE BEATLES \/ S. STARLIGHT<\/p>\n<p>THE MAN WHO SOLD THE WORLD<br \/>\nDAVID BOWIE<\/p>\n<p>IN MY LIFE<br \/>\nTHE BEATLES \/ IMAGINARY FUTURE<\/p>\n<p>IMAGINE \u2026<br \/>\nJOHN LENNON<\/p>\n<p>WHERE ARE WE NOW?<br \/>\nDAVID BOWIE<\/p>\n<p>ELEANOR RIGBY<br \/>\nTHE BEATLES\/ POMPLAMOOSE<\/p>\n<p>HEROES<br \/>\nDAVID BOWIE \/ P. GABRIEL<\/p>\n<p>JEALOUS GUY<br \/>\nJOHN LENNON \/ D. HATHAWAY<\/p>\n<p>FREE AS A BIRD<br \/>\nTHE BEATLES<\/p>\n<p>Y AM THE WALRUS<br \/>\nTHE BEATLES \/ S.W.<\/p>\n<p>STAR MAN<br \/>\nDAVID BOWIE \/ D. FONSECA<\/p>\n","protected":false},"excerpt":{"rendered":"<p>A c\u00e0rrec de Ziggy Walrus. Agrupaci\u00f3 de l\u2019Orquestra Simf\u00f2nica de les Illes Balears. Int\u00e8rprets: Philip Dawson, veu Guillem Fullana, guitarra Armando Lorente, percussi\u00f3 Wojciech Sobolevski, contrabaix, baix el\u00e8ctric, mandolina Programa: ACROSS THE UNIVERSE THE BEATLES \/ D. BOWIE CAN\u2019T BUY [&hellip;]<\/p>\n","protected":false},"author":1,"featured_media":22407,"template":"","meta":{"_acf_changed":false,"inline_featured_image":false,"_tribe_events_status":"","_tribe_events_status_reason":"","footnotes":""},"tags":[],"tribe_events_cat":[187],"class_list":["post-22412","tribe_events","type-tribe_events","status-publish","has-post-thumbnail","hentry","tribe_events_cat-cultura","cat_cultura"],"acf":[],"yoast_head":"<!-- This site is optimized with the Yoast SEO plugin v25.7 - https:\/\/yoast.com\/wordpress\/plugins\/seo\/ -->\n<title>Concert A la pla\u00e7a de l\u2019Esgl\u00e8sia de Sant Jordi - Santjosep.net<\/title>\n<meta name=\"robots\" content=\"index, follow, max-snippet:-1, max-image-preview:large, max-video-preview:-1\" \/>\n<link rel=\"canonical\" href=\"https:\/\/www.santjosep.net\/ca\/esdeveniment\/concierto-en-la-plaza-de-la-iglesia-de-sant-jordi\/\" \/>\n<meta property=\"og:locale\" content=\"ca_ES\" \/>\n<meta property=\"og:type\" content=\"article\" \/>\n<meta property=\"og:title\" content=\"Concert A la pla\u00e7a de l\u2019Esgl\u00e8sia de Sant Jordi - Santjosep.net\" \/>\n<meta property=\"og:description\" content=\"A c\u00e0rrec de Ziggy Walrus. Agrupaci\u00f3 de l\u2019Orquestra Simf\u00f2nica de les Illes Balears. Int\u00e8rprets: Philip Dawson, veu Guillem Fullana, guitarra Armando Lorente, percussi\u00f3 Wojciech Sobolevski, contrabaix, baix el\u00e8ctric, mandolina Programa: ACROSS THE UNIVERSE THE BEATLES \/ D. BOWIE CAN\u2019T BUY [&hellip;]\" \/>\n<meta property=\"og:url\" content=\"https:\/\/www.santjosep.net\/ca\/esdeveniment\/concierto-en-la-plaza-de-la-iglesia-de-sant-jordi\/\" \/>\n<meta property=\"og:site_name\" content=\"Santjosep.net\" \/>\n<meta property=\"article:modified_time\" content=\"2020-06-05T06:31:16+00:00\" \/>\n<meta property=\"og:image\" content=\"https:\/\/www.santjosep.net\/wp-content\/uploads\/2020\/06\/img.jpeg\" \/>\n\t<meta property=\"og:image:width\" content=\"1200\" \/>\n\t<meta property=\"og:image:height\" content=\"550\" \/>\n\t<meta property=\"og:image:type\" content=\"image\/jpeg\" \/>\n<meta name=\"twitter:card\" content=\"summary_large_image\" \/>\n<meta name=\"twitter:label1\" content=\"Temps estimat de lectura\" \/>\n\t<meta name=\"twitter:data1\" content=\"1 minut\" \/>\n<script type=\"application\/ld+json\" class=\"yoast-schema-graph\">{\"@context\":\"https:\/\/schema.org\",\"@graph\":[{\"@type\":\"WebPage\",\"@id\":\"https:\/\/www.santjosep.net\/ca\/esdeveniment\/concierto-en-la-plaza-de-la-iglesia-de-sant-jordi\/\",\"url\":\"https:\/\/www.santjosep.net\/ca\/esdeveniment\/concierto-en-la-plaza-de-la-iglesia-de-sant-jordi\/\",\"name\":\"Concert A la pla\u00e7a de l\u2019Esgl\u00e8sia de Sant Jordi - Santjosep.net\",\"isPartOf\":{\"@id\":\"https:\/\/www.santjosep.net\/#website\"},\"primaryImageOfPage\":{\"@id\":\"https:\/\/www.santjosep.net\/ca\/esdeveniment\/concierto-en-la-plaza-de-la-iglesia-de-sant-jordi\/#primaryimage\"},\"image\":{\"@id\":\"https:\/\/www.santjosep.net\/ca\/esdeveniment\/concierto-en-la-plaza-de-la-iglesia-de-sant-jordi\/#primaryimage\"},\"thumbnailUrl\":\"https:\/\/www.santjosep.net\/wp-content\/uploads\/2020\/06\/img.jpeg\",\"datePublished\":\"2020-06-05T06:28:27+00:00\",\"dateModified\":\"2020-06-05T06:31:16+00:00\",\"breadcrumb\":{\"@id\":\"https:\/\/www.santjosep.net\/ca\/esdeveniment\/concierto-en-la-plaza-de-la-iglesia-de-sant-jordi\/#breadcrumb\"},\"inLanguage\":\"ca\",\"potentialAction\":[{\"@type\":\"ReadAction\",\"target\":[\"https:\/\/www.santjosep.net\/ca\/esdeveniment\/concierto-en-la-plaza-de-la-iglesia-de-sant-jordi\/\"]}]},{\"@type\":\"ImageObject\",\"inLanguage\":\"ca\",\"@id\":\"https:\/\/www.santjosep.net\/ca\/esdeveniment\/concierto-en-la-plaza-de-la-iglesia-de-sant-jordi\/#primaryimage\",\"url\":\"https:\/\/www.santjosep.net\/wp-content\/uploads\/2020\/06\/img.jpeg\",\"contentUrl\":\"https:\/\/www.santjosep.net\/wp-content\/uploads\/2020\/06\/img.jpeg\",\"width\":1200,\"height\":550},{\"@type\":\"BreadcrumbList\",\"@id\":\"https:\/\/www.santjosep.net\/ca\/esdeveniment\/concierto-en-la-plaza-de-la-iglesia-de-sant-jordi\/#breadcrumb\",\"itemListElement\":[{\"@type\":\"ListItem\",\"position\":1,\"name\":\"Eventos\",\"item\":\"https:\/\/www.santjosep.net\/agenda\/\"},{\"@type\":\"ListItem\",\"position\":2,\"name\":\"Concert A la pla\u00e7a de l\u2019Esgl\u00e8sia de Sant Jordi\"}]},{\"@type\":\"WebSite\",\"@id\":\"https:\/\/www.santjosep.net\/#website\",\"url\":\"https:\/\/www.santjosep.net\/\",\"name\":\"Santjosep.net\",\"description\":\"\",\"potentialAction\":[{\"@type\":\"SearchAction\",\"target\":{\"@type\":\"EntryPoint\",\"urlTemplate\":\"https:\/\/www.santjosep.net\/?s={search_term_string}\"},\"query-input\":{\"@type\":\"PropertyValueSpecification\",\"valueRequired\":true,\"valueName\":\"search_term_string\"}}],\"inLanguage\":\"ca\"}]}<\/script>\n<!-- \/ Yoast SEO plugin. -->","yoast_head_json":{"title":"Concert A la pla\u00e7a de l\u2019Esgl\u00e8sia de Sant Jordi - Santjosep.net","robots":{"index":"index","follow":"follow","max-snippet":"max-snippet:-1","max-image-preview":"max-image-preview:large","max-video-preview":"max-video-preview:-1"},"canonical":"https:\/\/www.santjosep.net\/ca\/esdeveniment\/concierto-en-la-plaza-de-la-iglesia-de-sant-jordi\/","og_locale":"ca_ES","og_type":"article","og_title":"Concert A la pla\u00e7a de l\u2019Esgl\u00e8sia de Sant Jordi - Santjosep.net","og_description":"A c\u00e0rrec de Ziggy Walrus. Agrupaci\u00f3 de l\u2019Orquestra Simf\u00f2nica de les Illes Balears. Int\u00e8rprets: Philip Dawson, veu Guillem Fullana, guitarra Armando Lorente, percussi\u00f3 Wojciech Sobolevski, contrabaix, baix el\u00e8ctric, mandolina Programa: ACROSS THE UNIVERSE THE BEATLES \/ D. BOWIE CAN\u2019T BUY [&hellip;]","og_url":"https:\/\/www.santjosep.net\/ca\/esdeveniment\/concierto-en-la-plaza-de-la-iglesia-de-sant-jordi\/","og_site_name":"Santjosep.net","article_modified_time":"2020-06-05T06:31:16+00:00","og_image":[{"width":1200,"height":550,"url":"https:\/\/www.santjosep.net\/wp-content\/uploads\/2020\/06\/img.jpeg","type":"image\/jpeg"}],"twitter_card":"summary_large_image","twitter_misc":{"Temps estimat de lectura":"1 minut"},"schema":{"@context":"https:\/\/schema.org","@graph":[{"@type":"WebPage","@id":"https:\/\/www.santjosep.net\/ca\/esdeveniment\/concierto-en-la-plaza-de-la-iglesia-de-sant-jordi\/","url":"https:\/\/www.santjosep.net\/ca\/esdeveniment\/concierto-en-la-plaza-de-la-iglesia-de-sant-jordi\/","name":"Concert A la pla\u00e7a de l\u2019Esgl\u00e8sia de Sant Jordi - Santjosep.net","isPartOf":{"@id":"https:\/\/www.santjosep.net\/#website"},"primaryImageOfPage":{"@id":"https:\/\/www.santjosep.net\/ca\/esdeveniment\/concierto-en-la-plaza-de-la-iglesia-de-sant-jordi\/#primaryimage"},"image":{"@id":"https:\/\/www.santjosep.net\/ca\/esdeveniment\/concierto-en-la-plaza-de-la-iglesia-de-sant-jordi\/#primaryimage"},"thumbnailUrl":"https:\/\/www.santjosep.net\/wp-content\/uploads\/2020\/06\/img.jpeg","datePublished":"2020-06-05T06:28:27+00:00","dateModified":"2020-06-05T06:31:16+00:00","breadcrumb":{"@id":"https:\/\/www.santjosep.net\/ca\/esdeveniment\/concierto-en-la-plaza-de-la-iglesia-de-sant-jordi\/#breadcrumb"},"inLanguage":"ca","potentialAction":[{"@type":"ReadAction","target":["https:\/\/www.santjosep.net\/ca\/esdeveniment\/concierto-en-la-plaza-de-la-iglesia-de-sant-jordi\/"]}]},{"@type":"ImageObject","inLanguage":"ca","@id":"https:\/\/www.santjosep.net\/ca\/esdeveniment\/concierto-en-la-plaza-de-la-iglesia-de-sant-jordi\/#primaryimage","url":"https:\/\/www.santjosep.net\/wp-content\/uploads\/2020\/06\/img.jpeg","contentUrl":"https:\/\/www.santjosep.net\/wp-content\/uploads\/2020\/06\/img.jpeg","width":1200,"height":550},{"@type":"BreadcrumbList","@id":"https:\/\/www.santjosep.net\/ca\/esdeveniment\/concierto-en-la-plaza-de-la-iglesia-de-sant-jordi\/#breadcrumb","itemListElement":[{"@type":"ListItem","position":1,"name":"Eventos","item":"https:\/\/www.santjosep.net\/agenda\/"},{"@type":"ListItem","position":2,"name":"Concert A la pla\u00e7a de l\u2019Esgl\u00e8sia de Sant Jordi"}]},{"@type":"WebSite","@id":"https:\/\/www.santjosep.net\/#website","url":"https:\/\/www.santjosep.net\/","name":"Santjosep.net","description":"","potentialAction":[{"@type":"SearchAction","target":{"@type":"EntryPoint","urlTemplate":"https:\/\/www.santjosep.net\/?s={search_term_string}"},"query-input":{"@type":"PropertyValueSpecification","valueRequired":true,"valueName":"search_term_string"}}],"inLanguage":"ca"}]}},"_links":{"self":[{"href":"https:\/\/www.santjosep.net\/ca\/wp-json\/wp\/v2\/tribe_events\/22412","targetHints":{"allow":["GET"]}}],"collection":[{"href":"https:\/\/www.santjosep.net\/ca\/wp-json\/wp\/v2\/tribe_events"}],"about":[{"href":"https:\/\/www.santjosep.net\/ca\/wp-json\/wp\/v2\/types\/tribe_events"}],"author":[{"embeddable":true,"href":"https:\/\/www.santjosep.net\/ca\/wp-json\/wp\/v2\/users\/1"}],"version-history":[{"count":0,"href":"https:\/\/www.santjosep.net\/ca\/wp-json\/wp\/v2\/tribe_events\/22412\/revisions"}],"wp:featuredmedia":[{"embeddable":true,"href":"https:\/\/www.santjosep.net\/ca\/wp-json\/wp\/v2\/media\/22407"}],"wp:attachment":[{"href":"https:\/\/www.santjosep.net\/ca\/wp-json\/wp\/v2\/media?parent=22412"}],"wp:term":[{"taxonomy":"post_tag","embeddable":true,"href":"https:\/\/www.santjosep.net\/ca\/wp-json\/wp\/v2\/tags?post=22412"},{"taxonomy":"tribe_events_cat","embeddable":true,"href":"https:\/\/www.santjosep.net\/ca\/wp-json\/wp\/v2\/tribe_events_cat?post=22412"}],"curies":[{"name":"wp","href":"https:\/\/api.w.org\/{rel}","templated":true}]}}

Concert A la plaça de l’Esglèsia de Sant Jordi

<p>A càrrec de Ziggy Walrus. Agrupació de l’Orquestra Simfònica de les Illes Balears.</p>
<p>Intèrprets:<br />
Philip Dawson, veu<br />
Guillem Fullana, guitarra<br />
Armando Lorente, percussió<br />
Wojciech Sobolevski, contrabaix, baix elèctric, mandolina</p>
<p>Programa:</p>
<p>ACROSS THE UNIVERSE<br />
THE BEATLES / D. BOWIE</p>
<p>CAN’T BUY ME LOVE<br />
THE BEATLES / S. STARLIGHT</p>
<p>THE MAN WHO SOLD THE WORLD<br />
DAVID BOWIE</p>
<p>IN MY LIFE<br />
THE BEATLES / IMAGINARY FUTURE</p>
<p>IMAGINE …<br />
JOHN LENNON</p>
<p>WHERE ARE WE NOW?<br />
DAVID BOWIE</p>
<p>ELEANOR RIGBY<br />
THE BEATLES/ POMPLAMOOSE</p>
<p>HEROES<br />
DAVID BOWIE / P. GABRIEL</p>
<p>JEALOUS GUY<br />
JOHN LENNON / D. HATHAWAY</p>
<p>FREE AS A BIRD<br />
THE BEATLES</p>
<p>Y AM THE WALRUS<br />
THE BEATLES / S.W.</p>
<p>STAR MAN<br />
DAVID BOWIE / D. FONSECA</p>

<p>A càrrec de Ziggy Walrus. Agrupació de l’Orquestra Simfònica de les Illes Balears. Intèrprets: Philip Dawson, veu Guillem Fullana, guitarra Armando Lorente, percussió Wojciech Sobolevski, contrabaix, baix elèctric, mandolina Programa: ACROSS THE UNIVERSE THE BEATLES / D. BOWIE CAN’T BUY [&hellip;]</p>

<!-- This site is optimized with the Yoast SEO plugin v25.7 - https://yoast.com/wordpress/plugins/seo/ -->
<title>Concert A la plaça de l’Esglèsia de Sant Jordi - Santjosep.net</title>
<meta name="robots" content="index, follow, max-snippet:-1, max-image-preview:large, max-video-preview:-1" />
<link rel="canonical" href="https://www.santjosep.net/ca/esdeveniment/concierto-en-la-plaza-de-la-iglesia-de-sant-jordi/" />
<meta property="og:locale" content="ca_ES" />
<meta property="og:type" content="article" />
<meta property="og:title" content="Concert A la plaça de l’Esglèsia de Sant Jordi - Santjosep.net" />
<meta property="og:description" content="A càrrec de Ziggy Walrus. Agrupació de l’Orquestra Simfònica de les Illes Balears. Intèrprets: Philip Dawson, veu Guillem Fullana, guitarra Armando Lorente, percussió Wojciech Sobolevski, contrabaix, baix elèctric, mandolina Programa: ACROSS THE UNIVERSE THE BEATLES / D. BOWIE CAN’T BUY [&hellip;]" />
<meta property="og:url" content="https://www.santjosep.net/ca/esdeveniment/concierto-en-la-plaza-de-la-iglesia-de-sant-jordi/" />
<meta property="og:site_name" content="Santjosep.net" />
<meta property="article:modified_time" content="2020-06-05T06:31:16+00:00" />
<meta property="og:image" content="https://www.santjosep.net/wp-content/uploads/2020/06/img.jpeg" />
	<meta property="og:image:width" content="1200" />
	<meta property="og:image:height" content="550" />
	<meta property="og:image:type" content="image/jpeg" />
<meta name="twitter:card" content="summary_large_image" />
<meta name="twitter:label1" content="Temps estimat de lectura" />
	<meta name="twitter:data1" content="1 minut" />
<script type="application/ld+json" class="yoast-schema-graph">{"@context":"https://schema.org","@graph":[{"@type":"WebPage","@id":"https://www.santjosep.net/ca/esdeveniment/concierto-en-la-plaza-de-la-iglesia-de-sant-jordi/","url":"https://www.santjosep.net/ca/esdeveniment/concierto-en-la-plaza-de-la-iglesia-de-sant-jordi/","name":"Concert A la plaça de l’Esglèsia de Sant Jordi - Santjosep.net","isPartOf":{"@id":"https://www.santjosep.net/#website"},"primaryImageOfPage":{"@id":"https://www.santjosep.net/ca/esdeveniment/concierto-en-la-plaza-de-la-iglesia-de-sant-jordi/#primaryimage"},"image":{"@id":"https://www.santjosep.net/ca/esdeveniment/concierto-en-la-plaza-de-la-iglesia-de-sant-jordi/#primaryimage"},"thumbnailUrl":"https://www.santjosep.net/wp-content/uploads/2020/06/img.jpeg","datePublished":"2020-06-05T06:28:27+00:00","dateModified":"2020-06-05T06:31:16+00:00","breadcrumb":{"@id":"https://www.santjosep.net/ca/esdeveniment/concierto-en-la-plaza-de-la-iglesia-de-sant-jordi/#breadcrumb"},"inLanguage":"ca","potentialAction":[{"@type":"ReadAction","target":["https://www.santjosep.net/ca/esdeveniment/concierto-en-la-plaza-de-la-iglesia-de-sant-jordi/"]}]},{"@type":"ImageObject","inLanguage":"ca","@id":"https://www.santjosep.net/ca/esdeveniment/concierto-en-la-plaza-de-la-iglesia-de-sant-jordi/#primaryimage","url":"https://www.santjosep.net/wp-content/uploads/2020/06/img.jpeg","contentUrl":"https://www.santjosep.net/wp-content/uploads/2020/06/img.jpeg","width":1200,"height":550},{"@type":"BreadcrumbList","@id":"https://www.santjosep.net/ca/esdeveniment/concierto-en-la-plaza-de-la-iglesia-de-sant-jordi/#breadcrumb","itemListElement":[{"@type":"ListItem","position":1,"name":"Eventos","item":"https://www.santjosep.net/agenda/"},{"@type":"ListItem","position":2,"name":"Concert A la plaça de l’Esglèsia de Sant Jordi"}]},{"@type":"WebSite","@id":"https://www.santjosep.net/#website","url":"https://www.santjosep.net/","name":"Santjosep.net","description":"","potentialAction":[{"@type":"SearchAction","target":{"@type":"EntryPoint","urlTemplate":"https://www.santjosep.net/?s={search_term_string}"},"query-input":{"@type":"PropertyValueSpecification","valueRequired":true,"valueName":"search_term_string"}}],"inLanguage":"ca"}]}</script>
<!-- / Yoast SEO plugin. -->

Concert A la plaça de l’Esglèsia de Sant Jordi - Santjosep.net

A càrrec de Ziggy Walrus. Agrupació de l’Orquestra Simfònica de les Illes Balears. Intèrprets: Philip Dawson, veu Guillem Fullana, guitarra Armando Lorente, percussió Wojciech Sobolevski, contrabaix, baix elèctric, mandolina Programa: ACROSS THE UNIVERSE THE BEATLES / D. BOWIE CAN’T BUY [&hellip;]
