{"id":21998,"date":"2018-03-23T10:16:36","date_gmt":"2018-03-23T10:16:36","guid":{"rendered":"https:\/\/www.santjosep.net\/evento\/11183\/"},"modified":"2020-04-02T13:48:30","modified_gmt":"2020-04-02T11:48:30","slug":"11183","status":"publish","type":"tribe_events","link":"https:\/\/www.santjosep.net\/ca\/esdeveniment\/11183\/","title":{"rendered":"Festes de Sant Francesc de S&#8217;Estany"},"content":{"rendered":"<p><span data-sheets-value=\"[null,2,&quot;El pueblo m\\u00e1s peque\\u00f1o de nuestro municipio tambi\\u00e9n celebra su patr\\u00f3n por todo lo alto, es por eso que el 2 de Abril toca visitar su bella iglesia para celebrar su d\\u00eda grande. La ubicaci\\u00f3n inigualable de este pueblo en pleno Parque Natural de Ses Salines, ser\\u00e1 el escenario ideal para no parar de disfrutar con los conciertos y actividades que se preparan especialmente para un d\\u00eda tan se\\u00f1alado como \\u00e9ste.&quot;]\" data-sheets-userformat=\"[null,null,15297,[null,0],null,null,null,null,null,1,1,4,0,null,[null,2,0],&quot;Arial&quot;,11]\">El poble m\u00e9s petit del nostre municipi tamb\u00e9 celebra el seu patr\u00f3 amb magnific\u00e8ncia, \u00e9s per aix\u00f2 que al 2 d&#8217;abril toca visitar la seva bella esgl\u00e9sia per celebrar el seu dia gran. La ubicaci\u00f3 inigualable d&#8217;aquest poble en ple Parc Natural de ses Salines, ser\u00e0 l&#8217;escenari ideal per no parar de gaudir amb els concerts i activitats que es preparen especialment per a un dia tan assenyalat com aquest.<\/span><\/p>\n<p>&nbsp;<\/p>\n<p>&nbsp;<\/p>\n","protected":false},"excerpt":{"rendered":"<p>El poble m\u00e9s petit del nostre municipi tamb\u00e9 celebra el seu patr\u00f3 amb magnific\u00e8ncia, \u00e9s per aix\u00f2 que al 2 d&#8217;abril toca visitar la seva bella esgl\u00e9sia per celebrar el seu dia gran. La ubicaci\u00f3 inigualable d&#8217;aquest poble en ple [&hellip;]<\/p>\n","protected":false},"author":1,"featured_media":22164,"template":"","meta":{"_acf_changed":false,"inline_featured_image":false,"_tribe_events_status":"","_tribe_events_status_reason":"","footnotes":""},"tags":[],"tribe_events_cat":[187,188,203],"class_list":["post-21998","tribe_events","type-tribe_events","status-publish","has-post-thumbnail","hentry","tribe_events_cat-cultura","tribe_events_cat-festes-patronals","tribe_events_cat-oci","cat_cultura","cat_festes-patronals","cat_oci"],"acf":[],"yoast_head":"<!-- This site is optimized with the Yoast SEO plugin v25.7 - https:\/\/yoast.com\/wordpress\/plugins\/seo\/ -->\n<title>Festes de Sant Francesc de S&#039;Estany - Santjosep.net<\/title>\n<meta name=\"robots\" content=\"index, follow, max-snippet:-1, max-image-preview:large, max-video-preview:-1\" \/>\n<link rel=\"canonical\" href=\"https:\/\/www.santjosep.net\/ca\/esdeveniment\/11183\/\" \/>\n<meta property=\"og:locale\" content=\"ca_ES\" \/>\n<meta property=\"og:type\" content=\"article\" \/>\n<meta property=\"og:title\" content=\"Festes de Sant Francesc de S&#039;Estany - Santjosep.net\" \/>\n<meta property=\"og:description\" content=\"El poble m\u00e9s petit del nostre municipi tamb\u00e9 celebra el seu patr\u00f3 amb magnific\u00e8ncia, \u00e9s per aix\u00f2 que al 2 d&#8217;abril toca visitar la seva bella esgl\u00e9sia per celebrar el seu dia gran. La ubicaci\u00f3 inigualable d&#8217;aquest poble en ple [&hellip;]\" \/>\n<meta property=\"og:url\" content=\"https:\/\/www.santjosep.net\/ca\/esdeveniment\/11183\/\" \/>\n<meta property=\"og:site_name\" content=\"Santjosep.net\" \/>\n<meta property=\"article:modified_time\" content=\"2020-04-02T11:48:30+00:00\" \/>\n<meta property=\"og:image\" content=\"https:\/\/www.santjosep.net\/wp-content\/uploads\/2018\/03\/francesc_suspes.jpg\" \/>\n\t<meta property=\"og:image:width\" content=\"1000\" \/>\n\t<meta property=\"og:image:height\" content=\"1000\" \/>\n\t<meta property=\"og:image:type\" content=\"image\/jpeg\" \/>\n<meta name=\"twitter:card\" content=\"summary_large_image\" \/>\n<script type=\"application\/ld+json\" class=\"yoast-schema-graph\">{\"@context\":\"https:\/\/schema.org\",\"@graph\":[{\"@type\":\"WebPage\",\"@id\":\"https:\/\/www.santjosep.net\/ca\/esdeveniment\/11183\/\",\"url\":\"https:\/\/www.santjosep.net\/ca\/esdeveniment\/11183\/\",\"name\":\"Festes de Sant Francesc de S'Estany - Santjosep.net\",\"isPartOf\":{\"@id\":\"https:\/\/www.santjosep.net\/#website\"},\"primaryImageOfPage\":{\"@id\":\"https:\/\/www.santjosep.net\/ca\/esdeveniment\/11183\/#primaryimage\"},\"image\":{\"@id\":\"https:\/\/www.santjosep.net\/ca\/esdeveniment\/11183\/#primaryimage\"},\"thumbnailUrl\":\"https:\/\/www.santjosep.net\/wp-content\/uploads\/2018\/03\/francesc_suspes.jpg\",\"datePublished\":\"2018-03-23T10:16:36+00:00\",\"dateModified\":\"2020-04-02T11:48:30+00:00\",\"breadcrumb\":{\"@id\":\"https:\/\/www.santjosep.net\/ca\/esdeveniment\/11183\/#breadcrumb\"},\"inLanguage\":\"ca\",\"potentialAction\":[{\"@type\":\"ReadAction\",\"target\":[\"https:\/\/www.santjosep.net\/ca\/esdeveniment\/11183\/\"]}]},{\"@type\":\"ImageObject\",\"inLanguage\":\"ca\",\"@id\":\"https:\/\/www.santjosep.net\/ca\/esdeveniment\/11183\/#primaryimage\",\"url\":\"https:\/\/www.santjosep.net\/wp-content\/uploads\/2018\/03\/francesc_suspes.jpg\",\"contentUrl\":\"https:\/\/www.santjosep.net\/wp-content\/uploads\/2018\/03\/francesc_suspes.jpg\",\"width\":1000,\"height\":1000},{\"@type\":\"BreadcrumbList\",\"@id\":\"https:\/\/www.santjosep.net\/ca\/esdeveniment\/11183\/#breadcrumb\",\"itemListElement\":[{\"@type\":\"ListItem\",\"position\":1,\"name\":\"Eventos\",\"item\":\"https:\/\/www.santjosep.net\/agenda\/\"},{\"@type\":\"ListItem\",\"position\":2,\"name\":\"Festes de Sant Francesc de S&#8217;Estany\"}]},{\"@type\":\"WebSite\",\"@id\":\"https:\/\/www.santjosep.net\/#website\",\"url\":\"https:\/\/www.santjosep.net\/\",\"name\":\"Santjosep.net\",\"description\":\"\",\"potentialAction\":[{\"@type\":\"SearchAction\",\"target\":{\"@type\":\"EntryPoint\",\"urlTemplate\":\"https:\/\/www.santjosep.net\/?s={search_term_string}\"},\"query-input\":{\"@type\":\"PropertyValueSpecification\",\"valueRequired\":true,\"valueName\":\"search_term_string\"}}],\"inLanguage\":\"ca\"}]}<\/script>\n<!-- \/ Yoast SEO plugin. -->","yoast_head_json":{"title":"Festes de Sant Francesc de S'Estany - Santjosep.net","robots":{"index":"index","follow":"follow","max-snippet":"max-snippet:-1","max-image-preview":"max-image-preview:large","max-video-preview":"max-video-preview:-1"},"canonical":"https:\/\/www.santjosep.net\/ca\/esdeveniment\/11183\/","og_locale":"ca_ES","og_type":"article","og_title":"Festes de Sant Francesc de S'Estany - Santjosep.net","og_description":"El poble m\u00e9s petit del nostre municipi tamb\u00e9 celebra el seu patr\u00f3 amb magnific\u00e8ncia, \u00e9s per aix\u00f2 que al 2 d&#8217;abril toca visitar la seva bella esgl\u00e9sia per celebrar el seu dia gran. La ubicaci\u00f3 inigualable d&#8217;aquest poble en ple [&hellip;]","og_url":"https:\/\/www.santjosep.net\/ca\/esdeveniment\/11183\/","og_site_name":"Santjosep.net","article_modified_time":"2020-04-02T11:48:30+00:00","og_image":[{"width":1000,"height":1000,"url":"https:\/\/www.santjosep.net\/wp-content\/uploads\/2018\/03\/francesc_suspes.jpg","type":"image\/jpeg"}],"twitter_card":"summary_large_image","schema":{"@context":"https:\/\/schema.org","@graph":[{"@type":"WebPage","@id":"https:\/\/www.santjosep.net\/ca\/esdeveniment\/11183\/","url":"https:\/\/www.santjosep.net\/ca\/esdeveniment\/11183\/","name":"Festes de Sant Francesc de S'Estany - Santjosep.net","isPartOf":{"@id":"https:\/\/www.santjosep.net\/#website"},"primaryImageOfPage":{"@id":"https:\/\/www.santjosep.net\/ca\/esdeveniment\/11183\/#primaryimage"},"image":{"@id":"https:\/\/www.santjosep.net\/ca\/esdeveniment\/11183\/#primaryimage"},"thumbnailUrl":"https:\/\/www.santjosep.net\/wp-content\/uploads\/2018\/03\/francesc_suspes.jpg","datePublished":"2018-03-23T10:16:36+00:00","dateModified":"2020-04-02T11:48:30+00:00","breadcrumb":{"@id":"https:\/\/www.santjosep.net\/ca\/esdeveniment\/11183\/#breadcrumb"},"inLanguage":"ca","potentialAction":[{"@type":"ReadAction","target":["https:\/\/www.santjosep.net\/ca\/esdeveniment\/11183\/"]}]},{"@type":"ImageObject","inLanguage":"ca","@id":"https:\/\/www.santjosep.net\/ca\/esdeveniment\/11183\/#primaryimage","url":"https:\/\/www.santjosep.net\/wp-content\/uploads\/2018\/03\/francesc_suspes.jpg","contentUrl":"https:\/\/www.santjosep.net\/wp-content\/uploads\/2018\/03\/francesc_suspes.jpg","width":1000,"height":1000},{"@type":"BreadcrumbList","@id":"https:\/\/www.santjosep.net\/ca\/esdeveniment\/11183\/#breadcrumb","itemListElement":[{"@type":"ListItem","position":1,"name":"Eventos","item":"https:\/\/www.santjosep.net\/agenda\/"},{"@type":"ListItem","position":2,"name":"Festes de Sant Francesc de S&#8217;Estany"}]},{"@type":"WebSite","@id":"https:\/\/www.santjosep.net\/#website","url":"https:\/\/www.santjosep.net\/","name":"Santjosep.net","description":"","potentialAction":[{"@type":"SearchAction","target":{"@type":"EntryPoint","urlTemplate":"https:\/\/www.santjosep.net\/?s={search_term_string}"},"query-input":{"@type":"PropertyValueSpecification","valueRequired":true,"valueName":"search_term_string"}}],"inLanguage":"ca"}]}},"_links":{"self":[{"href":"https:\/\/www.santjosep.net\/ca\/wp-json\/wp\/v2\/tribe_events\/21998","targetHints":{"allow":["GET"]}}],"collection":[{"href":"https:\/\/www.santjosep.net\/ca\/wp-json\/wp\/v2\/tribe_events"}],"about":[{"href":"https:\/\/www.santjosep.net\/ca\/wp-json\/wp\/v2\/types\/tribe_events"}],"author":[{"embeddable":true,"href":"https:\/\/www.santjosep.net\/ca\/wp-json\/wp\/v2\/users\/1"}],"version-history":[{"count":0,"href":"https:\/\/www.santjosep.net\/ca\/wp-json\/wp\/v2\/tribe_events\/21998\/revisions"}],"wp:featuredmedia":[{"embeddable":true,"href":"https:\/\/www.santjosep.net\/ca\/wp-json\/wp\/v2\/media\/22164"}],"wp:attachment":[{"href":"https:\/\/www.santjosep.net\/ca\/wp-json\/wp\/v2\/media?parent=21998"}],"wp:term":[{"taxonomy":"post_tag","embeddable":true,"href":"https:\/\/www.santjosep.net\/ca\/wp-json\/wp\/v2\/tags?post=21998"},{"taxonomy":"tribe_events_cat","embeddable":true,"href":"https:\/\/www.santjosep.net\/ca\/wp-json\/wp\/v2\/tribe_events_cat?post=21998"}],"curies":[{"name":"wp","href":"https:\/\/api.w.org\/{rel}","templated":true}]}}

<p><span data-sheets-value="[null,2,&quot;El pueblo m\u00e1s peque\u00f1o de nuestro municipio tambi\u00e9n celebra su patr\u00f3n por todo lo alto, es por eso que el 2 de Abril toca visitar su bella iglesia para celebrar su d\u00eda grande. La ubicaci\u00f3n inigualable de este pueblo en pleno Parque Natural de Ses Salines, ser\u00e1 el escenario ideal para no parar de disfrutar con los conciertos y actividades que se preparan especialmente para un d\u00eda tan se\u00f1alado como \u00e9ste.&quot;]" data-sheets-userformat="[null,null,15297,[null,0],null,null,null,null,null,1,1,4,0,null,[null,2,0],&quot;Arial&quot;,11]">El poble més petit del nostre municipi també celebra el seu patró amb magnificència, és per això que al 2 d&#8217;abril toca visitar la seva bella església per celebrar el seu dia gran. La ubicació inigualable d&#8217;aquest poble en ple Parc Natural de ses Salines, serà l&#8217;escenari ideal per no parar de gaudir amb els concerts i activitats que es preparen especialment per a un dia tan assenyalat com aquest.</span></p>
<p>&nbsp;</p>
<p>&nbsp;</p>

<p>El poble més petit del nostre municipi també celebra el seu patró amb magnificència, és per això que al 2 d&#8217;abril toca visitar la seva bella església per celebrar el seu dia gran. La ubicació inigualable d&#8217;aquest poble en ple [&hellip;]</p>

<!-- This site is optimized with the Yoast SEO plugin v25.7 - https://yoast.com/wordpress/plugins/seo/ -->
<title>Festes de Sant Francesc de S&#039;Estany - Santjosep.net</title>
<meta name="robots" content="index, follow, max-snippet:-1, max-image-preview:large, max-video-preview:-1" />
<link rel="canonical" href="https://www.santjosep.net/ca/esdeveniment/11183/" />
<meta property="og:locale" content="ca_ES" />
<meta property="og:type" content="article" />
<meta property="og:title" content="Festes de Sant Francesc de S&#039;Estany - Santjosep.net" />
<meta property="og:description" content="El poble més petit del nostre municipi també celebra el seu patró amb magnificència, és per això que al 2 d&#8217;abril toca visitar la seva bella església per celebrar el seu dia gran. La ubicació inigualable d&#8217;aquest poble en ple [&hellip;]" />
<meta property="og:url" content="https://www.santjosep.net/ca/esdeveniment/11183/" />
<meta property="og:site_name" content="Santjosep.net" />
<meta property="article:modified_time" content="2020-04-02T11:48:30+00:00" />
<meta property="og:image" content="https://www.santjosep.net/wp-content/uploads/2018/03/francesc_suspes.jpg" />
	<meta property="og:image:width" content="1000" />
	<meta property="og:image:height" content="1000" />
	<meta property="og:image:type" content="image/jpeg" />
<meta name="twitter:card" content="summary_large_image" />
<script type="application/ld+json" class="yoast-schema-graph">{"@context":"https://schema.org","@graph":[{"@type":"WebPage","@id":"https://www.santjosep.net/ca/esdeveniment/11183/","url":"https://www.santjosep.net/ca/esdeveniment/11183/","name":"Festes de Sant Francesc de S'Estany - Santjosep.net","isPartOf":{"@id":"https://www.santjosep.net/#website"},"primaryImageOfPage":{"@id":"https://www.santjosep.net/ca/esdeveniment/11183/#primaryimage"},"image":{"@id":"https://www.santjosep.net/ca/esdeveniment/11183/#primaryimage"},"thumbnailUrl":"https://www.santjosep.net/wp-content/uploads/2018/03/francesc_suspes.jpg","datePublished":"2018-03-23T10:16:36+00:00","dateModified":"2020-04-02T11:48:30+00:00","breadcrumb":{"@id":"https://www.santjosep.net/ca/esdeveniment/11183/#breadcrumb"},"inLanguage":"ca","potentialAction":[{"@type":"ReadAction","target":["https://www.santjosep.net/ca/esdeveniment/11183/"]}]},{"@type":"ImageObject","inLanguage":"ca","@id":"https://www.santjosep.net/ca/esdeveniment/11183/#primaryimage","url":"https://www.santjosep.net/wp-content/uploads/2018/03/francesc_suspes.jpg","contentUrl":"https://www.santjosep.net/wp-content/uploads/2018/03/francesc_suspes.jpg","width":1000,"height":1000},{"@type":"BreadcrumbList","@id":"https://www.santjosep.net/ca/esdeveniment/11183/#breadcrumb","itemListElement":[{"@type":"ListItem","position":1,"name":"Eventos","item":"https://www.santjosep.net/agenda/"},{"@type":"ListItem","position":2,"name":"Festes de Sant Francesc de S&#8217;Estany"}]},{"@type":"WebSite","@id":"https://www.santjosep.net/#website","url":"https://www.santjosep.net/","name":"Santjosep.net","description":"","potentialAction":[{"@type":"SearchAction","target":{"@type":"EntryPoint","urlTemplate":"https://www.santjosep.net/?s={search_term_string}"},"query-input":{"@type":"PropertyValueSpecification","valueRequired":true,"valueName":"search_term_string"}}],"inLanguage":"ca"}]}</script>
<!-- / Yoast SEO plugin. -->

El poble més petit del nostre municipi també celebra el seu patró amb magnificència, és per això que al 2 d&#8217;abril toca visitar la seva bella església per celebrar el seu dia gran. La ubicació inigualable d&#8217;aquest poble en ple [&hellip;]
