{"id":16265,"date":"2019-12-20T09:24:16","date_gmt":"2019-12-20T09:24:16","guid":{"rendered":"https:\/\/www.santjosep.net\/evento\/teatro-lorca-que-te-quiero-lorca\/"},"modified":"2019-12-20T09:26:20","modified_gmt":"2019-12-20T09:26:20","slug":"teatre-lorca-que-te-quiero-lorca","status":"publish","type":"tribe_events","link":"https:\/\/www.santjosep.net\/ca\/esdeveniment\/teatre-lorca-que-te-quiero-lorca\/","title":{"rendered":"Teatre: Lorca que te quiero Lorca"},"content":{"rendered":"<p>Teatre a Can Jeroni. <i>Lorca que te quiero Lorca.<\/i>\u00a0Teatrix<\/p>\n<p>Int\u00e8rprets: Josu\u00e9 Guasch i Pedro Victory.<\/p>\n<p>Llibertat d\u2019expressi\u00f3, una cel\u00b7la, un ganivet de plata i la lluna. Un drama atemporal de color de sang i oliva, que parla de la lluita del poble a trav\u00e9s dels ulls del poeta. Unes reixes de fons i tres poals de fusta negra com l\u2019\u00e0nima del poeta s\u00f3n la nostra escenografia s\u00f2bria i austera. La pintura d\u2019una cel\u00b7la. La m\u00fasica, les imatges, els personatges amb m\u00e0scara i la il\u00b7luminaci\u00f3 ens transportaran directament a l\u2019imaginari lorqui\u00e0 i ens estriparan l\u2019\u00e0nima des del minut zero.<\/p>\n<p>Entrada lliure fins a completar la cabuda.<\/p>\n<p>&nbsp;<\/p>\n<p>&nbsp;<\/p>\n","protected":false},"excerpt":{"rendered":"<p>Teatre a Can Jeroni. Lorca que te quiero Lorca.\u00a0Teatrix Int\u00e8rprets: Josu\u00e9 Guasch i Pedro Victory. Llibertat d\u2019expressi\u00f3, una cel\u00b7la, un ganivet de plata i la lluna. Un drama atemporal de color de sang i oliva, que parla de la lluita [&hellip;]<\/p>\n","protected":false},"author":1,"featured_media":16261,"template":"","meta":{"_acf_changed":false,"inline_featured_image":false,"_tribe_events_status":"","_tribe_events_status_reason":"","footnotes":""},"tags":[],"tribe_events_cat":[187,203],"class_list":["post-16265","tribe_events","type-tribe_events","status-publish","has-post-thumbnail","hentry","tribe_events_cat-cultura","tribe_events_cat-oci","cat_cultura","cat_oci"],"acf":[],"yoast_head":"<!-- This site is optimized with the Yoast SEO plugin v25.7 - https:\/\/yoast.com\/wordpress\/plugins\/seo\/ -->\n<title>Teatre: Lorca que te quiero Lorca - Santjosep.net<\/title>\n<meta name=\"robots\" content=\"index, follow, max-snippet:-1, max-image-preview:large, max-video-preview:-1\" \/>\n<link rel=\"canonical\" href=\"https:\/\/www.santjosep.net\/ca\/esdeveniment\/teatre-lorca-que-te-quiero-lorca\/\" \/>\n<meta property=\"og:locale\" content=\"ca_ES\" \/>\n<meta property=\"og:type\" content=\"article\" \/>\n<meta property=\"og:title\" content=\"Teatre: Lorca que te quiero Lorca - Santjosep.net\" \/>\n<meta property=\"og:description\" content=\"Teatre a Can Jeroni. Lorca que te quiero Lorca.\u00a0Teatrix Int\u00e8rprets: Josu\u00e9 Guasch i Pedro Victory. Llibertat d\u2019expressi\u00f3, una cel\u00b7la, un ganivet de plata i la lluna. Un drama atemporal de color de sang i oliva, que parla de la lluita [&hellip;]\" \/>\n<meta property=\"og:url\" content=\"https:\/\/www.santjosep.net\/ca\/esdeveniment\/teatre-lorca-que-te-quiero-lorca\/\" \/>\n<meta property=\"og:site_name\" content=\"Santjosep.net\" \/>\n<meta property=\"article:modified_time\" content=\"2019-12-20T09:26:20+00:00\" \/>\n<meta property=\"og:image\" content=\"https:\/\/www.santjosep.net\/wp-content\/uploads\/2019\/12\/teatro-en-can-jeroni.jpg\" \/>\n\t<meta property=\"og:image:width\" content=\"1200\" \/>\n\t<meta property=\"og:image:height\" content=\"798\" \/>\n\t<meta property=\"og:image:type\" content=\"image\/jpeg\" \/>\n<meta name=\"twitter:card\" content=\"summary_large_image\" \/>\n<meta name=\"twitter:label1\" content=\"Temps estimat de lectura\" \/>\n\t<meta name=\"twitter:data1\" content=\"1 minut\" \/>\n<script type=\"application\/ld+json\" class=\"yoast-schema-graph\">{\"@context\":\"https:\/\/schema.org\",\"@graph\":[{\"@type\":\"WebPage\",\"@id\":\"https:\/\/www.santjosep.net\/ca\/esdeveniment\/teatre-lorca-que-te-quiero-lorca\/\",\"url\":\"https:\/\/www.santjosep.net\/ca\/esdeveniment\/teatre-lorca-que-te-quiero-lorca\/\",\"name\":\"Teatre: Lorca que te quiero Lorca - Santjosep.net\",\"isPartOf\":{\"@id\":\"https:\/\/www.santjosep.net\/#website\"},\"primaryImageOfPage\":{\"@id\":\"https:\/\/www.santjosep.net\/ca\/esdeveniment\/teatre-lorca-que-te-quiero-lorca\/#primaryimage\"},\"image\":{\"@id\":\"https:\/\/www.santjosep.net\/ca\/esdeveniment\/teatre-lorca-que-te-quiero-lorca\/#primaryimage\"},\"thumbnailUrl\":\"https:\/\/www.santjosep.net\/wp-content\/uploads\/2019\/12\/teatro-en-can-jeroni.jpg\",\"datePublished\":\"2019-12-20T09:24:16+00:00\",\"dateModified\":\"2019-12-20T09:26:20+00:00\",\"breadcrumb\":{\"@id\":\"https:\/\/www.santjosep.net\/ca\/esdeveniment\/teatre-lorca-que-te-quiero-lorca\/#breadcrumb\"},\"inLanguage\":\"ca\",\"potentialAction\":[{\"@type\":\"ReadAction\",\"target\":[\"https:\/\/www.santjosep.net\/ca\/esdeveniment\/teatre-lorca-que-te-quiero-lorca\/\"]}]},{\"@type\":\"ImageObject\",\"inLanguage\":\"ca\",\"@id\":\"https:\/\/www.santjosep.net\/ca\/esdeveniment\/teatre-lorca-que-te-quiero-lorca\/#primaryimage\",\"url\":\"https:\/\/www.santjosep.net\/wp-content\/uploads\/2019\/12\/teatro-en-can-jeroni.jpg\",\"contentUrl\":\"https:\/\/www.santjosep.net\/wp-content\/uploads\/2019\/12\/teatro-en-can-jeroni.jpg\",\"width\":1200,\"height\":798},{\"@type\":\"BreadcrumbList\",\"@id\":\"https:\/\/www.santjosep.net\/ca\/esdeveniment\/teatre-lorca-que-te-quiero-lorca\/#breadcrumb\",\"itemListElement\":[{\"@type\":\"ListItem\",\"position\":1,\"name\":\"Eventos\",\"item\":\"https:\/\/www.santjosep.net\/agenda\/\"},{\"@type\":\"ListItem\",\"position\":2,\"name\":\"Teatre: Lorca que te quiero Lorca\"}]},{\"@type\":\"WebSite\",\"@id\":\"https:\/\/www.santjosep.net\/#website\",\"url\":\"https:\/\/www.santjosep.net\/\",\"name\":\"Santjosep.net\",\"description\":\"\",\"potentialAction\":[{\"@type\":\"SearchAction\",\"target\":{\"@type\":\"EntryPoint\",\"urlTemplate\":\"https:\/\/www.santjosep.net\/?s={search_term_string}\"},\"query-input\":{\"@type\":\"PropertyValueSpecification\",\"valueRequired\":true,\"valueName\":\"search_term_string\"}}],\"inLanguage\":\"ca\"}]}<\/script>\n<!-- \/ Yoast SEO plugin. -->","yoast_head_json":{"title":"Teatre: Lorca que te quiero Lorca - Santjosep.net","robots":{"index":"index","follow":"follow","max-snippet":"max-snippet:-1","max-image-preview":"max-image-preview:large","max-video-preview":"max-video-preview:-1"},"canonical":"https:\/\/www.santjosep.net\/ca\/esdeveniment\/teatre-lorca-que-te-quiero-lorca\/","og_locale":"ca_ES","og_type":"article","og_title":"Teatre: Lorca que te quiero Lorca - Santjosep.net","og_description":"Teatre a Can Jeroni. Lorca que te quiero Lorca.\u00a0Teatrix Int\u00e8rprets: Josu\u00e9 Guasch i Pedro Victory. Llibertat d\u2019expressi\u00f3, una cel\u00b7la, un ganivet de plata i la lluna. Un drama atemporal de color de sang i oliva, que parla de la lluita [&hellip;]","og_url":"https:\/\/www.santjosep.net\/ca\/esdeveniment\/teatre-lorca-que-te-quiero-lorca\/","og_site_name":"Santjosep.net","article_modified_time":"2019-12-20T09:26:20+00:00","og_image":[{"width":1200,"height":798,"url":"https:\/\/www.santjosep.net\/wp-content\/uploads\/2019\/12\/teatro-en-can-jeroni.jpg","type":"image\/jpeg"}],"twitter_card":"summary_large_image","twitter_misc":{"Temps estimat de lectura":"1 minut"},"schema":{"@context":"https:\/\/schema.org","@graph":[{"@type":"WebPage","@id":"https:\/\/www.santjosep.net\/ca\/esdeveniment\/teatre-lorca-que-te-quiero-lorca\/","url":"https:\/\/www.santjosep.net\/ca\/esdeveniment\/teatre-lorca-que-te-quiero-lorca\/","name":"Teatre: Lorca que te quiero Lorca - Santjosep.net","isPartOf":{"@id":"https:\/\/www.santjosep.net\/#website"},"primaryImageOfPage":{"@id":"https:\/\/www.santjosep.net\/ca\/esdeveniment\/teatre-lorca-que-te-quiero-lorca\/#primaryimage"},"image":{"@id":"https:\/\/www.santjosep.net\/ca\/esdeveniment\/teatre-lorca-que-te-quiero-lorca\/#primaryimage"},"thumbnailUrl":"https:\/\/www.santjosep.net\/wp-content\/uploads\/2019\/12\/teatro-en-can-jeroni.jpg","datePublished":"2019-12-20T09:24:16+00:00","dateModified":"2019-12-20T09:26:20+00:00","breadcrumb":{"@id":"https:\/\/www.santjosep.net\/ca\/esdeveniment\/teatre-lorca-que-te-quiero-lorca\/#breadcrumb"},"inLanguage":"ca","potentialAction":[{"@type":"ReadAction","target":["https:\/\/www.santjosep.net\/ca\/esdeveniment\/teatre-lorca-que-te-quiero-lorca\/"]}]},{"@type":"ImageObject","inLanguage":"ca","@id":"https:\/\/www.santjosep.net\/ca\/esdeveniment\/teatre-lorca-que-te-quiero-lorca\/#primaryimage","url":"https:\/\/www.santjosep.net\/wp-content\/uploads\/2019\/12\/teatro-en-can-jeroni.jpg","contentUrl":"https:\/\/www.santjosep.net\/wp-content\/uploads\/2019\/12\/teatro-en-can-jeroni.jpg","width":1200,"height":798},{"@type":"BreadcrumbList","@id":"https:\/\/www.santjosep.net\/ca\/esdeveniment\/teatre-lorca-que-te-quiero-lorca\/#breadcrumb","itemListElement":[{"@type":"ListItem","position":1,"name":"Eventos","item":"https:\/\/www.santjosep.net\/agenda\/"},{"@type":"ListItem","position":2,"name":"Teatre: Lorca que te quiero Lorca"}]},{"@type":"WebSite","@id":"https:\/\/www.santjosep.net\/#website","url":"https:\/\/www.santjosep.net\/","name":"Santjosep.net","description":"","potentialAction":[{"@type":"SearchAction","target":{"@type":"EntryPoint","urlTemplate":"https:\/\/www.santjosep.net\/?s={search_term_string}"},"query-input":{"@type":"PropertyValueSpecification","valueRequired":true,"valueName":"search_term_string"}}],"inLanguage":"ca"}]}},"_links":{"self":[{"href":"https:\/\/www.santjosep.net\/ca\/wp-json\/wp\/v2\/tribe_events\/16265","targetHints":{"allow":["GET"]}}],"collection":[{"href":"https:\/\/www.santjosep.net\/ca\/wp-json\/wp\/v2\/tribe_events"}],"about":[{"href":"https:\/\/www.santjosep.net\/ca\/wp-json\/wp\/v2\/types\/tribe_events"}],"author":[{"embeddable":true,"href":"https:\/\/www.santjosep.net\/ca\/wp-json\/wp\/v2\/users\/1"}],"version-history":[{"count":0,"href":"https:\/\/www.santjosep.net\/ca\/wp-json\/wp\/v2\/tribe_events\/16265\/revisions"}],"wp:featuredmedia":[{"embeddable":true,"href":"https:\/\/www.santjosep.net\/ca\/wp-json\/wp\/v2\/media\/16261"}],"wp:attachment":[{"href":"https:\/\/www.santjosep.net\/ca\/wp-json\/wp\/v2\/media?parent=16265"}],"wp:term":[{"taxonomy":"post_tag","embeddable":true,"href":"https:\/\/www.santjosep.net\/ca\/wp-json\/wp\/v2\/tags?post=16265"},{"taxonomy":"tribe_events_cat","embeddable":true,"href":"https:\/\/www.santjosep.net\/ca\/wp-json\/wp\/v2\/tribe_events_cat?post=16265"}],"curies":[{"name":"wp","href":"https:\/\/api.w.org\/{rel}","templated":true}]}}

<p>Teatre a Can Jeroni. <i>Lorca que te quiero Lorca.</i> Teatrix</p>
<p>Intèrprets: Josué Guasch i Pedro Victory.</p>
<p>Llibertat d’expressió, una cel·la, un ganivet de plata i la lluna. Un drama atemporal de color de sang i oliva, que parla de la lluita del poble a través dels ulls del poeta. Unes reixes de fons i tres poals de fusta negra com l’ànima del poeta són la nostra escenografia sòbria i austera. La pintura d’una cel·la. La música, les imatges, els personatges amb màscara i la il·luminació ens transportaran directament a l’imaginari lorquià i ens estriparan l’ànima des del minut zero.</p>
<p>Entrada lliure fins a completar la cabuda.</p>
<p>&nbsp;</p>
<p>&nbsp;</p>

<p>Teatre a Can Jeroni. Lorca que te quiero Lorca. Teatrix Intèrprets: Josué Guasch i Pedro Victory. Llibertat d’expressió, una cel·la, un ganivet de plata i la lluna. Un drama atemporal de color de sang i oliva, que parla de la lluita [&hellip;]</p>

<!-- This site is optimized with the Yoast SEO plugin v25.7 - https://yoast.com/wordpress/plugins/seo/ -->
<title>Teatre: Lorca que te quiero Lorca - Santjosep.net</title>
<meta name="robots" content="index, follow, max-snippet:-1, max-image-preview:large, max-video-preview:-1" />
<link rel="canonical" href="https://www.santjosep.net/ca/esdeveniment/teatre-lorca-que-te-quiero-lorca/" />
<meta property="og:locale" content="ca_ES" />
<meta property="og:type" content="article" />
<meta property="og:title" content="Teatre: Lorca que te quiero Lorca - Santjosep.net" />
<meta property="og:description" content="Teatre a Can Jeroni. Lorca que te quiero Lorca. Teatrix Intèrprets: Josué Guasch i Pedro Victory. Llibertat d’expressió, una cel·la, un ganivet de plata i la lluna. Un drama atemporal de color de sang i oliva, que parla de la lluita [&hellip;]" />
<meta property="og:url" content="https://www.santjosep.net/ca/esdeveniment/teatre-lorca-que-te-quiero-lorca/" />
<meta property="og:site_name" content="Santjosep.net" />
<meta property="article:modified_time" content="2019-12-20T09:26:20+00:00" />
<meta property="og:image" content="https://www.santjosep.net/wp-content/uploads/2019/12/teatro-en-can-jeroni.jpg" />
	<meta property="og:image:width" content="1200" />
	<meta property="og:image:height" content="798" />
	<meta property="og:image:type" content="image/jpeg" />
<meta name="twitter:card" content="summary_large_image" />
<meta name="twitter:label1" content="Temps estimat de lectura" />
	<meta name="twitter:data1" content="1 minut" />
<script type="application/ld+json" class="yoast-schema-graph">{"@context":"https://schema.org","@graph":[{"@type":"WebPage","@id":"https://www.santjosep.net/ca/esdeveniment/teatre-lorca-que-te-quiero-lorca/","url":"https://www.santjosep.net/ca/esdeveniment/teatre-lorca-que-te-quiero-lorca/","name":"Teatre: Lorca que te quiero Lorca - Santjosep.net","isPartOf":{"@id":"https://www.santjosep.net/#website"},"primaryImageOfPage":{"@id":"https://www.santjosep.net/ca/esdeveniment/teatre-lorca-que-te-quiero-lorca/#primaryimage"},"image":{"@id":"https://www.santjosep.net/ca/esdeveniment/teatre-lorca-que-te-quiero-lorca/#primaryimage"},"thumbnailUrl":"https://www.santjosep.net/wp-content/uploads/2019/12/teatro-en-can-jeroni.jpg","datePublished":"2019-12-20T09:24:16+00:00","dateModified":"2019-12-20T09:26:20+00:00","breadcrumb":{"@id":"https://www.santjosep.net/ca/esdeveniment/teatre-lorca-que-te-quiero-lorca/#breadcrumb"},"inLanguage":"ca","potentialAction":[{"@type":"ReadAction","target":["https://www.santjosep.net/ca/esdeveniment/teatre-lorca-que-te-quiero-lorca/"]}]},{"@type":"ImageObject","inLanguage":"ca","@id":"https://www.santjosep.net/ca/esdeveniment/teatre-lorca-que-te-quiero-lorca/#primaryimage","url":"https://www.santjosep.net/wp-content/uploads/2019/12/teatro-en-can-jeroni.jpg","contentUrl":"https://www.santjosep.net/wp-content/uploads/2019/12/teatro-en-can-jeroni.jpg","width":1200,"height":798},{"@type":"BreadcrumbList","@id":"https://www.santjosep.net/ca/esdeveniment/teatre-lorca-que-te-quiero-lorca/#breadcrumb","itemListElement":[{"@type":"ListItem","position":1,"name":"Eventos","item":"https://www.santjosep.net/agenda/"},{"@type":"ListItem","position":2,"name":"Teatre: Lorca que te quiero Lorca"}]},{"@type":"WebSite","@id":"https://www.santjosep.net/#website","url":"https://www.santjosep.net/","name":"Santjosep.net","description":"","potentialAction":[{"@type":"SearchAction","target":{"@type":"EntryPoint","urlTemplate":"https://www.santjosep.net/?s={search_term_string}"},"query-input":{"@type":"PropertyValueSpecification","valueRequired":true,"valueName":"search_term_string"}}],"inLanguage":"ca"}]}</script>
<!-- / Yoast SEO plugin. -->

Teatre a Can Jeroni. Lorca que te quiero Lorca. Teatrix Intèrprets: Josué Guasch i Pedro Victory. Llibertat d’expressió, una cel·la, un ganivet de plata i la lluna. Un drama atemporal de color de sang i oliva, que parla de la lluita [&hellip;]
