{"id":15972,"date":"2019-11-05T11:15:34","date_gmt":"2019-11-05T11:15:34","guid":{"rendered":"https:\/\/www.santjosep.net\/evento\/exposicion-fotografica\/"},"modified":"2019-11-05T11:27:02","modified_gmt":"2019-11-05T11:27:02","slug":"exposicio-de-fotografia","status":"publish","type":"tribe_events","link":"https:\/\/www.santjosep.net\/ca\/esdeveniment\/exposicio-de-fotografia\/","title":{"rendered":"Exposici\u00f3 de fotografia"},"content":{"rendered":"<p>Exposici\u00f3 de fotografia \u2018Formentera, illa endins&#8217; a la sala d&#8217;exposicions de Can Jeroni. Fotografies d\u2019Eva Parey, realitzades entre l\u2019any 2009 i el 2018. Una d\u00e8cada. Les arrels de l\u2019illa en l\u2019\u00faltima d\u00e8cada.<\/p>\n<p>\u2018Formentera, illa endins\u2019 \u00e9s un viatge a l\u2019interior d\u2019un territori \u00e0rid i sec, l\u2019illa de Formentera, la frontera de la qual est\u00e0 dibuixada per fines l\u00ednies d\u2019aigua cristal\u00b7lina i un c\u00e8rcol natural, a vegades sinu\u00f3s altres abrupte. Una introspecci\u00f3 a la doble insularitat que ha resguardat durant segles la tradici\u00f3 pagesa, avui dia en transformaci\u00f3. Morfologia illenca tatuada en el car\u00e0cter formenterer.<\/p>\n<p>Horari:<br \/>\nDe dimarts a diumenge, de 10.30 a 13.30 h<br \/>\nDe dijous a diumenge, de 18.30 a 21.00 h<br \/>\nDilluns tancat.<\/p>\n<p>&nbsp;<\/p>\n","protected":false},"excerpt":{"rendered":"<p>Exposici\u00f3 de fotografia \u2018Formentera, illa endins&#8217; a la sala d&#8217;exposicions de Can Jeroni. Fotografies d\u2019Eva Parey, realitzades entre l\u2019any 2009 i el 2018. Una d\u00e8cada. Les arrels de l\u2019illa en l\u2019\u00faltima d\u00e8cada. \u2018Formentera, illa endins\u2019 \u00e9s un viatge a l\u2019interior [&hellip;]<\/p>\n","protected":false},"author":1,"featured_media":15967,"template":"","meta":{"_acf_changed":false,"inline_featured_image":false,"_tribe_events_status":"","_tribe_events_status_reason":"","footnotes":""},"tags":[],"tribe_events_cat":[187,203],"class_list":["post-15972","tribe_events","type-tribe_events","status-publish","has-post-thumbnail","hentry","tribe_events_cat-cultura","tribe_events_cat-oci","cat_cultura","cat_oci"],"acf":[],"yoast_head":"<!-- This site is optimized with the Yoast SEO plugin v25.7 - https:\/\/yoast.com\/wordpress\/plugins\/seo\/ -->\n<title>Exposici\u00f3 de fotografia - Santjosep.net<\/title>\n<meta name=\"robots\" content=\"index, follow, max-snippet:-1, max-image-preview:large, max-video-preview:-1\" \/>\n<link rel=\"canonical\" href=\"https:\/\/www.santjosep.net\/ca\/esdeveniment\/exposicio-de-fotografia\/\" \/>\n<meta property=\"og:locale\" content=\"ca_ES\" \/>\n<meta property=\"og:type\" content=\"article\" \/>\n<meta property=\"og:title\" content=\"Exposici\u00f3 de fotografia - Santjosep.net\" \/>\n<meta property=\"og:description\" content=\"Exposici\u00f3 de fotografia \u2018Formentera, illa endins&#8217; a la sala d&#8217;exposicions de Can Jeroni. Fotografies d\u2019Eva Parey, realitzades entre l\u2019any 2009 i el 2018. Una d\u00e8cada. Les arrels de l\u2019illa en l\u2019\u00faltima d\u00e8cada. \u2018Formentera, illa endins\u2019 \u00e9s un viatge a l\u2019interior [&hellip;]\" \/>\n<meta property=\"og:url\" content=\"https:\/\/www.santjosep.net\/ca\/esdeveniment\/exposicio-de-fotografia\/\" \/>\n<meta property=\"og:site_name\" content=\"Santjosep.net\" \/>\n<meta property=\"article:modified_time\" content=\"2019-11-05T11:27:02+00:00\" \/>\n<meta property=\"og:image\" content=\"https:\/\/www.santjosep.net\/wp-content\/uploads\/2019\/11\/exposicio_can_jeroni.jpg\" \/>\n\t<meta property=\"og:image:width\" content=\"1200\" \/>\n\t<meta property=\"og:image:height\" content=\"798\" \/>\n\t<meta property=\"og:image:type\" content=\"image\/jpeg\" \/>\n<meta name=\"twitter:card\" content=\"summary_large_image\" \/>\n<meta name=\"twitter:label1\" content=\"Temps estimat de lectura\" \/>\n\t<meta name=\"twitter:data1\" content=\"1 minut\" \/>\n<script type=\"application\/ld+json\" class=\"yoast-schema-graph\">{\"@context\":\"https:\/\/schema.org\",\"@graph\":[{\"@type\":\"WebPage\",\"@id\":\"https:\/\/www.santjosep.net\/ca\/esdeveniment\/exposicio-de-fotografia\/\",\"url\":\"https:\/\/www.santjosep.net\/ca\/esdeveniment\/exposicio-de-fotografia\/\",\"name\":\"Exposici\u00f3 de fotografia - Santjosep.net\",\"isPartOf\":{\"@id\":\"https:\/\/www.santjosep.net\/#website\"},\"primaryImageOfPage\":{\"@id\":\"https:\/\/www.santjosep.net\/ca\/esdeveniment\/exposicio-de-fotografia\/#primaryimage\"},\"image\":{\"@id\":\"https:\/\/www.santjosep.net\/ca\/esdeveniment\/exposicio-de-fotografia\/#primaryimage\"},\"thumbnailUrl\":\"https:\/\/www.santjosep.net\/wp-content\/uploads\/2019\/11\/exposicio_can_jeroni.jpg\",\"datePublished\":\"2019-11-05T11:15:34+00:00\",\"dateModified\":\"2019-11-05T11:27:02+00:00\",\"breadcrumb\":{\"@id\":\"https:\/\/www.santjosep.net\/ca\/esdeveniment\/exposicio-de-fotografia\/#breadcrumb\"},\"inLanguage\":\"ca\",\"potentialAction\":[{\"@type\":\"ReadAction\",\"target\":[\"https:\/\/www.santjosep.net\/ca\/esdeveniment\/exposicio-de-fotografia\/\"]}]},{\"@type\":\"ImageObject\",\"inLanguage\":\"ca\",\"@id\":\"https:\/\/www.santjosep.net\/ca\/esdeveniment\/exposicio-de-fotografia\/#primaryimage\",\"url\":\"https:\/\/www.santjosep.net\/wp-content\/uploads\/2019\/11\/exposicio_can_jeroni.jpg\",\"contentUrl\":\"https:\/\/www.santjosep.net\/wp-content\/uploads\/2019\/11\/exposicio_can_jeroni.jpg\",\"width\":1200,\"height\":798},{\"@type\":\"BreadcrumbList\",\"@id\":\"https:\/\/www.santjosep.net\/ca\/esdeveniment\/exposicio-de-fotografia\/#breadcrumb\",\"itemListElement\":[{\"@type\":\"ListItem\",\"position\":1,\"name\":\"Eventos\",\"item\":\"https:\/\/www.santjosep.net\/agenda\/\"},{\"@type\":\"ListItem\",\"position\":2,\"name\":\"Exposici\u00f3 de fotografia\"}]},{\"@type\":\"WebSite\",\"@id\":\"https:\/\/www.santjosep.net\/#website\",\"url\":\"https:\/\/www.santjosep.net\/\",\"name\":\"Santjosep.net\",\"description\":\"\",\"potentialAction\":[{\"@type\":\"SearchAction\",\"target\":{\"@type\":\"EntryPoint\",\"urlTemplate\":\"https:\/\/www.santjosep.net\/?s={search_term_string}\"},\"query-input\":{\"@type\":\"PropertyValueSpecification\",\"valueRequired\":true,\"valueName\":\"search_term_string\"}}],\"inLanguage\":\"ca\"}]}<\/script>\n<!-- \/ Yoast SEO plugin. -->","yoast_head_json":{"title":"Exposici\u00f3 de fotografia - Santjosep.net","robots":{"index":"index","follow":"follow","max-snippet":"max-snippet:-1","max-image-preview":"max-image-preview:large","max-video-preview":"max-video-preview:-1"},"canonical":"https:\/\/www.santjosep.net\/ca\/esdeveniment\/exposicio-de-fotografia\/","og_locale":"ca_ES","og_type":"article","og_title":"Exposici\u00f3 de fotografia - Santjosep.net","og_description":"Exposici\u00f3 de fotografia \u2018Formentera, illa endins&#8217; a la sala d&#8217;exposicions de Can Jeroni. Fotografies d\u2019Eva Parey, realitzades entre l\u2019any 2009 i el 2018. Una d\u00e8cada. Les arrels de l\u2019illa en l\u2019\u00faltima d\u00e8cada. \u2018Formentera, illa endins\u2019 \u00e9s un viatge a l\u2019interior [&hellip;]","og_url":"https:\/\/www.santjosep.net\/ca\/esdeveniment\/exposicio-de-fotografia\/","og_site_name":"Santjosep.net","article_modified_time":"2019-11-05T11:27:02+00:00","og_image":[{"width":1200,"height":798,"url":"https:\/\/www.santjosep.net\/wp-content\/uploads\/2019\/11\/exposicio_can_jeroni.jpg","type":"image\/jpeg"}],"twitter_card":"summary_large_image","twitter_misc":{"Temps estimat de lectura":"1 minut"},"schema":{"@context":"https:\/\/schema.org","@graph":[{"@type":"WebPage","@id":"https:\/\/www.santjosep.net\/ca\/esdeveniment\/exposicio-de-fotografia\/","url":"https:\/\/www.santjosep.net\/ca\/esdeveniment\/exposicio-de-fotografia\/","name":"Exposici\u00f3 de fotografia - Santjosep.net","isPartOf":{"@id":"https:\/\/www.santjosep.net\/#website"},"primaryImageOfPage":{"@id":"https:\/\/www.santjosep.net\/ca\/esdeveniment\/exposicio-de-fotografia\/#primaryimage"},"image":{"@id":"https:\/\/www.santjosep.net\/ca\/esdeveniment\/exposicio-de-fotografia\/#primaryimage"},"thumbnailUrl":"https:\/\/www.santjosep.net\/wp-content\/uploads\/2019\/11\/exposicio_can_jeroni.jpg","datePublished":"2019-11-05T11:15:34+00:00","dateModified":"2019-11-05T11:27:02+00:00","breadcrumb":{"@id":"https:\/\/www.santjosep.net\/ca\/esdeveniment\/exposicio-de-fotografia\/#breadcrumb"},"inLanguage":"ca","potentialAction":[{"@type":"ReadAction","target":["https:\/\/www.santjosep.net\/ca\/esdeveniment\/exposicio-de-fotografia\/"]}]},{"@type":"ImageObject","inLanguage":"ca","@id":"https:\/\/www.santjosep.net\/ca\/esdeveniment\/exposicio-de-fotografia\/#primaryimage","url":"https:\/\/www.santjosep.net\/wp-content\/uploads\/2019\/11\/exposicio_can_jeroni.jpg","contentUrl":"https:\/\/www.santjosep.net\/wp-content\/uploads\/2019\/11\/exposicio_can_jeroni.jpg","width":1200,"height":798},{"@type":"BreadcrumbList","@id":"https:\/\/www.santjosep.net\/ca\/esdeveniment\/exposicio-de-fotografia\/#breadcrumb","itemListElement":[{"@type":"ListItem","position":1,"name":"Eventos","item":"https:\/\/www.santjosep.net\/agenda\/"},{"@type":"ListItem","position":2,"name":"Exposici\u00f3 de fotografia"}]},{"@type":"WebSite","@id":"https:\/\/www.santjosep.net\/#website","url":"https:\/\/www.santjosep.net\/","name":"Santjosep.net","description":"","potentialAction":[{"@type":"SearchAction","target":{"@type":"EntryPoint","urlTemplate":"https:\/\/www.santjosep.net\/?s={search_term_string}"},"query-input":{"@type":"PropertyValueSpecification","valueRequired":true,"valueName":"search_term_string"}}],"inLanguage":"ca"}]}},"_links":{"self":[{"href":"https:\/\/www.santjosep.net\/ca\/wp-json\/wp\/v2\/tribe_events\/15972","targetHints":{"allow":["GET"]}}],"collection":[{"href":"https:\/\/www.santjosep.net\/ca\/wp-json\/wp\/v2\/tribe_events"}],"about":[{"href":"https:\/\/www.santjosep.net\/ca\/wp-json\/wp\/v2\/types\/tribe_events"}],"author":[{"embeddable":true,"href":"https:\/\/www.santjosep.net\/ca\/wp-json\/wp\/v2\/users\/1"}],"version-history":[{"count":0,"href":"https:\/\/www.santjosep.net\/ca\/wp-json\/wp\/v2\/tribe_events\/15972\/revisions"}],"wp:featuredmedia":[{"embeddable":true,"href":"https:\/\/www.santjosep.net\/ca\/wp-json\/wp\/v2\/media\/15967"}],"wp:attachment":[{"href":"https:\/\/www.santjosep.net\/ca\/wp-json\/wp\/v2\/media?parent=15972"}],"wp:term":[{"taxonomy":"post_tag","embeddable":true,"href":"https:\/\/www.santjosep.net\/ca\/wp-json\/wp\/v2\/tags?post=15972"},{"taxonomy":"tribe_events_cat","embeddable":true,"href":"https:\/\/www.santjosep.net\/ca\/wp-json\/wp\/v2\/tribe_events_cat?post=15972"}],"curies":[{"name":"wp","href":"https:\/\/api.w.org\/{rel}","templated":true}]}}

Exposició de fotografia

<p>Exposició de fotografia ‘Formentera, illa endins&#8217; a la sala d&#8217;exposicions de Can Jeroni. Fotografies d’Eva Parey, realitzades entre l’any 2009 i el 2018. Una dècada. Les arrels de l’illa en l’última dècada.</p>
<p>‘Formentera, illa endins’ és un viatge a l’interior d’un territori àrid i sec, l’illa de Formentera, la frontera de la qual està dibuixada per fines línies d’aigua cristal·lina i un cèrcol natural, a vegades sinuós altres abrupte. Una introspecció a la doble insularitat que ha resguardat durant segles la tradició pagesa, avui dia en transformació. Morfologia illenca tatuada en el caràcter formenterer.</p>
<p>Horari:<br />
De dimarts a diumenge, de 10.30 a 13.30 h<br />
De dijous a diumenge, de 18.30 a 21.00 h<br />
Dilluns tancat.</p>
<p>&nbsp;</p>

<p>Exposició de fotografia ‘Formentera, illa endins&#8217; a la sala d&#8217;exposicions de Can Jeroni. Fotografies d’Eva Parey, realitzades entre l’any 2009 i el 2018. Una dècada. Les arrels de l’illa en l’última dècada. ‘Formentera, illa endins’ és un viatge a l’interior [&hellip;]</p>

<!-- This site is optimized with the Yoast SEO plugin v25.7 - https://yoast.com/wordpress/plugins/seo/ -->
<title>Exposició de fotografia - Santjosep.net</title>
<meta name="robots" content="index, follow, max-snippet:-1, max-image-preview:large, max-video-preview:-1" />
<link rel="canonical" href="https://www.santjosep.net/ca/esdeveniment/exposicio-de-fotografia/" />
<meta property="og:locale" content="ca_ES" />
<meta property="og:type" content="article" />
<meta property="og:title" content="Exposició de fotografia - Santjosep.net" />
<meta property="og:description" content="Exposició de fotografia ‘Formentera, illa endins&#8217; a la sala d&#8217;exposicions de Can Jeroni. Fotografies d’Eva Parey, realitzades entre l’any 2009 i el 2018. Una dècada. Les arrels de l’illa en l’última dècada. ‘Formentera, illa endins’ és un viatge a l’interior [&hellip;]" />
<meta property="og:url" content="https://www.santjosep.net/ca/esdeveniment/exposicio-de-fotografia/" />
<meta property="og:site_name" content="Santjosep.net" />
<meta property="article:modified_time" content="2019-11-05T11:27:02+00:00" />
<meta property="og:image" content="https://www.santjosep.net/wp-content/uploads/2019/11/exposicio_can_jeroni.jpg" />
	<meta property="og:image:width" content="1200" />
	<meta property="og:image:height" content="798" />
	<meta property="og:image:type" content="image/jpeg" />
<meta name="twitter:card" content="summary_large_image" />
<meta name="twitter:label1" content="Temps estimat de lectura" />
	<meta name="twitter:data1" content="1 minut" />
<script type="application/ld+json" class="yoast-schema-graph">{"@context":"https://schema.org","@graph":[{"@type":"WebPage","@id":"https://www.santjosep.net/ca/esdeveniment/exposicio-de-fotografia/","url":"https://www.santjosep.net/ca/esdeveniment/exposicio-de-fotografia/","name":"Exposició de fotografia - Santjosep.net","isPartOf":{"@id":"https://www.santjosep.net/#website"},"primaryImageOfPage":{"@id":"https://www.santjosep.net/ca/esdeveniment/exposicio-de-fotografia/#primaryimage"},"image":{"@id":"https://www.santjosep.net/ca/esdeveniment/exposicio-de-fotografia/#primaryimage"},"thumbnailUrl":"https://www.santjosep.net/wp-content/uploads/2019/11/exposicio_can_jeroni.jpg","datePublished":"2019-11-05T11:15:34+00:00","dateModified":"2019-11-05T11:27:02+00:00","breadcrumb":{"@id":"https://www.santjosep.net/ca/esdeveniment/exposicio-de-fotografia/#breadcrumb"},"inLanguage":"ca","potentialAction":[{"@type":"ReadAction","target":["https://www.santjosep.net/ca/esdeveniment/exposicio-de-fotografia/"]}]},{"@type":"ImageObject","inLanguage":"ca","@id":"https://www.santjosep.net/ca/esdeveniment/exposicio-de-fotografia/#primaryimage","url":"https://www.santjosep.net/wp-content/uploads/2019/11/exposicio_can_jeroni.jpg","contentUrl":"https://www.santjosep.net/wp-content/uploads/2019/11/exposicio_can_jeroni.jpg","width":1200,"height":798},{"@type":"BreadcrumbList","@id":"https://www.santjosep.net/ca/esdeveniment/exposicio-de-fotografia/#breadcrumb","itemListElement":[{"@type":"ListItem","position":1,"name":"Eventos","item":"https://www.santjosep.net/agenda/"},{"@type":"ListItem","position":2,"name":"Exposició de fotografia"}]},{"@type":"WebSite","@id":"https://www.santjosep.net/#website","url":"https://www.santjosep.net/","name":"Santjosep.net","description":"","potentialAction":[{"@type":"SearchAction","target":{"@type":"EntryPoint","urlTemplate":"https://www.santjosep.net/?s={search_term_string}"},"query-input":{"@type":"PropertyValueSpecification","valueRequired":true,"valueName":"search_term_string"}}],"inLanguage":"ca"}]}</script>
<!-- / Yoast SEO plugin. -->

Exposició de fotografia - Santjosep.net

Exposició de fotografia ‘Formentera, illa endins&#8217; a la sala d&#8217;exposicions de Can Jeroni. Fotografies d’Eva Parey, realitzades entre l’any 2009 i el 2018. Una dècada. Les arrels de l’illa en l’última dècada. ‘Formentera, illa endins’ és un viatge a l’interior [&hellip;]
