{"id":15959,"date":"2019-11-04T09:02:31","date_gmt":"2019-11-04T09:02:31","guid":{"rendered":"https:\/\/www.santjosep.net\/evento\/con-los-ojos-en-el-cielo\/"},"modified":"2019-11-04T09:04:45","modified_gmt":"2019-11-04T09:04:45","slug":"con-los-ojos-en-el-cielo","status":"publish","type":"tribe_events","link":"https:\/\/www.santjosep.net\/ca\/esdeveniment\/con-los-ojos-en-el-cielo\/","title":{"rendered":"Amb els ulls al cel"},"content":{"rendered":"<p>Visita en la qual els membres de l&#8217;Agrupaci\u00f3 Astron\u00f2mica d&#8217;Eivissa ens ensenyaran com es la nostra gal\u00e0xia a trav\u00e9s dels seus telescopis.<\/p>\n<p><img loading=\"lazy\" decoding=\"async\" class=\"alignnone size-full wp-image-15946\" src=\"https:\/\/www.santjosep.net\/wp-content\/uploads\/2019\/11\/Astronomia-novembre.jpg\" alt=\"\" width=\"793\" height=\"1122\" srcset=\"https:\/\/www.santjosep.net\/wp-content\/uploads\/2019\/11\/Astronomia-novembre.jpg 793w, https:\/\/www.santjosep.net\/wp-content\/uploads\/2019\/11\/Astronomia-novembre-212x300.jpg 212w, https:\/\/www.santjosep.net\/wp-content\/uploads\/2019\/11\/Astronomia-novembre-768x1087.jpg 768w, https:\/\/www.santjosep.net\/wp-content\/uploads\/2019\/11\/Astronomia-novembre-724x1024.jpg 724w\" sizes=\"auto, (max-width: 793px) 100vw, 793px\" \/><\/p>\n","protected":false},"excerpt":{"rendered":"<p>Visita en la qual els membres de l&#8217;Agrupaci\u00f3 Astron\u00f2mica d&#8217;Eivissa ens ensenyaran com es la nostra gal\u00e0xia a trav\u00e9s dels seus telescopis.<\/p>\n","protected":false},"author":1,"featured_media":15951,"template":"","meta":{"_acf_changed":false,"inline_featured_image":false,"_tribe_events_status":"","_tribe_events_status_reason":"","footnotes":""},"tags":[],"tribe_events_cat":[187,203],"class_list":["post-15959","tribe_events","type-tribe_events","status-publish","has-post-thumbnail","hentry","tribe_events_cat-cultura","tribe_events_cat-oci","cat_cultura","cat_oci"],"acf":[],"yoast_head":"<!-- This site is optimized with the Yoast SEO plugin v25.7 - https:\/\/yoast.com\/wordpress\/plugins\/seo\/ -->\n<title>Amb els ulls al cel - Santjosep.net<\/title>\n<meta name=\"robots\" content=\"index, follow, max-snippet:-1, max-image-preview:large, max-video-preview:-1\" \/>\n<link rel=\"canonical\" href=\"https:\/\/www.santjosep.net\/ca\/esdeveniment\/con-los-ojos-en-el-cielo\/\" \/>\n<meta property=\"og:locale\" content=\"ca_ES\" \/>\n<meta property=\"og:type\" content=\"article\" \/>\n<meta property=\"og:title\" content=\"Amb els ulls al cel - Santjosep.net\" \/>\n<meta property=\"og:description\" content=\"Visita en la qual els membres de l&#8217;Agrupaci\u00f3 Astron\u00f2mica d&#8217;Eivissa ens ensenyaran com es la nostra gal\u00e0xia a trav\u00e9s dels seus telescopis.\" \/>\n<meta property=\"og:url\" content=\"https:\/\/www.santjosep.net\/ca\/esdeveniment\/con-los-ojos-en-el-cielo\/\" \/>\n<meta property=\"og:site_name\" content=\"Santjosep.net\" \/>\n<meta property=\"article:modified_time\" content=\"2019-11-04T09:04:45+00:00\" \/>\n<meta property=\"og:image\" content=\"https:\/\/www.santjosep.net\/wp-content\/uploads\/2019\/11\/se-encuentra-a-mil-anos.jpeg\" \/>\n\t<meta property=\"og:image:width\" content=\"958\" \/>\n\t<meta property=\"og:image:height\" content=\"596\" \/>\n\t<meta property=\"og:image:type\" content=\"image\/jpeg\" \/>\n<meta name=\"twitter:card\" content=\"summary_large_image\" \/>\n<script type=\"application\/ld+json\" class=\"yoast-schema-graph\">{\"@context\":\"https:\/\/schema.org\",\"@graph\":[{\"@type\":\"WebPage\",\"@id\":\"https:\/\/www.santjosep.net\/ca\/esdeveniment\/con-los-ojos-en-el-cielo\/\",\"url\":\"https:\/\/www.santjosep.net\/ca\/esdeveniment\/con-los-ojos-en-el-cielo\/\",\"name\":\"Amb els ulls al cel - Santjosep.net\",\"isPartOf\":{\"@id\":\"https:\/\/www.santjosep.net\/#website\"},\"primaryImageOfPage\":{\"@id\":\"https:\/\/www.santjosep.net\/ca\/esdeveniment\/con-los-ojos-en-el-cielo\/#primaryimage\"},\"image\":{\"@id\":\"https:\/\/www.santjosep.net\/ca\/esdeveniment\/con-los-ojos-en-el-cielo\/#primaryimage\"},\"thumbnailUrl\":\"https:\/\/www.santjosep.net\/wp-content\/uploads\/2019\/11\/se-encuentra-a-mil-anos.jpeg\",\"datePublished\":\"2019-11-04T09:02:31+00:00\",\"dateModified\":\"2019-11-04T09:04:45+00:00\",\"breadcrumb\":{\"@id\":\"https:\/\/www.santjosep.net\/ca\/esdeveniment\/con-los-ojos-en-el-cielo\/#breadcrumb\"},\"inLanguage\":\"ca\",\"potentialAction\":[{\"@type\":\"ReadAction\",\"target\":[\"https:\/\/www.santjosep.net\/ca\/esdeveniment\/con-los-ojos-en-el-cielo\/\"]}]},{\"@type\":\"ImageObject\",\"inLanguage\":\"ca\",\"@id\":\"https:\/\/www.santjosep.net\/ca\/esdeveniment\/con-los-ojos-en-el-cielo\/#primaryimage\",\"url\":\"https:\/\/www.santjosep.net\/wp-content\/uploads\/2019\/11\/se-encuentra-a-mil-anos.jpeg\",\"contentUrl\":\"https:\/\/www.santjosep.net\/wp-content\/uploads\/2019\/11\/se-encuentra-a-mil-anos.jpeg\",\"width\":958,\"height\":596},{\"@type\":\"BreadcrumbList\",\"@id\":\"https:\/\/www.santjosep.net\/ca\/esdeveniment\/con-los-ojos-en-el-cielo\/#breadcrumb\",\"itemListElement\":[{\"@type\":\"ListItem\",\"position\":1,\"name\":\"Eventos\",\"item\":\"https:\/\/www.santjosep.net\/agenda\/\"},{\"@type\":\"ListItem\",\"position\":2,\"name\":\"Amb els ulls al cel\"}]},{\"@type\":\"WebSite\",\"@id\":\"https:\/\/www.santjosep.net\/#website\",\"url\":\"https:\/\/www.santjosep.net\/\",\"name\":\"Santjosep.net\",\"description\":\"\",\"potentialAction\":[{\"@type\":\"SearchAction\",\"target\":{\"@type\":\"EntryPoint\",\"urlTemplate\":\"https:\/\/www.santjosep.net\/?s={search_term_string}\"},\"query-input\":{\"@type\":\"PropertyValueSpecification\",\"valueRequired\":true,\"valueName\":\"search_term_string\"}}],\"inLanguage\":\"ca\"}]}<\/script>\n<!-- \/ Yoast SEO plugin. -->","yoast_head_json":{"title":"Amb els ulls al cel - Santjosep.net","robots":{"index":"index","follow":"follow","max-snippet":"max-snippet:-1","max-image-preview":"max-image-preview:large","max-video-preview":"max-video-preview:-1"},"canonical":"https:\/\/www.santjosep.net\/ca\/esdeveniment\/con-los-ojos-en-el-cielo\/","og_locale":"ca_ES","og_type":"article","og_title":"Amb els ulls al cel - Santjosep.net","og_description":"Visita en la qual els membres de l&#8217;Agrupaci\u00f3 Astron\u00f2mica d&#8217;Eivissa ens ensenyaran com es la nostra gal\u00e0xia a trav\u00e9s dels seus telescopis.","og_url":"https:\/\/www.santjosep.net\/ca\/esdeveniment\/con-los-ojos-en-el-cielo\/","og_site_name":"Santjosep.net","article_modified_time":"2019-11-04T09:04:45+00:00","og_image":[{"width":958,"height":596,"url":"https:\/\/www.santjosep.net\/wp-content\/uploads\/2019\/11\/se-encuentra-a-mil-anos.jpeg","type":"image\/jpeg"}],"twitter_card":"summary_large_image","schema":{"@context":"https:\/\/schema.org","@graph":[{"@type":"WebPage","@id":"https:\/\/www.santjosep.net\/ca\/esdeveniment\/con-los-ojos-en-el-cielo\/","url":"https:\/\/www.santjosep.net\/ca\/esdeveniment\/con-los-ojos-en-el-cielo\/","name":"Amb els ulls al cel - Santjosep.net","isPartOf":{"@id":"https:\/\/www.santjosep.net\/#website"},"primaryImageOfPage":{"@id":"https:\/\/www.santjosep.net\/ca\/esdeveniment\/con-los-ojos-en-el-cielo\/#primaryimage"},"image":{"@id":"https:\/\/www.santjosep.net\/ca\/esdeveniment\/con-los-ojos-en-el-cielo\/#primaryimage"},"thumbnailUrl":"https:\/\/www.santjosep.net\/wp-content\/uploads\/2019\/11\/se-encuentra-a-mil-anos.jpeg","datePublished":"2019-11-04T09:02:31+00:00","dateModified":"2019-11-04T09:04:45+00:00","breadcrumb":{"@id":"https:\/\/www.santjosep.net\/ca\/esdeveniment\/con-los-ojos-en-el-cielo\/#breadcrumb"},"inLanguage":"ca","potentialAction":[{"@type":"ReadAction","target":["https:\/\/www.santjosep.net\/ca\/esdeveniment\/con-los-ojos-en-el-cielo\/"]}]},{"@type":"ImageObject","inLanguage":"ca","@id":"https:\/\/www.santjosep.net\/ca\/esdeveniment\/con-los-ojos-en-el-cielo\/#primaryimage","url":"https:\/\/www.santjosep.net\/wp-content\/uploads\/2019\/11\/se-encuentra-a-mil-anos.jpeg","contentUrl":"https:\/\/www.santjosep.net\/wp-content\/uploads\/2019\/11\/se-encuentra-a-mil-anos.jpeg","width":958,"height":596},{"@type":"BreadcrumbList","@id":"https:\/\/www.santjosep.net\/ca\/esdeveniment\/con-los-ojos-en-el-cielo\/#breadcrumb","itemListElement":[{"@type":"ListItem","position":1,"name":"Eventos","item":"https:\/\/www.santjosep.net\/agenda\/"},{"@type":"ListItem","position":2,"name":"Amb els ulls al cel"}]},{"@type":"WebSite","@id":"https:\/\/www.santjosep.net\/#website","url":"https:\/\/www.santjosep.net\/","name":"Santjosep.net","description":"","potentialAction":[{"@type":"SearchAction","target":{"@type":"EntryPoint","urlTemplate":"https:\/\/www.santjosep.net\/?s={search_term_string}"},"query-input":{"@type":"PropertyValueSpecification","valueRequired":true,"valueName":"search_term_string"}}],"inLanguage":"ca"}]}},"_links":{"self":[{"href":"https:\/\/www.santjosep.net\/ca\/wp-json\/wp\/v2\/tribe_events\/15959","targetHints":{"allow":["GET"]}}],"collection":[{"href":"https:\/\/www.santjosep.net\/ca\/wp-json\/wp\/v2\/tribe_events"}],"about":[{"href":"https:\/\/www.santjosep.net\/ca\/wp-json\/wp\/v2\/types\/tribe_events"}],"author":[{"embeddable":true,"href":"https:\/\/www.santjosep.net\/ca\/wp-json\/wp\/v2\/users\/1"}],"version-history":[{"count":0,"href":"https:\/\/www.santjosep.net\/ca\/wp-json\/wp\/v2\/tribe_events\/15959\/revisions"}],"wp:featuredmedia":[{"embeddable":true,"href":"https:\/\/www.santjosep.net\/ca\/wp-json\/wp\/v2\/media\/15951"}],"wp:attachment":[{"href":"https:\/\/www.santjosep.net\/ca\/wp-json\/wp\/v2\/media?parent=15959"}],"wp:term":[{"taxonomy":"post_tag","embeddable":true,"href":"https:\/\/www.santjosep.net\/ca\/wp-json\/wp\/v2\/tags?post=15959"},{"taxonomy":"tribe_events_cat","embeddable":true,"href":"https:\/\/www.santjosep.net\/ca\/wp-json\/wp\/v2\/tribe_events_cat?post=15959"}],"curies":[{"name":"wp","href":"https:\/\/api.w.org\/{rel}","templated":true}]}}

<p>Visita en la qual els membres de l&#8217;Agrupació Astronòmica d&#8217;Eivissa ens ensenyaran com es la nostra galàxia a través dels seus telescopis.</p>
<p><img loading="lazy" decoding="async" class="alignnone size-full wp-image-15946" src="https://www.santjosep.net/wp-content/uploads/2019/11/Astronomia-novembre.jpg" alt="" width="793" height="1122" srcset="https://www.santjosep.net/wp-content/uploads/2019/11/Astronomia-novembre.jpg 793w, https://www.santjosep.net/wp-content/uploads/2019/11/Astronomia-novembre-212x300.jpg 212w, https://www.santjosep.net/wp-content/uploads/2019/11/Astronomia-novembre-768x1087.jpg 768w, https://www.santjosep.net/wp-content/uploads/2019/11/Astronomia-novembre-724x1024.jpg 724w" sizes="auto, (max-width: 793px) 100vw, 793px" /></p>

<p>Visita en la qual els membres de l&#8217;Agrupació Astronòmica d&#8217;Eivissa ens ensenyaran com es la nostra galàxia a través dels seus telescopis.</p>

<!-- This site is optimized with the Yoast SEO plugin v25.7 - https://yoast.com/wordpress/plugins/seo/ -->
<title>Amb els ulls al cel - Santjosep.net</title>
<meta name="robots" content="index, follow, max-snippet:-1, max-image-preview:large, max-video-preview:-1" />
<link rel="canonical" href="https://www.santjosep.net/ca/esdeveniment/con-los-ojos-en-el-cielo/" />
<meta property="og:locale" content="ca_ES" />
<meta property="og:type" content="article" />
<meta property="og:title" content="Amb els ulls al cel - Santjosep.net" />
<meta property="og:description" content="Visita en la qual els membres de l&#8217;Agrupació Astronòmica d&#8217;Eivissa ens ensenyaran com es la nostra galàxia a través dels seus telescopis." />
<meta property="og:url" content="https://www.santjosep.net/ca/esdeveniment/con-los-ojos-en-el-cielo/" />
<meta property="og:site_name" content="Santjosep.net" />
<meta property="article:modified_time" content="2019-11-04T09:04:45+00:00" />
<meta property="og:image" content="https://www.santjosep.net/wp-content/uploads/2019/11/se-encuentra-a-mil-anos.jpeg" />
	<meta property="og:image:width" content="958" />
	<meta property="og:image:height" content="596" />
	<meta property="og:image:type" content="image/jpeg" />
<meta name="twitter:card" content="summary_large_image" />
<script type="application/ld+json" class="yoast-schema-graph">{"@context":"https://schema.org","@graph":[{"@type":"WebPage","@id":"https://www.santjosep.net/ca/esdeveniment/con-los-ojos-en-el-cielo/","url":"https://www.santjosep.net/ca/esdeveniment/con-los-ojos-en-el-cielo/","name":"Amb els ulls al cel - Santjosep.net","isPartOf":{"@id":"https://www.santjosep.net/#website"},"primaryImageOfPage":{"@id":"https://www.santjosep.net/ca/esdeveniment/con-los-ojos-en-el-cielo/#primaryimage"},"image":{"@id":"https://www.santjosep.net/ca/esdeveniment/con-los-ojos-en-el-cielo/#primaryimage"},"thumbnailUrl":"https://www.santjosep.net/wp-content/uploads/2019/11/se-encuentra-a-mil-anos.jpeg","datePublished":"2019-11-04T09:02:31+00:00","dateModified":"2019-11-04T09:04:45+00:00","breadcrumb":{"@id":"https://www.santjosep.net/ca/esdeveniment/con-los-ojos-en-el-cielo/#breadcrumb"},"inLanguage":"ca","potentialAction":[{"@type":"ReadAction","target":["https://www.santjosep.net/ca/esdeveniment/con-los-ojos-en-el-cielo/"]}]},{"@type":"ImageObject","inLanguage":"ca","@id":"https://www.santjosep.net/ca/esdeveniment/con-los-ojos-en-el-cielo/#primaryimage","url":"https://www.santjosep.net/wp-content/uploads/2019/11/se-encuentra-a-mil-anos.jpeg","contentUrl":"https://www.santjosep.net/wp-content/uploads/2019/11/se-encuentra-a-mil-anos.jpeg","width":958,"height":596},{"@type":"BreadcrumbList","@id":"https://www.santjosep.net/ca/esdeveniment/con-los-ojos-en-el-cielo/#breadcrumb","itemListElement":[{"@type":"ListItem","position":1,"name":"Eventos","item":"https://www.santjosep.net/agenda/"},{"@type":"ListItem","position":2,"name":"Amb els ulls al cel"}]},{"@type":"WebSite","@id":"https://www.santjosep.net/#website","url":"https://www.santjosep.net/","name":"Santjosep.net","description":"","potentialAction":[{"@type":"SearchAction","target":{"@type":"EntryPoint","urlTemplate":"https://www.santjosep.net/?s={search_term_string}"},"query-input":{"@type":"PropertyValueSpecification","valueRequired":true,"valueName":"search_term_string"}}],"inLanguage":"ca"}]}</script>
<!-- / Yoast SEO plugin. -->

Visita en la qual els membres de l&#8217;Agrupació Astronòmica d&#8217;Eivissa ens ensenyaran com es la nostra galàxia a través dels seus telescopis.
