{"id":14524,"date":"2019-04-23T09:30:57","date_gmt":"2019-04-23T09:30:57","guid":{"rendered":"https:\/\/www.santjosep.net\/evento\/jornada-empresarial-retos-de-la-actividad-economica-en-sant-josep-de-sa-talaia\/"},"modified":"2019-04-23T09:33:23","modified_gmt":"2019-04-23T09:33:23","slug":"jornada-empresarial-reptes-de-lactivitat-economica-a-sant-josep-de-la-talaia","status":"publish","type":"tribe_events","link":"https:\/\/www.santjosep.net\/ca\/esdeveniment\/jornada-empresarial-reptes-de-lactivitat-economica-a-sant-josep-de-la-talaia\/","title":{"rendered":"Jornada empresarial &#8220;Reptes de l&#8217;activitat econ\u00f2mica a Sant Josep de la Talaia"},"content":{"rendered":"<p>Des de l&#8217;Ag\u00e8ncia de Desenvolupament Local de Sant Josep de sa Talaia, et convidem\u00a0 a la\u00a0<b>Jornada empresarial \u201cReptes de l\u2019activitat econ\u00f2mica a Sant Josep de la Talaia\u201d<\/b>\u00a0que \u00e9s celebrar\u00e0 el dimarts\u00a0<b>7 de maig de 2019<\/b>\u00a0de 10.00\u00a0 a 13.30 h, a\u00a0\u00a0<b>Can Jeroni<\/b>.<\/p>\n<p>L\u2019objectiu d\u2019aquesta Jornada, \u00e9s crear un espai de reflexi\u00f3 i debat en relaci\u00f3 a les pol\u00edtiques i estrat\u00e8gies vinculades al foment del comer\u00e7 i l\u2019activitat econ\u00f2mica i tur\u00edstica a Sant Josep i els seus diferents nuclis, i tot all\u00f2 que li \u00e9s propi com \u00e9s el m\u00f3n de l\u2019associacionisme, les sinergies econ\u00f2miques&#8230;<\/p>\n<p><strong>Programa<\/strong><\/p>\n<p><strong>Primera part<\/strong>: Relats sobre activitat comercial<\/p>\n<p><strong>Segona part<\/strong>: L\u2019\u00e0rea de pensament \u201cActivitat econ\u00f2mica, comercial i tur\u00edstica a Sant Josep de la Talaia: reptes de futur<\/p>\n","protected":false},"excerpt":{"rendered":"<p>Des de l&#8217;Ag\u00e8ncia de Desenvolupament Local de Sant Josep de sa Talaia, et convidem\u00a0 a la\u00a0Jornada empresarial \u201cReptes de l\u2019activitat econ\u00f2mica a Sant Josep de la Talaia\u201d\u00a0que \u00e9s celebrar\u00e0 el dimarts\u00a07 de maig de 2019\u00a0de 10.00\u00a0 a 13.30 h, a\u00a0\u00a0Can [&hellip;]<\/p>\n","protected":false},"author":1,"featured_media":14514,"template":"","meta":{"_acf_changed":false,"inline_featured_image":false,"_tribe_events_status":"","_tribe_events_status_reason":"","footnotes":""},"tags":[],"tribe_events_cat":[],"class_list":["post-14524","tribe_events","type-tribe_events","status-publish","has-post-thumbnail","hentry"],"acf":[],"yoast_head":"<!-- This site is optimized with the Yoast SEO plugin v25.7 - https:\/\/yoast.com\/wordpress\/plugins\/seo\/ -->\n<title>Jornada empresarial &quot;Reptes de l&#039;activitat econ\u00f2mica a Sant Josep de la Talaia - Santjosep.net<\/title>\n<meta name=\"robots\" content=\"index, follow, max-snippet:-1, max-image-preview:large, max-video-preview:-1\" \/>\n<link rel=\"canonical\" href=\"https:\/\/www.santjosep.net\/ca\/esdeveniment\/jornada-empresarial-reptes-de-lactivitat-economica-a-sant-josep-de-la-talaia\/\" \/>\n<meta property=\"og:locale\" content=\"ca_ES\" \/>\n<meta property=\"og:type\" content=\"article\" \/>\n<meta property=\"og:title\" content=\"Jornada empresarial &quot;Reptes de l&#039;activitat econ\u00f2mica a Sant Josep de la Talaia - Santjosep.net\" \/>\n<meta property=\"og:description\" content=\"Des de l&#8217;Ag\u00e8ncia de Desenvolupament Local de Sant Josep de sa Talaia, et convidem\u00a0 a la\u00a0Jornada empresarial \u201cReptes de l\u2019activitat econ\u00f2mica a Sant Josep de la Talaia\u201d\u00a0que \u00e9s celebrar\u00e0 el dimarts\u00a07 de maig de 2019\u00a0de 10.00\u00a0 a 13.30 h, a\u00a0\u00a0Can [&hellip;]\" \/>\n<meta property=\"og:url\" content=\"https:\/\/www.santjosep.net\/ca\/esdeveniment\/jornada-empresarial-reptes-de-lactivitat-economica-a-sant-josep-de-la-talaia\/\" \/>\n<meta property=\"og:site_name\" content=\"Santjosep.net\" \/>\n<meta property=\"article:modified_time\" content=\"2019-04-23T09:33:23+00:00\" \/>\n<meta property=\"og:image\" content=\"https:\/\/www.santjosep.net\/wp-content\/uploads\/2019\/04\/jornada_empresarial_sant_josep.jpg\" \/>\n\t<meta property=\"og:image:width\" content=\"1200\" \/>\n\t<meta property=\"og:image:height\" content=\"798\" \/>\n\t<meta property=\"og:image:type\" content=\"image\/jpeg\" \/>\n<meta name=\"twitter:card\" content=\"summary_large_image\" \/>\n<meta name=\"twitter:label1\" content=\"Temps estimat de lectura\" \/>\n\t<meta name=\"twitter:data1\" content=\"1 minut\" \/>\n<script type=\"application\/ld+json\" class=\"yoast-schema-graph\">{\"@context\":\"https:\/\/schema.org\",\"@graph\":[{\"@type\":\"WebPage\",\"@id\":\"https:\/\/www.santjosep.net\/ca\/esdeveniment\/jornada-empresarial-reptes-de-lactivitat-economica-a-sant-josep-de-la-talaia\/\",\"url\":\"https:\/\/www.santjosep.net\/ca\/esdeveniment\/jornada-empresarial-reptes-de-lactivitat-economica-a-sant-josep-de-la-talaia\/\",\"name\":\"Jornada empresarial \\\"Reptes de l'activitat econ\u00f2mica a Sant Josep de la Talaia - Santjosep.net\",\"isPartOf\":{\"@id\":\"https:\/\/www.santjosep.net\/#website\"},\"primaryImageOfPage\":{\"@id\":\"https:\/\/www.santjosep.net\/ca\/esdeveniment\/jornada-empresarial-reptes-de-lactivitat-economica-a-sant-josep-de-la-talaia\/#primaryimage\"},\"image\":{\"@id\":\"https:\/\/www.santjosep.net\/ca\/esdeveniment\/jornada-empresarial-reptes-de-lactivitat-economica-a-sant-josep-de-la-talaia\/#primaryimage\"},\"thumbnailUrl\":\"https:\/\/www.santjosep.net\/wp-content\/uploads\/2019\/04\/jornada_empresarial_sant_josep.jpg\",\"datePublished\":\"2019-04-23T09:30:57+00:00\",\"dateModified\":\"2019-04-23T09:33:23+00:00\",\"breadcrumb\":{\"@id\":\"https:\/\/www.santjosep.net\/ca\/esdeveniment\/jornada-empresarial-reptes-de-lactivitat-economica-a-sant-josep-de-la-talaia\/#breadcrumb\"},\"inLanguage\":\"ca\",\"potentialAction\":[{\"@type\":\"ReadAction\",\"target\":[\"https:\/\/www.santjosep.net\/ca\/esdeveniment\/jornada-empresarial-reptes-de-lactivitat-economica-a-sant-josep-de-la-talaia\/\"]}]},{\"@type\":\"ImageObject\",\"inLanguage\":\"ca\",\"@id\":\"https:\/\/www.santjosep.net\/ca\/esdeveniment\/jornada-empresarial-reptes-de-lactivitat-economica-a-sant-josep-de-la-talaia\/#primaryimage\",\"url\":\"https:\/\/www.santjosep.net\/wp-content\/uploads\/2019\/04\/jornada_empresarial_sant_josep.jpg\",\"contentUrl\":\"https:\/\/www.santjosep.net\/wp-content\/uploads\/2019\/04\/jornada_empresarial_sant_josep.jpg\",\"width\":1200,\"height\":798},{\"@type\":\"BreadcrumbList\",\"@id\":\"https:\/\/www.santjosep.net\/ca\/esdeveniment\/jornada-empresarial-reptes-de-lactivitat-economica-a-sant-josep-de-la-talaia\/#breadcrumb\",\"itemListElement\":[{\"@type\":\"ListItem\",\"position\":1,\"name\":\"Eventos\",\"item\":\"https:\/\/www.santjosep.net\/agenda\/\"},{\"@type\":\"ListItem\",\"position\":2,\"name\":\"Jornada empresarial \u00abReptes de l&#8217;activitat econ\u00f2mica a Sant Josep de la Talaia\"}]},{\"@type\":\"WebSite\",\"@id\":\"https:\/\/www.santjosep.net\/#website\",\"url\":\"https:\/\/www.santjosep.net\/\",\"name\":\"Santjosep.net\",\"description\":\"\",\"potentialAction\":[{\"@type\":\"SearchAction\",\"target\":{\"@type\":\"EntryPoint\",\"urlTemplate\":\"https:\/\/www.santjosep.net\/?s={search_term_string}\"},\"query-input\":{\"@type\":\"PropertyValueSpecification\",\"valueRequired\":true,\"valueName\":\"search_term_string\"}}],\"inLanguage\":\"ca\"}]}<\/script>\n<!-- \/ Yoast SEO plugin. -->","yoast_head_json":{"title":"Jornada empresarial \"Reptes de l'activitat econ\u00f2mica a Sant Josep de la Talaia - Santjosep.net","robots":{"index":"index","follow":"follow","max-snippet":"max-snippet:-1","max-image-preview":"max-image-preview:large","max-video-preview":"max-video-preview:-1"},"canonical":"https:\/\/www.santjosep.net\/ca\/esdeveniment\/jornada-empresarial-reptes-de-lactivitat-economica-a-sant-josep-de-la-talaia\/","og_locale":"ca_ES","og_type":"article","og_title":"Jornada empresarial \"Reptes de l'activitat econ\u00f2mica a Sant Josep de la Talaia - Santjosep.net","og_description":"Des de l&#8217;Ag\u00e8ncia de Desenvolupament Local de Sant Josep de sa Talaia, et convidem\u00a0 a la\u00a0Jornada empresarial \u201cReptes de l\u2019activitat econ\u00f2mica a Sant Josep de la Talaia\u201d\u00a0que \u00e9s celebrar\u00e0 el dimarts\u00a07 de maig de 2019\u00a0de 10.00\u00a0 a 13.30 h, a\u00a0\u00a0Can [&hellip;]","og_url":"https:\/\/www.santjosep.net\/ca\/esdeveniment\/jornada-empresarial-reptes-de-lactivitat-economica-a-sant-josep-de-la-talaia\/","og_site_name":"Santjosep.net","article_modified_time":"2019-04-23T09:33:23+00:00","og_image":[{"width":1200,"height":798,"url":"https:\/\/www.santjosep.net\/wp-content\/uploads\/2019\/04\/jornada_empresarial_sant_josep.jpg","type":"image\/jpeg"}],"twitter_card":"summary_large_image","twitter_misc":{"Temps estimat de lectura":"1 minut"},"schema":{"@context":"https:\/\/schema.org","@graph":[{"@type":"WebPage","@id":"https:\/\/www.santjosep.net\/ca\/esdeveniment\/jornada-empresarial-reptes-de-lactivitat-economica-a-sant-josep-de-la-talaia\/","url":"https:\/\/www.santjosep.net\/ca\/esdeveniment\/jornada-empresarial-reptes-de-lactivitat-economica-a-sant-josep-de-la-talaia\/","name":"Jornada empresarial \"Reptes de l'activitat econ\u00f2mica a Sant Josep de la Talaia - Santjosep.net","isPartOf":{"@id":"https:\/\/www.santjosep.net\/#website"},"primaryImageOfPage":{"@id":"https:\/\/www.santjosep.net\/ca\/esdeveniment\/jornada-empresarial-reptes-de-lactivitat-economica-a-sant-josep-de-la-talaia\/#primaryimage"},"image":{"@id":"https:\/\/www.santjosep.net\/ca\/esdeveniment\/jornada-empresarial-reptes-de-lactivitat-economica-a-sant-josep-de-la-talaia\/#primaryimage"},"thumbnailUrl":"https:\/\/www.santjosep.net\/wp-content\/uploads\/2019\/04\/jornada_empresarial_sant_josep.jpg","datePublished":"2019-04-23T09:30:57+00:00","dateModified":"2019-04-23T09:33:23+00:00","breadcrumb":{"@id":"https:\/\/www.santjosep.net\/ca\/esdeveniment\/jornada-empresarial-reptes-de-lactivitat-economica-a-sant-josep-de-la-talaia\/#breadcrumb"},"inLanguage":"ca","potentialAction":[{"@type":"ReadAction","target":["https:\/\/www.santjosep.net\/ca\/esdeveniment\/jornada-empresarial-reptes-de-lactivitat-economica-a-sant-josep-de-la-talaia\/"]}]},{"@type":"ImageObject","inLanguage":"ca","@id":"https:\/\/www.santjosep.net\/ca\/esdeveniment\/jornada-empresarial-reptes-de-lactivitat-economica-a-sant-josep-de-la-talaia\/#primaryimage","url":"https:\/\/www.santjosep.net\/wp-content\/uploads\/2019\/04\/jornada_empresarial_sant_josep.jpg","contentUrl":"https:\/\/www.santjosep.net\/wp-content\/uploads\/2019\/04\/jornada_empresarial_sant_josep.jpg","width":1200,"height":798},{"@type":"BreadcrumbList","@id":"https:\/\/www.santjosep.net\/ca\/esdeveniment\/jornada-empresarial-reptes-de-lactivitat-economica-a-sant-josep-de-la-talaia\/#breadcrumb","itemListElement":[{"@type":"ListItem","position":1,"name":"Eventos","item":"https:\/\/www.santjosep.net\/agenda\/"},{"@type":"ListItem","position":2,"name":"Jornada empresarial \u00abReptes de l&#8217;activitat econ\u00f2mica a Sant Josep de la Talaia"}]},{"@type":"WebSite","@id":"https:\/\/www.santjosep.net\/#website","url":"https:\/\/www.santjosep.net\/","name":"Santjosep.net","description":"","potentialAction":[{"@type":"SearchAction","target":{"@type":"EntryPoint","urlTemplate":"https:\/\/www.santjosep.net\/?s={search_term_string}"},"query-input":{"@type":"PropertyValueSpecification","valueRequired":true,"valueName":"search_term_string"}}],"inLanguage":"ca"}]}},"_links":{"self":[{"href":"https:\/\/www.santjosep.net\/ca\/wp-json\/wp\/v2\/tribe_events\/14524","targetHints":{"allow":["GET"]}}],"collection":[{"href":"https:\/\/www.santjosep.net\/ca\/wp-json\/wp\/v2\/tribe_events"}],"about":[{"href":"https:\/\/www.santjosep.net\/ca\/wp-json\/wp\/v2\/types\/tribe_events"}],"author":[{"embeddable":true,"href":"https:\/\/www.santjosep.net\/ca\/wp-json\/wp\/v2\/users\/1"}],"version-history":[{"count":0,"href":"https:\/\/www.santjosep.net\/ca\/wp-json\/wp\/v2\/tribe_events\/14524\/revisions"}],"wp:featuredmedia":[{"embeddable":true,"href":"https:\/\/www.santjosep.net\/ca\/wp-json\/wp\/v2\/media\/14514"}],"wp:attachment":[{"href":"https:\/\/www.santjosep.net\/ca\/wp-json\/wp\/v2\/media?parent=14524"}],"wp:term":[{"taxonomy":"post_tag","embeddable":true,"href":"https:\/\/www.santjosep.net\/ca\/wp-json\/wp\/v2\/tags?post=14524"},{"taxonomy":"tribe_events_cat","embeddable":true,"href":"https:\/\/www.santjosep.net\/ca\/wp-json\/wp\/v2\/tribe_events_cat?post=14524"}],"curies":[{"name":"wp","href":"https:\/\/api.w.org\/{rel}","templated":true}]}}

Jornada empresarial &#8220;Reptes de l&#8217;activitat econòmica a Sant Josep de la Talaia

<p>Des de l&#8217;Agència de Desenvolupament Local de Sant Josep de sa Talaia, et convidem  a la <b>Jornada empresarial “Reptes de l’activitat econòmica a Sant Josep de la Talaia”</b> que és celebrarà el dimarts <b>7 de maig de 2019</b> de 10.00  a 13.30 h, a  <b>Can Jeroni</b>.</p>
<p>L’objectiu d’aquesta Jornada, és crear un espai de reflexió i debat en relació a les polítiques i estratègies vinculades al foment del comerç i l’activitat econòmica i turística a Sant Josep i els seus diferents nuclis, i tot allò que li és propi com és el món de l’associacionisme, les sinergies econòmiques&#8230;</p>
<p><strong>Programa</strong></p>
<p><strong>Primera part</strong>: Relats sobre activitat comercial</p>
<p><strong>Segona part</strong>: L’àrea de pensament “Activitat econòmica, comercial i turística a Sant Josep de la Talaia: reptes de futur</p>

<p>Des de l&#8217;Agència de Desenvolupament Local de Sant Josep de sa Talaia, et convidem  a la Jornada empresarial “Reptes de l’activitat econòmica a Sant Josep de la Talaia” que és celebrarà el dimarts 7 de maig de 2019 de 10.00  a 13.30 h, a  Can [&hellip;]</p>

<!-- This site is optimized with the Yoast SEO plugin v25.7 - https://yoast.com/wordpress/plugins/seo/ -->
<title>Jornada empresarial &quot;Reptes de l&#039;activitat econòmica a Sant Josep de la Talaia - Santjosep.net</title>
<meta name="robots" content="index, follow, max-snippet:-1, max-image-preview:large, max-video-preview:-1" />
<link rel="canonical" href="https://www.santjosep.net/ca/esdeveniment/jornada-empresarial-reptes-de-lactivitat-economica-a-sant-josep-de-la-talaia/" />
<meta property="og:locale" content="ca_ES" />
<meta property="og:type" content="article" />
<meta property="og:title" content="Jornada empresarial &quot;Reptes de l&#039;activitat econòmica a Sant Josep de la Talaia - Santjosep.net" />
<meta property="og:description" content="Des de l&#8217;Agència de Desenvolupament Local de Sant Josep de sa Talaia, et convidem  a la Jornada empresarial “Reptes de l’activitat econòmica a Sant Josep de la Talaia” que és celebrarà el dimarts 7 de maig de 2019 de 10.00  a 13.30 h, a  Can [&hellip;]" />
<meta property="og:url" content="https://www.santjosep.net/ca/esdeveniment/jornada-empresarial-reptes-de-lactivitat-economica-a-sant-josep-de-la-talaia/" />
<meta property="og:site_name" content="Santjosep.net" />
<meta property="article:modified_time" content="2019-04-23T09:33:23+00:00" />
<meta property="og:image" content="https://www.santjosep.net/wp-content/uploads/2019/04/jornada_empresarial_sant_josep.jpg" />
	<meta property="og:image:width" content="1200" />
	<meta property="og:image:height" content="798" />
	<meta property="og:image:type" content="image/jpeg" />
<meta name="twitter:card" content="summary_large_image" />
<meta name="twitter:label1" content="Temps estimat de lectura" />
	<meta name="twitter:data1" content="1 minut" />
<script type="application/ld+json" class="yoast-schema-graph">{"@context":"https://schema.org","@graph":[{"@type":"WebPage","@id":"https://www.santjosep.net/ca/esdeveniment/jornada-empresarial-reptes-de-lactivitat-economica-a-sant-josep-de-la-talaia/","url":"https://www.santjosep.net/ca/esdeveniment/jornada-empresarial-reptes-de-lactivitat-economica-a-sant-josep-de-la-talaia/","name":"Jornada empresarial \"Reptes de l'activitat econòmica a Sant Josep de la Talaia - Santjosep.net","isPartOf":{"@id":"https://www.santjosep.net/#website"},"primaryImageOfPage":{"@id":"https://www.santjosep.net/ca/esdeveniment/jornada-empresarial-reptes-de-lactivitat-economica-a-sant-josep-de-la-talaia/#primaryimage"},"image":{"@id":"https://www.santjosep.net/ca/esdeveniment/jornada-empresarial-reptes-de-lactivitat-economica-a-sant-josep-de-la-talaia/#primaryimage"},"thumbnailUrl":"https://www.santjosep.net/wp-content/uploads/2019/04/jornada_empresarial_sant_josep.jpg","datePublished":"2019-04-23T09:30:57+00:00","dateModified":"2019-04-23T09:33:23+00:00","breadcrumb":{"@id":"https://www.santjosep.net/ca/esdeveniment/jornada-empresarial-reptes-de-lactivitat-economica-a-sant-josep-de-la-talaia/#breadcrumb"},"inLanguage":"ca","potentialAction":[{"@type":"ReadAction","target":["https://www.santjosep.net/ca/esdeveniment/jornada-empresarial-reptes-de-lactivitat-economica-a-sant-josep-de-la-talaia/"]}]},{"@type":"ImageObject","inLanguage":"ca","@id":"https://www.santjosep.net/ca/esdeveniment/jornada-empresarial-reptes-de-lactivitat-economica-a-sant-josep-de-la-talaia/#primaryimage","url":"https://www.santjosep.net/wp-content/uploads/2019/04/jornada_empresarial_sant_josep.jpg","contentUrl":"https://www.santjosep.net/wp-content/uploads/2019/04/jornada_empresarial_sant_josep.jpg","width":1200,"height":798},{"@type":"BreadcrumbList","@id":"https://www.santjosep.net/ca/esdeveniment/jornada-empresarial-reptes-de-lactivitat-economica-a-sant-josep-de-la-talaia/#breadcrumb","itemListElement":[{"@type":"ListItem","position":1,"name":"Eventos","item":"https://www.santjosep.net/agenda/"},{"@type":"ListItem","position":2,"name":"Jornada empresarial «Reptes de l&#8217;activitat econòmica a Sant Josep de la Talaia"}]},{"@type":"WebSite","@id":"https://www.santjosep.net/#website","url":"https://www.santjosep.net/","name":"Santjosep.net","description":"","potentialAction":[{"@type":"SearchAction","target":{"@type":"EntryPoint","urlTemplate":"https://www.santjosep.net/?s={search_term_string}"},"query-input":{"@type":"PropertyValueSpecification","valueRequired":true,"valueName":"search_term_string"}}],"inLanguage":"ca"}]}</script>
<!-- / Yoast SEO plugin. -->

Jornada empresarial "Reptes de l'activitat econòmica a Sant Josep de la Talaia - Santjosep.net

Des de l&#8217;Agència de Desenvolupament Local de Sant Josep de sa Talaia, et convidem  a la Jornada empresarial “Reptes de l’activitat econòmica a Sant Josep de la Talaia” que és celebrarà el dimarts 7 de maig de 2019 de 10.00  a 13.30 h, a  Can [&hellip;]

Jornada empresarial «Reptes de l&#8217;activitat econòmica a Sant Josep de la Talaia
