{"id":14437,"date":"2019-03-26T10:31:34","date_gmt":"2019-03-26T10:31:34","guid":{"rendered":"https:\/\/www.santjosep.net\/evento\/fiestas-de-sant-francesc\/"},"modified":"2019-03-26T10:35:57","modified_gmt":"2019-03-26T10:35:57","slug":"festes-de-sant-francesc","status":"publish","type":"tribe_events","link":"https:\/\/www.santjosep.net\/ca\/esdeveniment\/festes-de-sant-francesc\/","title":{"rendered":"Festes de Sant Francesc"},"content":{"rendered":"<div class=\"tlid-input input\">\n<div class=\"source-wrap\">\n<div class=\"input-full-height-wrapper tlid-input-full-height-wrapper\">\n<div class=\"source-input\">\n<div class=\"source-footer-wrap source-or-target-footer\">\n<div class=\"character-count tlid-character-count\">\n<div class=\"result-shield-container tlid-copy-target\" tabindex=\"0\"><span class=\"tlid-translation translation\" lang=\"ca\"><span title=\"\">I<\/span> <span title=\"\">ja<\/span> <span title=\"\">tenim el programa<\/span> <span title=\"\">de festes de Sant<\/span> <span title=\"\">Francesc<\/span><span title=\"\">.<\/span> <span title=\"\">Ball pag\u00e8s<\/span> <span title=\"\">al Pou des<\/span> <span title=\"\">Carb\u00f3<\/span><span title=\"\">, m\u00fasica<\/span> <span title=\"\">en viu,<\/span> <span title=\"\">excursi\u00f3<\/span> <span title=\"\">guiada per ses<\/span> <span title=\"\">Salines<\/span> <span title=\"\">i<\/span> <span class=\"\" title=\"\">tradicions.<\/span><\/span><\/div>\n<\/div>\n<\/div>\n<\/div>\n<\/div>\n<\/div>\n<\/div>\n<p>.<\/p>\n<p><img loading=\"lazy\" decoding=\"async\" class=\"alignnone size-full wp-image-14428\" src=\"https:\/\/www.santjosep.net\/wp-content\/uploads\/2019\/03\/55552081_2491662617519236_3207752065103167488_n.jpg\" alt=\"\" width=\"886\" height=\"886\" srcset=\"https:\/\/www.santjosep.net\/wp-content\/uploads\/2019\/03\/55552081_2491662617519236_3207752065103167488_n.jpg 886w, https:\/\/www.santjosep.net\/wp-content\/uploads\/2019\/03\/55552081_2491662617519236_3207752065103167488_n-150x150.jpg 150w, https:\/\/www.santjosep.net\/wp-content\/uploads\/2019\/03\/55552081_2491662617519236_3207752065103167488_n-300x300.jpg 300w, https:\/\/www.santjosep.net\/wp-content\/uploads\/2019\/03\/55552081_2491662617519236_3207752065103167488_n-768x768.jpg 768w, https:\/\/www.santjosep.net\/wp-content\/uploads\/2019\/03\/55552081_2491662617519236_3207752065103167488_n-100x100.jpg 100w, https:\/\/www.santjosep.net\/wp-content\/uploads\/2019\/03\/55552081_2491662617519236_3207752065103167488_n-140x140.jpg 140w, https:\/\/www.santjosep.net\/wp-content\/uploads\/2019\/03\/55552081_2491662617519236_3207752065103167488_n-500x500.jpg 500w, https:\/\/www.santjosep.net\/wp-content\/uploads\/2019\/03\/55552081_2491662617519236_3207752065103167488_n-350x350.jpg 350w, https:\/\/www.santjosep.net\/wp-content\/uploads\/2019\/03\/55552081_2491662617519236_3207752065103167488_n-800x800.jpg 800w\" sizes=\"auto, (max-width: 886px) 100vw, 886px\" \/><\/p>\n<p>&nbsp;<\/p>\n<p>&nbsp;<\/p>\n","protected":false},"excerpt":{"rendered":"<p>I ja tenim el programa de festes de Sant Francesc. Ball pag\u00e8s al Pou des Carb\u00f3, m\u00fasica en viu, excursi\u00f3 guiada per ses Salines i tradicions. . &nbsp; &nbsp;<\/p>\n","protected":false},"author":1,"featured_media":14433,"template":"","meta":{"_acf_changed":false,"inline_featured_image":false,"_tribe_events_status":"","_tribe_events_status_reason":"","footnotes":""},"tags":[],"tribe_events_cat":[187,188,214,203],"class_list":["post-14437","tribe_events","type-tribe_events","status-publish","has-post-thumbnail","hentry","tribe_events_cat-cultura","tribe_events_cat-festes-patronals","tribe_events_cat-naturalesa","tribe_events_cat-oci","cat_cultura","cat_festes-patronals","cat_naturalesa","cat_oci"],"acf":[],"yoast_head":"<!-- This site is optimized with the Yoast SEO plugin v25.7 - https:\/\/yoast.com\/wordpress\/plugins\/seo\/ -->\n<title>Festes de Sant Francesc - Santjosep.net<\/title>\n<meta name=\"robots\" content=\"index, follow, max-snippet:-1, max-image-preview:large, max-video-preview:-1\" \/>\n<link rel=\"canonical\" href=\"https:\/\/www.santjosep.net\/ca\/esdeveniment\/festes-de-sant-francesc\/\" \/>\n<meta property=\"og:locale\" content=\"ca_ES\" \/>\n<meta property=\"og:type\" content=\"article\" \/>\n<meta property=\"og:title\" content=\"Festes de Sant Francesc - Santjosep.net\" \/>\n<meta property=\"og:description\" content=\"I ja tenim el programa de festes de Sant Francesc. Ball pag\u00e8s al Pou des Carb\u00f3, m\u00fasica en viu, excursi\u00f3 guiada per ses Salines i tradicions. . &nbsp; &nbsp;\" \/>\n<meta property=\"og:url\" content=\"https:\/\/www.santjosep.net\/ca\/esdeveniment\/festes-de-sant-francesc\/\" \/>\n<meta property=\"og:site_name\" content=\"Santjosep.net\" \/>\n<meta property=\"article:modified_time\" content=\"2019-03-26T10:35:57+00:00\" \/>\n<meta property=\"og:image\" content=\"https:\/\/www.santjosep.net\/wp-content\/uploads\/2019\/03\/festes_sant_francesc.jpg\" \/>\n\t<meta property=\"og:image:width\" content=\"1200\" \/>\n\t<meta property=\"og:image:height\" content=\"798\" \/>\n\t<meta property=\"og:image:type\" content=\"image\/jpeg\" \/>\n<meta name=\"twitter:card\" content=\"summary_large_image\" \/>\n<script type=\"application\/ld+json\" class=\"yoast-schema-graph\">{\"@context\":\"https:\/\/schema.org\",\"@graph\":[{\"@type\":\"WebPage\",\"@id\":\"https:\/\/www.santjosep.net\/ca\/esdeveniment\/festes-de-sant-francesc\/\",\"url\":\"https:\/\/www.santjosep.net\/ca\/esdeveniment\/festes-de-sant-francesc\/\",\"name\":\"Festes de Sant Francesc - Santjosep.net\",\"isPartOf\":{\"@id\":\"https:\/\/www.santjosep.net\/#website\"},\"primaryImageOfPage\":{\"@id\":\"https:\/\/www.santjosep.net\/ca\/esdeveniment\/festes-de-sant-francesc\/#primaryimage\"},\"image\":{\"@id\":\"https:\/\/www.santjosep.net\/ca\/esdeveniment\/festes-de-sant-francesc\/#primaryimage\"},\"thumbnailUrl\":\"https:\/\/www.santjosep.net\/wp-content\/uploads\/2019\/03\/festes_sant_francesc.jpg\",\"datePublished\":\"2019-03-26T10:31:34+00:00\",\"dateModified\":\"2019-03-26T10:35:57+00:00\",\"breadcrumb\":{\"@id\":\"https:\/\/www.santjosep.net\/ca\/esdeveniment\/festes-de-sant-francesc\/#breadcrumb\"},\"inLanguage\":\"ca\",\"potentialAction\":[{\"@type\":\"ReadAction\",\"target\":[\"https:\/\/www.santjosep.net\/ca\/esdeveniment\/festes-de-sant-francesc\/\"]}]},{\"@type\":\"ImageObject\",\"inLanguage\":\"ca\",\"@id\":\"https:\/\/www.santjosep.net\/ca\/esdeveniment\/festes-de-sant-francesc\/#primaryimage\",\"url\":\"https:\/\/www.santjosep.net\/wp-content\/uploads\/2019\/03\/festes_sant_francesc.jpg\",\"contentUrl\":\"https:\/\/www.santjosep.net\/wp-content\/uploads\/2019\/03\/festes_sant_francesc.jpg\",\"width\":1200,\"height\":798},{\"@type\":\"BreadcrumbList\",\"@id\":\"https:\/\/www.santjosep.net\/ca\/esdeveniment\/festes-de-sant-francesc\/#breadcrumb\",\"itemListElement\":[{\"@type\":\"ListItem\",\"position\":1,\"name\":\"Eventos\",\"item\":\"https:\/\/www.santjosep.net\/agenda\/\"},{\"@type\":\"ListItem\",\"position\":2,\"name\":\"Festes de Sant Francesc\"}]},{\"@type\":\"WebSite\",\"@id\":\"https:\/\/www.santjosep.net\/#website\",\"url\":\"https:\/\/www.santjosep.net\/\",\"name\":\"Santjosep.net\",\"description\":\"\",\"potentialAction\":[{\"@type\":\"SearchAction\",\"target\":{\"@type\":\"EntryPoint\",\"urlTemplate\":\"https:\/\/www.santjosep.net\/?s={search_term_string}\"},\"query-input\":{\"@type\":\"PropertyValueSpecification\",\"valueRequired\":true,\"valueName\":\"search_term_string\"}}],\"inLanguage\":\"ca\"}]}<\/script>\n<!-- \/ Yoast SEO plugin. -->","yoast_head_json":{"title":"Festes de Sant Francesc - Santjosep.net","robots":{"index":"index","follow":"follow","max-snippet":"max-snippet:-1","max-image-preview":"max-image-preview:large","max-video-preview":"max-video-preview:-1"},"canonical":"https:\/\/www.santjosep.net\/ca\/esdeveniment\/festes-de-sant-francesc\/","og_locale":"ca_ES","og_type":"article","og_title":"Festes de Sant Francesc - Santjosep.net","og_description":"I ja tenim el programa de festes de Sant Francesc. Ball pag\u00e8s al Pou des Carb\u00f3, m\u00fasica en viu, excursi\u00f3 guiada per ses Salines i tradicions. . &nbsp; &nbsp;","og_url":"https:\/\/www.santjosep.net\/ca\/esdeveniment\/festes-de-sant-francesc\/","og_site_name":"Santjosep.net","article_modified_time":"2019-03-26T10:35:57+00:00","og_image":[{"width":1200,"height":798,"url":"https:\/\/www.santjosep.net\/wp-content\/uploads\/2019\/03\/festes_sant_francesc.jpg","type":"image\/jpeg"}],"twitter_card":"summary_large_image","schema":{"@context":"https:\/\/schema.org","@graph":[{"@type":"WebPage","@id":"https:\/\/www.santjosep.net\/ca\/esdeveniment\/festes-de-sant-francesc\/","url":"https:\/\/www.santjosep.net\/ca\/esdeveniment\/festes-de-sant-francesc\/","name":"Festes de Sant Francesc - Santjosep.net","isPartOf":{"@id":"https:\/\/www.santjosep.net\/#website"},"primaryImageOfPage":{"@id":"https:\/\/www.santjosep.net\/ca\/esdeveniment\/festes-de-sant-francesc\/#primaryimage"},"image":{"@id":"https:\/\/www.santjosep.net\/ca\/esdeveniment\/festes-de-sant-francesc\/#primaryimage"},"thumbnailUrl":"https:\/\/www.santjosep.net\/wp-content\/uploads\/2019\/03\/festes_sant_francesc.jpg","datePublished":"2019-03-26T10:31:34+00:00","dateModified":"2019-03-26T10:35:57+00:00","breadcrumb":{"@id":"https:\/\/www.santjosep.net\/ca\/esdeveniment\/festes-de-sant-francesc\/#breadcrumb"},"inLanguage":"ca","potentialAction":[{"@type":"ReadAction","target":["https:\/\/www.santjosep.net\/ca\/esdeveniment\/festes-de-sant-francesc\/"]}]},{"@type":"ImageObject","inLanguage":"ca","@id":"https:\/\/www.santjosep.net\/ca\/esdeveniment\/festes-de-sant-francesc\/#primaryimage","url":"https:\/\/www.santjosep.net\/wp-content\/uploads\/2019\/03\/festes_sant_francesc.jpg","contentUrl":"https:\/\/www.santjosep.net\/wp-content\/uploads\/2019\/03\/festes_sant_francesc.jpg","width":1200,"height":798},{"@type":"BreadcrumbList","@id":"https:\/\/www.santjosep.net\/ca\/esdeveniment\/festes-de-sant-francesc\/#breadcrumb","itemListElement":[{"@type":"ListItem","position":1,"name":"Eventos","item":"https:\/\/www.santjosep.net\/agenda\/"},{"@type":"ListItem","position":2,"name":"Festes de Sant Francesc"}]},{"@type":"WebSite","@id":"https:\/\/www.santjosep.net\/#website","url":"https:\/\/www.santjosep.net\/","name":"Santjosep.net","description":"","potentialAction":[{"@type":"SearchAction","target":{"@type":"EntryPoint","urlTemplate":"https:\/\/www.santjosep.net\/?s={search_term_string}"},"query-input":{"@type":"PropertyValueSpecification","valueRequired":true,"valueName":"search_term_string"}}],"inLanguage":"ca"}]}},"_links":{"self":[{"href":"https:\/\/www.santjosep.net\/ca\/wp-json\/wp\/v2\/tribe_events\/14437","targetHints":{"allow":["GET"]}}],"collection":[{"href":"https:\/\/www.santjosep.net\/ca\/wp-json\/wp\/v2\/tribe_events"}],"about":[{"href":"https:\/\/www.santjosep.net\/ca\/wp-json\/wp\/v2\/types\/tribe_events"}],"author":[{"embeddable":true,"href":"https:\/\/www.santjosep.net\/ca\/wp-json\/wp\/v2\/users\/1"}],"version-history":[{"count":0,"href":"https:\/\/www.santjosep.net\/ca\/wp-json\/wp\/v2\/tribe_events\/14437\/revisions"}],"wp:featuredmedia":[{"embeddable":true,"href":"https:\/\/www.santjosep.net\/ca\/wp-json\/wp\/v2\/media\/14433"}],"wp:attachment":[{"href":"https:\/\/www.santjosep.net\/ca\/wp-json\/wp\/v2\/media?parent=14437"}],"wp:term":[{"taxonomy":"post_tag","embeddable":true,"href":"https:\/\/www.santjosep.net\/ca\/wp-json\/wp\/v2\/tags?post=14437"},{"taxonomy":"tribe_events_cat","embeddable":true,"href":"https:\/\/www.santjosep.net\/ca\/wp-json\/wp\/v2\/tribe_events_cat?post=14437"}],"curies":[{"name":"wp","href":"https:\/\/api.w.org\/{rel}","templated":true}]}}

<div class="tlid-input input">
<div class="source-wrap">
<div class="input-full-height-wrapper tlid-input-full-height-wrapper">
<div class="source-input">
<div class="source-footer-wrap source-or-target-footer">
<div class="character-count tlid-character-count">
<div class="result-shield-container tlid-copy-target" tabindex="0"><span class="tlid-translation translation" lang="ca"><span title="">I</span> <span title="">ja</span> <span title="">tenim el programa</span> <span title="">de festes de Sant</span> <span title="">Francesc</span><span title="">.</span> <span title="">Ball pagès</span> <span title="">al Pou des</span> <span title="">Carbó</span><span title="">, música</span> <span title="">en viu,</span> <span title="">excursió</span> <span title="">guiada per ses</span> <span title="">Salines</span> <span title="">i</span> <span class="" title="">tradicions.</span></span></div>
</div>
</div>
</div>
</div>
</div>
</div>
<p>.</p>
<p><img loading="lazy" decoding="async" class="alignnone size-full wp-image-14428" src="https://www.santjosep.net/wp-content/uploads/2019/03/55552081_2491662617519236_3207752065103167488_n.jpg" alt="" width="886" height="886" srcset="https://www.santjosep.net/wp-content/uploads/2019/03/55552081_2491662617519236_3207752065103167488_n.jpg 886w, https://www.santjosep.net/wp-content/uploads/2019/03/55552081_2491662617519236_3207752065103167488_n-150x150.jpg 150w, https://www.santjosep.net/wp-content/uploads/2019/03/55552081_2491662617519236_3207752065103167488_n-300x300.jpg 300w, https://www.santjosep.net/wp-content/uploads/2019/03/55552081_2491662617519236_3207752065103167488_n-768x768.jpg 768w, https://www.santjosep.net/wp-content/uploads/2019/03/55552081_2491662617519236_3207752065103167488_n-100x100.jpg 100w, https://www.santjosep.net/wp-content/uploads/2019/03/55552081_2491662617519236_3207752065103167488_n-140x140.jpg 140w, https://www.santjosep.net/wp-content/uploads/2019/03/55552081_2491662617519236_3207752065103167488_n-500x500.jpg 500w, https://www.santjosep.net/wp-content/uploads/2019/03/55552081_2491662617519236_3207752065103167488_n-350x350.jpg 350w, https://www.santjosep.net/wp-content/uploads/2019/03/55552081_2491662617519236_3207752065103167488_n-800x800.jpg 800w" sizes="auto, (max-width: 886px) 100vw, 886px" /></p>
<p>&nbsp;</p>
<p>&nbsp;</p>

<p>I ja tenim el programa de festes de Sant Francesc. Ball pagès al Pou des Carbó, música en viu, excursió guiada per ses Salines i tradicions. . &nbsp; &nbsp;</p>

<!-- This site is optimized with the Yoast SEO plugin v25.7 - https://yoast.com/wordpress/plugins/seo/ -->
<title>Festes de Sant Francesc - Santjosep.net</title>
<meta name="robots" content="index, follow, max-snippet:-1, max-image-preview:large, max-video-preview:-1" />
<link rel="canonical" href="https://www.santjosep.net/ca/esdeveniment/festes-de-sant-francesc/" />
<meta property="og:locale" content="ca_ES" />
<meta property="og:type" content="article" />
<meta property="og:title" content="Festes de Sant Francesc - Santjosep.net" />
<meta property="og:description" content="I ja tenim el programa de festes de Sant Francesc. Ball pagès al Pou des Carbó, música en viu, excursió guiada per ses Salines i tradicions. . &nbsp; &nbsp;" />
<meta property="og:url" content="https://www.santjosep.net/ca/esdeveniment/festes-de-sant-francesc/" />
<meta property="og:site_name" content="Santjosep.net" />
<meta property="article:modified_time" content="2019-03-26T10:35:57+00:00" />
<meta property="og:image" content="https://www.santjosep.net/wp-content/uploads/2019/03/festes_sant_francesc.jpg" />
	<meta property="og:image:width" content="1200" />
	<meta property="og:image:height" content="798" />
	<meta property="og:image:type" content="image/jpeg" />
<meta name="twitter:card" content="summary_large_image" />
<script type="application/ld+json" class="yoast-schema-graph">{"@context":"https://schema.org","@graph":[{"@type":"WebPage","@id":"https://www.santjosep.net/ca/esdeveniment/festes-de-sant-francesc/","url":"https://www.santjosep.net/ca/esdeveniment/festes-de-sant-francesc/","name":"Festes de Sant Francesc - Santjosep.net","isPartOf":{"@id":"https://www.santjosep.net/#website"},"primaryImageOfPage":{"@id":"https://www.santjosep.net/ca/esdeveniment/festes-de-sant-francesc/#primaryimage"},"image":{"@id":"https://www.santjosep.net/ca/esdeveniment/festes-de-sant-francesc/#primaryimage"},"thumbnailUrl":"https://www.santjosep.net/wp-content/uploads/2019/03/festes_sant_francesc.jpg","datePublished":"2019-03-26T10:31:34+00:00","dateModified":"2019-03-26T10:35:57+00:00","breadcrumb":{"@id":"https://www.santjosep.net/ca/esdeveniment/festes-de-sant-francesc/#breadcrumb"},"inLanguage":"ca","potentialAction":[{"@type":"ReadAction","target":["https://www.santjosep.net/ca/esdeveniment/festes-de-sant-francesc/"]}]},{"@type":"ImageObject","inLanguage":"ca","@id":"https://www.santjosep.net/ca/esdeveniment/festes-de-sant-francesc/#primaryimage","url":"https://www.santjosep.net/wp-content/uploads/2019/03/festes_sant_francesc.jpg","contentUrl":"https://www.santjosep.net/wp-content/uploads/2019/03/festes_sant_francesc.jpg","width":1200,"height":798},{"@type":"BreadcrumbList","@id":"https://www.santjosep.net/ca/esdeveniment/festes-de-sant-francesc/#breadcrumb","itemListElement":[{"@type":"ListItem","position":1,"name":"Eventos","item":"https://www.santjosep.net/agenda/"},{"@type":"ListItem","position":2,"name":"Festes de Sant Francesc"}]},{"@type":"WebSite","@id":"https://www.santjosep.net/#website","url":"https://www.santjosep.net/","name":"Santjosep.net","description":"","potentialAction":[{"@type":"SearchAction","target":{"@type":"EntryPoint","urlTemplate":"https://www.santjosep.net/?s={search_term_string}"},"query-input":{"@type":"PropertyValueSpecification","valueRequired":true,"valueName":"search_term_string"}}],"inLanguage":"ca"}]}</script>
<!-- / Yoast SEO plugin. -->

I ja tenim el programa de festes de Sant Francesc. Ball pagès al Pou des Carbó, música en viu, excursió guiada per ses Salines i tradicions. . &nbsp; &nbsp;
