{"id":14184,"date":"2018-03-21T08:32:26","date_gmt":"2018-03-21T08:32:26","guid":{"rendered":"https:\/\/www.santjosep.net\/evento\/jornadas-gastronomicas-ibizasabor18\/"},"modified":"2020-04-02T13:43:59","modified_gmt":"2020-04-02T11:43:59","slug":"jornades-gastronomiques-ibiza-sabor","status":"publish","type":"tribe_events","link":"https:\/\/www.santjosep.net\/ca\/esdeveniment\/jornades-gastronomiques-ibiza-sabor\/","title":{"rendered":"Jornades Gastron\u00f2miques # IbizaSabor19"},"content":{"rendered":"<p><span data-sheets-value=\"{&quot;1&quot;:2,&quot;2&quot;:&quot;Cada oto\\u00f1o se celebran estas gastro jornadas tan especiales donde deleitarse con la mejor cocina local. Distintos establecimientos de Ibiza participan en este evento ofreciendo un men\\u00fa muy especial con productos y preparaciones t\\u00edpicos de la isla. Alrededor de todo el municipio de Sant Josep encontrar\\u00e1s restaurantes que participan en estas jornadas y que te permitir\\u00e1n disfrutar del mejor sabor de la tierra mientras te deleitas con las vistas de este municipio. \\u00a1Un delicioso evento indispensable!&quot;}\" data-sheets-userformat=\"{&quot;2&quot;:15297,&quot;3&quot;:{&quot;1&quot;:0},&quot;9&quot;:1,&quot;10&quot;:1,&quot;11&quot;:4,&quot;12&quot;:0,&quot;14&quot;:{&quot;1&quot;:2,&quot;2&quot;:0},&quot;15&quot;:&quot;Arial&quot;,&quot;16&quot;:11}\">Cada primavera tenen lloc aquestes gastro jornades tan especials on delectar-se amb la millor cuina local. Diferents establiments d&#8217;Eivissa participen en aquest esdeveniment oferint un men\u00fa molt especial amb productes i preparacions t\u00edpics de l&#8217;illa. Al voltant de tot el municipi de Sant Josep trobar\u00e0s restaurants que participen en aquestes jornades i que et permetran gaudir del millor sabor de la terra mentre et delectes amb les vistes d&#8217;aquest municipi. Un delici\u00f3s esdeveniment indispensable!<\/span><\/p>\n<p>&nbsp;<\/p>\n","protected":false},"excerpt":{"rendered":"<p>Cada primavera tenen lloc aquestes gastro jornades tan especials on delectar-se amb la millor cuina local. Diferents establiments d&#8217;Eivissa participen en aquest esdeveniment oferint un men\u00fa molt especial amb productes i preparacions t\u00edpics de l&#8217;illa. Al voltant de tot el [&hellip;]<\/p>\n","protected":false},"author":1,"featured_media":22150,"template":"","meta":{"_acf_changed":false,"inline_featured_image":false,"_tribe_events_status":"","_tribe_events_status_reason":"","footnotes":""},"tags":[],"tribe_events_cat":[204],"class_list":["post-14184","tribe_events","type-tribe_events","status-publish","has-post-thumbnail","hentry","tribe_events_cat-gastronomia","cat_gastronomia"],"acf":[],"yoast_head":"<!-- This site is optimized with the Yoast SEO plugin v25.7 - https:\/\/yoast.com\/wordpress\/plugins\/seo\/ -->\n<title>Jornades Gastron\u00f2miques # IbizaSabor19 - Santjosep.net<\/title>\n<meta name=\"robots\" content=\"index, follow, max-snippet:-1, max-image-preview:large, max-video-preview:-1\" \/>\n<link rel=\"canonical\" href=\"https:\/\/www.santjosep.net\/ca\/esdeveniment\/jornades-gastronomiques-ibiza-sabor\/\" \/>\n<meta property=\"og:locale\" content=\"ca_ES\" \/>\n<meta property=\"og:type\" content=\"article\" \/>\n<meta property=\"og:title\" content=\"Jornades Gastron\u00f2miques # IbizaSabor19 - Santjosep.net\" \/>\n<meta property=\"og:description\" content=\"Cada primavera tenen lloc aquestes gastro jornades tan especials on delectar-se amb la millor cuina local. Diferents establiments d&#8217;Eivissa participen en aquest esdeveniment oferint un men\u00fa molt especial amb productes i preparacions t\u00edpics de l&#8217;illa. Al voltant de tot el [&hellip;]\" \/>\n<meta property=\"og:url\" content=\"https:\/\/www.santjosep.net\/ca\/esdeveniment\/jornades-gastronomiques-ibiza-sabor\/\" \/>\n<meta property=\"og:site_name\" content=\"Santjosep.net\" \/>\n<meta property=\"article:modified_time\" content=\"2020-04-02T11:43:59+00:00\" \/>\n<meta property=\"og:image\" content=\"https:\/\/www.santjosep.net\/wp-content\/uploads\/2018\/03\/jornadas_suspes-copia.jpg\" \/>\n\t<meta property=\"og:image:width\" content=\"1000\" \/>\n\t<meta property=\"og:image:height\" content=\"1000\" \/>\n\t<meta property=\"og:image:type\" content=\"image\/jpeg\" \/>\n<meta name=\"twitter:card\" content=\"summary_large_image\" \/>\n<script type=\"application\/ld+json\" class=\"yoast-schema-graph\">{\"@context\":\"https:\/\/schema.org\",\"@graph\":[{\"@type\":\"WebPage\",\"@id\":\"https:\/\/www.santjosep.net\/ca\/esdeveniment\/jornades-gastronomiques-ibiza-sabor\/\",\"url\":\"https:\/\/www.santjosep.net\/ca\/esdeveniment\/jornades-gastronomiques-ibiza-sabor\/\",\"name\":\"Jornades Gastron\u00f2miques # IbizaSabor19 - Santjosep.net\",\"isPartOf\":{\"@id\":\"https:\/\/www.santjosep.net\/#website\"},\"primaryImageOfPage\":{\"@id\":\"https:\/\/www.santjosep.net\/ca\/esdeveniment\/jornades-gastronomiques-ibiza-sabor\/#primaryimage\"},\"image\":{\"@id\":\"https:\/\/www.santjosep.net\/ca\/esdeveniment\/jornades-gastronomiques-ibiza-sabor\/#primaryimage\"},\"thumbnailUrl\":\"https:\/\/www.santjosep.net\/wp-content\/uploads\/2018\/03\/jornadas_suspes-copia.jpg\",\"datePublished\":\"2018-03-21T08:32:26+00:00\",\"dateModified\":\"2020-04-02T11:43:59+00:00\",\"breadcrumb\":{\"@id\":\"https:\/\/www.santjosep.net\/ca\/esdeveniment\/jornades-gastronomiques-ibiza-sabor\/#breadcrumb\"},\"inLanguage\":\"ca\",\"potentialAction\":[{\"@type\":\"ReadAction\",\"target\":[\"https:\/\/www.santjosep.net\/ca\/esdeveniment\/jornades-gastronomiques-ibiza-sabor\/\"]}]},{\"@type\":\"ImageObject\",\"inLanguage\":\"ca\",\"@id\":\"https:\/\/www.santjosep.net\/ca\/esdeveniment\/jornades-gastronomiques-ibiza-sabor\/#primaryimage\",\"url\":\"https:\/\/www.santjosep.net\/wp-content\/uploads\/2018\/03\/jornadas_suspes-copia.jpg\",\"contentUrl\":\"https:\/\/www.santjosep.net\/wp-content\/uploads\/2018\/03\/jornadas_suspes-copia.jpg\",\"width\":1000,\"height\":1000},{\"@type\":\"BreadcrumbList\",\"@id\":\"https:\/\/www.santjosep.net\/ca\/esdeveniment\/jornades-gastronomiques-ibiza-sabor\/#breadcrumb\",\"itemListElement\":[{\"@type\":\"ListItem\",\"position\":1,\"name\":\"Eventos\",\"item\":\"https:\/\/www.santjosep.net\/agenda\/\"},{\"@type\":\"ListItem\",\"position\":2,\"name\":\"Jornades Gastron\u00f2miques # IbizaSabor19\"}]},{\"@type\":\"WebSite\",\"@id\":\"https:\/\/www.santjosep.net\/#website\",\"url\":\"https:\/\/www.santjosep.net\/\",\"name\":\"Santjosep.net\",\"description\":\"\",\"potentialAction\":[{\"@type\":\"SearchAction\",\"target\":{\"@type\":\"EntryPoint\",\"urlTemplate\":\"https:\/\/www.santjosep.net\/?s={search_term_string}\"},\"query-input\":{\"@type\":\"PropertyValueSpecification\",\"valueRequired\":true,\"valueName\":\"search_term_string\"}}],\"inLanguage\":\"ca\"}]}<\/script>\n<!-- \/ Yoast SEO plugin. -->","yoast_head_json":{"title":"Jornades Gastron\u00f2miques # IbizaSabor19 - Santjosep.net","robots":{"index":"index","follow":"follow","max-snippet":"max-snippet:-1","max-image-preview":"max-image-preview:large","max-video-preview":"max-video-preview:-1"},"canonical":"https:\/\/www.santjosep.net\/ca\/esdeveniment\/jornades-gastronomiques-ibiza-sabor\/","og_locale":"ca_ES","og_type":"article","og_title":"Jornades Gastron\u00f2miques # IbizaSabor19 - Santjosep.net","og_description":"Cada primavera tenen lloc aquestes gastro jornades tan especials on delectar-se amb la millor cuina local. Diferents establiments d&#8217;Eivissa participen en aquest esdeveniment oferint un men\u00fa molt especial amb productes i preparacions t\u00edpics de l&#8217;illa. Al voltant de tot el [&hellip;]","og_url":"https:\/\/www.santjosep.net\/ca\/esdeveniment\/jornades-gastronomiques-ibiza-sabor\/","og_site_name":"Santjosep.net","article_modified_time":"2020-04-02T11:43:59+00:00","og_image":[{"width":1000,"height":1000,"url":"https:\/\/www.santjosep.net\/wp-content\/uploads\/2018\/03\/jornadas_suspes-copia.jpg","type":"image\/jpeg"}],"twitter_card":"summary_large_image","schema":{"@context":"https:\/\/schema.org","@graph":[{"@type":"WebPage","@id":"https:\/\/www.santjosep.net\/ca\/esdeveniment\/jornades-gastronomiques-ibiza-sabor\/","url":"https:\/\/www.santjosep.net\/ca\/esdeveniment\/jornades-gastronomiques-ibiza-sabor\/","name":"Jornades Gastron\u00f2miques # IbizaSabor19 - Santjosep.net","isPartOf":{"@id":"https:\/\/www.santjosep.net\/#website"},"primaryImageOfPage":{"@id":"https:\/\/www.santjosep.net\/ca\/esdeveniment\/jornades-gastronomiques-ibiza-sabor\/#primaryimage"},"image":{"@id":"https:\/\/www.santjosep.net\/ca\/esdeveniment\/jornades-gastronomiques-ibiza-sabor\/#primaryimage"},"thumbnailUrl":"https:\/\/www.santjosep.net\/wp-content\/uploads\/2018\/03\/jornadas_suspes-copia.jpg","datePublished":"2018-03-21T08:32:26+00:00","dateModified":"2020-04-02T11:43:59+00:00","breadcrumb":{"@id":"https:\/\/www.santjosep.net\/ca\/esdeveniment\/jornades-gastronomiques-ibiza-sabor\/#breadcrumb"},"inLanguage":"ca","potentialAction":[{"@type":"ReadAction","target":["https:\/\/www.santjosep.net\/ca\/esdeveniment\/jornades-gastronomiques-ibiza-sabor\/"]}]},{"@type":"ImageObject","inLanguage":"ca","@id":"https:\/\/www.santjosep.net\/ca\/esdeveniment\/jornades-gastronomiques-ibiza-sabor\/#primaryimage","url":"https:\/\/www.santjosep.net\/wp-content\/uploads\/2018\/03\/jornadas_suspes-copia.jpg","contentUrl":"https:\/\/www.santjosep.net\/wp-content\/uploads\/2018\/03\/jornadas_suspes-copia.jpg","width":1000,"height":1000},{"@type":"BreadcrumbList","@id":"https:\/\/www.santjosep.net\/ca\/esdeveniment\/jornades-gastronomiques-ibiza-sabor\/#breadcrumb","itemListElement":[{"@type":"ListItem","position":1,"name":"Eventos","item":"https:\/\/www.santjosep.net\/agenda\/"},{"@type":"ListItem","position":2,"name":"Jornades Gastron\u00f2miques # IbizaSabor19"}]},{"@type":"WebSite","@id":"https:\/\/www.santjosep.net\/#website","url":"https:\/\/www.santjosep.net\/","name":"Santjosep.net","description":"","potentialAction":[{"@type":"SearchAction","target":{"@type":"EntryPoint","urlTemplate":"https:\/\/www.santjosep.net\/?s={search_term_string}"},"query-input":{"@type":"PropertyValueSpecification","valueRequired":true,"valueName":"search_term_string"}}],"inLanguage":"ca"}]}},"_links":{"self":[{"href":"https:\/\/www.santjosep.net\/ca\/wp-json\/wp\/v2\/tribe_events\/14184","targetHints":{"allow":["GET"]}}],"collection":[{"href":"https:\/\/www.santjosep.net\/ca\/wp-json\/wp\/v2\/tribe_events"}],"about":[{"href":"https:\/\/www.santjosep.net\/ca\/wp-json\/wp\/v2\/types\/tribe_events"}],"author":[{"embeddable":true,"href":"https:\/\/www.santjosep.net\/ca\/wp-json\/wp\/v2\/users\/1"}],"version-history":[{"count":0,"href":"https:\/\/www.santjosep.net\/ca\/wp-json\/wp\/v2\/tribe_events\/14184\/revisions"}],"wp:featuredmedia":[{"embeddable":true,"href":"https:\/\/www.santjosep.net\/ca\/wp-json\/wp\/v2\/media\/22150"}],"wp:attachment":[{"href":"https:\/\/www.santjosep.net\/ca\/wp-json\/wp\/v2\/media?parent=14184"}],"wp:term":[{"taxonomy":"post_tag","embeddable":true,"href":"https:\/\/www.santjosep.net\/ca\/wp-json\/wp\/v2\/tags?post=14184"},{"taxonomy":"tribe_events_cat","embeddable":true,"href":"https:\/\/www.santjosep.net\/ca\/wp-json\/wp\/v2\/tribe_events_cat?post=14184"}],"curies":[{"name":"wp","href":"https:\/\/api.w.org\/{rel}","templated":true}]}}

Jornades Gastronòmiques # IbizaSabor19

<p><span data-sheets-value="{&quot;1&quot;:2,&quot;2&quot;:&quot;Cada oto\u00f1o se celebran estas gastro jornadas tan especiales donde deleitarse con la mejor cocina local. Distintos establecimientos de Ibiza participan en este evento ofreciendo un men\u00fa muy especial con productos y preparaciones t\u00edpicos de la isla. Alrededor de todo el municipio de Sant Josep encontrar\u00e1s restaurantes que participan en estas jornadas y que te permitir\u00e1n disfrutar del mejor sabor de la tierra mientras te deleitas con las vistas de este municipio. \u00a1Un delicioso evento indispensable!&quot;}" data-sheets-userformat="{&quot;2&quot;:15297,&quot;3&quot;:{&quot;1&quot;:0},&quot;9&quot;:1,&quot;10&quot;:1,&quot;11&quot;:4,&quot;12&quot;:0,&quot;14&quot;:{&quot;1&quot;:2,&quot;2&quot;:0},&quot;15&quot;:&quot;Arial&quot;,&quot;16&quot;:11}">Cada primavera tenen lloc aquestes gastro jornades tan especials on delectar-se amb la millor cuina local. Diferents establiments d&#8217;Eivissa participen en aquest esdeveniment oferint un menú molt especial amb productes i preparacions típics de l&#8217;illa. Al voltant de tot el municipi de Sant Josep trobaràs restaurants que participen en aquestes jornades i que et permetran gaudir del millor sabor de la terra mentre et delectes amb les vistes d&#8217;aquest municipi. Un deliciós esdeveniment indispensable!</span></p>
<p>&nbsp;</p>

<p>Cada primavera tenen lloc aquestes gastro jornades tan especials on delectar-se amb la millor cuina local. Diferents establiments d&#8217;Eivissa participen en aquest esdeveniment oferint un menú molt especial amb productes i preparacions típics de l&#8217;illa. Al voltant de tot el [&hellip;]</p>

<!-- This site is optimized with the Yoast SEO plugin v25.7 - https://yoast.com/wordpress/plugins/seo/ -->
<title>Jornades Gastronòmiques # IbizaSabor19 - Santjosep.net</title>
<meta name="robots" content="index, follow, max-snippet:-1, max-image-preview:large, max-video-preview:-1" />
<link rel="canonical" href="https://www.santjosep.net/ca/esdeveniment/jornades-gastronomiques-ibiza-sabor/" />
<meta property="og:locale" content="ca_ES" />
<meta property="og:type" content="article" />
<meta property="og:title" content="Jornades Gastronòmiques # IbizaSabor19 - Santjosep.net" />
<meta property="og:description" content="Cada primavera tenen lloc aquestes gastro jornades tan especials on delectar-se amb la millor cuina local. Diferents establiments d&#8217;Eivissa participen en aquest esdeveniment oferint un menú molt especial amb productes i preparacions típics de l&#8217;illa. Al voltant de tot el [&hellip;]" />
<meta property="og:url" content="https://www.santjosep.net/ca/esdeveniment/jornades-gastronomiques-ibiza-sabor/" />
<meta property="og:site_name" content="Santjosep.net" />
<meta property="article:modified_time" content="2020-04-02T11:43:59+00:00" />
<meta property="og:image" content="https://www.santjosep.net/wp-content/uploads/2018/03/jornadas_suspes-copia.jpg" />
	<meta property="og:image:width" content="1000" />
	<meta property="og:image:height" content="1000" />
	<meta property="og:image:type" content="image/jpeg" />
<meta name="twitter:card" content="summary_large_image" />
<script type="application/ld+json" class="yoast-schema-graph">{"@context":"https://schema.org","@graph":[{"@type":"WebPage","@id":"https://www.santjosep.net/ca/esdeveniment/jornades-gastronomiques-ibiza-sabor/","url":"https://www.santjosep.net/ca/esdeveniment/jornades-gastronomiques-ibiza-sabor/","name":"Jornades Gastronòmiques # IbizaSabor19 - Santjosep.net","isPartOf":{"@id":"https://www.santjosep.net/#website"},"primaryImageOfPage":{"@id":"https://www.santjosep.net/ca/esdeveniment/jornades-gastronomiques-ibiza-sabor/#primaryimage"},"image":{"@id":"https://www.santjosep.net/ca/esdeveniment/jornades-gastronomiques-ibiza-sabor/#primaryimage"},"thumbnailUrl":"https://www.santjosep.net/wp-content/uploads/2018/03/jornadas_suspes-copia.jpg","datePublished":"2018-03-21T08:32:26+00:00","dateModified":"2020-04-02T11:43:59+00:00","breadcrumb":{"@id":"https://www.santjosep.net/ca/esdeveniment/jornades-gastronomiques-ibiza-sabor/#breadcrumb"},"inLanguage":"ca","potentialAction":[{"@type":"ReadAction","target":["https://www.santjosep.net/ca/esdeveniment/jornades-gastronomiques-ibiza-sabor/"]}]},{"@type":"ImageObject","inLanguage":"ca","@id":"https://www.santjosep.net/ca/esdeveniment/jornades-gastronomiques-ibiza-sabor/#primaryimage","url":"https://www.santjosep.net/wp-content/uploads/2018/03/jornadas_suspes-copia.jpg","contentUrl":"https://www.santjosep.net/wp-content/uploads/2018/03/jornadas_suspes-copia.jpg","width":1000,"height":1000},{"@type":"BreadcrumbList","@id":"https://www.santjosep.net/ca/esdeveniment/jornades-gastronomiques-ibiza-sabor/#breadcrumb","itemListElement":[{"@type":"ListItem","position":1,"name":"Eventos","item":"https://www.santjosep.net/agenda/"},{"@type":"ListItem","position":2,"name":"Jornades Gastronòmiques # IbizaSabor19"}]},{"@type":"WebSite","@id":"https://www.santjosep.net/#website","url":"https://www.santjosep.net/","name":"Santjosep.net","description":"","potentialAction":[{"@type":"SearchAction","target":{"@type":"EntryPoint","urlTemplate":"https://www.santjosep.net/?s={search_term_string}"},"query-input":{"@type":"PropertyValueSpecification","valueRequired":true,"valueName":"search_term_string"}}],"inLanguage":"ca"}]}</script>
<!-- / Yoast SEO plugin. -->

Jornades Gastronòmiques # IbizaSabor19 - Santjosep.net

Cada primavera tenen lloc aquestes gastro jornades tan especials on delectar-se amb la millor cuina local. Diferents establiments d&#8217;Eivissa participen en aquest esdeveniment oferint un menú molt especial amb productes i preparacions típics de l&#8217;illa. Al voltant de tot el [&hellip;]
