{"id":14163,"date":"2019-02-13T09:51:51","date_gmt":"2019-02-13T09:51:51","guid":{"rendered":"https:\/\/www.santjosep.net\/evento\/pere-navarro-quintet-en-directo\/"},"modified":"2019-02-13T09:58:15","modified_gmt":"2019-02-13T09:58:15","slug":"pere-navarro-quintet-en-directo","status":"publish","type":"tribe_events","link":"https:\/\/www.santjosep.net\/ca\/esdeveniment\/pere-navarro-quintet-en-directo\/","title":{"rendered":"Pere Navarro en directe en Can Jeroni"},"content":{"rendered":"<p>Considerat actualment com un dels majors talents del panorama jazz\u00edstic nacional, Pere Navarro (trompetista, pianista, compositor i productor) ens presenta, despr\u00e9s de l\u2019exit\u00f3s Perenne, el segon \u00e0lbum, Pere Navarro Quintet Live in Madrid enregistrat en directe a la m\u00edtica sala madrilenya Recoletos Jazz.<\/p>\n<p>Pere Navarro, trompeta i composicions<br \/>\nJoan Carles Mar\u00ed, bateria<br \/>\nPep Colls, baix el\u00e8ctric<br \/>\nJoan Solana, piano<br \/>\nFerran Borrell, guitarra<\/p>\n<p>&nbsp;<\/p>\n","protected":false},"excerpt":{"rendered":"<p>Considerat actualment com un dels majors talents del panorama jazz\u00edstic nacional, Pere Navarro (trompetista, pianista, compositor i productor) ens presenta, despr\u00e9s de l\u2019exit\u00f3s Perenne, el segon \u00e0lbum, Pere Navarro Quintet Live in Madrid enregistrat en directe a la m\u00edtica sala [&hellip;]<\/p>\n","protected":false},"author":1,"featured_media":14159,"template":"","meta":{"_acf_changed":false,"inline_featured_image":false,"_tribe_events_status":"","_tribe_events_status_reason":"","footnotes":""},"tags":[],"tribe_events_cat":[187,203],"class_list":["post-14163","tribe_events","type-tribe_events","status-publish","has-post-thumbnail","hentry","tribe_events_cat-cultura","tribe_events_cat-oci","cat_cultura","cat_oci"],"acf":[],"yoast_head":"<!-- This site is optimized with the Yoast SEO plugin v25.7 - https:\/\/yoast.com\/wordpress\/plugins\/seo\/ -->\n<title>Pere Navarro en directe en Can Jeroni - Santjosep.net<\/title>\n<meta name=\"robots\" content=\"index, follow, max-snippet:-1, max-image-preview:large, max-video-preview:-1\" \/>\n<link rel=\"canonical\" href=\"https:\/\/www.santjosep.net\/ca\/esdeveniment\/pere-navarro-quintet-en-directo\/\" \/>\n<meta property=\"og:locale\" content=\"ca_ES\" \/>\n<meta property=\"og:type\" content=\"article\" \/>\n<meta property=\"og:title\" content=\"Pere Navarro en directe en Can Jeroni - Santjosep.net\" \/>\n<meta property=\"og:description\" content=\"Considerat actualment com un dels majors talents del panorama jazz\u00edstic nacional, Pere Navarro (trompetista, pianista, compositor i productor) ens presenta, despr\u00e9s de l\u2019exit\u00f3s Perenne, el segon \u00e0lbum, Pere Navarro Quintet Live in Madrid enregistrat en directe a la m\u00edtica sala [&hellip;]\" \/>\n<meta property=\"og:url\" content=\"https:\/\/www.santjosep.net\/ca\/esdeveniment\/pere-navarro-quintet-en-directo\/\" \/>\n<meta property=\"og:site_name\" content=\"Santjosep.net\" \/>\n<meta property=\"article:modified_time\" content=\"2019-02-13T09:58:15+00:00\" \/>\n<meta property=\"og:image\" content=\"https:\/\/www.santjosep.net\/wp-content\/uploads\/2019\/02\/pere_navarro_jazz_ibiza.jpg\" \/>\n\t<meta property=\"og:image:width\" content=\"1200\" \/>\n\t<meta property=\"og:image:height\" content=\"798\" \/>\n\t<meta property=\"og:image:type\" content=\"image\/jpeg\" \/>\n<meta name=\"twitter:card\" content=\"summary_large_image\" \/>\n<script type=\"application\/ld+json\" class=\"yoast-schema-graph\">{\"@context\":\"https:\/\/schema.org\",\"@graph\":[{\"@type\":\"WebPage\",\"@id\":\"https:\/\/www.santjosep.net\/ca\/esdeveniment\/pere-navarro-quintet-en-directo\/\",\"url\":\"https:\/\/www.santjosep.net\/ca\/esdeveniment\/pere-navarro-quintet-en-directo\/\",\"name\":\"Pere Navarro en directe en Can Jeroni - Santjosep.net\",\"isPartOf\":{\"@id\":\"https:\/\/www.santjosep.net\/#website\"},\"primaryImageOfPage\":{\"@id\":\"https:\/\/www.santjosep.net\/ca\/esdeveniment\/pere-navarro-quintet-en-directo\/#primaryimage\"},\"image\":{\"@id\":\"https:\/\/www.santjosep.net\/ca\/esdeveniment\/pere-navarro-quintet-en-directo\/#primaryimage\"},\"thumbnailUrl\":\"https:\/\/www.santjosep.net\/wp-content\/uploads\/2019\/02\/pere_navarro_jazz_ibiza.jpg\",\"datePublished\":\"2019-02-13T09:51:51+00:00\",\"dateModified\":\"2019-02-13T09:58:15+00:00\",\"breadcrumb\":{\"@id\":\"https:\/\/www.santjosep.net\/ca\/esdeveniment\/pere-navarro-quintet-en-directo\/#breadcrumb\"},\"inLanguage\":\"ca\",\"potentialAction\":[{\"@type\":\"ReadAction\",\"target\":[\"https:\/\/www.santjosep.net\/ca\/esdeveniment\/pere-navarro-quintet-en-directo\/\"]}]},{\"@type\":\"ImageObject\",\"inLanguage\":\"ca\",\"@id\":\"https:\/\/www.santjosep.net\/ca\/esdeveniment\/pere-navarro-quintet-en-directo\/#primaryimage\",\"url\":\"https:\/\/www.santjosep.net\/wp-content\/uploads\/2019\/02\/pere_navarro_jazz_ibiza.jpg\",\"contentUrl\":\"https:\/\/www.santjosep.net\/wp-content\/uploads\/2019\/02\/pere_navarro_jazz_ibiza.jpg\",\"width\":1200,\"height\":798},{\"@type\":\"BreadcrumbList\",\"@id\":\"https:\/\/www.santjosep.net\/ca\/esdeveniment\/pere-navarro-quintet-en-directo\/#breadcrumb\",\"itemListElement\":[{\"@type\":\"ListItem\",\"position\":1,\"name\":\"Eventos\",\"item\":\"https:\/\/www.santjosep.net\/agenda\/\"},{\"@type\":\"ListItem\",\"position\":2,\"name\":\"Pere Navarro en directe en Can Jeroni\"}]},{\"@type\":\"WebSite\",\"@id\":\"https:\/\/www.santjosep.net\/#website\",\"url\":\"https:\/\/www.santjosep.net\/\",\"name\":\"Santjosep.net\",\"description\":\"\",\"potentialAction\":[{\"@type\":\"SearchAction\",\"target\":{\"@type\":\"EntryPoint\",\"urlTemplate\":\"https:\/\/www.santjosep.net\/?s={search_term_string}\"},\"query-input\":{\"@type\":\"PropertyValueSpecification\",\"valueRequired\":true,\"valueName\":\"search_term_string\"}}],\"inLanguage\":\"ca\"}]}<\/script>\n<!-- \/ Yoast SEO plugin. -->","yoast_head_json":{"title":"Pere Navarro en directe en Can Jeroni - Santjosep.net","robots":{"index":"index","follow":"follow","max-snippet":"max-snippet:-1","max-image-preview":"max-image-preview:large","max-video-preview":"max-video-preview:-1"},"canonical":"https:\/\/www.santjosep.net\/ca\/esdeveniment\/pere-navarro-quintet-en-directo\/","og_locale":"ca_ES","og_type":"article","og_title":"Pere Navarro en directe en Can Jeroni - Santjosep.net","og_description":"Considerat actualment com un dels majors talents del panorama jazz\u00edstic nacional, Pere Navarro (trompetista, pianista, compositor i productor) ens presenta, despr\u00e9s de l\u2019exit\u00f3s Perenne, el segon \u00e0lbum, Pere Navarro Quintet Live in Madrid enregistrat en directe a la m\u00edtica sala [&hellip;]","og_url":"https:\/\/www.santjosep.net\/ca\/esdeveniment\/pere-navarro-quintet-en-directo\/","og_site_name":"Santjosep.net","article_modified_time":"2019-02-13T09:58:15+00:00","og_image":[{"width":1200,"height":798,"url":"https:\/\/www.santjosep.net\/wp-content\/uploads\/2019\/02\/pere_navarro_jazz_ibiza.jpg","type":"image\/jpeg"}],"twitter_card":"summary_large_image","schema":{"@context":"https:\/\/schema.org","@graph":[{"@type":"WebPage","@id":"https:\/\/www.santjosep.net\/ca\/esdeveniment\/pere-navarro-quintet-en-directo\/","url":"https:\/\/www.santjosep.net\/ca\/esdeveniment\/pere-navarro-quintet-en-directo\/","name":"Pere Navarro en directe en Can Jeroni - Santjosep.net","isPartOf":{"@id":"https:\/\/www.santjosep.net\/#website"},"primaryImageOfPage":{"@id":"https:\/\/www.santjosep.net\/ca\/esdeveniment\/pere-navarro-quintet-en-directo\/#primaryimage"},"image":{"@id":"https:\/\/www.santjosep.net\/ca\/esdeveniment\/pere-navarro-quintet-en-directo\/#primaryimage"},"thumbnailUrl":"https:\/\/www.santjosep.net\/wp-content\/uploads\/2019\/02\/pere_navarro_jazz_ibiza.jpg","datePublished":"2019-02-13T09:51:51+00:00","dateModified":"2019-02-13T09:58:15+00:00","breadcrumb":{"@id":"https:\/\/www.santjosep.net\/ca\/esdeveniment\/pere-navarro-quintet-en-directo\/#breadcrumb"},"inLanguage":"ca","potentialAction":[{"@type":"ReadAction","target":["https:\/\/www.santjosep.net\/ca\/esdeveniment\/pere-navarro-quintet-en-directo\/"]}]},{"@type":"ImageObject","inLanguage":"ca","@id":"https:\/\/www.santjosep.net\/ca\/esdeveniment\/pere-navarro-quintet-en-directo\/#primaryimage","url":"https:\/\/www.santjosep.net\/wp-content\/uploads\/2019\/02\/pere_navarro_jazz_ibiza.jpg","contentUrl":"https:\/\/www.santjosep.net\/wp-content\/uploads\/2019\/02\/pere_navarro_jazz_ibiza.jpg","width":1200,"height":798},{"@type":"BreadcrumbList","@id":"https:\/\/www.santjosep.net\/ca\/esdeveniment\/pere-navarro-quintet-en-directo\/#breadcrumb","itemListElement":[{"@type":"ListItem","position":1,"name":"Eventos","item":"https:\/\/www.santjosep.net\/agenda\/"},{"@type":"ListItem","position":2,"name":"Pere Navarro en directe en Can Jeroni"}]},{"@type":"WebSite","@id":"https:\/\/www.santjosep.net\/#website","url":"https:\/\/www.santjosep.net\/","name":"Santjosep.net","description":"","potentialAction":[{"@type":"SearchAction","target":{"@type":"EntryPoint","urlTemplate":"https:\/\/www.santjosep.net\/?s={search_term_string}"},"query-input":{"@type":"PropertyValueSpecification","valueRequired":true,"valueName":"search_term_string"}}],"inLanguage":"ca"}]}},"_links":{"self":[{"href":"https:\/\/www.santjosep.net\/ca\/wp-json\/wp\/v2\/tribe_events\/14163","targetHints":{"allow":["GET"]}}],"collection":[{"href":"https:\/\/www.santjosep.net\/ca\/wp-json\/wp\/v2\/tribe_events"}],"about":[{"href":"https:\/\/www.santjosep.net\/ca\/wp-json\/wp\/v2\/types\/tribe_events"}],"author":[{"embeddable":true,"href":"https:\/\/www.santjosep.net\/ca\/wp-json\/wp\/v2\/users\/1"}],"version-history":[{"count":0,"href":"https:\/\/www.santjosep.net\/ca\/wp-json\/wp\/v2\/tribe_events\/14163\/revisions"}],"wp:featuredmedia":[{"embeddable":true,"href":"https:\/\/www.santjosep.net\/ca\/wp-json\/wp\/v2\/media\/14159"}],"wp:attachment":[{"href":"https:\/\/www.santjosep.net\/ca\/wp-json\/wp\/v2\/media?parent=14163"}],"wp:term":[{"taxonomy":"post_tag","embeddable":true,"href":"https:\/\/www.santjosep.net\/ca\/wp-json\/wp\/v2\/tags?post=14163"},{"taxonomy":"tribe_events_cat","embeddable":true,"href":"https:\/\/www.santjosep.net\/ca\/wp-json\/wp\/v2\/tribe_events_cat?post=14163"}],"curies":[{"name":"wp","href":"https:\/\/api.w.org\/{rel}","templated":true}]}}

<p>Considerat actualment com un dels majors talents del panorama jazzístic nacional, Pere Navarro (trompetista, pianista, compositor i productor) ens presenta, després de l’exitós Perenne, el segon àlbum, Pere Navarro Quintet Live in Madrid enregistrat en directe a la mítica sala madrilenya Recoletos Jazz.</p>
<p>Pere Navarro, trompeta i composicions<br />
Joan Carles Marí, bateria<br />
Pep Colls, baix elèctric<br />
Joan Solana, piano<br />
Ferran Borrell, guitarra</p>
<p>&nbsp;</p>

<p>Considerat actualment com un dels majors talents del panorama jazzístic nacional, Pere Navarro (trompetista, pianista, compositor i productor) ens presenta, després de l’exitós Perenne, el segon àlbum, Pere Navarro Quintet Live in Madrid enregistrat en directe a la mítica sala [&hellip;]</p>

<!-- This site is optimized with the Yoast SEO plugin v25.7 - https://yoast.com/wordpress/plugins/seo/ -->
<title>Pere Navarro en directe en Can Jeroni - Santjosep.net</title>
<meta name="robots" content="index, follow, max-snippet:-1, max-image-preview:large, max-video-preview:-1" />
<link rel="canonical" href="https://www.santjosep.net/ca/esdeveniment/pere-navarro-quintet-en-directo/" />
<meta property="og:locale" content="ca_ES" />
<meta property="og:type" content="article" />
<meta property="og:title" content="Pere Navarro en directe en Can Jeroni - Santjosep.net" />
<meta property="og:description" content="Considerat actualment com un dels majors talents del panorama jazzístic nacional, Pere Navarro (trompetista, pianista, compositor i productor) ens presenta, després de l’exitós Perenne, el segon àlbum, Pere Navarro Quintet Live in Madrid enregistrat en directe a la mítica sala [&hellip;]" />
<meta property="og:url" content="https://www.santjosep.net/ca/esdeveniment/pere-navarro-quintet-en-directo/" />
<meta property="og:site_name" content="Santjosep.net" />
<meta property="article:modified_time" content="2019-02-13T09:58:15+00:00" />
<meta property="og:image" content="https://www.santjosep.net/wp-content/uploads/2019/02/pere_navarro_jazz_ibiza.jpg" />
	<meta property="og:image:width" content="1200" />
	<meta property="og:image:height" content="798" />
	<meta property="og:image:type" content="image/jpeg" />
<meta name="twitter:card" content="summary_large_image" />
<script type="application/ld+json" class="yoast-schema-graph">{"@context":"https://schema.org","@graph":[{"@type":"WebPage","@id":"https://www.santjosep.net/ca/esdeveniment/pere-navarro-quintet-en-directo/","url":"https://www.santjosep.net/ca/esdeveniment/pere-navarro-quintet-en-directo/","name":"Pere Navarro en directe en Can Jeroni - Santjosep.net","isPartOf":{"@id":"https://www.santjosep.net/#website"},"primaryImageOfPage":{"@id":"https://www.santjosep.net/ca/esdeveniment/pere-navarro-quintet-en-directo/#primaryimage"},"image":{"@id":"https://www.santjosep.net/ca/esdeveniment/pere-navarro-quintet-en-directo/#primaryimage"},"thumbnailUrl":"https://www.santjosep.net/wp-content/uploads/2019/02/pere_navarro_jazz_ibiza.jpg","datePublished":"2019-02-13T09:51:51+00:00","dateModified":"2019-02-13T09:58:15+00:00","breadcrumb":{"@id":"https://www.santjosep.net/ca/esdeveniment/pere-navarro-quintet-en-directo/#breadcrumb"},"inLanguage":"ca","potentialAction":[{"@type":"ReadAction","target":["https://www.santjosep.net/ca/esdeveniment/pere-navarro-quintet-en-directo/"]}]},{"@type":"ImageObject","inLanguage":"ca","@id":"https://www.santjosep.net/ca/esdeveniment/pere-navarro-quintet-en-directo/#primaryimage","url":"https://www.santjosep.net/wp-content/uploads/2019/02/pere_navarro_jazz_ibiza.jpg","contentUrl":"https://www.santjosep.net/wp-content/uploads/2019/02/pere_navarro_jazz_ibiza.jpg","width":1200,"height":798},{"@type":"BreadcrumbList","@id":"https://www.santjosep.net/ca/esdeveniment/pere-navarro-quintet-en-directo/#breadcrumb","itemListElement":[{"@type":"ListItem","position":1,"name":"Eventos","item":"https://www.santjosep.net/agenda/"},{"@type":"ListItem","position":2,"name":"Pere Navarro en directe en Can Jeroni"}]},{"@type":"WebSite","@id":"https://www.santjosep.net/#website","url":"https://www.santjosep.net/","name":"Santjosep.net","description":"","potentialAction":[{"@type":"SearchAction","target":{"@type":"EntryPoint","urlTemplate":"https://www.santjosep.net/?s={search_term_string}"},"query-input":{"@type":"PropertyValueSpecification","valueRequired":true,"valueName":"search_term_string"}}],"inLanguage":"ca"}]}</script>
<!-- / Yoast SEO plugin. -->

Considerat actualment com un dels majors talents del panorama jazzístic nacional, Pere Navarro (trompetista, pianista, compositor i productor) ens presenta, després de l’exitós Perenne, el segon àlbum, Pere Navarro Quintet Live in Madrid enregistrat en directe a la mítica sala [&hellip;]
