{"id":14014,"date":"2019-01-21T12:08:24","date_gmt":"2019-01-21T12:08:24","guid":{"rendered":"https:\/\/www.santjosep.net\/?post_type=tribe_events&#038;p=14014&#038;lang=ca"},"modified":"2023-04-11T11:03:07","modified_gmt":"2023-04-11T09:03:07","slug":"festes-de-sant-jordi","status":"publish","type":"tribe_events","link":"https:\/\/www.santjosep.net\/ca\/esdeveniment\/festes-de-sant-jordi\/","title":{"rendered":"Festes de Sant Jordi"},"content":{"rendered":"<p>El 23 d&#8217;abril a Eivissa no \u00e9s nom\u00e9s un dia dedicat al llibre ia la rosa, \u00e9s tamb\u00e9 el dia del patr\u00f3 de Sant Jordi, un dels principals pobles del municipi que compta amb una agenda plena d&#8217;activitats per no parar ni un moment durant diverses setmanes. \u00c9s un moment perfecte per con\u00e8ixer la tradici\u00f3 del poble amb els seus balls i processons per\u00f2 tamb\u00e9 amb m\u00faltiples concerts, mercat artesanal i activitats perqu\u00e8 ni petits ni grans s&#8217;avorreixin.<\/p>\n<p><img loading=\"lazy\" decoding=\"async\" class=\"alignnone size-full wp-image-34246\" src=\"https:\/\/www.santjosep.net\/wp-content\/uploads\/2019\/01\/Captura-de-pantalla-2023-04-11-a-las-10.58.49.png\" alt=\"\" width=\"597\" height=\"602\" srcset=\"https:\/\/www.santjosep.net\/wp-content\/uploads\/2019\/01\/Captura-de-pantalla-2023-04-11-a-las-10.58.49.png 597w, https:\/\/www.santjosep.net\/wp-content\/uploads\/2019\/01\/Captura-de-pantalla-2023-04-11-a-las-10.58.49-298x300.png 298w, https:\/\/www.santjosep.net\/wp-content\/uploads\/2019\/01\/Captura-de-pantalla-2023-04-11-a-las-10.58.49-150x150.png 150w\" sizes=\"auto, (max-width: 597px) 100vw, 597px\" \/><\/p>\n<p><a href=\"https:\/\/www.santjosep.org\/wp-content\/uploads\/2023\/04\/Programa-Sant-Jordi-2023_v4.pdf\">DSECARREGAR PROGRAMA DE FESTES<\/a><\/p>\n<p>&nbsp;<\/p>\n","protected":false},"excerpt":{"rendered":"<p>El 23 d&#8217;abril a Eivissa no \u00e9s nom\u00e9s un dia dedicat al llibre ia la rosa, \u00e9s tamb\u00e9 el dia del patr\u00f3 de Sant Jordi, un dels principals pobles del municipi que compta amb una agenda plena d&#8217;activitats per no [&hellip;]<\/p>\n","protected":false},"author":1,"featured_media":34251,"template":"","meta":{"_acf_changed":false,"inline_featured_image":false,"_tribe_events_status":"","_tribe_events_status_reason":"","footnotes":""},"tags":[],"tribe_events_cat":[187,203],"class_list":["post-14014","tribe_events","type-tribe_events","status-publish","has-post-thumbnail","hentry","tribe_events_cat-cultura","tribe_events_cat-oci","cat_cultura","cat_oci"],"acf":[],"yoast_head":"<!-- This site is optimized with the Yoast SEO plugin v25.7 - https:\/\/yoast.com\/wordpress\/plugins\/seo\/ -->\n<title>Festes de Sant Jordi - Santjosep.net<\/title>\n<meta name=\"robots\" content=\"index, follow, max-snippet:-1, max-image-preview:large, max-video-preview:-1\" \/>\n<link rel=\"canonical\" href=\"https:\/\/www.santjosep.net\/ca\/esdeveniment\/festes-de-sant-jordi\/\" \/>\n<meta property=\"og:locale\" content=\"ca_ES\" \/>\n<meta property=\"og:type\" content=\"article\" \/>\n<meta property=\"og:title\" content=\"Festes de Sant Jordi - Santjosep.net\" \/>\n<meta property=\"og:description\" content=\"El 23 d&#8217;abril a Eivissa no \u00e9s nom\u00e9s un dia dedicat al llibre ia la rosa, \u00e9s tamb\u00e9 el dia del patr\u00f3 de Sant Jordi, un dels principals pobles del municipi que compta amb una agenda plena d&#8217;activitats per no [&hellip;]\" \/>\n<meta property=\"og:url\" content=\"https:\/\/www.santjosep.net\/ca\/esdeveniment\/festes-de-sant-jordi\/\" \/>\n<meta property=\"og:site_name\" content=\"Santjosep.net\" \/>\n<meta property=\"article:modified_time\" content=\"2023-04-11T09:03:07+00:00\" \/>\n<meta property=\"og:image\" content=\"https:\/\/www.santjosep.net\/wp-content\/uploads\/2019\/01\/DSC07024.jpg\" \/>\n\t<meta property=\"og:image:width\" content=\"2048\" \/>\n\t<meta property=\"og:image:height\" content=\"1365\" \/>\n\t<meta property=\"og:image:type\" content=\"image\/jpeg\" \/>\n<meta name=\"twitter:card\" content=\"summary_large_image\" \/>\n<script type=\"application\/ld+json\" class=\"yoast-schema-graph\">{\"@context\":\"https:\/\/schema.org\",\"@graph\":[{\"@type\":\"WebPage\",\"@id\":\"https:\/\/www.santjosep.net\/ca\/esdeveniment\/festes-de-sant-jordi\/\",\"url\":\"https:\/\/www.santjosep.net\/ca\/esdeveniment\/festes-de-sant-jordi\/\",\"name\":\"Festes de Sant Jordi - Santjosep.net\",\"isPartOf\":{\"@id\":\"https:\/\/www.santjosep.net\/#website\"},\"primaryImageOfPage\":{\"@id\":\"https:\/\/www.santjosep.net\/ca\/esdeveniment\/festes-de-sant-jordi\/#primaryimage\"},\"image\":{\"@id\":\"https:\/\/www.santjosep.net\/ca\/esdeveniment\/festes-de-sant-jordi\/#primaryimage\"},\"thumbnailUrl\":\"https:\/\/www.santjosep.net\/wp-content\/uploads\/2019\/01\/DSC07024.jpg\",\"datePublished\":\"2019-01-21T12:08:24+00:00\",\"dateModified\":\"2023-04-11T09:03:07+00:00\",\"breadcrumb\":{\"@id\":\"https:\/\/www.santjosep.net\/ca\/esdeveniment\/festes-de-sant-jordi\/#breadcrumb\"},\"inLanguage\":\"ca\",\"potentialAction\":[{\"@type\":\"ReadAction\",\"target\":[\"https:\/\/www.santjosep.net\/ca\/esdeveniment\/festes-de-sant-jordi\/\"]}]},{\"@type\":\"ImageObject\",\"inLanguage\":\"ca\",\"@id\":\"https:\/\/www.santjosep.net\/ca\/esdeveniment\/festes-de-sant-jordi\/#primaryimage\",\"url\":\"https:\/\/www.santjosep.net\/wp-content\/uploads\/2019\/01\/DSC07024.jpg\",\"contentUrl\":\"https:\/\/www.santjosep.net\/wp-content\/uploads\/2019\/01\/DSC07024.jpg\",\"width\":2048,\"height\":1365},{\"@type\":\"BreadcrumbList\",\"@id\":\"https:\/\/www.santjosep.net\/ca\/esdeveniment\/festes-de-sant-jordi\/#breadcrumb\",\"itemListElement\":[{\"@type\":\"ListItem\",\"position\":1,\"name\":\"Eventos\",\"item\":\"https:\/\/www.santjosep.net\/agenda\/\"},{\"@type\":\"ListItem\",\"position\":2,\"name\":\"Festes de Sant Jordi\"}]},{\"@type\":\"WebSite\",\"@id\":\"https:\/\/www.santjosep.net\/#website\",\"url\":\"https:\/\/www.santjosep.net\/\",\"name\":\"Santjosep.net\",\"description\":\"\",\"potentialAction\":[{\"@type\":\"SearchAction\",\"target\":{\"@type\":\"EntryPoint\",\"urlTemplate\":\"https:\/\/www.santjosep.net\/?s={search_term_string}\"},\"query-input\":{\"@type\":\"PropertyValueSpecification\",\"valueRequired\":true,\"valueName\":\"search_term_string\"}}],\"inLanguage\":\"ca\"}]}<\/script>\n<!-- \/ Yoast SEO plugin. -->","yoast_head_json":{"title":"Festes de Sant Jordi - Santjosep.net","robots":{"index":"index","follow":"follow","max-snippet":"max-snippet:-1","max-image-preview":"max-image-preview:large","max-video-preview":"max-video-preview:-1"},"canonical":"https:\/\/www.santjosep.net\/ca\/esdeveniment\/festes-de-sant-jordi\/","og_locale":"ca_ES","og_type":"article","og_title":"Festes de Sant Jordi - Santjosep.net","og_description":"El 23 d&#8217;abril a Eivissa no \u00e9s nom\u00e9s un dia dedicat al llibre ia la rosa, \u00e9s tamb\u00e9 el dia del patr\u00f3 de Sant Jordi, un dels principals pobles del municipi que compta amb una agenda plena d&#8217;activitats per no [&hellip;]","og_url":"https:\/\/www.santjosep.net\/ca\/esdeveniment\/festes-de-sant-jordi\/","og_site_name":"Santjosep.net","article_modified_time":"2023-04-11T09:03:07+00:00","og_image":[{"width":2048,"height":1365,"url":"https:\/\/www.santjosep.net\/wp-content\/uploads\/2019\/01\/DSC07024.jpg","type":"image\/jpeg"}],"twitter_card":"summary_large_image","schema":{"@context":"https:\/\/schema.org","@graph":[{"@type":"WebPage","@id":"https:\/\/www.santjosep.net\/ca\/esdeveniment\/festes-de-sant-jordi\/","url":"https:\/\/www.santjosep.net\/ca\/esdeveniment\/festes-de-sant-jordi\/","name":"Festes de Sant Jordi - Santjosep.net","isPartOf":{"@id":"https:\/\/www.santjosep.net\/#website"},"primaryImageOfPage":{"@id":"https:\/\/www.santjosep.net\/ca\/esdeveniment\/festes-de-sant-jordi\/#primaryimage"},"image":{"@id":"https:\/\/www.santjosep.net\/ca\/esdeveniment\/festes-de-sant-jordi\/#primaryimage"},"thumbnailUrl":"https:\/\/www.santjosep.net\/wp-content\/uploads\/2019\/01\/DSC07024.jpg","datePublished":"2019-01-21T12:08:24+00:00","dateModified":"2023-04-11T09:03:07+00:00","breadcrumb":{"@id":"https:\/\/www.santjosep.net\/ca\/esdeveniment\/festes-de-sant-jordi\/#breadcrumb"},"inLanguage":"ca","potentialAction":[{"@type":"ReadAction","target":["https:\/\/www.santjosep.net\/ca\/esdeveniment\/festes-de-sant-jordi\/"]}]},{"@type":"ImageObject","inLanguage":"ca","@id":"https:\/\/www.santjosep.net\/ca\/esdeveniment\/festes-de-sant-jordi\/#primaryimage","url":"https:\/\/www.santjosep.net\/wp-content\/uploads\/2019\/01\/DSC07024.jpg","contentUrl":"https:\/\/www.santjosep.net\/wp-content\/uploads\/2019\/01\/DSC07024.jpg","width":2048,"height":1365},{"@type":"BreadcrumbList","@id":"https:\/\/www.santjosep.net\/ca\/esdeveniment\/festes-de-sant-jordi\/#breadcrumb","itemListElement":[{"@type":"ListItem","position":1,"name":"Eventos","item":"https:\/\/www.santjosep.net\/agenda\/"},{"@type":"ListItem","position":2,"name":"Festes de Sant Jordi"}]},{"@type":"WebSite","@id":"https:\/\/www.santjosep.net\/#website","url":"https:\/\/www.santjosep.net\/","name":"Santjosep.net","description":"","potentialAction":[{"@type":"SearchAction","target":{"@type":"EntryPoint","urlTemplate":"https:\/\/www.santjosep.net\/?s={search_term_string}"},"query-input":{"@type":"PropertyValueSpecification","valueRequired":true,"valueName":"search_term_string"}}],"inLanguage":"ca"}]}},"_links":{"self":[{"href":"https:\/\/www.santjosep.net\/ca\/wp-json\/wp\/v2\/tribe_events\/14014","targetHints":{"allow":["GET"]}}],"collection":[{"href":"https:\/\/www.santjosep.net\/ca\/wp-json\/wp\/v2\/tribe_events"}],"about":[{"href":"https:\/\/www.santjosep.net\/ca\/wp-json\/wp\/v2\/types\/tribe_events"}],"author":[{"embeddable":true,"href":"https:\/\/www.santjosep.net\/ca\/wp-json\/wp\/v2\/users\/1"}],"version-history":[{"count":0,"href":"https:\/\/www.santjosep.net\/ca\/wp-json\/wp\/v2\/tribe_events\/14014\/revisions"}],"wp:featuredmedia":[{"embeddable":true,"href":"https:\/\/www.santjosep.net\/ca\/wp-json\/wp\/v2\/media\/34251"}],"wp:attachment":[{"href":"https:\/\/www.santjosep.net\/ca\/wp-json\/wp\/v2\/media?parent=14014"}],"wp:term":[{"taxonomy":"post_tag","embeddable":true,"href":"https:\/\/www.santjosep.net\/ca\/wp-json\/wp\/v2\/tags?post=14014"},{"taxonomy":"tribe_events_cat","embeddable":true,"href":"https:\/\/www.santjosep.net\/ca\/wp-json\/wp\/v2\/tribe_events_cat?post=14014"}],"curies":[{"name":"wp","href":"https:\/\/api.w.org\/{rel}","templated":true}]}}

<p>El 23 d&#8217;abril a Eivissa no és només un dia dedicat al llibre ia la rosa, és també el dia del patró de Sant Jordi, un dels principals pobles del municipi que compta amb una agenda plena d&#8217;activitats per no parar ni un moment durant diverses setmanes. És un moment perfecte per conèixer la tradició del poble amb els seus balls i processons però també amb múltiples concerts, mercat artesanal i activitats perquè ni petits ni grans s&#8217;avorreixin.</p>
<p><img loading="lazy" decoding="async" class="alignnone size-full wp-image-34246" src="https://www.santjosep.net/wp-content/uploads/2019/01/Captura-de-pantalla-2023-04-11-a-las-10.58.49.png" alt="" width="597" height="602" srcset="https://www.santjosep.net/wp-content/uploads/2019/01/Captura-de-pantalla-2023-04-11-a-las-10.58.49.png 597w, https://www.santjosep.net/wp-content/uploads/2019/01/Captura-de-pantalla-2023-04-11-a-las-10.58.49-298x300.png 298w, https://www.santjosep.net/wp-content/uploads/2019/01/Captura-de-pantalla-2023-04-11-a-las-10.58.49-150x150.png 150w" sizes="auto, (max-width: 597px) 100vw, 597px" /></p>
<p><a href="https://www.santjosep.org/wp-content/uploads/2023/04/Programa-Sant-Jordi-2023_v4.pdf">DSECARREGAR PROGRAMA DE FESTES</a></p>
<p>&nbsp;</p>

<p>El 23 d&#8217;abril a Eivissa no és només un dia dedicat al llibre ia la rosa, és també el dia del patró de Sant Jordi, un dels principals pobles del municipi que compta amb una agenda plena d&#8217;activitats per no [&hellip;]</p>

<!-- This site is optimized with the Yoast SEO plugin v25.7 - https://yoast.com/wordpress/plugins/seo/ -->
<title>Festes de Sant Jordi - Santjosep.net</title>
<meta name="robots" content="index, follow, max-snippet:-1, max-image-preview:large, max-video-preview:-1" />
<link rel="canonical" href="https://www.santjosep.net/ca/esdeveniment/festes-de-sant-jordi/" />
<meta property="og:locale" content="ca_ES" />
<meta property="og:type" content="article" />
<meta property="og:title" content="Festes de Sant Jordi - Santjosep.net" />
<meta property="og:description" content="El 23 d&#8217;abril a Eivissa no és només un dia dedicat al llibre ia la rosa, és també el dia del patró de Sant Jordi, un dels principals pobles del municipi que compta amb una agenda plena d&#8217;activitats per no [&hellip;]" />
<meta property="og:url" content="https://www.santjosep.net/ca/esdeveniment/festes-de-sant-jordi/" />
<meta property="og:site_name" content="Santjosep.net" />
<meta property="article:modified_time" content="2023-04-11T09:03:07+00:00" />
<meta property="og:image" content="https://www.santjosep.net/wp-content/uploads/2019/01/DSC07024.jpg" />
	<meta property="og:image:width" content="2048" />
	<meta property="og:image:height" content="1365" />
	<meta property="og:image:type" content="image/jpeg" />
<meta name="twitter:card" content="summary_large_image" />
<script type="application/ld+json" class="yoast-schema-graph">{"@context":"https://schema.org","@graph":[{"@type":"WebPage","@id":"https://www.santjosep.net/ca/esdeveniment/festes-de-sant-jordi/","url":"https://www.santjosep.net/ca/esdeveniment/festes-de-sant-jordi/","name":"Festes de Sant Jordi - Santjosep.net","isPartOf":{"@id":"https://www.santjosep.net/#website"},"primaryImageOfPage":{"@id":"https://www.santjosep.net/ca/esdeveniment/festes-de-sant-jordi/#primaryimage"},"image":{"@id":"https://www.santjosep.net/ca/esdeveniment/festes-de-sant-jordi/#primaryimage"},"thumbnailUrl":"https://www.santjosep.net/wp-content/uploads/2019/01/DSC07024.jpg","datePublished":"2019-01-21T12:08:24+00:00","dateModified":"2023-04-11T09:03:07+00:00","breadcrumb":{"@id":"https://www.santjosep.net/ca/esdeveniment/festes-de-sant-jordi/#breadcrumb"},"inLanguage":"ca","potentialAction":[{"@type":"ReadAction","target":["https://www.santjosep.net/ca/esdeveniment/festes-de-sant-jordi/"]}]},{"@type":"ImageObject","inLanguage":"ca","@id":"https://www.santjosep.net/ca/esdeveniment/festes-de-sant-jordi/#primaryimage","url":"https://www.santjosep.net/wp-content/uploads/2019/01/DSC07024.jpg","contentUrl":"https://www.santjosep.net/wp-content/uploads/2019/01/DSC07024.jpg","width":2048,"height":1365},{"@type":"BreadcrumbList","@id":"https://www.santjosep.net/ca/esdeveniment/festes-de-sant-jordi/#breadcrumb","itemListElement":[{"@type":"ListItem","position":1,"name":"Eventos","item":"https://www.santjosep.net/agenda/"},{"@type":"ListItem","position":2,"name":"Festes de Sant Jordi"}]},{"@type":"WebSite","@id":"https://www.santjosep.net/#website","url":"https://www.santjosep.net/","name":"Santjosep.net","description":"","potentialAction":[{"@type":"SearchAction","target":{"@type":"EntryPoint","urlTemplate":"https://www.santjosep.net/?s={search_term_string}"},"query-input":{"@type":"PropertyValueSpecification","valueRequired":true,"valueName":"search_term_string"}}],"inLanguage":"ca"}]}</script>
<!-- / Yoast SEO plugin. -->

El 23 d&#8217;abril a Eivissa no és només un dia dedicat al llibre ia la rosa, és també el dia del patró de Sant Jordi, un dels principals pobles del municipi que compta amb una agenda plena d&#8217;activitats per no [&hellip;]
